615
CDUS44 KSHV 250742
CLIGGG


CLIMATE REPORT
NATIONAL WEATHER SERVICE SHREVEPORT, LA
241 AM CDT THU MAY 25 2017


...................................

...THE LONGVIEW CLIMATE SUMMARY FOR MAY 24 2017...

CLIMATE NORMAL PERIOD 1981 TO 2010
CLIMATE RECORD PERIOD 1902 TO 2017


WEATHER ITEM   OBSERVED TIME   RECORD YEAR NORMAL DEPARTURE LAST
                VALUE   (LST)  VALUE       VALUE  FROM      YEAR
                                                  NORMAL
..................................................................
TEMPERATURE (F)
 YESTERDAY
  MAXIMUM         76    440 PM  99    1936  85     -9       86
  MINIMUM         54    516 AM  50    1931  64    -10       69
  AVERAGE         65                        75    -10       78

PRECIPITATION (IN)
  YESTERDAY        0.00          2.05 1952   0.15  -0.15      T
  MONTH TO DATE    3.94                      3.66   0.28     1.83
  SINCE DEC 1     25.74                     23.08   2.66    32.18
  SINCE JAN 1     20.94                     18.59   2.35    26.12

SNOWFALL (IN)
  YESTERDAY        0.0
  MONTH TO DATE    0.0
  SINCE MAR 1      0.0
  SINCE JUL 1      0.0
  SNOW DEPTH       0

DEGREE DAYS
 HEATING
  YESTERDAY        0                         0      0        0
  MONTH TO DATE    7                         8     -1       15
  SINCE MAR 1    190                       353   -163      205
  SINCE JUL 1   1291                      2257   -966     1654

 COOLING
  YESTERDAY        0                        10    -10       13
  MONTH TO DATE  141                       180    -39      141
  SINCE MAR 1    379                       291     88      278
  SINCE JAN 1    450                       303    147      284
..................................................................


WIND (MPH)
  HIGHEST WIND SPEED    24   HIGHEST WIND DIRECTION    NW (300)
  HIGHEST GUST SPEED    33   HIGHEST GUST DIRECTION     W (290)
  AVERAGE WIND SPEED     9.1


SKY COVER
  POSSIBLE SUNSHINE  MM
  AVERAGE SKY COVER 0.1


WEATHER CONDITIONS
 THE FOLLOWING WEATHER WAS RECORDED YESTERDAY.
  NO SIGNIFICANT WEATHER WAS OBSERVED.


RELATIVE HUMIDITY (PERCENT)
 HIGHEST   100           100 AM
 LOWEST     36           400 PM
 AVERAGE    68

..........................................................


THE LONGVIEW CLIMATE NORMALS FOR TODAY
                         NORMAL    RECORD    YEAR
 MAXIMUM TEMPERATURE (F)   86        99      1937
 MINIMUM TEMPERATURE (F)   65        50      1967


SUNRISE AND SUNSET
MAY 25 2017...........SUNRISE   615 AM CDT   SUNSET   817 PM CDT
MAY 26 2017...........SUNRISE   615 AM CDT   SUNSET   818 PM CDT


-  INDICATES NEGATIVE NUMBERS.
R  INDICATES RECORD WAS SET OR TIED.
MM INDICATES DATA IS MISSING.
T  INDICATES TRACE AMOUNT.




$$
