000
CDUS44 KSHV 230745
CLIGGG


CLIMATE REPORT
NATIONAL WEATHER SERVICE SHREVEPORT, LA
235 AM CDT SUN APR 23 2017


...................................

...THE LONGVIEW CLIMATE SUMMARY FOR APRIL 22 2017...

CLIMATE NORMAL PERIOD 1981 TO 2010
CLIMATE RECORD PERIOD 1902 TO 2017


WEATHER ITEM   OBSERVED TIME   RECORD YEAR NORMAL DEPARTURE LAST
                VALUE   (LST)  VALUE       VALUE  FROM      YEAR
                                                  NORMAL
..................................................................
TEMPERATURE (F)
 YESTERDAY
  MAXIMUM         74   1221 AM  93    2011  78     -4       80
  MINIMUM         50   1159 PM  30    1931  55     -5       55
  AVERAGE         62                        66     -4       68

PRECIPITATION (IN)
  YESTERDAY        0.55          2.59 1907   0.11   0.44     0.00
  MONTH TO DATE    5.65                      2.32   3.33     4.53
  SINCE DEC 1     20.87                     18.52   2.35    25.52
  SINCE JAN 1     16.07                     14.03   2.04    19.46

SNOWFALL (IN)
  YESTERDAY        0.0
  MONTH TO DATE    0.0
  SINCE MAR 1      0.0
  SINCE JUL 1      0.0
  SNOW DEPTH       0

DEGREE DAYS
 HEATING
  YESTERDAY        3                         2      1        0
  MONTH TO DATE   21                        80    -59       49
  SINCE MAR 1    168                       335   -167      190
  SINCE JUL 1   1269                      2239   -970     1639

 COOLING
  YESTERDAY        0                         3     -3        3
  MONTH TO DATE  114                        54     60       38
  SINCE MAR 1    212                        81    131       76
  SINCE JAN 1    283                        93    190       82
..................................................................


WIND (MPH)
  HIGHEST WIND SPEED    22   HIGHEST WIND DIRECTION    NW (330)
  HIGHEST GUST SPEED    31   HIGHEST GUST DIRECTION    NW (320)
  AVERAGE WIND SPEED    12.0


SKY COVER
  POSSIBLE SUNSHINE  MM
  AVERAGE SKY COVER 1.0


WEATHER CONDITIONS
 THE FOLLOWING WEATHER WAS RECORDED YESTERDAY.
  THUNDERSTORM
  HEAVY RAIN
  RAIN
  LIGHT RAIN
  FOG


RELATIVE HUMIDITY (PERCENT)
 HIGHEST   100           800 AM
 LOWEST     66          1100 PM
 AVERAGE    83

..........................................................


THE LONGVIEW CLIMATE NORMALS FOR TODAY
                         NORMAL    RECORD    YEAR
 MAXIMUM TEMPERATURE (F)   78        91      2011
 MINIMUM TEMPERATURE (F)   55        39      1959


SUNRISE AND SUNSET
APRIL 23 2017.........SUNRISE   640 AM CDT   SUNSET   754 PM CDT
APRIL 24 2017.........SUNRISE   639 AM CDT   SUNSET   755 PM CDT


-  INDICATES NEGATIVE NUMBERS.
R  INDICATES RECORD WAS SET OR TIED.
MM INDICATES DATA IS MISSING.
T  INDICATES TRACE AMOUNT.




$$
