000
CDUS44 KSHV 280754
CLIGGG


CLIMATE REPORT
NATIONAL WEATHER SERVICE SHREVEPORT, LA
250 AM CDT THU MAY 28 2015


...................................

...THE LONGVIEW CLIMATE SUMMARY FOR MAY 27 2015...

CLIMATE NORMAL PERIOD 1981 TO 2010
CLIMATE RECORD PERIOD 1902 TO 2015


WEATHER ITEM   OBSERVED TIME   RECORD YEAR NORMAL DEPARTURE LAST
                VALUE   (LST)  VALUE       VALUE  FROM      YEAR
                                                  NORMAL
..................................................................
TEMPERATURE (F)
 YESTERDAY
  MAXIMUM         90    444 PM  97    1902  86      4       77
  MINIMUM         65    652 AM  48    1961  65      0       67
  AVERAGE         78                        76      2       72

PRECIPITATION (IN)
  YESTERDAY        0.94          1.27 1970   0.18   0.76     1.16
  MONTH TO DATE   10.97                      4.17   6.80     6.98
  SINCE DEC 1     36.51                     23.59  12.92    20.17
  SINCE JAN 1     34.21                     19.10  15.11    16.02

SNOWFALL (IN)
  YESTERDAY        0.0
  MONTH TO DATE    0.0
  SINCE MAR 1      0.2
  SINCE JUL 1      3.1
  SNOW DEPTH       0

DEGREE DAYS
 HEATING
  YESTERDAY        0                         0      0        0
  MONTH TO DATE    0                         8     -8       23
  SINCE MAR 1    309                       353    -44      487
  SINCE JUL 1   2282                      2257     25     2611

 COOLING
  YESTERDAY       13                        11      2        7
  MONTH TO DATE  248                       211     37      201
  SINCE MAR 1    411                       322     89      306
  SINCE JAN 1    411                       334     77      311
..................................................................


WIND (MPH)
  HIGHEST WIND SPEED    31   HIGHEST WIND DIRECTION    NW (300)
  HIGHEST GUST SPEED    38   HIGHEST GUST DIRECTION    NW (310)
  AVERAGE WIND SPEED     4.6


SKY COVER
  POSSIBLE SUNSHINE  MM
  AVERAGE SKY COVER 0.3


WEATHER CONDITIONS
 THE FOLLOWING WEATHER WAS RECORDED YESTERDAY.
  HEAVY RAIN
  RAIN
  LIGHT RAIN
  FOG


RELATIVE HUMIDITY (PERCENT)
 HIGHEST    94          1000 PM
 LOWEST     53           300 PM
 AVERAGE    74

..........................................................


THE LONGVIEW CLIMATE NORMALS FOR TODAY
                         NORMAL    RECORD    YEAR
 MAXIMUM TEMPERATURE (F)   86        98      1937
 MINIMUM TEMPERATURE (F)   65        48      1961


SUNRISE AND SUNSET
MAY 28 2015...........SUNRISE   614 AM CDT   SUNSET   819 PM CDT
MAY 29 2015...........SUNRISE   614 AM CDT   SUNSET   819 PM CDT


-  INDICATES NEGATIVE NUMBERS.
R  INDICATES RECORD WAS SET OR TIED.
MM INDICATES DATA IS MISSING.
T  INDICATES TRACE AMOUNT.




$$
