000
CDUS44 KSHV 050759
CLIGGG


CLIMATE REPORT
NATIONAL WEATHER SERVICE SHREVEPORT, LA
250 AM CDT SUN JUL 5 2015


...................................

...THE LONGVIEW CLIMATE SUMMARY FOR JULY 4 2015...

CLIMATE NORMAL PERIOD 1981 TO 2010
CLIMATE RECORD PERIOD 1902 TO 2015


WEATHER ITEM   OBSERVED TIME   RECORD YEAR NORMAL DEPARTURE LAST
                VALUE   (LST)  VALUE       VALUE  FROM      YEAR
                                                  NORMAL
..................................................................
TEMPERATURE (F)
 YESTERDAY
  MAXIMUM         95    340 PM 105    1933  93      2       87
  MINIMUM         78   1155 PM  61    1924  73      5       71
  AVERAGE         87                        83      4       79

PRECIPITATION (IN)
  YESTERDAY        0.01          1.35 1905   0.12  -0.11     0.00
  MONTH TO DATE    0.01                      0.49  -0.48     0.00
  SINCE DEC 1     43.77                     29.72  14.05    26.32
  SINCE JAN 1     41.47                     25.23  16.24    22.17

SNOWFALL (IN)
  YESTERDAY        0.0
  MONTH TO DATE    0.0
  SINCE JUN 1      0.0
  SINCE JUL 1      0.0
  SNOW DEPTH       0

DEGREE DAYS
 HEATING
  YESTERDAY        0                         0      0        0
  MONTH TO DATE    0                         0      0        0
  SINCE JUN 1      0                         0      0        0
  SINCE JUL 1      0                         0      0        0

 COOLING
  YESTERDAY       22                        18      4       14
  MONTH TO DATE   63                        71     -8       67
  SINCE JUN 1    549                       510     39      527
  SINCE JAN 1   1007                       889    118      881
..................................................................


WIND (MPH)
  HIGHEST WIND SPEED    21   HIGHEST WIND DIRECTION    NE (60)
  HIGHEST GUST SPEED    27   HIGHEST GUST DIRECTION    NE (60)
  AVERAGE WIND SPEED     9.6


SKY COVER
  POSSIBLE SUNSHINE  MM
  AVERAGE SKY COVER 0.4


WEATHER CONDITIONS
 THE FOLLOWING WEATHER WAS RECORDED YESTERDAY.
  NO SIGNIFICANT WEATHER WAS OBSERVED.


RELATIVE HUMIDITY (PERCENT)
 HIGHEST    79           100 AM
 LOWEST     49           200 PM
 AVERAGE    64

..........................................................


THE LONGVIEW CLIMATE NORMALS FOR TODAY
                         NORMAL    RECORD    YEAR
 MAXIMUM TEMPERATURE (F)   93       103      1914
 MINIMUM TEMPERATURE (F)   73        61      1904


SUNRISE AND SUNSET
JULY  5 2015..........SUNRISE   617 AM CDT   SUNSET   830 PM CDT
JULY  6 2015..........SUNRISE   618 AM CDT   SUNSET   829 PM CDT


-  INDICATES NEGATIVE NUMBERS.
R  INDICATES RECORD WAS SET OR TIED.
MM INDICATES DATA IS MISSING.
T  INDICATES TRACE AMOUNT.




$$
