000
CDUS44 KSHV 260842
CLIGGG


CLIMATE REPORT
NATIONAL WEATHER SERVICE SHREVEPORT, LA
241 AM CST FRI DEC 26 2014


...................................

...THE LONGVIEW CLIMATE SUMMARY FOR DECEMBER 25 2014...

CLIMATE NORMAL PERIOD 1981 TO 2010
CLIMATE RECORD PERIOD 1902 TO 2014


WEATHER ITEM   OBSERVED TIME   RECORD YEAR NORMAL DEPARTURE LAST
                VALUE   (LST)  VALUE       VALUE  FROM      YEAR
                                                  NORMAL
..................................................................
TEMPERATURE (F)
 YESTERDAY
  MAXIMUM         62    352 PM  76    1964  57      5       58
  MINIMUM         33    712 AM  12    1990  36     -3       28
  AVERAGE         48                        47      1       43

PRECIPITATION (IN)
  YESTERDAY        0.00          2.41 2012   0.14  -0.14     0.00
  MONTH TO DATE    1.73                      3.76  -2.03     4.15
  SINCE DEC 1      1.73                      3.76  -2.03     4.15
  SINCE JAN 1     38.24                     46.82  -8.58    40.55

SNOWFALL (IN)
  YESTERDAY        0.0
  MONTH TO DATE    0.0
  SINCE DEC 1      0.0
  SINCE JUL 1      0.0
  SNOW DEPTH       0

DEGREE DAYS
 HEATING
  YESTERDAY       17                        18     -1       22
  MONTH TO DATE  316                       421   -105      445
  SINCE DEC 1    316                       421   -105      445
  SINCE JUL 1    726                       793    -67      873

 COOLING
  YESTERDAY        0                         0      0        0
  MONTH TO DATE    5                         0      5       11
  SINCE DEC 1      5                         0      5       11
  SINCE JAN 1   2461                      2417     44     2738
..................................................................


WIND (MPH)
  HIGHEST WIND SPEED    23   HIGHEST WIND DIRECTION     S (170)
  HIGHEST GUST SPEED    29   HIGHEST GUST DIRECTION     S (160)
  AVERAGE WIND SPEED    10.8


SKY COVER
  POSSIBLE SUNSHINE  MM
  AVERAGE SKY COVER 0.0


WEATHER CONDITIONS
 THE FOLLOWING WEATHER WAS RECORDED YESTERDAY.
  NO SIGNIFICANT WEATHER WAS OBSERVED.


RELATIVE HUMIDITY (PERCENT)
 HIGHEST    89          1200 AM
 LOWEST     30           200 PM
 AVERAGE    60

..........................................................


THE LONGVIEW CLIMATE NORMALS FOR TODAY
                         NORMAL    RECORD    YEAR
 MAXIMUM TEMPERATURE (F)   57        80      1955
 MINIMUM TEMPERATURE (F)   36        21      1998


SUNRISE AND SUNSET
DECEMBER 26 2014......SUNRISE   718 AM CST   SUNSET   521 PM CST
DECEMBER 27 2014......SUNRISE   719 AM CST   SUNSET   521 PM CST


-  INDICATES NEGATIVE NUMBERS.
R  INDICATES RECORD WAS SET OR TIED.
MM INDICATES DATA IS MISSING.
T  INDICATES TRACE AMOUNT.




$$
