000
CDUS44 KSHV 180832
CLIGGG


CLIMATE REPORT
NATIONAL WEATHER SERVICE SHREVEPORT, LA
232 AM CST MON DEC 18 2017


...................................

...THE LONGVIEW CLIMATE SUMMARY FOR DECEMBER 17 2017...

CLIMATE NORMAL PERIOD 1981 TO 2010
CLIMATE RECORD PERIOD 1902 TO 2017


WEATHER ITEM   OBSERVED TIME   RECORD YEAR NORMAL DEPARTURE LAST
                VALUE   (LST)  VALUE       VALUE  FROM      YEAR
                                                  NORMAL
..................................................................
TEMPERATURE (F)
 YESTERDAY
  MAXIMUM         51    315 PM  80    2016  58     -7       80
                                      1924
  MINIMUM         42    454 AM  20    1926  37      5       33
  AVERAGE         47                        47      0       57

PRECIPITATION (IN)
  YESTERDAY        0.38          1.65 1937   0.15   0.23      T
  MONTH TO DATE    2.59                      2.65  -0.06     2.70
  SINCE DEC 1      2.59                      2.65  -0.06     2.70
  SINCE JAN 1     42.09                     45.71  -3.62    47.32

SNOWFALL (IN)
  YESTERDAY        0.0
  MONTH TO DATE    0.0
  SINCE DEC 1      0.0
  SINCE JUL 1      0.0
  SNOW DEPTH       0

DEGREE DAYS
 HEATING
  YESTERDAY       18                        18      0        8
  MONTH TO DATE  254                       277    -23      259
  SINCE DEC 1    254                       277    -23      259
  SINCE JUL 1    534                       649   -115      419

 COOLING
  YESTERDAY        0                         0      0        0
  MONTH TO DATE    4                         0      4        0
  SINCE DEC 1      4                         0      4        0
  SINCE JAN 1   2703                      2417    286     2729
..................................................................


WIND (MPH)
  HIGHEST WIND SPEED    16   HIGHEST WIND DIRECTION     E (80)
  HIGHEST GUST SPEED    19   HIGHEST GUST DIRECTION     E (80)
  AVERAGE WIND SPEED     1.4


SKY COVER
  POSSIBLE SUNSHINE  MM
  AVERAGE SKY COVER 1.0


WEATHER CONDITIONS
 THE FOLLOWING WEATHER WAS RECORDED YESTERDAY.
  HEAVY RAIN
  LIGHT RAIN
  FOG
  FOG W/VISIBILITY <= 1/4 MILE


RELATIVE HUMIDITY (PERCENT)
 HIGHEST   100          1200 AM
 LOWEST     96           300 PM
 AVERAGE    98

..........................................................


THE LONGVIEW CLIMATE NORMALS FOR TODAY
                         NORMAL    RECORD    YEAR
 MAXIMUM TEMPERATURE (F)   58        78      2012
 MINIMUM TEMPERATURE (F)   37        20      1964


SUNRISE AND SUNSET
DECEMBER 18 2017......SUNRISE   715 AM CST   SUNSET   517 PM CST
DECEMBER 19 2017......SUNRISE   715 AM CST   SUNSET   517 PM CST


-  INDICATES NEGATIVE NUMBERS.
R  INDICATES RECORD WAS SET OR TIED.
MM INDICATES DATA IS MISSING.
T  INDICATES TRACE AMOUNT.




$$
