000
CDUS44 KSHV 290742
CLIGGG


CLIMATE REPORT
NATIONAL WEATHER SERVICE SHREVEPORT, LA
238 AM CDT MON AUG 29 2016


...................................

...THE LONGVIEW CLIMATE SUMMARY FOR AUGUST 28 2016...

CLIMATE NORMAL PERIOD 1981 TO 2010
CLIMATE RECORD PERIOD 1902 TO 2016


WEATHER ITEM   OBSERVED TIME   RECORD YEAR NORMAL DEPARTURE LAST
                VALUE   (LST)  VALUE       VALUE  FROM      YEAR
                                                  NORMAL
..................................................................
TEMPERATURE (F)
 YESTERDAY
  MAXIMUM         90    139 PM 108    1943  93     -3       90
  MINIMUM         71    308 AM  56    1992  70      1       65
  AVERAGE         81                        82     -1       78

PRECIPITATION (IN)
  YESTERDAY        0.17          2.20 1940   0.09   0.08     0.00
  MONTH TO DATE    5.33                      2.70   2.63     1.79
  SINCE DEC 1     46.22                     34.82  11.40    45.70
  SINCE JAN 1     40.16                     30.33   9.83    43.40

SNOWFALL (IN)
  YESTERDAY        0.0
  MONTH TO DATE    0.0
  SINCE JUN 1      0.0
  SINCE JUL 1      0.0
  SNOW DEPTH       0

DEGREE DAYS
 HEATING
  YESTERDAY        0                         0      0        0
  MONTH TO DATE    0                         0      0        0
  SINCE JUN 1      0                         0      0        0
  SINCE JUL 1      0                         0      0        0

 COOLING
  YESTERDAY       16                        16      0       13
  MONTH TO DATE  514                       503     11      558
  SINCE JUN 1   1632                      1514    118     1665
  SINCE JAN 1   1994                      1893    101     2123
..................................................................


WIND (MPH)
  HIGHEST WIND SPEED    16   HIGHEST WIND DIRECTION    NE (30)
  HIGHEST GUST SPEED    22   HIGHEST GUST DIRECTION     N (20)
  AVERAGE WIND SPEED     4.1


SKY COVER
  POSSIBLE SUNSHINE  MM
  AVERAGE SKY COVER 0.5


WEATHER CONDITIONS
 THE FOLLOWING WEATHER WAS RECORDED YESTERDAY.
  THUNDERSTORM
  LIGHT RAIN
  FOG


RELATIVE HUMIDITY (PERCENT)
 HIGHEST   100           100 AM
 LOWEST     63           100 PM
 AVERAGE    82

..........................................................


THE LONGVIEW CLIMATE NORMALS FOR TODAY
                         NORMAL    RECORD    YEAR
 MAXIMUM TEMPERATURE (F)   93       103      2000
 MINIMUM TEMPERATURE (F)   70        55      1992


SUNRISE AND SUNSET
AUGUST 29 2016........SUNRISE   652 AM CDT   SUNSET   746 PM CDT
AUGUST 30 2016........SUNRISE   653 AM CDT   SUNSET   745 PM CDT


-  INDICATES NEGATIVE NUMBERS.
R  INDICATES RECORD WAS SET OR TIED.
MM INDICATES DATA IS MISSING.
T  INDICATES TRACE AMOUNT.




$$
