000
CDUS44 KSHV 232248
CLIGGG


CLIMATE REPORT
NATIONAL WEATHER SERVICE SHREVEPORT, LA
447 PM CST SUN NOV 23 2014


...................................

...THE LONGVIEW CLIMATE SUMMARY FOR NOVEMBER 23 2014...
VALID TODAY AS OF 0400 PM LOCAL TIME.

CLIMATE NORMAL PERIOD 1981 TO 2010
CLIMATE RECORD PERIOD 1902 TO 2014


WEATHER ITEM   OBSERVED TIME   RECORD YEAR NORMAL DEPARTURE LAST
                VALUE   (LST)  VALUE       VALUE  FROM      YEAR
                                                  NORMAL
..................................................................
TEMPERATURE (F)
 TODAY
  MAXIMUM         74    352 PM  83    2010  65      9       47
  MINIMUM         60    335 AM  23    1929  43     17       41
  AVERAGE         67                        54     13       44

PRECIPITATION (IN)
  TODAY            0.43          3.04 1940   0.14   0.29     0.22
  MONTH TO DATE    4.25                      3.38   0.87     2.99
  SINCE DEC 1     40.66                     46.44  -5.78    39.52
  SINCE JAN 1     36.51                     41.95  -5.44    35.17

SNOWFALL (IN)
  TODAY            0.0
  MONTH TO DATE    0.0
  SINCE SEP 1      0.0
  SINCE JUL 1      0.0
  SNOW DEPTH       0

DEGREE DAYS
 HEATING
  TODAY            0                        12    -12       21
  MONTH TO DATE  317                       189    128      206
  SINCE SEP 1    338                       278     60      255
  SINCE JUL 1    338                       278     60      255

 COOLING
  TODAY            2                         0      2        0
  MONTH TO DATE    5                        22    -17       15
  SINCE SEP 1    595                       477    118      632
  SINCE JAN 1   2449                      2417     32     2727
..................................................................


WIND (MPH)
  HIGHEST WIND SPEED    22   HIGHEST WIND DIRECTION     S (200)
  HIGHEST GUST SPEED    28   HIGHEST GUST DIRECTION     S (200)
  AVERAGE WIND SPEED    10.4


SKY COVER
  POSSIBLE SUNSHINE  MM
  AVERAGE SKY COVER 0.7


WEATHER CONDITIONS
 THE FOLLOWING WEATHER WAS RECORDED TODAY.
  RAIN
  LIGHT RAIN
  FOG


RELATIVE HUMIDITY (PERCENT)
 HIGHEST   100          1200 AM
 LOWEST     49           400 PM
 AVERAGE    75

..........................................................


THE LONGVIEW CLIMATE NORMALS FOR TOMORROW
                         NORMAL    RECORD    YEAR
 MAXIMUM TEMPERATURE (F)   64        90      1910
 MINIMUM TEMPERATURE (F)   42        21      1916


SUNRISE AND SUNSET
NOVEMBER 23 2014......SUNRISE   655 AM CST   SUNSET   515 PM CST
NOVEMBER 24 2014......SUNRISE   656 AM CST   SUNSET   515 PM CST


-  INDICATES NEGATIVE NUMBERS.
R  INDICATES RECORD WAS SET OR TIED.
MM INDICATES DATA IS MISSING.
T  INDICATES TRACE AMOUNT.




$$
