000
CDUS44 KSHV 230747
CLIGGG


CLIMATE REPORT
NATIONAL WEATHER SERVICE SHREVEPORT, LA
244 AM CDT TUE SEP 23 2014


...................................

...THE LONGVIEW CLIMATE SUMMARY FOR SEPTEMBER 22 2014...

CLIMATE NORMAL PERIOD 1981 TO 2010
CLIMATE RECORD PERIOD 1902 TO 2014


WEATHER ITEM   OBSERVED TIME   RECORD YEAR NORMAL DEPARTURE LAST
                VALUE   (LST)  VALUE       VALUE  FROM      YEAR
                                                  NORMAL
..................................................................
TEMPERATURE (F)
 YESTERDAY
  MAXIMUM         87    331 PM 102    1936  86      1       83
  MINIMUM         64   1159 PM  49    1918  62      2       54
  AVERAGE         76                        74      2       69

PRECIPITATION (IN)
  YESTERDAY        0.00          1.70 1971   0.12  -0.12     0.00
  MONTH TO DATE    0.73                      2.34  -1.61     4.56
  SINCE DEC 1     30.90                     37.48  -6.58    29.24
  SINCE JAN 1     26.75                     32.99  -6.24    24.89

SNOWFALL (IN)
  YESTERDAY        0.0
  MONTH TO DATE    0.0
  SINCE SEP 1      0.0
  SINCE JUL 1      0.0
  SNOW DEPTH       0

DEGREE DAYS
 HEATING
  YESTERDAY        0                         0      0        0
  MONTH TO DATE    0                         0      0        0
  SINCE SEP 1      0                         0      0        0
  SINCE JUL 1      0                         0      0        0

 COOLING
  YESTERDAY       11                         9      2        4
  MONTH TO DATE  351                       276     75      398
  SINCE SEP 1    351                       276     75      398
  SINCE JAN 1   2205                      2216    -11     2493
..................................................................


WIND (MPH)
  HIGHEST WIND SPEED    16   HIGHEST WIND DIRECTION    NE (60)
  HIGHEST GUST SPEED    20   HIGHEST GUST DIRECTION    NE (40)
  AVERAGE WIND SPEED     7.7


SKY COVER
  POSSIBLE SUNSHINE  MM
  AVERAGE SKY COVER 0.2


WEATHER CONDITIONS
 THE FOLLOWING WEATHER WAS RECORDED YESTERDAY.
  NO SIGNIFICANT WEATHER WAS OBSERVED.


RELATIVE HUMIDITY (PERCENT)
 HIGHEST    82           200 AM
 LOWEST     29           300 PM
 AVERAGE    56

..........................................................


THE LONGVIEW CLIMATE NORMALS FOR TODAY
                         NORMAL    RECORD    YEAR
 MAXIMUM TEMPERATURE (F)   85        98      2000
 MINIMUM TEMPERATURE (F)   62        43      1999


SUNRISE AND SUNSET
SEPTEMBER 23 2014.....SUNRISE   708 AM CDT   SUNSET   714 PM CDT
SEPTEMBER 24 2014.....SUNRISE   708 AM CDT   SUNSET   713 PM CDT


-  INDICATES NEGATIVE NUMBERS.
R  INDICATES RECORD WAS SET OR TIED.
MM INDICATES DATA IS MISSING.
T  INDICATES TRACE AMOUNT.




$$
