000
CDUS44 KSHV 260744
CLIGGG


CLIMATE REPORT
NATIONAL WEATHER SERVICE SHREVEPORT, LA
241 AM CDT TUE JUL 26 2016


...................................

...THE LONGVIEW CLIMATE SUMMARY FOR JULY 25 2016...

CLIMATE NORMAL PERIOD 1981 TO 2010
CLIMATE RECORD PERIOD 1902 TO 2016


WEATHER ITEM   OBSERVED TIME   RECORD YEAR NORMAL DEPARTURE LAST
                VALUE   (LST)  VALUE       VALUE  FROM      YEAR
                                                  NORMAL
..................................................................
TEMPERATURE (F)
 YESTERDAY
  MAXIMUM         95    345 PM 107    1943  94      1      100
  MINIMUM         74    539 AM  63    1911  74      0       78
  AVERAGE         85                        84      1       89

PRECIPITATION (IN)
  YESTERDAY        T             1.56 1996   0.07  -0.07     0.00
  MONTH TO DATE    1.26                      2.47  -1.21     0.15
  SINCE DEC 1     40.33                     31.70   8.63    43.91
  SINCE JAN 1     34.27                     27.21   7.06    41.61

SNOWFALL (IN)
  YESTERDAY        0.0
  MONTH TO DATE    0.0
  SINCE JUN 1      0.0
  SINCE JUL 1      0.0
  SNOW DEPTH       0

DEGREE DAYS
 HEATING
  YESTERDAY        0                         0      0        0
  MONTH TO DATE    0                         0      0        0
  SINCE JUN 1      0                         0      0        0
  SINCE JUL 1      0                         0      0        0

 COOLING
  YESTERDAY       20                        19      1       24
  MONTH TO DATE  521                       462     59      479
  SINCE JUN 1   1003                       901    102      965
  SINCE JAN 1   1365                      1280     85     1423
..................................................................


WIND (MPH)
  HIGHEST WIND SPEED    25   HIGHEST WIND DIRECTION     S (170)
  HIGHEST GUST SPEED    32   HIGHEST GUST DIRECTION     S (160)
  AVERAGE WIND SPEED     5.0


SKY COVER
  POSSIBLE SUNSHINE  MM
  AVERAGE SKY COVER 0.3


WEATHER CONDITIONS
 THE FOLLOWING WEATHER WAS RECORDED YESTERDAY.
  THUNDERSTORM
  LIGHT RAIN
  HAZE


RELATIVE HUMIDITY (PERCENT)
 HIGHEST   100           200 AM
 LOWEST     52           400 PM
 AVERAGE    76

..........................................................


THE LONGVIEW CLIMATE NORMALS FOR TODAY
                         NORMAL    RECORD    YEAR
 MAXIMUM TEMPERATURE (F)   94       106      1954
 MINIMUM TEMPERATURE (F)   74        63      1911


SUNRISE AND SUNSET
JULY 26 2016..........SUNRISE   630 AM CDT   SUNSET   821 PM CDT
JULY 27 2016..........SUNRISE   631 AM CDT   SUNSET   820 PM CDT


-  INDICATES NEGATIVE NUMBERS.
R  INDICATES RECORD WAS SET OR TIED.
MM INDICATES DATA IS MISSING.
T  INDICATES TRACE AMOUNT.




$$
