000
CDUS45 KGGW 230019
CLIGGW


CLIMATE REPORT
NATIONAL WEATHER SERVICE GLASGOW MT
517 PM MST MON DEC 22 2014


...................................

...THE GLASGOW MT CLIMATE SUMMARY FOR DECEMBER 22 2014...
VALID TODAY AS OF 0500 PM LOCAL TIME.

CLIMATE NORMAL PERIOD 1981 TO 2010
CLIMATE RECORD PERIOD 1893 TO 2014


WEATHER ITEM   OBSERVED TIME   RECORD YEAR NORMAL DEPARTURE LAST
                VALUE   (LST)  VALUE       VALUE  FROM      YEAR
                                                  NORMAL
..................................................................
TEMPERATURE (F)
 TODAY
  MAXIMUM         35   1200 AM  59    1954  24     11        1
  MINIMUM         29        MM -38    1916   5     24      -26
  AVERAGE         32                        14     18      -12

PRECIPITATION (IN)
  TODAY            T             0.60 1904   0.02  -0.02      T
  MONTH TO DATE    0.09                      0.27  -0.18     0.56
  SINCE OCT 1      1.24                      1.42  -0.18     1.15
  SINCE JAN 1     14.98                     11.53   3.45    15.57

SNOWFALL (IN)
  TODAY            T             3.1  1984   0.3   -0.3       T
  MONTH TO DATE    0.1                       5.2   -5.1     10.5
  SINCE DEC 1      0.1                       5.2   -5.1     10.5
  SINCE JUL 1     11.5                      11.8   -0.3     14.2
  SNOW DEPTH       0  (12Z/5AM MST)

DEGREE DAYS
 HEATING
  TODAY           33                        51    -18       77
  MONTH TO DATE  888                      1049   -161     1336
  SINCE DEC 1    888                      1049   -161     1336
  SINCE JUL 1   2973                      3042    -69     3247

 COOLING
  TODAY            0                         0      0        0
  MONTH TO DATE    0                         0      0        0
  SINCE DEC 1      0                         0      0        0
  SINCE JAN 1    495                       533    -38      563
..................................................................


WIND (MPH)
  HIGHEST WIND SPEED    25   HIGHEST WIND DIRECTION    NW (320)
  HIGHEST GUST SPEED    38   HIGHEST GUST DIRECTION    NW (300)
  AVERAGE WIND SPEED    19.6


SKY COVER
  POSSIBLE SUNSHINE  MM
  AVERAGE SKY COVER 1.0


WEATHER CONDITIONS
 THE FOLLOWING WEATHER WAS RECORDED TODAY.
  LIGHT SNOW


RELATIVE HUMIDITY (PERCENT)
 HIGHEST    85          1100 AM
 LOWEST     72           300 PM
 AVERAGE    79

..........................................................


THE GLASGOW MT CLIMATE NORMALS FOR TOMORROW
                         NORMAL    RECORD    YEAR
 MAXIMUM TEMPERATURE (F)   24        51      1963
                                             1928
 MINIMUM TEMPERATURE (F)    5       -37      1983


SUNRISE AND SUNSET
DECEMBER 22 2014......SUNRISE   755 AM MST   SUNSET   415 PM MST
DECEMBER 23 2014......SUNRISE   755 AM MST   SUNSET   416 PM MST


-  INDICATES NEGATIVE NUMBERS.
R  INDICATES RECORD WAS SET OR TIED.
MM INDICATES DATA IS MISSING.
T  INDICATES TRACE AMOUNT.




$$
