000
CDUS45 KGGW 020741
CLIGGW


CLIMATE REPORT
NATIONAL WEATHER SERVICE GLASGOW MT
141 AM MDT SAT AUG 2 2014


...................................

...THE GLASGOW MT CLIMATE SUMMARY FOR AUGUST 1 2014...

CLIMATE NORMAL PERIOD 1981 TO 2010
CLIMATE RECORD PERIOD 1893 TO 2014


WEATHER ITEM   OBSERVED TIME   RECORD YEAR NORMAL DEPARTURE LAST
                VALUE   (LST)  VALUE       VALUE  FROM      YEAR
                                                  NORMAL
..................................................................
TEMPERATURE (F)
 YESTERDAY
  MAXIMUM         92    250 PM 104    1900  87      5       80
  MINIMUM         62   1134 PM  39    1923  59      3       52
  AVERAGE         77                        73      4       66

PRECIPITATION (IN)
  YESTERDAY        0.08          0.90 1914   0.05   0.03      T
  MONTH TO DATE    0.08                      0.05   0.03      T
  SINCE OCT 1      7.76                      9.53  -1.77    14.61
  SINCE JAN 1      6.31                      7.98  -1.67    12.41

SNOWFALL (IN)
  YESTERDAY        0.0           T    2000   0.0    0.0      0.0
  MONTH TO DATE    0.0                       0.0    0.0      0.0
  SINCE JUN 1      0.0                       0.0    0.0      0.0
  SINCE JUL 1      0.0                       0.0    0.0      0.0
  SNOW DEPTH       0

DEGREE DAYS
 HEATING
  YESTERDAY        0                         0      0        0
  MONTH TO DATE    0                         0      0        0
  SINCE JUN 1    112                       123    -11       94
  SINCE JUL 1      4                        18    -14       10

 COOLING
  YESTERDAY       12                         8      4        1
  MONTH TO DATE   12                         8      4        1
  SINCE JUN 1    249                       290    -41      222
  SINCE JAN 1    283                       307    -24      231
..................................................................


WIND (MPH)
  HIGHEST WIND SPEED    22   HIGHEST WIND DIRECTION     N (20)
  HIGHEST GUST SPEED    30   HIGHEST GUST DIRECTION    NW (330)
  AVERAGE WIND SPEED     7.4


SKY COVER
  POSSIBLE SUNSHINE  MM
  AVERAGE SKY COVER 0.1


WEATHER CONDITIONS
 THE FOLLOWING WEATHER WAS RECORDED YESTERDAY.
  THUNDERSTORM
  LIGHT RAIN


RELATIVE HUMIDITY (PERCENT)
 HIGHEST    73           400 AM
 LOWEST     26           300 PM
 AVERAGE    50

..........................................................


THE GLASGOW MT CLIMATE NORMALS FOR TODAY
                         NORMAL    RECORD    YEAR
 MAXIMUM TEMPERATURE (F)   87       102      1973
 MINIMUM TEMPERATURE (F)   59        39      1923


SUNRISE AND SUNSET
AUGUST  2 2014........SUNRISE   544 AM MDT   SUNSET   841 PM MDT
AUGUST  3 2014........SUNRISE   545 AM MDT   SUNSET   840 PM MDT


-  INDICATES NEGATIVE NUMBERS.
R  INDICATES RECORD WAS SET OR TIED.
MM INDICATES DATA IS MISSING.
T  INDICATES TRACE AMOUNT.




$$
