000
CDUS45 KGGW 290017
CLIGGW

CLIMATE REPORT
NATIONAL WEATHER SERVICE GLASGOW MT
616 PM MDT THU APR 28 2016


...................................

...THE GLASGOW MT CLIMATE SUMMARY FOR APRIL 28 2016...
VALID TODAY AS OF 0500 PM LOCAL TIME.

CLIMATE NORMAL PERIOD 1981 TO 2010
CLIMATE RECORD PERIOD 1893 TO 2016


WEATHER ITEM   OBSERVED TIME   RECORD YEAR NORMAL DEPARTURE LAST
                VALUE   (LST)  VALUE       VALUE  FROM      YEAR
                                                  NORMAL
..................................................................
TEMPERATURE (F)
 TODAY
  MAXIMUM         55        MM  89    1952  63     -8       71
  MINIMUM         33        MM  14    1966  36     -3       36
                                      1958
  AVERAGE         44                        49     -5       54

PRECIPITATION (IN)
  TODAY            0.00          1.03 1970   0.04  -0.04     0.00
  MONTH TO DATE    2.63                      0.77   1.86     1.09
  SINCE OCT 1      6.75                      3.37   3.38     4.16
  SINCE JAN 1      3.77                      1.82   1.95     2.90

SNOWFALL (IN)
  TODAY            0.0           8.3  1970   0.0    0.0      0.0
  MONTH TO DATE    3.2                       1.8    1.4      5.3
  SINCE MAR 1      6.1                       6.5   -0.4      8.1
  SINCE JUL 1     27.6                      33.5   -5.9     43.2
  SNOW DEPTH       0

DEGREE DAYS
 HEATING
  TODAY           21                        16      5       11
  MONTH TO DATE  522                       572    -50      559
  SINCE MAR 1   1294                      1606   -312     1330
  SINCE JUL 1   6759                      7976  -1217     7414

 COOLING
  TODAY            0                         0      0        0
  MONTH TO DATE    0                         0      0        0
  SINCE MAR 1      0                         0      0        0
  SINCE JAN 1      0                         0      0        0
..................................................................


WIND (MPH)
  HIGHEST WIND SPEED    17   HIGHEST WIND DIRECTION     E (100)
  HIGHEST GUST SPEED    MM   HIGHEST GUST DIRECTION    MM
  AVERAGE WIND SPEED     9.4


SKY COVER
  POSSIBLE SUNSHINE  MM
  AVERAGE SKY COVER 0.2


WEATHER CONDITIONS
 THE FOLLOWING WEATHER WAS RECORDED TODAY.
  NO SIGNIFICANT WEATHER WAS OBSERVED.


RELATIVE HUMIDITY (PERCENT)
 HIGHEST   100          1200 AM
 LOWEST     32           300 PM
 AVERAGE    66

..........................................................


THE GLASGOW MT CLIMATE NORMALS FOR TOMORROW
                         NORMAL    RECORD    YEAR
 MAXIMUM TEMPERATURE (F)   63        90      1939
                                             1926
 MINIMUM TEMPERATURE (F)   36         7      1954


SUNRISE AND SUNSET
APRIL 28 2016.........SUNRISE   552 AM MDT   SUNSET   817 PM MDT
APRIL 29 2016.........SUNRISE   550 AM MDT   SUNSET   818 PM MDT


-  INDICATES NEGATIVE NUMBERS.
R  INDICATES RECORD WAS SET OR TIED.
MM INDICATES DATA IS MISSING.
T  INDICATES TRACE AMOUNT.




$$
