000
CDUS45 KGGW 220740
CLIGGW


CLIMATE REPORT
NATIONAL WEATHER SERVICE GLASGOW MT
140 AM MDT MON SEP 22 2014


...................................

...THE GLASGOW MT CLIMATE SUMMARY FOR SEPTEMBER 21 2014...

CLIMATE NORMAL PERIOD 1981 TO 2010
CLIMATE RECORD PERIOD 1893 TO 2014


WEATHER ITEM   OBSERVED TIME   RECORD YEAR NORMAL DEPARTURE LAST
                VALUE   (LST)  VALUE       VALUE  FROM      YEAR
                                                  NORMAL
..................................................................
TEMPERATURE (F)
 YESTERDAY
  MAXIMUM         75    308 PM  98    1922  69      6       84
  MINIMUM         39    606 AM  15    1995  42     -3       46
                                      1895
  AVERAGE         57                        56      1       65

PRECIPITATION (IN)
  YESTERDAY        0.00          0.62 1959   0.03  -0.03     0.00
  MONTH TO DATE    0.40                      0.65  -0.25     1.67
  SINCE OCT 1     14.80                     11.37   3.43    16.46
  SINCE JAN 1     13.35                      9.82   3.53    14.26

SNOWFALL (IN)
  YESTERDAY        0.0           T    2000   0.0    0.0      0.0
  MONTH TO DATE    0.0                       0.1   -0.1      0.0
  SINCE SEP 1      0.0                       0.1   -0.1      0.0
  SINCE JUL 1      0.0                       0.1   -0.1      0.0
  SNOW DEPTH       0

DEGREE DAYS
 HEATING
  YESTERDAY        8                        10     -2        0
  MONTH TO DATE  180                       135     45       32
  SINCE SEP 1    180                       135     45       32
  SINCE JUL 1    233                       188     45       47

 COOLING
  YESTERDAY        0                         1     -1        0
  MONTH TO DATE    5                        36    -31       86
  SINCE SEP 1      5                        36    -31       86
  SINCE JAN 1    477                       531    -54      563
..................................................................


WIND (MPH)
  HIGHEST WIND SPEED    14   HIGHEST WIND DIRECTION     E (100)
  HIGHEST GUST SPEED    17   HIGHEST GUST DIRECTION     S (170)
  AVERAGE WIND SPEED     6.7


SKY COVER
  POSSIBLE SUNSHINE  MM
  AVERAGE SKY COVER 0.0


WEATHER CONDITIONS
 THE FOLLOWING WEATHER WAS RECORDED YESTERDAY.
  NO SIGNIFICANT WEATHER WAS OBSERVED.


RELATIVE HUMIDITY (PERCENT)
 HIGHEST    85           500 AM
 LOWEST     27           100 PM
 AVERAGE    56

..........................................................


THE GLASGOW MT CLIMATE NORMALS FOR TODAY
                         NORMAL    RECORD    YEAR
 MAXIMUM TEMPERATURE (F)   69        93      1938
                                             1935
                                             1917
 MINIMUM TEMPERATURE (F)   42        26      1932


SUNRISE AND SUNSET
SEPTEMBER 22 2014.....SUNRISE   653 AM MDT   SUNSET   704 PM MDT
SEPTEMBER 23 2014.....SUNRISE   655 AM MDT   SUNSET   702 PM MDT


-  INDICATES NEGATIVE NUMBERS.
R  INDICATES RECORD WAS SET OR TIED.
MM INDICATES DATA IS MISSING.
T  INDICATES TRACE AMOUNT.




$$
