000
CDUS45 KGGW 201230
CLIGGW


CLIMATE REPORT
NATIONAL WEATHER SERVICE GLASGOW MT
630 AM MDT MON OCT 20 2014


...................................

...THE GLASGOW MT CLIMATE SUMMARY FOR OCTOBER 20 2014...
VALID AS OF 0600 AM LOCAL TIME.

CLIMATE NORMAL PERIOD 1981 TO 2010
CLIMATE RECORD PERIOD 1893 TO 2014


WEATHER ITEM   OBSERVED TIME   RECORD YEAR NORMAL DEPARTURE LAST
                VALUE   (LST)  VALUE       VALUE  FROM      YEAR
                                                  NORMAL
..................................................................
TEMPERATURE (F)
 TODAY
  MINIMUM         42    400 AM   2    1930  31     11       36

PRECIPITATION (IN)
  TODAY            0.00          0.61 1943   0.03  -0.03     0.02
  MONTH TO DATE    0.34                      0.56  -0.22     0.15
  SINCE OCT 1      0.34                      0.56  -0.22     0.15
  SINCE JAN 1     14.08                     10.67   3.41    14.57

SNOWFALL (IN)
  TODAY            0.0           1.5  1951   0.1   -0.1       T
  MONTH TO DATE    0.0                       0.7   -0.7       T
  SINCE SEP 1      0.0                       0.9   -0.9       T
  SINCE JUL 1      0.0                       0.9   -0.9       T
  SNOW DEPTH       0

DEGREE DAYS
 HEATING
  TODAY           21                        22     -1       24
  MONTH TO DATE  302                       358    -56      383
  SINCE SEP 1    533                       599    -66      506
  SINCE JUL 1    586                       652    -66      521

 COOLING
  TODAY            0                         0      0        0
  MONTH TO DATE    0                         0      0        0
  SINCE SEP 1     23                        37    -14       86
  SINCE JAN 1    495                       532    -37      563
..................................................................





WEATHER CONDITIONS
 THE FOLLOWING WEATHER WAS RECORDED TODAY.
  NO SIGNIFICANT WEATHER WAS OBSERVED.


RELATIVE HUMIDITY (PERCENT)
 HIGHEST    76           100 AM

..........................................................


THE GLASGOW MT CLIMATE NORMALS FOR TOMORROW
                         NORMAL    RECORD    YEAR
 MAXIMUM TEMPERATURE (F)   55        85      2003
 MINIMUM TEMPERATURE (F)   31        10      1930


SUNRISE AND SUNSET
OCTOBER 20 2014.......SUNRISE   734 AM MDT   SUNSET   608 PM MDT
OCTOBER 21 2014.......SUNRISE   735 AM MDT   SUNSET   606 PM MDT


-  INDICATES NEGATIVE NUMBERS.
R  INDICATES RECORD WAS SET OR TIED.
MM INDICATES DATA IS MISSING.
T  INDICATES TRACE AMOUNT.




$$
