000
CDUS45 KGGW 020017
CLIGGW


CLIMATE REPORT
NATIONAL WEATHER SERVICE GLASGOW MT
616 PM MDT WED OCT 1 2014


...................................

...THE GLASGOW MT CLIMATE SUMMARY FOR OCTOBER 1 2014...
VALID TODAY AS OF 0500 PM LOCAL TIME.

CLIMATE NORMAL PERIOD 1981 TO 2010
CLIMATE RECORD PERIOD 1893 TO 2014


WEATHER ITEM   OBSERVED TIME   RECORD YEAR NORMAL DEPARTURE LAST
                VALUE   (LST)  VALUE       VALUE  FROM      YEAR
                                                  NORMAL
..................................................................
TEMPERATURE (F)
 TODAY
  MAXIMUM         61        MM  90    1992  64     -3       67
  MINIMUM         49        MM  17    1936  38     11       40
  AVERAGE         55                        51      4       54

PRECIPITATION (IN)
  TODAY            0.01          0.95 1897   0.04  -0.03     0.00
  MONTH TO DATE    0.01                      0.04  -0.03     0.00
  SINCE OCT 1      0.01                      0.04  -0.03     0.00
  SINCE JAN 1     13.76                     10.15   3.61    14.42

SNOWFALL (IN)
  TODAY            0.0           0.6  1982   0.0    0.0      0.0
  MONTH TO DATE    0.0                       0.0    0.0      0.0
  SINCE SEP 1      0.0                       0.2   -0.2      0.0
  SINCE JUL 1      0.0                       0.2   -0.2      0.0
  SNOW DEPTH       0

DEGREE DAYS
 HEATING
  TODAY           10                        14     -4       11
  MONTH TO DATE   10                        14     -4       11
  SINCE SEP 1    241                       255    -14      134
  SINCE JUL 1    294                       308    -14      149

 COOLING
  TODAY            0                         0      0        0
  MONTH TO DATE    0                         0      0        0
  SINCE SEP 1     23                        37    -14       86
  SINCE JAN 1    495                       532    -37      563
..................................................................


WIND (MPH)
  HIGHEST WIND SPEED    25   HIGHEST WIND DIRECTION     W (290)
  HIGHEST GUST SPEED    32   HIGHEST GUST DIRECTION     W (290)
  AVERAGE WIND SPEED    18.2


SKY COVER
  POSSIBLE SUNSHINE  MM
  AVERAGE SKY COVER 0.7


WEATHER CONDITIONS
 THE FOLLOWING WEATHER WAS RECORDED TODAY.
  HAZE


RELATIVE HUMIDITY (PERCENT)
 HIGHEST    86           200 AM
 LOWEST     39           400 PM
 AVERAGE    63

..........................................................


THE GLASGOW MT CLIMATE NORMALS FOR TOMORROW
                         NORMAL    RECORD    YEAR
 MAXIMUM TEMPERATURE (F)   64        88      1997
 MINIMUM TEMPERATURE (F)   38        19      1999


SUNRISE AND SUNSET
OCTOBER  1 2014.......SUNRISE   706 AM MDT   SUNSET   645 PM MDT
OCTOBER  2 2014.......SUNRISE   707 AM MDT   SUNSET   643 PM MDT


-  INDICATES NEGATIVE NUMBERS.
R  INDICATES RECORD WAS SET OR TIED.
MM INDICATES DATA IS MISSING.
T  INDICATES TRACE AMOUNT.




$$
