000
CDUS45 KGGW 070033
CLIGGW


CLIMATE REPORT
NATIONAL WEATHER SERVICE GLASGOW MT
532 PM MST SAT FEB 6 2016


...................................

...THE GLASGOW MT CLIMATE SUMMARY FOR FEBRUARY 6 2016...
VALID TODAY AS OF 0500 PM LOCAL TIME.

CLIMATE NORMAL PERIOD 1981 TO 2010
CLIMATE RECORD PERIOD 1893 TO 2016


WEATHER ITEM   OBSERVED TIME   RECORD YEAR NORMAL DEPARTURE LAST
                VALUE   (LST)  VALUE       VALUE  FROM      YEAR
                                                  NORMAL
..................................................................
TEMPERATURE (F)
 TODAY
  MAXIMUM         44    126 PM  54    1944  26     18       35
  MINIMUM         35    247 AM -41    1929   7     28       21
  AVERAGE         40                        17     23       28

PRECIPITATION (IN)
  TODAY            T             0.27 1959   0.01  -0.01     0.00
  MONTH TO DATE    T                         0.05  -0.05     0.13
  SINCE OCT 1      3.32                      1.97   1.35     2.19
  SINCE JAN 1      0.34                      0.42  -0.08     0.93

SNOWFALL (IN)
  TODAY            0.0           3.2  1957   0.2   -0.2      0.0
  MONTH TO DATE    T                         1.0   -1.0      2.6
  SINCE DEC 1     18.4                      17.0    1.4     23.3
  SINCE JUL 1     19.4                      23.6   -4.2     34.7
  SNOW DEPTH       3

DEGREE DAYS
 HEATING
  TODAY           25                        48    -23       37
  MONTH TO DATE  242                       293    -51      333
  SINCE DEC 1   3084                      3389   -305     3054
  SINCE JUL 1   4746                      5382   -636     5139

 COOLING
  TODAY            0                         0      0        0
  MONTH TO DATE    0                         0      0        0
  SINCE DEC 1      0                         0      0        0
  SINCE JAN 1      0                         0      0        0
..................................................................


WIND (MPH)
  HIGHEST WIND SPEED    36   HIGHEST WIND DIRECTION     W (280)
  HIGHEST GUST SPEED    56   HIGHEST GUST DIRECTION     W (280)
  AVERAGE WIND SPEED    16.0


SKY COVER
  POSSIBLE SUNSHINE  MM
  AVERAGE SKY COVER 0.4


WEATHER CONDITIONS
 THE FOLLOWING WEATHER WAS RECORDED TODAY.
  LIGHT RAIN


RELATIVE HUMIDITY (PERCENT)
 HIGHEST    70          1200 AM
 LOWEST     45           100 PM
 AVERAGE    58

..........................................................


THE GLASGOW MT CLIMATE NORMALS FOR TOMORROW
                         NORMAL    RECORD    YEAR
 MAXIMUM TEMPERATURE (F)   27        51      1991
 MINIMUM TEMPERATURE (F)    7       -40      1933


SUNRISE AND SUNSET
FEBRUARY  6 2016......SUNRISE   728 AM MST   SUNSET   514 PM MST
FEBRUARY  7 2016......SUNRISE   727 AM MST   SUNSET   515 PM MST


-  INDICATES NEGATIVE NUMBERS.
R  INDICATES RECORD WAS SET OR TIED.
MM INDICATES DATA IS MISSING.
T  INDICATES TRACE AMOUNT.

$$
