000
CDUS45 KGGW 220801
CLIGGW


CLIMATE REPORT
NATIONAL WEATHER SERVICE GLASGOW MT
101 AM MST SUN JAN 22 2017


...................................

...THE GLASGOW MT CLIMATE SUMMARY FOR JANUARY 21 2017...

CLIMATE NORMAL PERIOD 1981 TO 2010
CLIMATE RECORD PERIOD 1893 TO 2017


WEATHER ITEM   OBSERVED TIME   RECORD YEAR NORMAL DEPARTURE LAST
                VALUE   (LST)  VALUE       VALUE  FROM      YEAR
                                                  NORMAL
..................................................................
TEMPERATURE (F)
 YESTERDAY
  MAXIMUM         32    332 PM  55    1919  24      8       21
  MINIMUM         11    918 PM -44    1935   4      7        6
                                      1927
  AVERAGE         22                        14      8       14

PRECIPITATION (IN)
  YESTERDAY        0.00          0.43 1915   0.01  -0.01     0.02
  MONTH TO DATE    0.43                      0.28   0.15     0.24
  SINCE OCT 1      3.96                      1.83   2.13     3.22
  SINCE JAN 1      0.43                      0.28   0.15     0.24

SNOWFALL (IN)
  YESTERDAY        0.0           4.2  1969   0.2   -0.2      0.3
  MONTH TO DATE   11.6                       6.0    5.6      4.1
  SINCE DEC 1     20.8                      14.0    6.8     16.9
  SINCE JUL 1     21.2                      20.6    0.6     17.9
  SNOW DEPTH       3

DEGREE DAYS
 HEATING
  YESTERDAY       43                        51     -8       51
  MONTH TO DATE 1268                      1086    182     1138
  SINCE DEC 1   2905                      2595    310     2481
  SINCE JUL 1   4524                      4588    -64     4143

 COOLING
  YESTERDAY        0                         0      0        0
  MONTH TO DATE    0                         0      0        0
  SINCE DEC 1      0                         0      0        0
  SINCE JAN 1      0                         0      0        0
..................................................................


WIND (MPH)
  HIGHEST WIND SPEED    15   HIGHEST WIND DIRECTION     W (290)
  HIGHEST GUST SPEED    16   HIGHEST GUST DIRECTION     W (290)
  AVERAGE WIND SPEED     7.8


SKY COVER
  POSSIBLE SUNSHINE  MM
  AVERAGE SKY COVER 0.3


WEATHER CONDITIONS
 THE FOLLOWING WEATHER WAS RECORDED YESTERDAY.
  FOG
  FOG W/VISIBILITY <= 1/4 MILE


RELATIVE HUMIDITY (PERCENT)
 HIGHEST   100           100 AM
 LOWEST     72           400 PM
 AVERAGE    86

..........................................................


THE GLASGOW MT CLIMATE NORMALS FOR TODAY
                         NORMAL    RECORD    YEAR
 MAXIMUM TEMPERATURE (F)   24        51      1919
 MINIMUM TEMPERATURE (F)    5       -32      1920


SUNRISE AND SUNSET
JANUARY 22 2017.......SUNRISE   746 AM MST   SUNSET   451 PM MST
JANUARY 23 2017.......SUNRISE   745 AM MST   SUNSET   453 PM MST


-  INDICATES NEGATIVE NUMBERS.
R  INDICATES RECORD WAS SET OR TIED.
MM INDICATES DATA IS MISSING.
T  INDICATES TRACE AMOUNT.

$$
