000
CDUS45 KGJT 050735
CLIGJT


CLIMATE REPORT
NATIONAL WEATHER SERVICE GRAND JUNCTION CO
128 AM MDT WED AUG 5 2015


...................................

...THE GRAND JUNCTION CO CLIMATE SUMMARY FOR AUGUST 4 2015...

CLIMATE NORMAL PERIOD 1981 TO 2010
CLIMATE RECORD PERIOD 1893 TO 2015


WEATHER ITEM   OBSERVED TIME   RECORD YEAR NORMAL DEPARTURE LAST
                VALUE   (LST)  VALUE       VALUE  FROM      YEAR
                                                  NORMAL
..................................................................
TEMPERATURE (F)
 YESTERDAY
  MAXIMUM         92    415 PM 102    1994  92      0       82
                                      1979
  MINIMUM         57    552 AM  54    1962  63     -6       56
  AVERAGE         75                        78     -3       69

PRECIPITATION (IN)
  YESTERDAY        0.00          1.17 2014   0.03  -0.03     1.17
  MONTH TO DATE    0.04                      0.11  -0.07     1.24
  SINCE JUN 1      2.48                      1.18   1.30     2.39
  SINCE JAN 1      7.58                      5.01   2.57     6.17

SNOWFALL (IN)
  YESTERDAY        0.0           0.0  2014   0.0    0.0      0.0
  MONTH TO DATE    0.0                       0.0    0.0      0.0
  SINCE JUN 1      T                         0.0    0.0      0.0
  SINCE JUL 1      T                         0.0    0.0      0.0
  SNOW DEPTH       0

DEGREE DAYS
 HEATING
  YESTERDAY        0                         0      0        0
  MONTH TO DATE    0                         0      0        0
  SINCE JUN 1     12                        23    -11       19
  SINCE JUL 1      0                         1     -1        0

 COOLING
  YESTERDAY       10                        13     -3        4
  MONTH TO DATE   40                        52    -12       37
  SINCE JUN 1    607                       693    -86      685
  SINCE JAN 1    615                       744   -129      744
..................................................................


WIND (MPH)
  HIGHEST WIND SPEED    15   HIGHEST WIND DIRECTION    NW (300)
  HIGHEST GUST SPEED    21   HIGHEST GUST DIRECTION    NW (320)
  AVERAGE WIND SPEED     5.6


SKY COVER
  POSSIBLE SUNSHINE  MM
  AVERAGE SKY COVER 0.0


WEATHER CONDITIONS
 THE FOLLOWING WEATHER WAS RECORDED YESTERDAY.
  NO SIGNIFICANT WEATHER WAS OBSERVED.


RELATIVE HUMIDITY (PERCENT)
 HIGHEST    72           300 AM
 LOWEST     15           500 PM
 AVERAGE    44

..........................................................


THE GRAND JUNCTION CO CLIMATE NORMALS FOR TODAY
                         NORMAL    RECORD    YEAR
 MAXIMUM TEMPERATURE (F)   92       102      1979
 MINIMUM TEMPERATURE (F)   63        53      1978


SUNRISE AND SUNSET
AUGUST  5 2015........SUNRISE   618 AM MDT   SUNSET   822 PM MDT
AUGUST  6 2015........SUNRISE   619 AM MDT   SUNSET   820 PM MDT


-  INDICATES NEGATIVE NUMBERS.
R  INDICATES RECORD WAS SET OR TIED.
MM INDICATES DATA IS MISSING.
T  INDICATES TRACE AMOUNT.




$$
