000
CDUS45 KGJT 170740
CLIGJT


CLIMATE REPORT
NATIONAL WEATHER SERVICE GRAND JUNCTION CO
137 AM MDT THU AUG 17 2017


...................................

...THE GRAND JUNCTION CO CLIMATE SUMMARY FOR AUGUST 16 2017...

CLIMATE NORMAL PERIOD 1981 TO 2010
CLIMATE RECORD PERIOD 1893 TO 2017


WEATHER ITEM   OBSERVED TIME   RECORD YEAR NORMAL DEPARTURE LAST
                VALUE   (LST)  VALUE       VALUE  FROM      YEAR
                                                  NORMAL
..................................................................
TEMPERATURE (F)
 YESTERDAY
  MAXIMUM         87    407 PM 100    2002  90     -3       91
                                      1969
  MINIMUM         54    556 AM  48    2009  62     -8       68
  AVERAGE         71                        76     -5       80

PRECIPITATION (IN)
  YESTERDAY        0.00          0.45 2010   0.03  -0.03     0.00
  MONTH TO DATE    0.37                      0.47  -0.10     0.30
  SINCE JUN 1      1.18                      1.54  -0.36     1.03
  SINCE JAN 1      4.01                      5.37  -1.36     6.00

SNOWFALL (IN)
  YESTERDAY        0.0           0.0  2016   0.0    0.0      0.0
  MONTH TO DATE    0.0                       0.0    0.0      0.0
  SINCE JUN 1      0.0                       0.0    0.0      0.0
  SINCE JUL 1      0.0                       0.0    0.0      0.0
  SNOW DEPTH       0

DEGREE DAYS
 HEATING
  YESTERDAY        0                         0      0        0
  MONTH TO DATE    0                         0      0        0
  SINCE JUN 1      4                        23    -19        1
  SINCE JUL 1      0                         1     -1        0

 COOLING
  YESTERDAY        6                        11     -5       15
  MONTH TO DATE  186                       191     -5      200
  SINCE JUN 1   1060                       832    228      994
  SINCE JAN 1   1106                       883    223     1007
..................................................................


WIND (MPH)
  HIGHEST WIND SPEED    16   HIGHEST WIND DIRECTION    NW (320)
  HIGHEST GUST SPEED    20   HIGHEST GUST DIRECTION    NW (330)
  AVERAGE WIND SPEED     6.9


SKY COVER
  POSSIBLE SUNSHINE  MM
  AVERAGE SKY COVER 0.1


WEATHER CONDITIONS
 THE FOLLOWING WEATHER WAS RECORDED YESTERDAY.
  NO SIGNIFICANT WEATHER WAS OBSERVED.


RELATIVE HUMIDITY (PERCENT)
 HIGHEST    66           600 AM
 LOWEST     12           300 PM
 AVERAGE    39

..........................................................


THE GRAND JUNCTION CO CLIMATE NORMALS FOR TODAY
                         NORMAL    RECORD    YEAR
 MAXIMUM TEMPERATURE (F)   90       100      2002
                                             1994
 MINIMUM TEMPERATURE (F)   61        45      1960


SUNRISE AND SUNSET
AUGUST 17 2017........SUNRISE   629 AM MDT   SUNSET   806 PM MDT
AUGUST 18 2017........SUNRISE   630 AM MDT   SUNSET   805 PM MDT


-  INDICATES NEGATIVE NUMBERS.
R  INDICATES RECORD WAS SET OR TIED.
MM INDICATES DATA IS MISSING.
T  INDICATES TRACE AMOUNT.




$$
