000
CDUS45 KGJT 010845
CLIGJT


CLIMATE REPORT
NATIONAL WEATHER SERVICE GRAND JUNCTION CO
140 AM MST WED MAR 1 2017


...................................

...THE GRAND JUNCTION CO CLIMATE SUMMARY FOR FEBRUARY 28 2017...

CLIMATE NORMAL PERIOD 1981 TO 2010
CLIMATE RECORD PERIOD 1893 TO 2017


WEATHER ITEM   OBSERVED TIME   RECORD YEAR NORMAL DEPARTURE LAST
                VALUE   (LST)  VALUE       VALUE  FROM      YEAR
                                                  NORMAL
..................................................................
TEMPERATURE (F)
 YESTERDAY
  MAXIMUM         40    123 PM  66    1921  51    -11       59
  MINIMUM         21   1152 PM   5    1893  28     -7       33
  AVERAGE         31                        40     -9       46

PRECIPITATION (IN)
  YESTERDAY        0.20          0.42 1907   0.02   0.18     0.00
  MONTH TO DATE    0.54                      0.54   0.00     0.45
  SINCE DEC 1      2.28                      1.71   0.57     2.06
  SINCE JAN 1      1.55                      1.12   0.43     1.37

SNOWFALL (IN)
  YESTERDAY        2.2           5.0  1948   0.1    2.1      0.0
  MONTH TO DATE    2.2                       3.2   -1.0      4.7
  SINCE DEC 1     13.4                      13.0    0.4     24.0
  SINCE JUL 1     13.9                      15.5   -1.6     27.4
  SNOW DEPTH       1

DEGREE DAYS
 HEATING
  YESTERDAY       34                        25      9       19
  MONTH TO DATE  646                       853   -207      921
  SINCE DEC 1   2777                      3151   -374     3409
  SINCE JUL 1   3647                      4379   -732     4458

 COOLING
  YESTERDAY        0                         0      0        0
  MONTH TO DATE    0                         0      0        0
  SINCE DEC 1      0                         0      0        0
  SINCE JAN 1      0                         0      0        0
..................................................................


WIND (MPH)
  HIGHEST WIND SPEED    31   HIGHEST WIND DIRECTION    NW (310)
  HIGHEST GUST SPEED    36   HIGHEST GUST DIRECTION    NW (310)
  AVERAGE WIND SPEED     5.4


SKY COVER
  POSSIBLE SUNSHINE  MM
  AVERAGE SKY COVER 0.7


WEATHER CONDITIONS
 THE FOLLOWING WEATHER WAS RECORDED YESTERDAY.
  SNOW
  LIGHT SNOW
  FOG


RELATIVE HUMIDITY (PERCENT)
 HIGHEST   100           400 AM
 LOWEST     44           600 PM
 AVERAGE    72

..........................................................


THE GRAND JUNCTION CO CLIMATE NORMALS FOR TODAY
                         NORMAL    RECORD    YEAR
 MAXIMUM TEMPERATURE (F)   52        66      2008
                                             1901
 MINIMUM TEMPERATURE (F)   28         9      1903


SUNRISE AND SUNSET
MARCH  1 2017.........SUNRISE   646 AM MST   SUNSET   607 PM MST
MARCH  2 2017.........SUNRISE   645 AM MST   SUNSET   608 PM MST


-  INDICATES NEGATIVE NUMBERS.
R  INDICATES RECORD WAS SET OR TIED.
MM INDICATES DATA IS MISSING.
T  INDICATES TRACE AMOUNT.




$$
