000
CDUS45 KGJT 262325
CLIGJT


CLIMATE REPORT
NATIONAL WEATHER SERVICE GRAND JUNCTION CO
523 PM MDT MON JUN 26 2017


...................................

...THE GRAND JUNCTION CO CLIMATE SUMMARY FOR JUNE 26 2017...
VALID TODAY AS OF 0500 PM LOCAL TIME.

CLIMATE NORMAL PERIOD 1981 TO 2010
CLIMATE RECORD PERIOD 1893 TO 2017


WEATHER ITEM   OBSERVED TIME   RECORD YEAR NORMAL DEPARTURE LAST
                VALUE   (LST)  VALUE       VALUE  FROM      YEAR
                                                  NORMAL
..................................................................
TEMPERATURE (F)
 TODAY
  MAXIMUM         99    345 PM 104    1994  91      8       95
                                      1990
  MINIMUM         63    334 AM  44    1985  60      3       55
                                      1975
  AVERAGE         81                        76      5       75

PRECIPITATION (IN)
  TODAY            0.00          0.94 1899   0.01  -0.01     0.00
  MONTH TO DATE    0.03                      0.40  -0.37     0.02
  SINCE JUN 1      0.03                      0.40  -0.37     0.02
  SINCE JAN 1      2.86                      4.23  -1.37     4.99

SNOWFALL (IN)
  TODAY            0             T    2009   0.0   MM        0.0
  MONTH TO DATE    0.0                       0.0    0.0      0.0
  SINCE JUN 1      0.0                       0.0    0.0      0.0
  SINCE JUL 1     13.9                      19.1   -5.2     28.5
  SNOW DEPTH       0

DEGREE DAYS
 HEATING
  TODAY            0                         0      0        0
  MONTH TO DATE    4                        20    -16        1
  SINCE JUN 1      4                        20    -16        1
  SINCE JUL 1   4625                      5609   -984     5715

 COOLING
  TODAY           16                        11      5       10
  MONTH TO DATE  320                       186    134      295
  SINCE JUN 1    320                       186    134      295
  SINCE JAN 1    366                       237    129      308
..................................................................


WIND (MPH)
  HIGHEST WIND SPEED    21   HIGHEST WIND DIRECTION    NW (330)
  HIGHEST GUST SPEED    26   HIGHEST GUST DIRECTION    NW (330)
  AVERAGE WIND SPEED     8.5


SKY COVER
  POSSIBLE SUNSHINE  MM
  AVERAGE SKY COVER 0.0


WEATHER CONDITIONS
 THE FOLLOWING WEATHER WAS RECORDED TODAY.
  NO SIGNIFICANT WEATHER WAS OBSERVED.


RELATIVE HUMIDITY (PERCENT)
 HIGHEST    29           600 AM
 LOWEST      6           300 PM
 AVERAGE    18

..........................................................


THE GRAND JUNCTION CO CLIMATE NORMALS FOR TOMORROW
                         NORMAL    RECORD    YEAR
 MAXIMUM TEMPERATURE (F)   92       105      1990
 MINIMUM TEMPERATURE (F)   60        46      1969


SUNRISE AND SUNSET
JUNE 26 2017..........SUNRISE   550 AM MDT   SUNSET   844 PM MDT
JUNE 27 2017..........SUNRISE   550 AM MDT   SUNSET   844 PM MDT


-  INDICATES NEGATIVE NUMBERS.
R  INDICATES RECORD WAS SET OR TIED.
MM INDICATES DATA IS MISSING.
T  INDICATES TRACE AMOUNT.




$$
