000
CDUS45 KGJT 110837
CLIGJT


CLIMATE REPORT
NATIONAL WEATHER SERVICE GRAND JUNCTION CO
134 AM MST SUN DEC 11 2016


...................................

...THE GRAND JUNCTION CO CLIMATE SUMMARY FOR DECEMBER 10 2016...

CLIMATE NORMAL PERIOD 1981 TO 2010
CLIMATE RECORD PERIOD 1893 TO 2016


WEATHER ITEM   OBSERVED TIME   RECORD YEAR NORMAL DEPARTURE LAST
                VALUE   (LST)  VALUE       VALUE  FROM      YEAR
                                                  NORMAL
..................................................................
TEMPERATURE (F)
 YESTERDAY
  MAXIMUM         35    405 PM  58    1939  39     -4       36
  MINIMUM         19    650 AM -18    1919  19      0       23
  AVERAGE         27                        29     -2       30

PRECIPITATION (IN)
  YESTERDAY        0.00          0.27 1965   0.02  -0.02     0.00
  MONTH TO DATE    0.01                      0.20  -0.19     0.00
  SINCE DEC 1      0.01                      0.20  -0.19     0.00
  SINCE JAN 1      8.11                      9.03  -0.92    12.56

SNOWFALL (IN)
  YESTERDAY        0.0           3.8  1963   0.1   -0.1      0.0
  MONTH TO DATE    0.3                       1.2   -0.9      0.0
  SINCE DEC 1      0.3                       1.2   -0.9      0.0
  SINCE JUL 1      0.8                       3.7   -2.9      3.4
  SNOW DEPTH       0

DEGREE DAYS
 HEATING
  YESTERDAY       38                        36      2       35
  MONTH TO DATE  374                       344     30      341
  SINCE DEC 1    374                       344     30      341
  SINCE JUL 1   1244                      1572   -328     1390

 COOLING
  YESTERDAY        0                         0      0        0
  MONTH TO DATE    0                         0      0        0
  SINCE DEC 1      0                         0      0        0
  SINCE JAN 1   1245                      1125    120     1041
..................................................................


WIND (MPH)
  HIGHEST WIND SPEED     8   HIGHEST WIND DIRECTION     N (340)
  HIGHEST GUST SPEED    10   HIGHEST GUST DIRECTION    NW (320)
  AVERAGE WIND SPEED     2.3


SKY COVER
  POSSIBLE SUNSHINE  MM
  AVERAGE SKY COVER 0.2


WEATHER CONDITIONS
 THE FOLLOWING WEATHER WAS RECORDED YESTERDAY.
  NO SIGNIFICANT WEATHER WAS OBSERVED.


RELATIVE HUMIDITY (PERCENT)
 HIGHEST    92           300 AM
 LOWEST     64           100 PM
 AVERAGE    78

..........................................................


THE GRAND JUNCTION CO CLIMATE NORMALS FOR TODAY
                         NORMAL    RECORD    YEAR
 MAXIMUM TEMPERATURE (F)   39        60      1929
 MINIMUM TEMPERATURE (F)   19       -12      2009


SUNRISE AND SUNSET
DECEMBER 11 2016......SUNRISE   724 AM MST   SUNSET   452 PM MST
DECEMBER 12 2016......SUNRISE   724 AM MST   SUNSET   452 PM MST


-  INDICATES NEGATIVE NUMBERS.
R  INDICATES RECORD WAS SET OR TIED.
MM INDICATES DATA IS MISSING.
T  INDICATES TRACE AMOUNT.




$$
