000
CDUS45 KGJT 262333
CLIGJT


CLIMATE REPORT
NATIONAL WEATHER SERVICE GRAND JUNCTION CO
530 PM MDT TUE MAY 26 2015


...................................

...THE GRAND JUNCTION CO CLIMATE SUMMARY FOR MAY 26 2015...
VALID TODAY AS OF 0500 PM LOCAL TIME.

CLIMATE NORMAL PERIOD 1981 TO 2010
CLIMATE RECORD PERIOD 1893 TO 2015


WEATHER ITEM   OBSERVED TIME   RECORD YEAR NORMAL DEPARTURE LAST
                VALUE   (LST)  VALUE       VALUE  FROM      YEAR
                                                  NORMAL
..................................................................
TEMPERATURE (F)
 TODAY
  MAXIMUM         70    215 PM  93    1969  80    -10       74
                                      1958
  MINIMUM         46    431 AM  34    1980  50     -4       40
  AVERAGE         58                        65     -7       57

PRECIPITATION (IN)
  TODAY            0.04          0.52 1967   0.02   0.02     0.00
  MONTH TO DATE    1.75                      0.76   0.99     1.48
  SINCE MAR 1      4.14                      2.59   1.55     2.39
  SINCE JAN 1      5.00                      3.71   1.29     3.77

SNOWFALL (IN)
  TODAY            0.0           T    2009   0.0    0.0      0.0
  MONTH TO DATE    0.1                       0.1    0.0      0.0
  SINCE MAR 1      4.0                       3.6    0.4       T
  SINCE JUL 1     12.6                      19.1   -6.5     25.7
  SNOW DEPTH       0

DEGREE DAYS
 HEATING
  TODAY            7                         3      4        8
  MONTH TO DATE  211                       143     68      204
  SINCE MAR 1   1166                      1198    -32     1312
  SINCE JUL 1   5151                      5577   -426     6250

 COOLING
  TODAY            0                         2     -2        0
  MONTH TO DATE    2                        32    -30       22
  SINCE MAR 1      2                        35    -33       22
  SINCE JAN 1      2                        35    -33       22
..................................................................


WIND (MPH)
  HIGHEST WIND SPEED    31   HIGHEST WIND DIRECTION     S (200)
  HIGHEST GUST SPEED    36   HIGHEST GUST DIRECTION     S (200)
  AVERAGE WIND SPEED     6.8


SKY COVER
  POSSIBLE SUNSHINE  MM
  AVERAGE SKY COVER 0.4


WEATHER CONDITIONS
 THE FOLLOWING WEATHER WAS RECORDED TODAY.
  THUNDERSTORM
  RAIN
  LIGHT RAIN


RELATIVE HUMIDITY (PERCENT)
 HIGHEST    93           500 AM
 LOWEST     42          1200 PM
 AVERAGE    68

..........................................................


THE GRAND JUNCTION CO CLIMATE NORMALS FOR TOMORROW
                         NORMAL    RECORD    YEAR
 MAXIMUM TEMPERATURE (F)   80        93      2003
                                             1969
 MINIMUM TEMPERATURE (F)   50        36      1973


SUNRISE AND SUNSET
MAY 26 2015...........SUNRISE   553 AM MDT   SUNSET   830 PM MDT
MAY 27 2015...........SUNRISE   553 AM MDT   SUNSET   830 PM MDT


-  INDICATES NEGATIVE NUMBERS.
R  INDICATES RECORD WAS SET OR TIED.
MM INDICATES DATA IS MISSING.
T  INDICATES TRACE AMOUNT.




$$
