000
CDUS43 KGLD 270827
CLIGLD

CLIMATE REPORT
NATIONAL WEATHER SERVICE GOODLAND
225 AM MDT FRI MAY 27 2016

...................................

...THE GOODLAND KS CLIMATE SUMMARY FOR MAY 26 2016...

CLIMATE NORMAL PERIOD 1981 TO 2010
CLIMATE RECORD PERIOD 1895 TO 2016

WEATHER ITEM   OBSERVED TIME   RECORD YEAR NORMAL DEPARTURE LAST
                VALUE   (LST)  VALUE       VALUE  FROM      YEAR
                                                  NORMAL
..................................................................
TEMPERATURE (F)
 YESTERDAY
  MAXIMUM         76    325 PM  97    2012  76      0       73
                                      2006
  MINIMUM         46   1057 PM  27    1992  49     -3       45
  AVERAGE         61                        63     -2       59

PRECIPITATION (IN)
  YESTERDAY        0.61          1.24 1996   0.11   0.50     0.00
  MONTH TO DATE    1.68                      2.36  -0.68     5.64
  SINCE MAR 1      6.22                      5.02   1.20    10.59
  SINCE JAN 1      7.08                      5.89   1.19    11.67

SNOWFALL (IN)
  YESTERDAY        0.0                       0.0    0.0      0.0
  MONTH TO DATE    T                         0.5   -0.5       T
  SINCE MAR 1      6.7                      11.5   -4.8      2.6
  SINCE JUL 1     30.1                      35.5   -5.4     24.7
  SNOW DEPTH       0

DEGREE DAYS
 HEATING
  YESTERDAY        4                         4      0        6
  MONTH TO DATE  225                       193     32      235
  SINCE MAR 1   1265                      1431   -166     1196
  SINCE JUL 1   5111                      5848   -737     5411

 COOLING
  YESTERDAY        0                         2     -2        0
  MONTH TO DATE   20                        29     -9        5
  SINCE MAR 1     20                        33    -13        5
  SINCE JAN 1     20                        33    -13        5
..................................................................

WIND (MPH)
  HIGHEST WIND SPEED    55   HIGHEST WIND DIRECTION     W (280)
  HIGHEST GUST SPEED    67   HIGHEST GUST DIRECTION     W (270)
  AVERAGE WIND SPEED    13.6


SKY COVER
  AVERAGE SKY COVER 0.5


WEATHER CONDITIONS
 THE FOLLOWING WEATHER WAS RECORDED YESTERDAY.
  THUNDERSTORM
  HEAVY RAIN
  RAIN
  LIGHT RAIN
  HAIL
  FOG


RELATIVE HUMIDITY (PERCENT)
 HIGHEST    93
 LOWEST     52
 AVERAGE    73

..........................................................


THE GOODLAND KS CLIMATE NORMALS FOR TODAY
                         NORMAL    RECORD    YEAR
 MAXIMUM TEMPERATURE (F)   77        99      2006
 MINIMUM TEMPERATURE (F)   50        29      1950


SUNRISE AND SUNSET
MAY 27 2016...........SUNRISE   524 AM MDT   SUNSET   804 PM MDT
MAY 28 2016...........SUNRISE   524 AM MDT   SUNSET   805 PM MDT


-  INDICATES NEGATIVE NUMBERS.
R  INDICATES RECORD WAS SET OR TIED.
MM INDICATES DATA IS MISSING.
T  INDICATES TRACE AMOUNT.

&&

THE AVERAGE SOIL TEMPERATURE AT THE FOUR INCH DEPTH... 67

$$
