819
CDUS44 KJAN 270644
CLIGLH


CLIMATE REPORT
NATIONAL WEATHER SERVICE JACKSON MS
140 AM CDT SAT MAY 27 2017


...................................

...THE GREENVILLE CLIMATE SUMMARY FOR MAY 26 2017...

CLIMATE NORMAL PERIOD 1981 TO 2010
CLIMATE RECORD PERIOD 1903 TO 2017


WEATHER ITEM   OBSERVED TIME   RECORD YEAR NORMAL DEPARTURE LAST
                VALUE   (LST)  VALUE       VALUE  FROM      YEAR
                                                  NORMAL
..................................................................
TEMPERATURE (F)
 YESTERDAY
  MAXIMUM         86    329 PM  96    1911  85      1       90
  MINIMUM         62    225 AM  47    1925  65     -3       73
  AVERAGE         74                        75     -1       82

PRECIPITATION (IN)
  YESTERDAY        0.00          2.80 1974   0.13  -0.13     0.00
  MONTH TO DATE    1.12                      4.32  -3.20     0.26
  SINCE MAR 1      7.78                     13.68  -5.90    20.55
  SINCE JAN 1     15.81                     23.67  -7.86    27.06

SNOWFALL (IN)
  YESTERDAY        0.0

DEGREE DAYS
 HEATING
  YESTERDAY        0                         0      0        0
  MONTH TO DATE   20                        10     10        7
  SINCE MAR 1    297                       462   -165      245
  SINCE JUL 1   1830                      2771   -941     1925

 COOLING
  YESTERDAY        9                        10     -1       17
  MONTH TO DATE  148                       185    -37      151
  SINCE MAR 1    314                       266     48      273
  SINCE JAN 1    343                       271     72      277
..................................................................


WIND (MPH)
  HIGHEST WIND SPEED    26   HIGHEST WIND DIRECTION     S (190)
  HIGHEST GUST SPEED    36   HIGHEST GUST DIRECTION     S (190)
  AVERAGE WIND SPEED    14.6


SKY COVER
  POSSIBLE SUNSHINE  MM
  AVERAGE SKY COVER 0.3


WEATHER CONDITIONS
 THE FOLLOWING WEATHER WAS RECORDED YESTERDAY.
  NO SIGNIFICANT WEATHER WAS OBSERVED.


RELATIVE HUMIDITY (PERCENT)
 HIGHEST    87           600 AM
 LOWEST     55          1100 AM
 AVERAGE    71

..........................................................


THE GREENVILLE CLIMATE NORMALS FOR TODAY
                         NORMAL    RECORD    YEAR
 MAXIMUM TEMPERATURE (F)   85        98      1911
 MINIMUM TEMPERATURE (F)   65        43      1961


SUNRISE AND SUNSET
MAY 27 2017...........SUNRISE   557 AM CDT   SUNSET   806 PM CDT
MAY 28 2017...........SUNRISE   556 AM CDT   SUNSET   807 PM CDT


-  INDICATES NEGATIVE NUMBERS.
R  INDICATES RECORD WAS SET OR TIED.
MM INDICATES DATA IS MISSING.
T  INDICATES TRACE AMOUNT.




$$
