000
CDUS44 KJAN 132214
CLIGLH


CLIMATE REPORT
NATIONAL WEATHER SERVICE JACKSON MS
411 PM CST SAT FEB 13 2016


...................................

...THE GREENVILLE CLIMATE SUMMARY FOR FEBRUARY 13 2016...
VALID TODAY AS OF 0400 PM LOCAL TIME.

CLIMATE NORMAL PERIOD 1981 TO 2010
CLIMATE RECORD PERIOD 1920 TO 2016


WEATHER ITEM   OBSERVED TIME   RECORD YEAR NORMAL DEPARTURE LAST
                VALUE   (LST)  VALUE       VALUE  FROM      YEAR
                                                  NORMAL
..................................................................
TEMPERATURE (F)
 TODAY
  MAXIMUM         47    253 PM  80    1962  56     -9       47
  MINIMUM         34    749 AM  13    1958  36     -2       24
  AVERAGE         41                        46     -5       36

PRECIPITATION (IN)
  TODAY            0.00          3.70 1950   0.19  -0.19     0.00
  MONTH TO DATE    1.43                      2.65  -1.22     0.17
  SINCE DEC 1      8.31                     13.24  -4.93     7.65
  SINCE JAN 1      4.50                      7.62  -3.12     3.54

SNOWFALL (IN)
  TODAY            0.0

DEGREE DAYS
 HEATING
  TODAY           24                        19      5       29
  MONTH TO DATE  239                       268    -29      283
  SINCE DEC 1   1246                      1595   -349     1512
  SINCE JUL 1   1496                      2057   -561     2052

 COOLING
  TODAY            0                         0      0        0
  MONTH TO DATE    2                         0      2        0
  SINCE DEC 1     37                         4     33        0
  SINCE JAN 1      2                         1      1        0
..................................................................


WIND (MPH)
  HIGHEST WIND SPEED    21   HIGHEST WIND DIRECTION    NE (30)
  HIGHEST GUST SPEED    26   HIGHEST GUST DIRECTION     N (20)
  AVERAGE WIND SPEED    13.2


SKY COVER
  POSSIBLE SUNSHINE  MM
  AVERAGE SKY COVER 0.0


WEATHER CONDITIONS
 THE FOLLOWING WEATHER WAS RECORDED TODAY.
  NO SIGNIFICANT WEATHER WAS OBSERVED.


RELATIVE HUMIDITY (PERCENT)
 HIGHEST    70           100 AM
 LOWEST     24          1200 PM
 AVERAGE    47

..........................................................


THE GREENVILLE CLIMATE NORMALS FOR TOMORROW
                         NORMAL    RECORD    YEAR
 MAXIMUM TEMPERATURE (F)   57        82      1962
 MINIMUM TEMPERATURE (F)   36        17      1960


SUNRISE AND SUNSET
FEBRUARY 13 2016......SUNRISE   650 AM CST   SUNSET   546 PM CST
FEBRUARY 14 2016......SUNRISE   649 AM CST   SUNSET   547 PM CST


-  INDICATES NEGATIVE NUMBERS.
R  INDICATES RECORD WAS SET OR TIED.
MM INDICATES DATA IS MISSING.
T  INDICATES TRACE AMOUNT.




$$
