000
CDUS44 KJAN 192209
CLIGLH


CLIMATE REPORT
NATIONAL WEATHER SERVICE JACKSON MS
407 PM CST SUN FEB 19 2017


...................................

...THE GREENVILLE CLIMATE SUMMARY FOR FEBRUARY 19 2017...
VALID TODAY AS OF 0400 PM LOCAL TIME.

CLIMATE NORMAL PERIOD 1981 TO 2010
CLIMATE RECORD PERIOD 1920 TO 2017


WEATHER ITEM   OBSERVED TIME   RECORD YEAR NORMAL DEPARTURE LAST
                VALUE   (LST)  VALUE       VALUE  FROM      YEAR
                                                  NORMAL
..................................................................
TEMPERATURE (F)
 TODAY
  MAXIMUM         77    359 PM  80    2000  58     19       76
  MINIMUM         47    225 AM  17    1958  38      9       48
  AVERAGE         62                        48     14       62

PRECIPITATION (IN)
  TODAY            0.00          6.50 1991   0.17  -0.17     0.00
  MONTH TO DATE    2.07                      3.72  -1.65     2.45
  SINCE DEC 1     10.04                     14.31  -4.27     9.33
  SINCE JAN 1      7.18                      8.69  -1.51     5.52

SNOWFALL (IN)
  TODAY            0.0

DEGREE DAYS
 HEATING
  TODAY            3                        17    -14        3
  MONTH TO DATE  222                       377   -155      308
  SINCE DEC 1   1202                      1704   -502     1315
  SINCE JUL 1   1471                      2166   -695     1565

 COOLING
  TODAY            0                         0      0        0
  MONTH TO DATE   10                         0     10        2
  SINCE DEC 1     33                         4     29       37
  SINCE JAN 1     21                         1     20        2
..................................................................


WIND (MPH)
  HIGHEST WIND SPEED    13   HIGHEST WIND DIRECTION    SE (140)
  HIGHEST GUST SPEED    18   HIGHEST GUST DIRECTION     S (160)
  AVERAGE WIND SPEED     5.0


SKY COVER
  POSSIBLE SUNSHINE  MM
  AVERAGE SKY COVER 0.2


WEATHER CONDITIONS
 THE FOLLOWING WEATHER WAS RECORDED TODAY.
  FOG


RELATIVE HUMIDITY (PERCENT)
 HIGHEST    93          1200 AM
 LOWEST     50           300 PM
 AVERAGE    72

..........................................................


THE GREENVILLE CLIMATE NORMALS FOR TOMORROW
                         NORMAL    RECORD    YEAR
 MAXIMUM TEMPERATURE (F)   58        79      1956
                                             1922
 MINIMUM TEMPERATURE (F)   38        21      1958


SUNRISE AND SUNSET
FEBRUARY 19 2017......SUNRISE   643 AM CST   SUNSET   552 PM CST
FEBRUARY 20 2017......SUNRISE   642 AM CST   SUNSET   553 PM CST


-  INDICATES NEGATIVE NUMBERS.
R  INDICATES RECORD WAS SET OR TIED.
MM INDICATES DATA IS MISSING.
T  INDICATES TRACE AMOUNT.




$$
