000
CDUS44 KJAN 280912
CLIGLH


CLIMATE REPORT
NATIONAL WEATHER SERVICE JACKSON MS
311 AM CST WED JAN 28 2015


...................................

...THE GREENVILLE CLIMATE SUMMARY FOR JANUARY 27 2015...

CLIMATE NORMAL PERIOD 1981 TO 2010
CLIMATE RECORD PERIOD 1920 TO 2015


WEATHER ITEM   OBSERVED TIME   RECORD YEAR NORMAL DEPARTURE LAST
                VALUE   (LST)  VALUE       VALUE  FROM      YEAR
                                                  NORMAL
..................................................................
TEMPERATURE (F)
 YESTERDAY
  MAXIMUM         63    344 PM  79    1952  53     10       46
                                      1944
  MINIMUM         39    706 AM  15    1963  33      6       24
                                      1936
  AVERAGE         51                        43      8       35

PRECIPITATION (IN)
  YESTERDAY        0.00          1.98 1962   0.18  -0.18     0.00
  MONTH TO DATE    2.59                      4.25  -1.66     0.84
  SINCE DEC 1      6.70                      9.87  -3.17     5.37
  SINCE JAN 1      2.59                      4.25  -1.66     0.84

SNOWFALL (IN)
  YESTERDAY        0.0

DEGREE DAYS
 HEATING
  YESTERDAY       14                        23     -9       30
  MONTH TO DATE  637                       618     19      681
  SINCE DEC 1   1164                      1240    -76     1323
  SINCE JUL 1   1704                      1702      2     1857

 COOLING
  YESTERDAY        0                         0      0        0
  MONTH TO DATE    0                         0      0        0
  SINCE DEC 1      0                         3     -3        9
  SINCE JAN 1      0                         0      0        0
..................................................................


WIND (MPH)
  HIGHEST WIND SPEED    16   HIGHEST WIND DIRECTION     N (10)
  HIGHEST GUST SPEED    22   HIGHEST GUST DIRECTION     N (360)
  AVERAGE WIND SPEED     7.5


SKY COVER
  POSSIBLE SUNSHINE  MM
  AVERAGE SKY COVER 0.0


WEATHER CONDITIONS
 THE FOLLOWING WEATHER WAS RECORDED YESTERDAY.
  NO SIGNIFICANT WEATHER WAS OBSERVED.


RELATIVE HUMIDITY (PERCENT)
 HIGHEST    79           400 AM
 LOWEST     36           300 PM
 AVERAGE    58

..........................................................


THE GREENVILLE CLIMATE NORMALS FOR TODAY
                         NORMAL    RECORD    YEAR
 MAXIMUM TEMPERATURE (F)   53        77      1975
 MINIMUM TEMPERATURE (F)   33        10      1963


SUNRISE AND SUNSET
JANUARY 28 2015.......SUNRISE   703 AM CST   SUNSET   531 PM CST
JANUARY 29 2015.......SUNRISE   702 AM CST   SUNSET   532 PM CST


-  INDICATES NEGATIVE NUMBERS.
R  INDICATES RECORD WAS SET OR TIED.
MM INDICATES DATA IS MISSING.
T  INDICATES TRACE AMOUNT.




$$
