000
CDUS44 KJAN 060643
CLIGLH


CLIMATE REPORT
NATIONAL WEATHER SERVICE JACKSON MS
1240 AM CST FRI MAR 6 2015


...................................

...THE GREENVILLE CLIMATE SUMMARY FOR MARCH 5 2015...

CLIMATE NORMAL PERIOD 1981 TO 2010
CLIMATE RECORD PERIOD 1920 TO 2015


WEATHER ITEM   OBSERVED TIME   RECORD YEAR NORMAL DEPARTURE LAST
                VALUE   (LST)  VALUE       VALUE  FROM      YEAR
                                                  NORMAL
..................................................................
TEMPERATURE (F)
 YESTERDAY
  MAXIMUM         34    335 PM  85    1963  62    -28       48
  MINIMUM         25   1127 PM  20    1960  42    -17       28
  AVERAGE         30                        52    -22       38

PRECIPITATION (IN)
  YESTERDAY        0.29          3.40 1984   0.14   0.15     0.00
  MONTH TO DATE    0.99                      0.64   0.35     0.58
  SINCE MAR 1      0.99                      0.64   0.35     0.58
  SINCE JAN 1      7.44                     10.63  -3.19     4.88

SNOWFALL (IN)
  YESTERDAY       MM

DEGREE DAYS
 HEATING
  YESTERDAY       35                        13     22       27
  MONTH TO DATE  105                        70     35      113
  SINCE MAR 1    105                        70     35      113
  SINCE JUL 1   2592                      2379    213     2720

 COOLING
  YESTERDAY        0                         0      0        0
  MONTH TO DATE    0                         0      0        0
  SINCE MAR 1      0                         0      0        0
  SINCE JAN 1      0                         5     -5        0
..................................................................


WIND (MPH)
  HIGHEST WIND SPEED    30   HIGHEST WIND DIRECTION     N (360)
  HIGHEST GUST SPEED    38   HIGHEST GUST DIRECTION     N (360)
  AVERAGE WIND SPEED    24.9


SKY COVER
  POSSIBLE SUNSHINE  MM
  AVERAGE SKY COVER 0.5


WEATHER CONDITIONS
 THE FOLLOWING WEATHER WAS RECORDED YESTERDAY.
  LT FREEZING RAIN
  LIGHT SNOW
  FOG


RELATIVE HUMIDITY (PERCENT)
 HIGHEST    92           300 AM
 LOWEST     47           400 PM
 AVERAGE    70

..........................................................


THE GREENVILLE CLIMATE NORMALS FOR TODAY
                         NORMAL    RECORD    YEAR
 MAXIMUM TEMPERATURE (F)   62        83      1955
 MINIMUM TEMPERATURE (F)   42        23      1960


SUNRISE AND SUNSET
MARCH  6 2015.........SUNRISE   626 AM CST   SUNSET   605 PM CST
MARCH  7 2015.........SUNRISE   625 AM CST   SUNSET   605 PM CST


-  INDICATES NEGATIVE NUMBERS.
R  INDICATES RECORD WAS SET OR TIED.
MM INDICATES DATA IS MISSING.
T  INDICATES TRACE AMOUNT.




$$
