000
CDUS44 KJAN 060645
CLIGLH


CLIMATE REPORT
NATIONAL WEATHER SERVICE JACKSON MS
134 AM CDT MON JUL 6 2015


...................................

...THE GREENVILLE CLIMATE SUMMARY FOR JULY 5 2015...

CLIMATE NORMAL PERIOD 1981 TO 2010
CLIMATE RECORD PERIOD 1920 TO 2015


WEATHER ITEM   OBSERVED TIME   RECORD YEAR NORMAL DEPARTURE LAST
                VALUE   (LST)  VALUE       VALUE  FROM      YEAR
                                                  NORMAL
..................................................................
TEMPERATURE (F)
 YESTERDAY
  MAXIMUM         76    552 PM 101    1980  92    -16       87
                                      1977
  MINIMUM         67   1155 PM  58    1922  72     -5       60
  AVERAGE         72                        82    -10       74

PRECIPITATION (IN)
  YESTERDAY        1.13          3.06 1995   0.15   0.98     0.00
  MONTH TO DATE    2.62                      0.76   1.86     0.00
  SINCE JUN 1      4.14                      4.80  -0.66     6.37
  SINCE JAN 1     24.11                     29.06  -4.95    30.50

SNOWFALL (IN)
  YESTERDAY        0.0

DEGREE DAYS
 HEATING
  YESTERDAY        0                         0      0        0
  MONTH TO DATE    0                         0      0        0
  SINCE JUN 1      0                         0      0        0
  SINCE JUL 1      0                         0      0        0

 COOLING
  YESTERDAY        7                        17    -10        9
  MONTH TO DATE   66                        83    -17       63
  SINCE JUN 1    542                       503     39      525
  SINCE JAN 1    923                       825     98      840
..................................................................


WIND (MPH)
  HIGHEST WIND SPEED    29   HIGHEST WIND DIRECTION     W (250)
  HIGHEST GUST SPEED    34   HIGHEST GUST DIRECTION     W (250)
  AVERAGE WIND SPEED     7.8


SKY COVER
  POSSIBLE SUNSHINE  MM
  AVERAGE SKY COVER 0.5


WEATHER CONDITIONS
 THE FOLLOWING WEATHER WAS RECORDED YESTERDAY.
  THUNDERSTORM
  HEAVY RAIN
  RAIN
  LIGHT RAIN
  FOG


RELATIVE HUMIDITY (PERCENT)
 HIGHEST   100           500 AM
 LOWEST     82           400 PM
 AVERAGE    91

..........................................................


THE GREENVILLE CLIMATE NORMALS FOR TODAY
                         NORMAL    RECORD    YEAR
 MAXIMUM TEMPERATURE (F)   92       103      1977
 MINIMUM TEMPERATURE (F)   72        55      1985


SUNRISE AND SUNSET
JULY  6 2015..........SUNRISE   600 AM CDT   SUNSET   817 PM CDT
JULY  7 2015..........SUNRISE   600 AM CDT   SUNSET   817 PM CDT


-  INDICATES NEGATIVE NUMBERS.
R  INDICATES RECORD WAS SET OR TIED.
MM INDICATES DATA IS MISSING.
T  INDICATES TRACE AMOUNT.




$$
