000
CDUS44 KJAN 290718
CLIGLH


CLIMATE REPORT
NATIONAL WEATHER SERVICE JACKSON MS
215 AM CDT FRI AUG 29 2014


...................................

...THE GREENVILLE CLIMATE SUMMARY FOR AUGUST 28 2014...

CLIMATE NORMAL PERIOD 1981 TO 2010
CLIMATE RECORD PERIOD 1920 TO 2014


WEATHER ITEM   OBSERVED TIME   RECORD YEAR NORMAL DEPARTURE LAST
                VALUE   (LST)  VALUE       VALUE  FROM      YEAR
                                                  NORMAL
..................................................................
TEMPERATURE (F)
 YESTERDAY
  MAXIMUM         95    337 PM 102    1936  91      4       94
                                      1924
  MINIMUM         65    507 AM  54    1986  69     -4       65
  AVERAGE         80                        80      0       80

PRECIPITATION (IN)
  YESTERDAY        0.00          1.65 1978   0.10  -0.10     0.00
  MONTH TO DATE    2.71                      2.15   0.56     0.78
  SINCE JUN 1     14.40                      9.99   4.41     4.02
  SINCE JAN 1     38.53                     34.25   4.28    28.98

SNOWFALL (IN)
  YESTERDAY        0.0

DEGREE DAYS
 HEATING
  YESTERDAY        0                         0      0        0
  MONTH TO DATE    0                         0      0        0
  SINCE JUN 1      0                         0      0        0
  SINCE JUL 1      0                         0      0        0

 COOLING
  YESTERDAY       15                        15      0       15
  MONTH TO DATE  442                       465    -23      455
  SINCE JUN 1   1306                      1412   -106     1391
  SINCE JAN 1   1621                      1734   -113     1674
..................................................................


WIND (MPH)
  HIGHEST WIND SPEED    MM   HIGHEST WIND DIRECTION    MM
  HIGHEST GUST SPEED    MM   HIGHEST GUST DIRECTION    MM
  AVERAGE WIND SPEED    MM


SKY COVER
  POSSIBLE SUNSHINE  MM
  AVERAGE SKY COVER 0.1


WEATHER CONDITIONS
 THE FOLLOWING WEATHER WAS RECORDED YESTERDAY.
  FOG


RELATIVE HUMIDITY (PERCENT)
 HIGHEST    93           300 AM
 LOWEST     33           400 PM
 AVERAGE    63

..........................................................


THE GREENVILLE CLIMATE NORMALS FOR TODAY
                         NORMAL    RECORD    YEAR
 MAXIMUM TEMPERATURE (F)   91       105      1924
 MINIMUM TEMPERATURE (F)   69        55      1986


SUNRISE AND SUNSET
AUGUST 29 2014........SUNRISE   636 AM CDT   SUNSET   733 PM CDT
AUGUST 30 2014........SUNRISE   637 AM CDT   SUNSET   732 PM CDT


-  INDICATES NEGATIVE NUMBERS.
R  INDICATES RECORD WAS SET OR TIED.
MM INDICATES DATA IS MISSING.
T  INDICATES TRACE AMOUNT.




$$
