000
CDUS44 KJAN 242209
CLIGLH


CLIMATE REPORT
NATIONAL WEATHER SERVICE JACKSON MS
407 PM CST FRI NOV 24 2017


...................................

...THE GREENVILLE CLIMATE SUMMARY FOR NOVEMBER 24 2017...
VALID TODAY AS OF 0400 PM LOCAL TIME.

CLIMATE NORMAL PERIOD 1981 TO 2010
CLIMATE RECORD PERIOD 1903 TO 2017


WEATHER ITEM   OBSERVED TIME   RECORD YEAR NORMAL DEPARTURE LAST
                VALUE   (LST)  VALUE       VALUE  FROM      YEAR
                                                  NORMAL
..................................................................
TEMPERATURE (F)
 TODAY
  MAXIMUM         64    307 PM  84    1921  61      3       60
  MINIMUM         30    613 AM  17    1970  40    -10       40
  AVERAGE         47                        51     -4       50

PRECIPITATION (IN)
  TODAY            0.00          3.44 2000   0.20  -0.20     0.00
  MONTH TO DATE    1.43                      3.73  -2.30     0.93
  SINCE SEP 1      4.38                     11.13  -6.75     1.81
  SINCE JAN 1     33.57                     45.69 -12.12    43.70

SNOWFALL (IN)
  TODAY            0.0

DEGREE DAYS
 HEATING
  TODAY           18                        15      3       15
  MONTH TO DATE  238                       255    -17      165
  SINCE SEP 1    356                       369    -13      187
  SINCE JUL 1    356                       369    -13      187

 COOLING
  TODAY            0                         0      0        0
  MONTH TO DATE   47                         9     38       27
  SINCE SEP 1    501                       404     97      660
  SINCE JAN 1   2244                      2183     61     2672
..................................................................


WIND (MPH)
  HIGHEST WIND SPEED    13   HIGHEST WIND DIRECTION     S (190)
  HIGHEST GUST SPEED    16   HIGHEST GUST DIRECTION    SW (210)
  AVERAGE WIND SPEED     4.7


SKY COVER
  POSSIBLE SUNSHINE  MM
  AVERAGE SKY COVER 0.0


WEATHER CONDITIONS
 THE FOLLOWING WEATHER WAS RECORDED TODAY.
  NO SIGNIFICANT WEATHER WAS OBSERVED.


RELATIVE HUMIDITY (PERCENT)
 HIGHEST    85           800 AM
 LOWEST     26           300 PM
 AVERAGE    56

..........................................................


THE GREENVILLE CLIMATE NORMALS FOR TOMORROW
                         NORMAL    RECORD    YEAR
 MAXIMUM TEMPERATURE (F)   61        82      1908
 MINIMUM TEMPERATURE (F)   40        16      1950


SUNRISE AND SUNSET
NOVEMBER 24 2017......SUNRISE   644 AM CST   SUNSET   457 PM CST
NOVEMBER 25 2017......SUNRISE   645 AM CST   SUNSET   457 PM CST


-  INDICATES NEGATIVE NUMBERS.
R  INDICATES RECORD WAS SET OR TIED.
MM INDICATES DATA IS MISSING.
T  INDICATES TRACE AMOUNT.




$$
