000
CDUS44 KHGX 310941
CLIGLS


CLIMATE REPORT
NATIONAL WEATHER SERVICE HOUSTON/GALVESTON TX
341 AM CST SAT JAN 31 2015


...................................

...THE GALVESTON CLIMATE SUMMARY FOR JANUARY 30 2015...

CLIMATE NORMAL PERIOD 1981 TO 2010
CLIMATE RECORD PERIOD 1875 TO 2015


WEATHER ITEM   OBSERVED TIME   RECORD YEAR NORMAL DEPARTURE LAST
                VALUE   (LST)  VALUE       VALUE  FROM      YEAR
                                                  NORMAL
..................................................................
TEMPERATURE (F)
 YESTERDAY
  MAXIMUM         61   1259 AM  75    1950  62     -1       58
  MINIMUM         53    842 AM  23    1966  49      4       36
  AVERAGE         57                        56      1       47

PRECIPITATION (IN)
  YESTERDAY        0.00          1.92 1980   0.13  -0.13     0.00
  MONTH TO DATE    5.44                      4.08   1.36     1.36
  SINCE DEC 1      9.31                      7.60   1.71     2.01
  SINCE JAN 1      5.44                      4.08   1.36     1.36

SNOWFALL (IN)
  YESTERDAY        0.0           0.8  1949  MM     MM        0.0
  MONTH TO DATE    0.0                      MM     MM         T
  SINCE DEC 1      0.0                      MM     MM         T
  SINCE JUL 1      0.0                      MM     MM         T
  SNOW DEPTH       0

DEGREE DAYS
 HEATING
  YESTERDAY        8                        10     -2       18
  MONTH TO DATE  417                       300    117      394
  SINCE DEC 1    612                       557     55      762
  SINCE JUL 1    763                       660    103      940

 COOLING
  YESTERDAY        0                         0      0        0
  MONTH TO DATE    0                         0      0        0
  SINCE DEC 1     21                        19      2       13
  SINCE JAN 1      0                         0      0        0
..................................................................


WIND (MPH)
  RESULTANT WIND SPEED  11   RESULTANT WIND DIRECTION  NE (40)
  HIGHEST WIND SPEED    20   HIGHEST WIND DIRECTION    NE (40)
  HIGHEST GUST SPEED    25   HIGHEST GUST DIRECTION     N (10)
  AVERAGE WIND SPEED    13.3


SKY COVER
  AVERAGE SKY COVER 0.0


WEATHER CONDITIONS
 THE FOLLOWING WEATHER WAS RECORDED YESTERDAY.
  NO SIGNIFICANT WEATHER WAS OBSERVED.


RELATIVE HUMIDITY (PERCENT)
 HIGHEST   100
 LOWEST     57
 AVERAGE    79

..........................................................


THE GALVESTON CLIMATE NORMALS FOR TODAY
                         NORMAL    RECORD    YEAR
 MAXIMUM TEMPERATURE (F)   62        76      1950
 MINIMUM TEMPERATURE (F)   49        24      1949


SUNRISE AND SUNSET
JANUARY 31 2015.......SUNRISE   709 AM CST   SUNSET   557 PM CST
FEBRUARY  1 2015......SUNRISE   709 AM CST   SUNSET   558 PM CST


-  INDICATES NEGATIVE NUMBERS.
R  INDICATES RECORD WAS SET OR TIED.
MM INDICATES DATA IS MISSING.
T  INDICATES TRACE AMOUNT.




$$
