000
CDUS44 KHGX 220721
CLIGLS


CLIMATE REPORT
NATIONAL WEATHER SERVICE HOUSTON/GALVESTON TX
120 AM CST SUN JAN 22 2017


...................................

...THE GALVESTON CLIMATE SUMMARY FOR JANUARY 21 2017...

CLIMATE NORMAL PERIOD 1981 TO 2010
CLIMATE RECORD PERIOD 1875 TO 2017


WEATHER ITEM   OBSERVED TIME   RECORD YEAR NORMAL DEPARTURE LAST
                VALUE   (LST)  VALUE       VALUE  FROM      YEAR
                                                  NORMAL
..................................................................
TEMPERATURE (F)
 YESTERDAY
  MAXIMUM         75    306 PM  77    2010  62     13       72
  MINIMUM         66    849 PM  20    1985  49     17       45
                                      1883
  AVERAGE         71                        55     16       59

PRECIPITATION (IN)
  YESTERDAY        0.03          3.61 1877   0.15  -0.12     0.01
  MONTH TO DATE    0.89                      2.87  -1.98     1.64
  SINCE DEC 1     11.97                      6.39   5.58     5.13
  SINCE JAN 1      0.89                      2.87  -1.98     1.64

SNOWFALL (IN)
  YESTERDAY        0.0           T    1935  MM     MM        0.0
  MONTH TO DATE    0.0                       0.0    0.0      0.0
  SINCE DEC 1      0.0                       0.0    0.0      0.0
  SINCE JUL 1      0.0                       0.0    0.0      0.0
  SNOW DEPTH       0

DEGREE DAYS
 HEATING
  YESTERDAY        0                        10    -10        6
  MONTH TO DATE   92                       210   -118      234
  SINCE DEC 1    227                       467   -240      394
  SINCE JUL 1    239                       570   -331      447

 COOLING
  YESTERDAY        6                         0      6        0
  MONTH TO DATE   60                         0     60        0
  SINCE DEC 1    138                        19    119       50
  SINCE JAN 1     60                         0     60        0
..................................................................


WIND (MPH)
  RESULTANT WIND SPEED   8   RESULTANT WIND DIRECTION   S (200)
  HIGHEST WIND SPEED    24   HIGHEST WIND DIRECTION     W (280)
  HIGHEST GUST SPEED    30   HIGHEST GUST DIRECTION     W (260)
  AVERAGE WIND SPEED     8.2


SKY COVER
  AVERAGE SKY COVER 0.5


WEATHER CONDITIONS
 THE FOLLOWING WEATHER WAS RECORDED YESTERDAY.
  LIGHT RAIN
  FOG
  FOG W/VISIBILITY <= 1/4 MILE
  HAZE


RELATIVE HUMIDITY (PERCENT)
 HIGHEST   100
 LOWEST     79
 AVERAGE    90

..........................................................


THE GALVESTON CLIMATE NORMALS FOR TODAY
                         NORMAL    RECORD    YEAR
 MAXIMUM TEMPERATURE (F)   62        77      2005
                                             1999
 MINIMUM TEMPERATURE (F)   49        19      1935


SUNRISE AND SUNSET
JANUARY 22 2017.......SUNRISE   713 AM CST   SUNSET   550 PM CST
JANUARY 23 2017.......SUNRISE   713 AM CST   SUNSET   551 PM CST


-  INDICATES NEGATIVE NUMBERS.
R  INDICATES RECORD WAS SET OR TIED.
MM INDICATES DATA IS MISSING.
T  INDICATES TRACE AMOUNT.




$$
