880
CDUS44 KHGX 240722
CLIGLS


CLIMATE REPORT
NATIONAL WEATHER SERVICE HOUSTON/GALVESTON TX
222 AM CDT SUN JUL 24 2016


...................................

...THE GALVESTON CLIMATE SUMMARY FOR JULY 23 2016...

CLIMATE NORMAL PERIOD 1981 TO 2010
CLIMATE RECORD PERIOD 1875 TO 2016


WEATHER ITEM   OBSERVED TIME   RECORD YEAR NORMAL DEPARTURE LAST
                VALUE   (LST)  VALUE       VALUE  FROM      YEAR
                                                  NORMAL
..................................................................
TEMPERATURE (F)
 YESTERDAY
  MAXIMUM         92    228 PM  95    1984  90      2       93
                                      1875
  MINIMUM         83    602 AM  69    1904  80      3       83
                                      1880
  AVERAGE         88                        85      3       88

PRECIPITATION (IN)
  YESTERDAY        0.00          3.94 1933   0.10  -0.10     0.00
  MONTH TO DATE    0.47                      3.10  -2.63     0.23
  SINCE JUN 1      8.40                      8.79  -0.39     2.98
  SINCE JAN 1     28.93                     26.09   2.84    25.16

SNOWFALL (IN)
  YESTERDAY        0.0          MM      MM  MM     MM        0.0
  MONTH TO DATE    0.0                      MM     MM        0.0
  SINCE JUN 1      0.0                      MM     MM        0.0
  SINCE JUL 1      0.0                      MM     MM        0.0
  SNOW DEPTH       0

DEGREE DAYS
 HEATING
  YESTERDAY        0                         0      0        0
  MONTH TO DATE    0                         0      0        0
  SINCE JUN 1      0                         0      0        0
  SINCE JUL 1      0                         0      0        0

 COOLING
  YESTERDAY       23                        20      3       23
  MONTH TO DATE  495                       444     51      492
  SINCE JUN 1   1025                       979     46     1043
  SINCE JAN 1   1692                      1614     78     1745
..................................................................


WIND (MPH)
  RESULTANT WIND SPEED  10   RESULTANT WIND DIRECTION   S (170)
  HIGHEST WIND SPEED    17   HIGHEST WIND DIRECTION     S (180)
  HIGHEST GUST SPEED    22   HIGHEST GUST DIRECTION    SE (150)
  AVERAGE WIND SPEED    10.6


SKY COVER
  AVERAGE SKY COVER 0.2


WEATHER CONDITIONS
 THE FOLLOWING WEATHER WAS RECORDED YESTERDAY.
  NO SIGNIFICANT WEATHER WAS OBSERVED.


RELATIVE HUMIDITY (PERCENT)
 HIGHEST    88
 LOWEST     59
 AVERAGE    74

..........................................................


THE GALVESTON CLIMATE NORMALS FOR TODAY
                         NORMAL    RECORD    YEAR
 MAXIMUM TEMPERATURE (F)   90        95      1943
                                             1876
 MINIMUM TEMPERATURE (F)   80        68      1929
                                             1904


SUNRISE AND SUNSET
JULY 24 2016..........SUNRISE   636 AM CDT   SUNSET   816 PM CDT
JULY 25 2016..........SUNRISE   636 AM CDT   SUNSET   816 PM CDT


-  INDICATES NEGATIVE NUMBERS.
R  INDICATES RECORD WAS SET OR TIED.
MM INDICATES DATA IS MISSING.
T  INDICATES TRACE AMOUNT.




$$
