000
CDUS42 KJAX 232135
CLIGNV


CLIMATE REPORT
NATIONAL WEATHER SERVICE JACKSONVILLE FL
535 PM EDT TUE MAY 23 2017


...................................

...THE GAINESVILLE CLIMATE SUMMARY FOR MAY 23 2017...
VALID TODAY AS OF 0500 PM LOCAL TIME.

CLIMATE NORMAL PERIOD 1981 TO 2010
CLIMATE RECORD PERIOD 1890 TO 2017


WEATHER ITEM   OBSERVED TIME   RECORD YEAR NORMAL DEPARTURE LAST
                VALUE   (LST)  VALUE       VALUE  FROM      YEAR
                                                  NORMAL
..................................................................
TEMPERATURE (F)
 TODAY
  MAXIMUM         86    230 PM  98    1899  88     -2       86
  MINIMUM         70    611 AM  47    1993  64      6       57
  AVERAGE         78                        76      2       72

PRECIPITATION (IN)
  TODAY            0.00          2.08 1916   0.09  -0.09     0.00
  MONTH TO DATE    2.03                      1.59   0.44     4.03
  SINCE MAR 1      5.44                      8.59  -3.15     8.04
  SINCE JAN 1      7.28                     15.10  -7.82    14.89

SNOWFALL (IN)
  TODAY            0.0           0.0    MM   0.0    0.0      0.0
  MONTH TO DATE    0.0                       0.0    0.0      0.0
  SINCE MAR 1      0.0                       0.0    0.0      0.0
  SINCE JUL 1      0.0                       0.0    0.0      0.0
  SNOW DEPTH       0

DEGREE DAYS
 HEATING
  TODAY            0                         0      0        0
  MONTH TO DATE    0                         0      0        4
  SINCE MAR 1    143                       180    -37       87
  SINCE JUL 1    646                      1214   -568      852

 COOLING
  TODAY           13                        11      2        7
  MONTH TO DATE  249                       205     44      220
  SINCE MAR 1    504                       380    124      488
  SINCE JAN 1    588                       412    176      513
..................................................................


WIND (MPH)
  HIGHEST WIND SPEED    22   HIGHEST WIND DIRECTION    SW (230)
  HIGHEST GUST SPEED    33   HIGHEST GUST DIRECTION    SW (210)
  AVERAGE WIND SPEED     8.1


SKY COVER
  POSSIBLE SUNSHINE  MM
  AVERAGE SKY COVER 0.3


WEATHER CONDITIONS
 THE FOLLOWING WEATHER WAS RECORDED TODAY.
  NO SIGNIFICANT WEATHER WAS OBSERVED.


RELATIVE HUMIDITY (PERCENT)
 HIGHEST   100           100 AM
 LOWEST     55           100 PM
 AVERAGE    78

..........................................................


THE GAINESVILLE CLIMATE NORMALS FOR TOMORROW
                         NORMAL    RECORD    YEAR
 MAXIMUM TEMPERATURE (F)   88        98      1893
 MINIMUM TEMPERATURE (F)   65        50      2001


SUNRISE AND SUNSET
MAY 23 2017...........SUNRISE   632 AM EDT   SUNSET   820 PM EDT
MAY 24 2017...........SUNRISE   632 AM EDT   SUNSET   821 PM EDT


-  INDICATES NEGATIVE NUMBERS.
R  INDICATES RECORD WAS SET OR TIED.
MM INDICATES DATA IS MISSING.
T  INDICATES TRACE AMOUNT.




$$
