000
CDUS42 KJAX 190552
CLIGNV


CLIMATE REPORT
NATIONAL WEATHER SERVICE JACKSONVILLE FL
1251 AM EST FRI DEC 19 2014


...................................

...THE GAINESVILLE CLIMATE SUMMARY FOR DECEMBER 18 2014...

CLIMATE NORMAL PERIOD 1981 TO 2010
CLIMATE RECORD PERIOD 1890 TO 2014


WEATHER ITEM   OBSERVED TIME   RECORD YEAR NORMAL DEPARTURE LAST
                VALUE   (LST)  VALUE       VALUE  FROM      YEAR
                                                  NORMAL
..................................................................
TEMPERATURE (F)
 YESTERDAY
  MAXIMUM         64    410 PM  84    1967  67     -3       66
                                      1931
                                      1924
  MINIMUM         40    701 AM  25    1901  44     -4       35
  AVERAGE         52                        56     -4       51

PRECIPITATION (IN)
  YESTERDAY        0.00          1.90 1929   0.08  -0.08     0.00
  MONTH TO DATE    0.03                      1.35  -1.32     2.45
  SINCE DEC 1      0.03                      1.35  -1.32     2.45
  SINCE JAN 1     48.39                     46.28   2.11    45.74

SNOWFALL (IN)
  YESTERDAY        0.0           0.0    MM   0.0    0.0      0.0
  MONTH TO DATE    0.0                       0.0    0.0      0.0
  SINCE DEC 1      0.0                       0.0    0.0      0.0
  SINCE JUL 1      0.0                       0.0    0.0      0.0
  SNOW DEPTH       0

DEGREE DAYS
 HEATING
  YESTERDAY       13                        10      3       14
  MONTH TO DATE  159                       155      4       94
  SINCE DEC 1    159                       155      4       94
  SINCE JUL 1    424                       316    108      187

 COOLING
  YESTERDAY        0                         1     -1        0
  MONTH TO DATE   20                        18      2       33
  SINCE DEC 1     20                        18      2       33
  SINCE JAN 1   2583                      2634    -51     2858
..................................................................


WIND (MPH)
  HIGHEST WIND SPEED     9   HIGHEST WIND DIRECTION    NW (320)
  HIGHEST GUST SPEED    14   HIGHEST GUST DIRECTION     W (270)
  AVERAGE WIND SPEED     3.0


SKY COVER
  POSSIBLE SUNSHINE  MM
  AVERAGE SKY COVER 0.0


WEATHER CONDITIONS
 THE FOLLOWING WEATHER WAS RECORDED YESTERDAY.
  NO SIGNIFICANT WEATHER WAS OBSERVED.


RELATIVE HUMIDITY (PERCENT)
 HIGHEST    96           100 AM
 LOWEST     44           400 PM
 AVERAGE    70

..........................................................


THE GAINESVILLE CLIMATE NORMALS FOR TODAY
                         NORMAL    RECORD    YEAR
 MAXIMUM TEMPERATURE (F)   67        85      1967
 MINIMUM TEMPERATURE (F)   44        22      1981


SUNRISE AND SUNSET
DECEMBER 19 2014......SUNRISE   719 AM EST   SUNSET   533 PM EST
DECEMBER 20 2014......SUNRISE   719 AM EST   SUNSET   534 PM EST


-  INDICATES NEGATIVE NUMBERS.
R  INDICATES RECORD WAS SET OR TIED.
MM INDICATES DATA IS MISSING.
T  INDICATES TRACE AMOUNT.




$$
