000
CDUS42 KJAX 232126
CLIGNV


CLIMATE REPORT
NATIONAL WEATHER SERVICE JACKSONVILLE FL
526 PM EDT MON OCT 23 2017


...................................

...THE GAINESVILLE CLIMATE SUMMARY FOR OCTOBER 23 2017...
VALID TODAY AS OF 0500 PM LOCAL TIME.

CLIMATE NORMAL PERIOD 1981 TO 2010
CLIMATE RECORD PERIOD 1890 TO 2017


WEATHER ITEM   OBSERVED TIME   RECORD YEAR NORMAL DEPARTURE LAST
                VALUE   (LST)  VALUE       VALUE  FROM      YEAR
                                                  NORMAL
..................................................................
TEMPERATURE (F)
 TODAY
  MAXIMUM         84   1237 PM  90    1927  80      4       77
                                      1919
  MINIMUM         74    810 AM  41    2016  58     16       41
  AVERAGE         79                        69     10       59

PRECIPITATION (IN)
  TODAY            0.11          1.42 1890   0.07   0.04     0.00
  MONTH TO DATE    1.57                      2.35  -0.78     1.65
  SINCE SEP 1     16.85                      6.77  10.08     9.62
  SINCE JAN 1     65.90                     42.34  23.56    39.34

SNOWFALL (IN)
  TODAY            0.0           0.0    MM   0.0    0.0      0.0
  MONTH TO DATE    0.0                       0.0    0.0      0.0
  SINCE SEP 1      0.0                       0.0    0.0      0.0
  SINCE JUL 1      0.0                       0.0    0.0      0.0
  SNOW DEPTH       0

DEGREE DAYS
 HEATING
  TODAY            0                         1     -1        6
  MONTH TO DATE    0                        11    -11       11
  SINCE SEP 1      0                        11    -11       11
  SINCE JUL 1      0                        11    -11       11

 COOLING
  TODAY           14                         5      9        0
  MONTH TO DATE  279                       176    103      213
  SINCE SEP 1    684                       572    112      670
  SINCE JAN 1   2844                      2516    328     2913
..................................................................


WIND (MPH)
  HIGHEST WIND SPEED    22   HIGHEST WIND DIRECTION    SW (210)
  HIGHEST GUST SPEED    29   HIGHEST GUST DIRECTION     S (200)
  AVERAGE WIND SPEED     9.1


SKY COVER
  POSSIBLE SUNSHINE  MM
  AVERAGE SKY COVER 0.5


WEATHER CONDITIONS
 THE FOLLOWING WEATHER WAS RECORDED TODAY.
  THUNDERSTORM
  HEAVY RAIN
  RAIN
  LIGHT RAIN
  FOG


RELATIVE HUMIDITY (PERCENT)
 HIGHEST    94           900 AM
 LOWEST     69           100 PM
 AVERAGE    82

..........................................................


THE GAINESVILLE CLIMATE NORMALS FOR TOMORROW
                         NORMAL    RECORD    YEAR
 MAXIMUM TEMPERATURE (F)   80        90      1949
 MINIMUM TEMPERATURE (F)   58        33      1937


SUNRISE AND SUNSET
OCTOBER 23 2017.......SUNRISE   736 AM EDT   SUNSET   650 PM EDT
OCTOBER 24 2017.......SUNRISE   737 AM EDT   SUNSET   649 PM EDT


-  INDICATES NEGATIVE NUMBERS.
R  INDICATES RECORD WAS SET OR TIED.
MM INDICATES DATA IS MISSING.
T  INDICATES TRACE AMOUNT.




$$
