000
CDUS42 KJAX 222130
CLIGNV


CLIMATE REPORT
NATIONAL WEATHER SERVICE JACKSONVILLE FL
530 PM EDT FRI MAY 22 2015


...................................

...THE GAINESVILLE CLIMATE SUMMARY FOR MAY 22 2015...
VALID TODAY AS OF 0500 PM LOCAL TIME.

CLIMATE NORMAL PERIOD 1981 TO 2010
CLIMATE RECORD PERIOD 1890 TO 2015


WEATHER ITEM   OBSERVED TIME   RECORD YEAR NORMAL DEPARTURE LAST
                VALUE   (LST)  VALUE       VALUE  FROM      YEAR
                                                  NORMAL
..................................................................
TEMPERATURE (F)
 TODAY
  MAXIMUM         89    411 PM 100    1938  88      1       90
  MINIMUM         68    612 AM  50    1994  64      4       62
                                      1981
  AVERAGE         79                        76      3       76

PRECIPITATION (IN)
  TODAY            0.00          3.54 1967   0.09  -0.09     0.00
  MONTH TO DATE    2.53                      1.50   1.03     2.37
  SINCE MAR 1      6.92                      8.50  -1.58    10.50
  SINCE JAN 1     12.18                     15.01  -2.83    20.07

SNOWFALL (IN)
  TODAY            0.0           0.0    MM   0.0    0.0      0.0
  MONTH TO DATE    0.0                       0.0    0.0      0.0
  SINCE MAR 1      0.0                       0.0    0.0      0.0
  SINCE JUL 1      0.0                       0.0    0.0      0.0
  SNOW DEPTH       0

DEGREE DAYS
 HEATING
  TODAY            0                         0      0        0
  MONTH TO DATE    2                         0      2        5
  SINCE MAR 1     62                       180   -118      188
  SINCE JUL 1   1213                      1214     -1     1098

 COOLING
  TODAY           14                        11      3       11
  MONTH TO DATE  213                       194     19      179
  SINCE MAR 1    598                       369    229      345
  SINCE JAN 1    613                       401    212      382
..................................................................


WIND (MPH)
  HIGHEST WIND SPEED    14   HIGHEST WIND DIRECTION     N (340)
  HIGHEST GUST SPEED    17   HIGHEST GUST DIRECTION     N (340)
  AVERAGE WIND SPEED     5.7


SKY COVER
  POSSIBLE SUNSHINE  MM
  AVERAGE SKY COVER 0.0


WEATHER CONDITIONS
 THE FOLLOWING WEATHER WAS RECORDED TODAY.
  NO SIGNIFICANT WEATHER WAS OBSERVED.


RELATIVE HUMIDITY (PERCENT)
 HIGHEST    87          1200 AM
 LOWEST     38           400 PM
 AVERAGE    63

..........................................................


THE GAINESVILLE CLIMATE NORMALS FOR TOMORROW
                         NORMAL    RECORD    YEAR
 MAXIMUM TEMPERATURE (F)   88        98      1899
 MINIMUM TEMPERATURE (F)   64        47      1993


SUNRISE AND SUNSET
MAY 22 2015...........SUNRISE   633 AM EDT   SUNSET   819 PM EDT
MAY 23 2015...........SUNRISE   632 AM EDT   SUNSET   820 PM EDT


-  INDICATES NEGATIVE NUMBERS.
R  INDICATES RECORD WAS SET OR TIED.
MM INDICATES DATA IS MISSING.
T  INDICATES TRACE AMOUNT.




$$
