000
CDUS42 KJAX 200536
CLIGNV


CLIMATE REPORT
NATIONAL WEATHER SERVICE JACKSONVILLE FL
1231 AM EST MON FEB 20 2017


...................................

...THE GAINESVILLE CLIMATE SUMMARY FOR FEBRUARY 19 2017...

CLIMATE NORMAL PERIOD 1981 TO 2010
CLIMATE RECORD PERIOD 1890 TO 2017


WEATHER ITEM   OBSERVED TIME   RECORD YEAR NORMAL DEPARTURE LAST
                VALUE   (LST)  VALUE       VALUE  FROM      YEAR
                                                  NORMAL
..................................................................
TEMPERATURE (F)
 YESTERDAY
  MAXIMUM         81    321 PM  88    1924  70     11       72
  MINIMUM         54   1153 PM  23    1958  46      8       40
  AVERAGE         68                        58     10       56

PRECIPITATION (IN)
  YESTERDAY        T             3.64 1901   0.11  -0.11     0.00
  MONTH TO DATE    0.25                      2.12  -1.87     3.99
  SINCE DEC 1      4.39                      7.91  -3.52     8.69
  SINCE JAN 1      1.70                      5.43  -3.73     6.72

SNOWFALL (IN)
  YESTERDAY        0.0           0.0    MM   0.0    0.0      0.0
  MONTH TO DATE    0.0                       0.0    0.0      0.0
  SINCE DEC 1      0.0                       0.0    0.0      0.0
  SINCE JUL 1      0.0                       0.0    0.0      0.0
  SNOW DEPTH       0

DEGREE DAYS
 HEATING
  YESTERDAY        0                         8     -8        9
  MONTH TO DATE   78                       169    -91      197
  SINCE DEC 1    391                       810   -419      655
  SINCE JUL 1    497                       971   -474      694

 COOLING
  YESTERDAY        3                         1      2        0
  MONTH TO DATE   12                        15     -3       14
  SINCE DEC 1    134                        49     85      162
  SINCE JAN 1     58                        27     31       16
..................................................................


WIND (MPH)
  HIGHEST WIND SPEED    14   HIGHEST WIND DIRECTION     W (290)
  HIGHEST GUST SPEED    16   HIGHEST GUST DIRECTION    NW (330)
  AVERAGE WIND SPEED     4.4


SKY COVER
  POSSIBLE SUNSHINE  MM
  AVERAGE SKY COVER 0.4


WEATHER CONDITIONS
 THE FOLLOWING WEATHER WAS RECORDED YESTERDAY.
  LIGHT RAIN
  FOG


RELATIVE HUMIDITY (PERCENT)
 HIGHEST   100           100 AM
 LOWEST     37           500 PM
 AVERAGE    69

..........................................................


THE GAINESVILLE CLIMATE NORMALS FOR TODAY
                         NORMAL    RECORD    YEAR
 MAXIMUM TEMPERATURE (F)   71        85      1929
 MINIMUM TEMPERATURE (F)   46        22      2015
                                             1934


SUNRISE AND SUNSET
FEBRUARY 20 2017......SUNRISE   704 AM EST   SUNSET   622 PM EST
FEBRUARY 21 2017......SUNRISE   703 AM EST   SUNSET   623 PM EST


-  INDICATES NEGATIVE NUMBERS.
R  INDICATES RECORD WAS SET OR TIED.
MM INDICATES DATA IS MISSING.
T  INDICATES TRACE AMOUNT.




$$
