000
CDUS42 KJAX 040532
CLIGNV


CLIMATE REPORT
NATIONAL WEATHER SERVICE JACKSONVILLE FL
132 AM EDT WED MAY 4 2016


...................................

...THE GAINESVILLE CLIMATE SUMMARY FOR MAY 3 2016...

CLIMATE NORMAL PERIOD 1981 TO 2010
CLIMATE RECORD PERIOD 1890 TO 2016


WEATHER ITEM   OBSERVED TIME   RECORD YEAR NORMAL DEPARTURE LAST
                VALUE   (LST)  VALUE       VALUE  FROM      YEAR
                                                  NORMAL
..................................................................
TEMPERATURE (F)
 YESTERDAY
  MAXIMUM         88   1205 PM  95    2002  84      4       81
                                      1938
                                      1915
  MINIMUM         69    418 AM  45    1925  59     10       49
  AVERAGE         79                        72      7       65

PRECIPITATION (IN)
  YESTERDAY        0.00          3.29 1967   0.06  -0.06     0.00
  MONTH TO DATE    0.00                      0.18  -0.18     0.00
  SINCE MAR 1      4.01                      7.18  -3.17     4.39
  SINCE JAN 1     10.86                     13.69  -2.83     9.65

SNOWFALL (IN)
  YESTERDAY        0.0           0.0    MM   0.0    0.0      0.0
  MONTH TO DATE    0.0                       0.0    0.0      0.0
  SINCE MAR 1      0.0                       0.0    0.0      0.0
  SINCE JUL 1      0.0                       0.0    0.0      0.0
  SNOW DEPTH       0

DEGREE DAYS
 HEATING
  YESTERDAY        0                         0      0        0
  MONTH TO DATE    0                         0      0        2
  SINCE MAR 1     83                       180    -97       62
  SINCE JUL 1    848                      1214   -366     1213

 COOLING
  YESTERDAY       14                         7      7        0
  MONTH TO DATE   44                        21     23        0
  SINCE MAR 1    312                       196    116      385
  SINCE JAN 1    337                       228    109      400
..................................................................


WIND (MPH)
  HIGHEST WIND SPEED    23   HIGHEST WIND DIRECTION    SW (240)
  HIGHEST GUST SPEED    29   HIGHEST GUST DIRECTION    SW (240)
  AVERAGE WIND SPEED     9.1


SKY COVER
  POSSIBLE SUNSHINE  MM
  AVERAGE SKY COVER 0.2


WEATHER CONDITIONS
 THE FOLLOWING WEATHER WAS RECORDED YESTERDAY.
  NO SIGNIFICANT WEATHER WAS OBSERVED.


RELATIVE HUMIDITY (PERCENT)
 HIGHEST   100           600 AM
 LOWEST     43          1200 PM
 AVERAGE    72

..........................................................


THE GAINESVILLE CLIMATE NORMALS FOR TODAY
                         NORMAL    RECORD    YEAR
 MAXIMUM TEMPERATURE (F)   85        97      2002
 MINIMUM TEMPERATURE (F)   59        44      1921


SUNRISE AND SUNSET
MAY  4 2016...........SUNRISE   644 AM EDT   SUNSET   808 PM EDT
MAY  5 2016...........SUNRISE   643 AM EDT   SUNSET   809 PM EDT


-  INDICATES NEGATIVE NUMBERS.
R  INDICATES RECORD WAS SET OR TIED.
MM INDICATES DATA IS MISSING.
T  INDICATES TRACE AMOUNT.




$$
