000
CDUS42 KJAX 042230
CLIGNV


CLIMATE REPORT
NATIONAL WEATHER SERVICE JACKSONVILLE FL
529 PM EST SUN DEC 4 2016


...................................

...THE GAINESVILLE CLIMATE SUMMARY FOR DECEMBER 4 2016...
VALID TODAY AS OF 0500 PM LOCAL TIME.

CLIMATE NORMAL PERIOD 1981 TO 2010
CLIMATE RECORD PERIOD 1890 TO 2016


WEATHER ITEM   OBSERVED TIME   RECORD YEAR NORMAL DEPARTURE LAST
                VALUE   (LST)  VALUE       VALUE  FROM      YEAR
                                                  NORMAL
..................................................................
TEMPERATURE (F)
 TODAY
  MAXIMUM         83    205 PM  84    1982  70     13       63
                                      1978
                                      1933
  MINIMUM         50    442 AM  24    1989  47      3       52
  AVERAGE         67                        58      9       58

PRECIPITATION (IN)
  TODAY            0.00          3.35 1902   0.07  -0.07      T
  MONTH TO DATE    0.11                      0.29  -0.18     0.06
  SINCE DEC 1      0.11                      0.29  -0.18     0.06
  SINCE JAN 1     39.47                     45.22  -5.75    45.27

SNOWFALL (IN)
  TODAY            0.0           0.0    MM   0.0    0.0      0.0
  MONTH TO DATE    0.0                       0.0    0.0      0.0
  SINCE DEC 1      0.0                       0.0    0.0      0.0
  SINCE JUL 1      0.0                       0.0    0.0      0.0
  SNOW DEPTH       0

DEGREE DAYS
 HEATING
  TODAY            0                         8     -8        7
  MONTH TO DATE   19                        29    -10       10
  SINCE DEC 1     19                        29    -10       10
  SINCE JUL 1    125                       190    -65       49

 COOLING
  TODAY            2                         1      1        0
  MONTH TO DATE    2                         4     -2       12
  SINCE DEC 1      2                         4     -2       12
  SINCE JAN 1   3036                      2620    416     3138
..................................................................


WIND (MPH)
  HIGHEST WIND SPEED    18   HIGHEST WIND DIRECTION    SE (140)
  HIGHEST GUST SPEED    23   HIGHEST GUST DIRECTION    SE (140)
  AVERAGE WIND SPEED     6.2


SKY COVER
  POSSIBLE SUNSHINE  MM
  AVERAGE SKY COVER 0.2


WEATHER CONDITIONS
 THE FOLLOWING WEATHER WAS RECORDED TODAY.
  FOG


RELATIVE HUMIDITY (PERCENT)
 HIGHEST    93           500 AM
 LOWEST     49           200 PM
 AVERAGE    71

..........................................................


THE GAINESVILLE CLIMATE NORMALS FOR TOMORROW
                         NORMAL    RECORD    YEAR
 MAXIMUM TEMPERATURE (F)   70        84      1994
                                             1982
 MINIMUM TEMPERATURE (F)   46        27      1929


SUNRISE AND SUNSET
DECEMBER  4 2016......SUNRISE   709 AM EST   SUNSET   530 PM EST
DECEMBER  5 2016......SUNRISE   710 AM EST   SUNSET   530 PM EST


-  INDICATES NEGATIVE NUMBERS.
R  INDICATES RECORD WAS SET OR TIED.
MM INDICATES DATA IS MISSING.
T  INDICATES TRACE AMOUNT.




$$
