000
CDUS42 KJAX 280531
CLIGNV


CLIMATE REPORT
NATIONAL WEATHER SERVICE JACKSONVILLE FL
130 AM EDT SAT MAR 28 2015


...................................

...THE GAINESVILLE CLIMATE SUMMARY FOR MARCH 27 2015...

CLIMATE NORMAL PERIOD 1981 TO 2010
CLIMATE RECORD PERIOD 1890 TO 2015


WEATHER ITEM   OBSERVED TIME   RECORD YEAR NORMAL DEPARTURE LAST
                VALUE   (LST)  VALUE       VALUE  FROM      YEAR
                                                  NORMAL
..................................................................
TEMPERATURE (F)
 YESTERDAY
  MAXIMUM         73   1013 AM  91    1949  76     -3       70
  MINIMUM         50   1159 PM  30    2013  52     -2       44
  AVERAGE         62                        64     -2       57

PRECIPITATION (IN)
  YESTERDAY        0.22          2.51 2003   0.13   0.09     0.00
  MONTH TO DATE    1.17                      3.83  -2.66     3.60
  SINCE MAR 1      1.17                      3.83  -2.66     3.60
  SINCE JAN 1      6.43                     10.34  -3.91    13.17

SNOWFALL (IN)
  YESTERDAY        0.0           0.0    MM   0.0    0.0      0.0
  MONTH TO DATE    0.0                       0.0    0.0      0.0
  SINCE MAR 1      0.0                       0.0    0.0      0.0
  SINCE JUL 1      0.0                       0.0    0.0      0.0
  SNOW DEPTH       0

DEGREE DAYS
 HEATING
  YESTERDAY        3                         3      0        8
  MONTH TO DATE   31                       126    -95      155
  SINCE MAR 1     31                       126    -95      155
  SINCE JUL 1   1182                      1160     22     1065

 COOLING
  YESTERDAY        0                         2     -2        0
  MONTH TO DATE  135                        48     87       18
  SINCE MAR 1    135                        48     87       18
  SINCE JAN 1    150                        80     70       55
..................................................................


WIND (MPH)
  HIGHEST WIND SPEED    18   HIGHEST WIND DIRECTION    SW (240)
  HIGHEST GUST SPEED    29   HIGHEST GUST DIRECTION     S (180)
  AVERAGE WIND SPEED     8.7


SKY COVER
  POSSIBLE SUNSHINE  MM
  AVERAGE SKY COVER 0.5


WEATHER CONDITIONS
 THE FOLLOWING WEATHER WAS RECORDED YESTERDAY.
  RAIN
  LIGHT RAIN
  FOG


RELATIVE HUMIDITY (PERCENT)
 HIGHEST   100           600 AM
 LOWEST     72           800 PM
 AVERAGE    86

..........................................................


THE GAINESVILLE CLIMATE NORMALS FOR TODAY
                         NORMAL    RECORD    YEAR
 MAXIMUM TEMPERATURE (F)   77        90      1949
                                             1920
 MINIMUM TEMPERATURE (F)   52        32      2013


SUNRISE AND SUNSET
MARCH 28 2015.........SUNRISE   724 AM EDT   SUNSET   745 PM EDT
MARCH 29 2015.........SUNRISE   722 AM EDT   SUNSET   746 PM EDT


-  INDICATES NEGATIVE NUMBERS.
R  INDICATES RECORD WAS SET OR TIED.
MM INDICATES DATA IS MISSING.
T  INDICATES TRACE AMOUNT.




$$
