000
CDUS45 KMSO 222231
CLIGPI


CLIMATE REPORT
NATIONAL WEATHER SERVICE MISSOULA, MT
430 PM MDT SAT JUL 22 2017


...................................

...THE KALISPELL MT CLIMATE SUMMARY FOR JULY 22 2017...
VALID TODAY AS OF 0400 PM LOCAL TIME.

CLIMATE NORMAL PERIOD 1981 TO 2010
CLIMATE RECORD PERIOD 1894 TO 2017


WEATHER ITEM   OBSERVED TIME   RECORD YEAR NORMAL DEPARTURE LAST
                VALUE   (LST)  VALUE       VALUE  FROM      YEAR
                                                  NORMAL
..................................................................
TEMPERATURE (F)
 TODAY
  MAXIMUM         85    249 PM  98    1936  83      2       84
  MINIMUM         44    514 AM  37    1967  49     -5       51
                                      2000
  AVERAGE         65                        66     -1       68

PRECIPITATION (IN)
  TODAY            0.00          2.09 1987   0.03  -0.03      T
  MONTH TO DATE    0.07                      1.16  -1.09     1.51
  SINCE OCT 1     18.40                     14.33   4.07    15.19
  SINCE JAN 1     11.17                     10.33   0.84    11.14

SNOWFALL (IN)
  TODAY            0.0
  MONTH TO DATE    0.0
  SINCE JAN 1     54.5
  SINCE JUL 1      0.0
  SNOW DEPTH       0

DEGREE DAYS
 HEATING
  TODAY            0                         2     -2        0
  MONTH TO DATE    6                        64    -58       76
  SINCE JUN 1    164                       280   -116      255
  SINCE JUL 1      6                        64    -58       76

 COOLING
  TODAY            0                         3     -3        3
  MONTH TO DATE   80                        40     40       14
  SINCE JUN 1     96                        53     43       61
  SINCE JAN 1    101                        56     45       61
..................................................................


WIND (MPH)
  HIGHEST WIND SPEED    15   HIGHEST WIND DIRECTION     S (170)
  HIGHEST GUST SPEED    23   HIGHEST GUST DIRECTION    SE (130)
  AVERAGE WIND SPEED     4.2


SKY COVER
  POSSIBLE SUNSHINE  MM
  AVERAGE SKY COVER 0.0


WEATHER CONDITIONS
 THE FOLLOWING WEATHER WAS RECORDED TODAY.
  NO SIGNIFICANT WEATHER WAS OBSERVED.


RELATIVE HUMIDITY (PERCENT)
 HIGHEST    86           600 AM
 LOWEST     23           300 PM
 AVERAGE    55

..........................................................


THE KALISPELL MT CLIMATE NORMALS FOR TOMORROW
                         NORMAL    RECORD    YEAR
 MAXIMUM TEMPERATURE (F)   84       101      2003
 MINIMUM TEMPERATURE (F)   49        35      1963


SUNRISE AND SUNSET
JULY 22 2017..........SUNRISE   600 AM MDT   SUNSET   926 PM MDT
JULY 23 2017..........SUNRISE   601 AM MDT   SUNSET   925 PM MDT


-  INDICATES NEGATIVE NUMBERS.
R  INDICATES RECORD WAS SET OR TIED.
MM INDICATES DATA IS MISSING.
T  INDICATES TRACE AMOUNT.




$$
