000
CDUS45 KMSO 192331
CLIGPI


CLIMATE REPORT
NATIONAL WEATHER SERVICE MISSOULA, MT
430 PM MST SUN NOV 19 2017


...................................

...THE KALISPELL MT CLIMATE SUMMARY FOR NOVEMBER 19 2017...
VALID TODAY AS OF 0400 PM LOCAL TIME.

CLIMATE NORMAL PERIOD 1981 TO 2010
CLIMATE RECORD PERIOD 1894 TO 2017


WEATHER ITEM   OBSERVED TIME   RECORD YEAR NORMAL DEPARTURE LAST
                VALUE   (LST)  VALUE       VALUE  FROM      YEAR
                                                  NORMAL
..................................................................
TEMPERATURE (F)
 TODAY
  MAXIMUM         44    308 PM  59    1897  38      6       36
  MINIMUM         21    207 AM -12    1921  24     -3       30
  AVERAGE         33                        31      2       33

PRECIPITATION (IN)
  TODAY            0.00          2.00 1900   0.05  -0.05     0.03
  MONTH TO DATE    0.81                      0.90  -0.09     0.37
  SINCE OCT 1      2.04                      1.91   0.13     5.23
  SINCE JAN 1     13.89                     14.90  -1.01    18.32

SNOWFALL (IN)
  TODAY            0.0
  MONTH TO DATE    8.3
  SINCE JAN 1     62.8
  SINCE JUL 1      8.3
  SNOW DEPTH       0

DEGREE DAYS
 HEATING
  TODAY           32                        34     -2       32
  MONTH TO DATE  655                       595     60      462
  SINCE SEP 1   1681                      1633     48     1471
  SINCE JUL 1   1730                      1803    -73     1618

 COOLING
  TODAY            0                         0      0        0
  MONTH TO DATE    0                         0      0        0
  SINCE SEP 1      4                         4      0        1
  SINCE JAN 1    228                       147     81      157
..................................................................


WIND (MPH)
  HIGHEST WIND SPEED    13   HIGHEST WIND DIRECTION     S (170)
  HIGHEST GUST SPEED    17   HIGHEST GUST DIRECTION     S (170)
  AVERAGE WIND SPEED     3.0


SKY COVER
  POSSIBLE SUNSHINE  MM
  AVERAGE SKY COVER 0.4


WEATHER CONDITIONS
 THE FOLLOWING WEATHER WAS RECORDED TODAY.
  NO SIGNIFICANT WEATHER WAS OBSERVED.


RELATIVE HUMIDITY (PERCENT)
 HIGHEST   100           100 AM
 LOWEST     45           300 PM
 AVERAGE    73

..........................................................


THE KALISPELL MT CLIMATE NORMALS FOR TOMORROW
                         NORMAL    RECORD    YEAR
 MAXIMUM TEMPERATURE (F)   37        53      1971
 MINIMUM TEMPERATURE (F)   23       -16      1977


SUNRISE AND SUNSET
NOVEMBER 19 2017......SUNRISE   751 AM MST   SUNSET   454 PM MST
NOVEMBER 20 2017......SUNRISE   752 AM MST   SUNSET   453 PM MST


-  INDICATES NEGATIVE NUMBERS.
R  INDICATES RECORD WAS SET OR TIED.
MM INDICATES DATA IS MISSING.
T  INDICATES TRACE AMOUNT.




$$
