000
CDUS45 KMSO 240738
CLIGPI


CLIMATE REPORT
NATIONAL WEATHER SERVICE MISSOULA, MT
137 AM MDT SUN MAY 24 2015


...................................

...THE KALISPELL MT CLIMATE SUMMARY FOR MAY 23 2015...

CLIMATE NORMAL PERIOD 1981 TO 2010
CLIMATE RECORD PERIOD 1894 TO 2015


WEATHER ITEM   OBSERVED TIME   RECORD YEAR NORMAL DEPARTURE LAST
                VALUE   (LST)  VALUE       VALUE  FROM      YEAR
                                                  NORMAL
..................................................................
TEMPERATURE (F)
 YESTERDAY
  MAXIMUM         78   1257 PM  87    2001  67     11       80
  MINIMUM         41    512 AM  26    1953  41      0       42
  AVERAGE         60                        54      6       61

PRECIPITATION (IN)
  YESTERDAY        0.00          0.51 1942   0.08  -0.08      T
  MONTH TO DATE    0.10                      1.33  -1.23     0.84
  SINCE OCT 1     11.72                      9.96   1.76    11.34
  SINCE JAN 1      5.64                      5.96  -0.32     6.89

SNOWFALL (IN)
  YESTERDAY        0.0
  MONTH TO DATE    0.0
  SINCE JAN 1     32.9
  SINCE JUL 1     59.4
  SNOW DEPTH       0

DEGREE DAYS
 HEATING
  YESTERDAY        5                        11     -6        4
  MONTH TO DATE  283                       330    -47      323
  SINCE MAR 1   1707                      1889   -182     1939
  SINCE JUL 1   7157                      7741   -584     7873

 COOLING
  YESTERDAY        0                         0      0        0
  MONTH TO DATE    0                         0      0        0
  SINCE MAR 1      0                         0      0        0
  SINCE JAN 1      0                         0      0        0
..................................................................


WIND (MPH)
  HIGHEST WIND SPEED    29   HIGHEST WIND DIRECTION     E (70)
  HIGHEST GUST SPEED    39   HIGHEST GUST DIRECTION     E (70)
  AVERAGE WIND SPEED     8.4


SKY COVER
  POSSIBLE SUNSHINE  MM
  AVERAGE SKY COVER 0.2


WEATHER CONDITIONS
 THE FOLLOWING WEATHER WAS RECORDED YESTERDAY.
  NO SIGNIFICANT WEATHER WAS OBSERVED.


RELATIVE HUMIDITY (PERCENT)
 HIGHEST    76           500 AM
 LOWEST     20           100 PM
 AVERAGE    48

..........................................................


THE KALISPELL MT CLIMATE NORMALS FOR TODAY
                         NORMAL    RECORD    YEAR
 MAXIMUM TEMPERATURE (F)   67        89      2001
                                             1934
 MINIMUM TEMPERATURE (F)   41        28      2005
                                             1964


SUNRISE AND SUNSET
MAY 24 2015...........SUNRISE   547 AM MDT   SUNSET   921 PM MDT
MAY 25 2015...........SUNRISE   546 AM MDT   SUNSET   922 PM MDT


-  INDICATES NEGATIVE NUMBERS.
R  INDICATES RECORD WAS SET OR TIED.
MM INDICATES DATA IS MISSING.
T  INDICATES TRACE AMOUNT.




$$
