000
CDUS45 KMSO 030838
CLIGPI


CLIMATE REPORT
NATIONAL WEATHER SERVICE MISSOULA, MT
138 AM MST SAT DEC 3 2016


...................................

...THE KALISPELL MT CLIMATE SUMMARY FOR DECEMBER 2 2016...

CLIMATE NORMAL PERIOD 1981 TO 2010
CLIMATE RECORD PERIOD 1894 TO 2016


WEATHER ITEM   OBSERVED TIME   RECORD YEAR NORMAL DEPARTURE LAST
                VALUE   (LST)  VALUE       VALUE  FROM      YEAR
                                                  NORMAL
..................................................................
TEMPERATURE (F)
 YESTERDAY
  MAXIMUM         38   1243 PM  57    1941  33      5       28
  MINIMUM         28    833 AM -12    1985  19      9       18
  AVERAGE         33                        26      7       23

PRECIPITATION (IN)
  YESTERDAY        0.05          0.50 1980   0.05   0.00     0.02
  MONTH TO DATE    0.11                      0.10   0.01     0.02
  SINCE OCT 1      5.59                      2.54   3.05     1.63
  SINCE JAN 1     18.68                     15.53   3.15     9.23

SNOWFALL (IN)
  YESTERDAY        T
  MONTH TO DATE    0.7
  SINCE JAN 1     17.0
  SINCE JUL 1      2.4
  SNOW DEPTH       T

DEGREE DAYS
 HEATING
  YESTERDAY       32                        39     -7       42
  MONTH TO DATE   63                        78    -15       85
  SINCE DEC 1     63                        78    -15       85
  SINCE JUL 1   2022                      2282   -260     2104

 COOLING
  YESTERDAY        0                         0      0        0
  MONTH TO DATE    0                         0      0        0
  SINCE DEC 1      0                         0      0        0
  SINCE JAN 1    157                       147     10      248
..................................................................


WIND (MPH)
  HIGHEST WIND SPEED    17   HIGHEST WIND DIRECTION     S (160)
  HIGHEST GUST SPEED    20   HIGHEST GUST DIRECTION    SE (150)
  AVERAGE WIND SPEED     5.9


SKY COVER
  POSSIBLE SUNSHINE  MM
  AVERAGE SKY COVER 1.0


WEATHER CONDITIONS
 THE FOLLOWING WEATHER WAS RECORDED YESTERDAY.
  LT FREEZING RAIN
  LIGHT SNOW
  FOG
  FOG W/VISIBILITY <= 1/4 MILE


RELATIVE HUMIDITY (PERCENT)
 HIGHEST   100           100 AM
 LOWEST     54           100 PM
 AVERAGE    77

..........................................................


THE KALISPELL MT CLIMATE NORMALS FOR TODAY
                         NORMAL    RECORD    YEAR
 MAXIMUM TEMPERATURE (F)   32        52      1941
 MINIMUM TEMPERATURE (F)   19        -9      1984


SUNRISE AND SUNSET
DECEMBER  3 2016......SUNRISE   810 AM MST   SUNSET   444 PM MST
DECEMBER  4 2016......SUNRISE   811 AM MST   SUNSET   444 PM MST


-  INDICATES NEGATIVE NUMBERS.
R  INDICATES RECORD WAS SET OR TIED.
MM INDICATES DATA IS MISSING.
T  INDICATES TRACE AMOUNT.




$$
