000
CDUS45 KMSO 190839
CLIGPI


CLIMATE REPORT
NATIONAL WEATHER SERVICE MISSOULA, MT
139 AM MST THU JAN 19 2017


...................................

...THE KALISPELL MT CLIMATE SUMMARY FOR JANUARY 18 2017...

CLIMATE NORMAL PERIOD 1981 TO 2010
CLIMATE RECORD PERIOD 1894 TO 2017


WEATHER ITEM   OBSERVED TIME   RECORD YEAR NORMAL DEPARTURE LAST
                VALUE   (LST)  VALUE       VALUE  FROM      YEAR
                                                  NORMAL
..................................................................
TEMPERATURE (F)
 YESTERDAY
  MAXIMUM         32   1159 PM  54    1919  32      0       39
  MINIMUM         20   1221 AM -26    1943  17      3       28
  AVERAGE         26                        24      2       34

PRECIPITATION (IN)
  YESTERDAY        0.04          0.37 1921   0.04   0.00     0.06
                                      1921
                                      2015
  MONTH TO DATE    0.81                      0.86  -0.05     0.54
  SINCE OCT 1      8.04                      4.86   3.18     4.59
  SINCE JAN 1      0.81                      0.86  -0.05     0.54

SNOWFALL (IN)
  YESTERDAY        T
  MONTH TO DATE    9.4
  SINCE JAN 1      9.4
  SINCE JUL 1     44.7
  SNOW DEPTH      11

DEGREE DAYS
 HEATING
  YESTERDAY       39                        41     -2       31
  MONTH TO DATE 1029                       757    272      748
  SINCE DEC 1   2510                      2067    443     1940
  SINCE JUL 1   4469                      4271    198     3959

 COOLING
  YESTERDAY        0                         0      0        0
  MONTH TO DATE    0                         0      0        0
  SINCE DEC 1      0                         0      0        0
  SINCE JAN 1      0                         0      0        0
..................................................................


WIND (MPH)
  HIGHEST WIND SPEED     7   HIGHEST WIND DIRECTION     S (200)
  HIGHEST GUST SPEED     8   HIGHEST GUST DIRECTION     E (90)
  AVERAGE WIND SPEED     1.5


SKY COVER
  POSSIBLE SUNSHINE  MM
  AVERAGE SKY COVER 1.0


WEATHER CONDITIONS
 THE FOLLOWING WEATHER WAS RECORDED YESTERDAY.
  LIGHT RAIN
  LT FREEZING RAIN
  LIGHT SNOW
  FOG


RELATIVE HUMIDITY (PERCENT)
 HIGHEST   100           900 PM
 LOWEST     81           800 AM
 AVERAGE    91

..........................................................


THE KALISPELL MT CLIMATE NORMALS FOR TODAY
                         NORMAL    RECORD    YEAR
 MAXIMUM TEMPERATURE (F)   32        52      1919
 MINIMUM TEMPERATURE (F)   17       -19      1963


SUNRISE AND SUNSET
JANUARY 19 2017.......SUNRISE   820 AM MST   SUNSET   517 PM MST
JANUARY 20 2017.......SUNRISE   819 AM MST   SUNSET   518 PM MST


-  INDICATES NEGATIVE NUMBERS.
R  INDICATES RECORD WAS SET OR TIED.
MM INDICATES DATA IS MISSING.
T  INDICATES TRACE AMOUNT.




$$
