534
CDUS45 KMSO 220737
CLIGPI


CLIMATE REPORT
NATIONAL WEATHER SERVICE MISSOULA, MT
137 AM MDT FRI SEP 22 2017


...................................

...THE KALISPELL MT CLIMATE SUMMARY FOR SEPTEMBER 21 2017...

CLIMATE NORMAL PERIOD 1981 TO 2010
CLIMATE RECORD PERIOD 1894 TO 2017


WEATHER ITEM   OBSERVED TIME   RECORD YEAR NORMAL DEPARTURE LAST
                VALUE   (LST)  VALUE       VALUE  FROM      YEAR
                                                  NORMAL
..................................................................
TEMPERATURE (F)
 YESTERDAY
  MAXIMUM         56    352 PM  87    1967  68    -12       64
  MINIMUM         34    718 AM  22    1995  37     -3       49
  AVERAGE         45                        52     -7       57

PRECIPITATION (IN)
  YESTERDAY        0.00          0.87 2008   0.04  -0.04     0.01
  MONTH TO DATE    0.42                      1.01  -0.59     0.76
  SINCE OCT 1     18.98                     16.62   2.36    17.03
  SINCE JAN 1     11.75                     12.62  -0.87    12.98

SNOWFALL (IN)
  YESTERDAY        0.0
  MONTH TO DATE    0.0
  SINCE JAN 1     54.5
  SINCE JUL 1      0.0
  SNOW DEPTH       0

DEGREE DAYS
 HEATING
  YESTERDAY       20                        13      7        8
  MONTH TO DATE  157                       195    -38      263
  SINCE SEP 1    157                       195    -38      263
  SINCE JUL 1    206                       365   -159      410

 COOLING
  YESTERDAY        0                         0      0        0
  MONTH TO DATE    4                         1      3        0
  SINCE SEP 1      4                         1      3        0
  SINCE JAN 1    228                       144     84      156
..................................................................


WIND (MPH)
  HIGHEST WIND SPEED    13   HIGHEST WIND DIRECTION     N (20)
  HIGHEST GUST SPEED    17   HIGHEST GUST DIRECTION    NE (30)
  AVERAGE WIND SPEED     4.4


SKY COVER
  POSSIBLE SUNSHINE  MM
  AVERAGE SKY COVER 0.7


WEATHER CONDITIONS
 THE FOLLOWING WEATHER WAS RECORDED YESTERDAY.
  NO SIGNIFICANT WEATHER WAS OBSERVED.


RELATIVE HUMIDITY (PERCENT)
 HIGHEST   100           700 AM
 LOWEST     46           300 PM
 AVERAGE    73

..........................................................


THE KALISPELL MT CLIMATE NORMALS FOR TODAY
                         NORMAL    RECORD    YEAR
 MAXIMUM TEMPERATURE (F)   67        84      1938
 MINIMUM TEMPERATURE (F)   36        22      2000


SUNRISE AND SUNSET
SEPTEMBER 22 2017.....SUNRISE   724 AM MDT   SUNSET   734 PM MDT
SEPTEMBER 23 2017.....SUNRISE   726 AM MDT   SUNSET   732 PM MDT


-  INDICATES NEGATIVE NUMBERS.
R  INDICATES RECORD WAS SET OR TIED.
MM INDICATES DATA IS MISSING.
T  INDICATES TRACE AMOUNT.




$$
