000
CDUS45 KMSO 292231
CLIGPI


CLIMATE REPORT
NATIONAL WEATHER SERVICE MISSOULA, MT
430 PM MDT FRI APR 29 2016


...................................

...THE KALISPELL MT CLIMATE SUMMARY FOR APRIL 29 2016...
VALID TODAY AS OF 0400 PM LOCAL TIME.

CLIMATE NORMAL PERIOD 1981 TO 2010
CLIMATE RECORD PERIOD 1894 TO 2016


WEATHER ITEM   OBSERVED TIME   RECORD YEAR NORMAL DEPARTURE LAST
                VALUE   (LST)  VALUE       VALUE  FROM      YEAR
                                                  NORMAL
..................................................................
TEMPERATURE (F)
 TODAY
  MAXIMUM         51    259 PM  81    1968  60     -9       68
  MINIMUM         40    551 AM  15    1990  34      6       33
  AVERAGE         46                        47     -1       51

PRECIPITATION (IN)
  TODAY            0.00          0.66 1980   0.05  -0.05     0.00
  MONTH TO DATE    1.58                      1.20   0.38     0.35
  SINCE OCT 1      9.22                      8.59   0.63    11.62
  SINCE JAN 1      5.17                      4.59   0.58     5.54

SNOWFALL (IN)
  TODAY            0.0
  MONTH TO DATE    0.0
  SINCE JAN 1     14.6
  SINCE JUL 1     41.4
  SNOW DEPTH       0

DEGREE DAYS
 HEATING
  TODAY           19                        18      1       14
  MONTH TO DATE  445                       622   -177      613
  SINCE MAR 1   1275                      1541   -266     1408
  SINCE JUL 1   6577                      7393   -816     6858

 COOLING
  TODAY            0                         0      0        0
  MONTH TO DATE    0                         0      0        0
  SINCE MAR 1      0                         0      0        0
  SINCE JAN 1      0                         0      0        0
..................................................................


WIND (MPH)
  HIGHEST WIND SPEED     9   HIGHEST WIND DIRECTION    SW (240)
  HIGHEST GUST SPEED    10   HIGHEST GUST DIRECTION    SW (240)
  AVERAGE WIND SPEED     1.8


SKY COVER
  POSSIBLE SUNSHINE  MM
  AVERAGE SKY COVER 1.0


WEATHER CONDITIONS
 THE FOLLOWING WEATHER WAS RECORDED TODAY.
  NO SIGNIFICANT WEATHER WAS OBSERVED.


RELATIVE HUMIDITY (PERCENT)
 HIGHEST    86           500 AM
 LOWEST     44           300 PM
 AVERAGE    65

..........................................................


THE KALISPELL MT CLIMATE NORMALS FOR TOMORROW
                         NORMAL    RECORD    YEAR
 MAXIMUM TEMPERATURE (F)   61        81      1968
 MINIMUM TEMPERATURE (F)   34        20      2013
                                             1982


SUNRISE AND SUNSET
APRIL 29 2016.........SUNRISE   621 AM MDT   SUNSET   849 PM MDT
APRIL 30 2016.........SUNRISE   619 AM MDT   SUNSET   850 PM MDT


-  INDICATES NEGATIVE NUMBERS.
R  INDICATES RECORD WAS SET OR TIED.
MM INDICATES DATA IS MISSING.
T  INDICATES TRACE AMOUNT.




$$
