000
CDUS45 KMSO 232234
CLIGPI


CLIMATE REPORT
NATIONAL WEATHER SERVICE MISSOULA, MT
434 PM MDT TUE SEP 23 2014


...................................

...THE KALISPELL MT CLIMATE SUMMARY FOR SEPTEMBER 23 2014...
VALID TODAY AS OF 0400 PM LOCAL TIME.

CLIMATE NORMAL PERIOD 1981 TO 2010
CLIMATE RECORD PERIOD 1894 TO 2014


WEATHER ITEM   OBSERVED TIME   RECORD YEAR NORMAL DEPARTURE LAST
                VALUE   (LST)  VALUE       VALUE  FROM      YEAR
                                                  NORMAL
..................................................................
TEMPERATURE (F)
 TODAY
  MAXIMUM         74    128 PM  87    2011  67      7       60
  MINIMUM         44    301 AM  13    1926  36      8       43
  AVERAGE         59                        51      8       52

PRECIPITATION (IN)
  TODAY            0.03          0.50 1900   0.05  -0.02     0.06
  MONTH TO DATE    0.75                      1.11  -0.36     2.06
  SINCE OCT 1     19.54                     16.72   2.82    18.06
  SINCE JAN 1     15.09                     12.72   2.37    12.68

SNOWFALL (IN)
  TODAY            0.0
  MONTH TO DATE    0.0
  SINCE JAN 1     38.2
  SINCE JUL 1      0.0
  SNOW DEPTH       0

DEGREE DAYS
 HEATING
  TODAY            6                        14     -8       13
  MONTH TO DATE  225                       222      3      105
  SINCE SEP 1    225                       222      3      105
  SINCE JUL 1    302                       392    -90      146

 COOLING
  TODAY            0                         0      0        0
  MONTH TO DATE    0                         1     -1       29
  SINCE SEP 1      0                         1     -1       29
  SINCE JAN 1    215                       144     71      264
..................................................................


WIND (MPH)
  HIGHEST WIND SPEED    13   HIGHEST WIND DIRECTION     S (180)
  HIGHEST GUST SPEED    16   HIGHEST GUST DIRECTION     S (180)
  AVERAGE WIND SPEED     1.2


SKY COVER
  POSSIBLE SUNSHINE  MM
  AVERAGE SKY COVER 0.5


WEATHER CONDITIONS
 THE FOLLOWING WEATHER WAS RECORDED TODAY.
  LIGHT RAIN
  FOG


RELATIVE HUMIDITY (PERCENT)
 HIGHEST    93           700 AM
 LOWEST     44           100 PM
 AVERAGE    69

..........................................................


THE KALISPELL MT CLIMATE NORMALS FOR TOMORROW
                         NORMAL    RECORD    YEAR
 MAXIMUM TEMPERATURE (F)   66        86      2011
 MINIMUM TEMPERATURE (F)   36         7      1926


SUNRISE AND SUNSET
SEPTEMBER 23 2014.....SUNRISE   725 AM MDT   SUNSET   733 PM MDT
SEPTEMBER 24 2014.....SUNRISE   727 AM MDT   SUNSET   731 PM MDT


-  INDICATES NEGATIVE NUMBERS.
R  INDICATES RECORD WAS SET OR TIED.
MM INDICATES DATA IS MISSING.
T  INDICATES TRACE AMOUNT.




$$
