000
CDUS45 KMSO 020740
CLIGPI


CLIMATE REPORT
NATIONAL WEATHER SERVICE MISSOULA, MT
139 AM MDT WED SEP 2 2015


...................................

...THE KALISPELL MT CLIMATE SUMMARY FOR SEPTEMBER 1 2015...

CLIMATE NORMAL PERIOD 1981 TO 2010
CLIMATE RECORD PERIOD 1894 TO 2015


WEATHER ITEM   OBSERVED TIME   RECORD YEAR NORMAL DEPARTURE LAST
                VALUE   (LST)  VALUE       VALUE  FROM      YEAR
                                                  NORMAL
..................................................................
TEMPERATURE (F)
 YESTERDAY
  MAXIMUM         81    351 PM  99    1967  76      5       70
  MINIMUM         43    538 AM  32    2006  43      0       49
                                      1999
  AVERAGE         62                        60      2       60

PRECIPITATION (IN)
  YESTERDAY        0.00          0.93 1964   0.04  -0.04     0.01
  MONTH TO DATE    0.00                      0.04  -0.04     0.01
  SINCE OCT 1     12.93                     15.65  -2.72    18.80
  SINCE JAN 1      6.85                     11.65  -4.80    14.35

SNOWFALL (IN)
  YESTERDAY        0.0
  MONTH TO DATE    0.0
  SINCE JAN 1     32.9
  SINCE JUL 1      0.0
  SNOW DEPTH       0

DEGREE DAYS
 HEATING
  YESTERDAY        3                         6     -3        5
  MONTH TO DATE    3                         6     -3        5
  SINCE SEP 1      3                         6     -3        5
  SINCE JUL 1    136                       176    -40       82

 COOLING
  YESTERDAY        0                         1     -1        0
  MONTH TO DATE    0                         1     -1        0
  SINCE SEP 1      0                         1     -1        0
  SINCE JAN 1    246                       144    102      215
..................................................................


WIND (MPH)
  HIGHEST WIND SPEED    17   HIGHEST WIND DIRECTION    SW (210)
  HIGHEST GUST SPEED    28   HIGHEST GUST DIRECTION    SW (220)
  AVERAGE WIND SPEED     5.5


SKY COVER
  POSSIBLE SUNSHINE  MM
  AVERAGE SKY COVER 0.2


WEATHER CONDITIONS
 THE FOLLOWING WEATHER WAS RECORDED YESTERDAY.
  NO SIGNIFICANT WEATHER WAS OBSERVED.


RELATIVE HUMIDITY (PERCENT)
 HIGHEST    89           600 AM
 LOWEST     19           500 PM
 AVERAGE    54

..........................................................


THE KALISPELL MT CLIMATE NORMALS FOR TODAY
                         NORMAL    RECORD    YEAR
 MAXIMUM TEMPERATURE (F)   76        96      1998
 MINIMUM TEMPERATURE (F)   43        29      1959


SUNRISE AND SUNSET
SEPTEMBER  2 2015.....SUNRISE   656 AM MDT   SUNSET   817 PM MDT
SEPTEMBER  3 2015.....SUNRISE   657 AM MDT   SUNSET   815 PM MDT


-  INDICATES NEGATIVE NUMBERS.
R  INDICATES RECORD WAS SET OR TIED.
MM INDICATES DATA IS MISSING.
T  INDICATES TRACE AMOUNT.




$$
