000
CDUS45 KMSO 260738
CLIGPI


CLIMATE REPORT
NATIONAL WEATHER SERVICE MISSOULA, MT
137 AM MDT FRI MAY 26 2017


...................................

...THE KALISPELL MT CLIMATE SUMMARY FOR MAY 25 2017...

CLIMATE NORMAL PERIOD 1981 TO 2010
CLIMATE RECORD PERIOD 1894 TO 2017


WEATHER ITEM   OBSERVED TIME   RECORD YEAR NORMAL DEPARTURE LAST
                VALUE   (LST)  VALUE       VALUE  FROM      YEAR
                                                  NORMAL
..................................................................
TEMPERATURE (F)
 YESTERDAY
  MAXIMUM         64    533 PM  87    1961  67     -3       67
  MINIMUM         42    529 AM  24    1964  41      1       40
  AVERAGE         53                        54     -1       54

PRECIPITATION (IN)
  YESTERDAY        0.05          0.72 1990   0.08  -0.03     0.01
  MONTH TO DATE    0.79                      1.48  -0.69     2.84
  SINCE OCT 1     16.84                     10.11   6.73    12.06
  SINCE JAN 1      9.61                      6.11   3.50     8.01

SNOWFALL (IN)
  YESTERDAY        0.0
  MONTH TO DATE    0.0
  SINCE JAN 1     54.5
  SINCE JUL 1     89.8
  SNOW DEPTH       0

DEGREE DAYS
 HEATING
  YESTERDAY       12                        11      1       11
  MONTH TO DATE  337                       352    -15      284
  SINCE MAR 1   1901                      1911    -10     1577
  SINCE JUL 1   8101                      7763    338     6879

 COOLING
  YESTERDAY        0                         0      0        0
  MONTH TO DATE    0                         0      0        0
  SINCE MAR 1      0                         0      0        0
  SINCE JAN 1      0                         0      0        0
..................................................................


WIND (MPH)
  HIGHEST WIND SPEED    26   HIGHEST WIND DIRECTION    NE (40)
  HIGHEST GUST SPEED    32   HIGHEST GUST DIRECTION    NE (40)
  AVERAGE WIND SPEED     6.1


SKY COVER
  POSSIBLE SUNSHINE  MM
  AVERAGE SKY COVER 0.7


WEATHER CONDITIONS
 THE FOLLOWING WEATHER WAS RECORDED YESTERDAY.
  LIGHT RAIN
  FOG


RELATIVE HUMIDITY (PERCENT)
 HIGHEST   100           300 AM
 LOWEST     36           600 PM
 AVERAGE    68

..........................................................


THE KALISPELL MT CLIMATE NORMALS FOR TODAY
                         NORMAL    RECORD    YEAR
 MAXIMUM TEMPERATURE (F)   68        90      1986
 MINIMUM TEMPERATURE (F)   42        25      1967


SUNRISE AND SUNSET
MAY 26 2017...........SUNRISE   545 AM MDT   SUNSET   924 PM MDT
MAY 27 2017...........SUNRISE   544 AM MDT   SUNSET   925 PM MDT


-  INDICATES NEGATIVE NUMBERS.
R  INDICATES RECORD WAS SET OR TIED.
MM INDICATES DATA IS MISSING.
T  INDICATES TRACE AMOUNT.




$$
