000
CDUS43 KGRB 210658
CLIGRB


CLIMATE REPORT
NATIONAL WEATHER SERVICE GREEN BAY
1257 AM CST TUE FEB 21 2017


...................................

...THE GREEN BAY WI CLIMATE SUMMARY FOR FEBRUARY 20 2017...

CLIMATE NORMAL PERIOD 1981 TO 2010
CLIMATE RECORD PERIOD 1886 TO 2017


WEATHER ITEM   OBSERVED TIME   RECORD YEAR NORMAL DEPARTURE LAST
                VALUE   (LST)  VALUE       VALUE  FROM      YEAR
                                                  NORMAL
..................................................................
TEMPERATURE (F)
 YESTERDAY
  MAXIMUM         53    948 PM  54    1930  30     23       44
  MINIMUM         34    614 AM -24    1929  14     20       34
  AVERAGE         44                        22     22       39

PRECIPITATION (IN)
  YESTERDAY        0.20          1.32 1953   0.04   0.16     0.00
  MONTH TO DATE    0.22                      0.72  -0.50     1.02
  SINCE DEC 1      4.90                      3.36   1.54     8.06
  SINCE JAN 1      2.65                      1.85   0.80     2.35

SNOWFALL (IN)
  YESTERDAY        0.0           9.4  2011   0.3   -0.3      0.0
  MONTH TO DATE    T                         7.1   -7.1     11.6
  SINCE DEC 1     37.7                      33.2    4.5     33.0
  SINCE JUL 1     38.6                      37.4    1.2     33.2
  SNOW DEPTH       0

DEGREE DAYS
 HEATING
  YESTERDAY       21                        43    -22       26
  MONTH TO DATE  751                       917   -166      888
  SINCE DEC 1   3282                      3766   -484     3236
  SINCE JUL 1   4344                      5506  -1162     4508

 COOLING
  YESTERDAY        0                         0      0        0
  MONTH TO DATE    0                         0      0        0
  SINCE DEC 1      0                         0      0        0
  SINCE JAN 1      0                         0      0        0
..................................................................


WIND (MPH)
  HIGHEST WIND SPEED    28   HIGHEST WIND DIRECTION    SE (150)
  HIGHEST GUST SPEED    34   HIGHEST GUST DIRECTION    SE (140)
  AVERAGE WIND SPEED    12.4


SKY COVER
  POSSIBLE SUNSHINE  MM
  AVERAGE SKY COVER 0.4


WEATHER CONDITIONS
 THE FOLLOWING WEATHER WAS RECORDED YESTERDAY.
  RAIN
  LIGHT RAIN
  FOG


RELATIVE HUMIDITY (PERCENT)
 HIGHEST    89           100 AM
 LOWEST     65           900 AM
 AVERAGE    77

..........................................................


THE GREEN BAY WI CLIMATE NORMALS FOR TODAY
                         NORMAL    RECORD    YEAR
 MAXIMUM TEMPERATURE (F)   30        60      1930
 MINIMUM TEMPERATURE (F)   14       -18      2008


SUNRISE AND SUNSET
FEBRUARY 21 2017......SUNRISE   643 AM CST   SUNSET   530 PM CST
FEBRUARY 22 2017......SUNRISE   641 AM CST   SUNSET   531 PM CST


-  INDICATES NEGATIVE NUMBERS.
R  INDICATES RECORD WAS SET OR TIED.
MM INDICATES DATA IS MISSING.
T  INDICATES TRACE AMOUNT.




$$
