000
CDUS43 KGRB 240642
CLIGRB


CLIMATE REPORT
NATIONAL WEATHER SERVICE GREEN BAY
141 AM CDT THU JUL 24 2014


...................................

...THE GREEN BAY WI CLIMATE SUMMARY FOR JULY 23 2014...

CLIMATE NORMAL PERIOD 1981 TO 2010
CLIMATE RECORD PERIOD 1886 TO 2014


WEATHER ITEM   OBSERVED TIME   RECORD YEAR NORMAL DEPARTURE LAST
                VALUE   (LST)  VALUE       VALUE  FROM      YEAR
                                                  NORMAL
..................................................................
TEMPERATURE (F)
 YESTERDAY
  MAXIMUM         75    152 PM  96    1940  80     -5       73
  MINIMUM         55   1159 PM  46    2000  59     -4       54
                                      1985
                                      1887
  AVERAGE         65                        69     -4       64

PRECIPITATION (IN)
  YESTERDAY        0.00          4.39 1912   0.11  -0.11     0.00
  MONTH TO DATE    0.51                      2.65  -2.14     2.16
  SINCE JUN 1      4.56                      6.53  -1.97     5.98
  SINCE JAN 1     15.22                     16.18  -0.96    19.75

SNOWFALL (IN)
  YESTERDAY        0.0           0.0  2010   0.0    0.0      0.0
  MONTH TO DATE    0.0                       0.0    0.0      0.0
  SINCE JUN 1      0.0                       0.0    0.0      0.0
  SINCE JUL 1      0.0                       0.0    0.0      0.0
  SNOW DEPTH       0

DEGREE DAYS
 HEATING
  YESTERDAY        0                         1     -1        1
  MONTH TO DATE   13                        23    -10        2
  SINCE JUN 1     44                       115    -71       74
  SINCE JUL 1     13                        23    -10        2

 COOLING
  YESTERDAY        0                         5     -5        0
  MONTH TO DATE   79                       115    -36      189
  SINCE JUN 1    185                       198    -13      294
  SINCE JAN 1    201                       216    -15      332
..................................................................


WIND (MPH)
  HIGHEST WIND SPEED    20   HIGHEST WIND DIRECTION     N (20)
  HIGHEST GUST SPEED    28   HIGHEST GUST DIRECTION    NE (30)
  AVERAGE WIND SPEED     8.7


SKY COVER
  POSSIBLE SUNSHINE  MM
  AVERAGE SKY COVER 0.1


WEATHER CONDITIONS
 THE FOLLOWING WEATHER WAS RECORDED YESTERDAY.
  NO SIGNIFICANT WEATHER WAS OBSERVED.


RELATIVE HUMIDITY (PERCENT)
 HIGHEST    93           400 AM
 LOWEST     46          1100 AM
 AVERAGE    70

..........................................................


THE GREEN BAY WI CLIMATE NORMALS FOR TODAY
                         NORMAL    RECORD    YEAR
 MAXIMUM TEMPERATURE (F)   80        95      1945
 MINIMUM TEMPERATURE (F)   59        45      1953


SUNRISE AND SUNSET
JULY 24 2014..........SUNRISE   531 AM CDT   SUNSET   827 PM CDT
JULY 25 2014..........SUNRISE   532 AM CDT   SUNSET   826 PM CDT


-  INDICATES NEGATIVE NUMBERS.
R  INDICATES RECORD WAS SET OR TIED.
MM INDICATES DATA IS MISSING.
T  INDICATES TRACE AMOUNT.




$$
