000
CDUS43 KGRB 190721
CLIGRB


CLIMATE REPORT
NATIONAL WEATHER SERVICE GREEN BAY
220 AM CDT FRI SEP 19 2014


...................................

...THE GREEN BAY WI CLIMATE SUMMARY FOR SEPTEMBER 18 2014...

CLIMATE NORMAL PERIOD 1981 TO 2010
CLIMATE RECORD PERIOD 1886 TO 2014


WEATHER ITEM   OBSERVED TIME   RECORD YEAR NORMAL DEPARTURE LAST
                VALUE   (LST)  VALUE       VALUE  FROM      YEAR
                                                  NORMAL
..................................................................
TEMPERATURE (F)
 YESTERDAY
  MAXIMUM         59    413 PM  92    1955  69    -10       76
  MINIMUM         44   1159 PM  33    1974  48     -4       57
  AVERAGE         52                        58     -6       67

PRECIPITATION (IN)
  YESTERDAY        0.00          1.79 1935   0.11  -0.11     0.21
  MONTH TO DATE    3.77                      1.83   1.94     2.50
  SINCE SEP 1      3.77                      1.83   1.94     2.50
  SINCE JAN 1     24.49                     22.23   2.26    26.49

SNOWFALL (IN)
  YESTERDAY        0.0           0.0    MM   0.0    0.0      0.0
  MONTH TO DATE    0.0                       0.0    0.0      0.0
  SINCE SEP 1      0.0                       0.0    0.0      0.0
  SINCE JUL 1      0.0                       0.0    0.0      0.0
  SNOW DEPTH       0

DEGREE DAYS
 HEATING
  YESTERDAY       13                         7      6        0
  MONTH TO DATE  119                        88     31       83
  SINCE SEP 1    119                        88     31       83
  SINCE JUL 1    148                       151     -3      123

 COOLING
  YESTERDAY        0                         1     -1        2
  MONTH TO DATE   17                        28    -11       45
  SINCE SEP 1     17                        28    -11       45
  SINCE JAN 1    360                       390    -30      523
..................................................................


WIND (MPH)
  HIGHEST WIND SPEED    20   HIGHEST WIND DIRECTION    NE (40)
  HIGHEST GUST SPEED    25   HIGHEST GUST DIRECTION    NE (50)
  AVERAGE WIND SPEED     5.5


SKY COVER
  POSSIBLE SUNSHINE  MM
  AVERAGE SKY COVER 0.7


WEATHER CONDITIONS
 THE FOLLOWING WEATHER WAS RECORDED YESTERDAY.
  FOG


RELATIVE HUMIDITY (PERCENT)
 HIGHEST   100          1000 PM
 LOWEST     62           400 PM
 AVERAGE    81

..........................................................


THE GREEN BAY WI CLIMATE NORMALS FOR TODAY
                         NORMAL    RECORD    YEAR
 MAXIMUM TEMPERATURE (F)   69        92      1895
 MINIMUM TEMPERATURE (F)   47        28      1956


SUNRISE AND SUNSET
SEPTEMBER 19 2014.....SUNRISE   636 AM CDT   SUNSET   656 PM CDT
SEPTEMBER 20 2014.....SUNRISE   637 AM CDT   SUNSET   654 PM CDT


-  INDICATES NEGATIVE NUMBERS.
R  INDICATES RECORD WAS SET OR TIED.
MM INDICATES DATA IS MISSING.
T  INDICATES TRACE AMOUNT.




$$
