000
CDUS43 KGID 052223
CLIGRI


CLIMATE REPORT
NATIONAL WEATHER SERVICE HASTINGS NE
522 PM CDT SUN JUL 5 2015


...................................

...THE GRAND ISLAND NE CLIMATE SUMMARY FOR JULY 5 2015...
VALID TODAY AS OF 0500 PM LOCAL TIME.

CLIMATE NORMAL PERIOD 1981 TO 2010
CLIMATE RECORD PERIOD 1895 TO 2015


WEATHER ITEM   OBSERVED TIME   RECORD YEAR NORMAL DEPARTURE LAST
                VALUE   (LST)  VALUE       VALUE  FROM      YEAR
                                                  NORMAL
..................................................................
TEMPERATURE (F)
 TODAY
  MAXIMUM         96    350 PM 110    1937  88      8       90
  MINIMUM         70    529 AM  47    1972  64      6       68
  AVERAGE         83                        76      7       79

PRECIPITATION (IN)
  TODAY            0.00          1.48 1909   0.11  -0.11     0.00
  MONTH TO DATE    0.47                      0.59  -0.12     0.00
  SINCE JUN 1      6.14                      4.89   1.25     9.65
  SINCE JAN 1     13.30                     14.84  -1.54    14.14

SNOWFALL (IN)
  TODAY            0.0                       0.0    0.0      0.0
  MONTH TO DATE    0.0                       0.0    0.0      0.0
  SINCE JUN 1      0.0                       0.0    0.0      0.0
  SINCE JUL 1      0.0                       0.0    0.0      0.0
  SNOW DEPTH       0

DEGREE DAYS
 HEATING
  TODAY            0                         0      0        0
  MONTH TO DATE    0                         0      0        1
  SINCE JUN 1      5                        24    -19       11
  SINCE JUL 1      0                         0      0        1

 COOLING
  TODAY           18                        11      7       14
  MONTH TO DATE   55                        55      0       33
  SINCE JUN 1    264                       268     -4      283
  SINCE JAN 1    291                       333    -42      402
..................................................................


WIND (MPH)
  HIGHEST WIND SPEED    23   HIGHEST WIND DIRECTION     S (160)
  HIGHEST GUST SPEED    29   HIGHEST GUST DIRECTION    SE (140)
  AVERAGE WIND SPEED    14.4


SKY COVER
  POSSIBLE SUNSHINE  MM
  AVERAGE SKY COVER 0.0


WEATHER CONDITIONS
 THE FOLLOWING WEATHER WAS RECORDED TODAY.
  NO SIGNIFICANT WEATHER WAS OBSERVED.


RELATIVE HUMIDITY (PERCENT)
 HIGHEST    84           700 AM
 LOWEST     49           400 PM
 AVERAGE    67

..........................................................


THE GRAND ISLAND NE CLIMATE NORMALS FOR TOMORROW
                         NORMAL    RECORD    YEAR
 MAXIMUM TEMPERATURE (F)   88       105      2001
                                             1980
                                             1937
 MINIMUM TEMPERATURE (F)   64        49      1931


SUNRISE AND SUNSET
JULY  5 2015..........SUNRISE   607 AM CDT   SUNSET   908 PM CDT
JULY  6 2015..........SUNRISE   608 AM CDT   SUNSET   908 PM CDT


-  INDICATES NEGATIVE NUMBERS.
R  INDICATES RECORD WAS SET OR TIED.
MM INDICATES DATA IS MISSING.
T  INDICATES TRACE AMOUNT.




$$
