000
CDUS43 KGID 252225
CLIGRI


CLIMATE REPORT
NATIONAL WEATHER SERVICE HASTINGS NE
523 PM CDT MON JUL 25 2016


...................................

...THE GRAND ISLAND NE CLIMATE SUMMARY FOR JULY 25 2016...
VALID TODAY AS OF 0500 PM LOCAL TIME.

CLIMATE NORMAL PERIOD 1981 TO 2010
CLIMATE RECORD PERIOD 1895 TO 2016


WEATHER ITEM   OBSERVED TIME   RECORD YEAR NORMAL DEPARTURE LAST
                VALUE   (LST)  VALUE       VALUE  FROM      YEAR
                                                  NORMAL
..................................................................
TEMPERATURE (F)
 TODAY
  MAXIMUM         87    327 PM 116    1936  87      0       83
  MINIMUM         62    529 AM  49    1911  65     -3       68
  AVERAGE         75                        76     -1       76

PRECIPITATION (IN)
  TODAY            0.00          1.28 1990   0.10  -0.10      T
  MONTH TO DATE    2.20                      2.77  -0.57     2.03
  SINCE JUN 1      2.25                      7.07  -4.82     7.70
  SINCE JAN 1     16.93                     17.02  -0.09    14.86

SNOWFALL (IN)
  TODAY            0.0                       0.0    0.0      0.0
  MONTH TO DATE    0.0                       0.0    0.0      0.0
  SINCE JUN 1      0.0                       0.0    0.0      0.0
  SINCE JUL 1      0.0                       0.0    0.0      0.0
  SNOW DEPTH       0

DEGREE DAYS
 HEATING
  TODAY            0                         0      0        0
  MONTH TO DATE    6                         0      6        5
  SINCE JUN 1      6                        24    -18       10
  SINCE JUL 1      6                         0      6        5

 COOLING
  TODAY           10                        11     -1       11
  MONTH TO DATE  300                       284     16      277
  SINCE JUN 1    649                       497    152      486
  SINCE JAN 1    683                       562    121      513
..................................................................


WIND (MPH)
  HIGHEST WIND SPEED    15   HIGHEST WIND DIRECTION    SE (130)
  HIGHEST GUST SPEED    18   HIGHEST GUST DIRECTION    SE (130)
  AVERAGE WIND SPEED     6.6


SKY COVER
  POSSIBLE SUNSHINE  MM
  AVERAGE SKY COVER 0.1


WEATHER CONDITIONS
 THE FOLLOWING WEATHER WAS RECORDED TODAY.
  NO SIGNIFICANT WEATHER WAS OBSERVED.


RELATIVE HUMIDITY (PERCENT)
 HIGHEST    93           200 AM
 LOWEST     44           400 PM
 AVERAGE    69

..........................................................


THE GRAND ISLAND NE CLIMATE NORMALS FOR TOMORROW
                         NORMAL    RECORD    YEAR
 MAXIMUM TEMPERATURE (F)   87       111      1936
 MINIMUM TEMPERATURE (F)   65        48      1962


SUNRISE AND SUNSET
JULY 25 2016..........SUNRISE   623 AM CDT   SUNSET   856 PM CDT
JULY 26 2016..........SUNRISE   624 AM CDT   SUNSET   855 PM CDT


-  INDICATES NEGATIVE NUMBERS.
R  INDICATES RECORD WAS SET OR TIED.
MM INDICATES DATA IS MISSING.
T  INDICATES TRACE AMOUNT.

$$
DOXEY
