000
CDUS43 KGID 210630
CLIGRI


CLIMATE REPORT
NATIONAL WEATHER SERVICE HASTINGS NE
129 AM CDT SUN SEP 21 2014


...................................

...THE GRAND ISLAND NE CLIMATE SUMMARY FOR SEPTEMBER 20 2014...

CLIMATE NORMAL PERIOD 1981 TO 2010
CLIMATE RECORD PERIOD 1895 TO 2014


WEATHER ITEM   OBSERVED TIME   RECORD YEAR NORMAL DEPARTURE LAST
                VALUE   (LST)  VALUE       VALUE  FROM      YEAR
                                                  NORMAL
..................................................................
TEMPERATURE (F)
 YESTERDAY
  MAXIMUM         87    409 PM  95    1920  76     11       74
  MINIMUM         56   1159 PM  32    1995  50      6       47
                                      1918
  AVERAGE         72                        63      9       61

PRECIPITATION (IN)
  YESTERDAY        0.00          1.19 1965   0.07  -0.07     0.00
  MONTH TO DATE    2.06                      1.52   0.54     1.79
  SINCE SEP 1      2.06                      1.52   0.54     1.79
  SINCE JAN 1     24.26                     22.29   1.97    21.20

SNOWFALL (IN)
  YESTERDAY        0.0                       0.0    0.0      0.0
  MONTH TO DATE    0.0                       0.0    0.0      0.0
  SINCE SEP 1      0.0                       0.0    0.0      0.0
  SINCE JUL 1      0.0                       0.0    0.0      0.0
  SNOW DEPTH       0

DEGREE DAYS
 HEATING
  YESTERDAY        0                         4     -4        4
  MONTH TO DATE   93                        46     47       10
  SINCE SEP 1     93                        46     47       10
  SINCE JUL 1     97                        56     41       13

 COOLING
  YESTERDAY        7                         3      4        0
  MONTH TO DATE   58                        92    -34      154
  SINCE SEP 1     58                        92    -34      154
  SINCE JAN 1    988                      1006    -18     1217
..................................................................


WIND (MPH)
  HIGHEST WIND SPEED    22   HIGHEST WIND DIRECTION    SW (220)
  HIGHEST GUST SPEED    28   HIGHEST GUST DIRECTION    SW (230)
  AVERAGE WIND SPEED     8.1


SKY COVER
  AVERAGE SKY COVER 0.0


WEATHER CONDITIONS
 THE FOLLOWING WEATHER WAS RECORDED YESTERDAY.
  NO SIGNIFICANT WEATHER WAS OBSERVED.


RELATIVE HUMIDITY (PERCENT)
 HIGHEST    87           500 AM
 LOWEST     30           200 PM
 AVERAGE    59

..........................................................


THE GRAND ISLAND NE CLIMATE NORMALS FOR TODAY
                         NORMAL    RECORD    YEAR
 MAXIMUM TEMPERATURE (F)   76        97      2005
                                             1936
 MINIMUM TEMPERATURE (F)   50        28      1995


SUNRISE AND SUNSET
SEPTEMBER 21 2014.....SUNRISE   720 AM CDT   SUNSET   732 PM CDT
SEPTEMBER 22 2014.....SUNRISE   721 AM CDT   SUNSET   730 PM CDT


-  INDICATES NEGATIVE NUMBERS.
R  INDICATES RECORD WAS SET OR TIED.
MM INDICATES DATA IS MISSING.
T  INDICATES TRACE AMOUNT.




$$
