000
CDUS43 KGID 232225
CLIGRI


CLIMATE REPORT
NATIONAL WEATHER SERVICE HASTINGS NE
525 PM CDT SAT MAY 23 2015


...................................

...THE GRAND ISLAND NE CLIMATE SUMMARY FOR MAY 23 2015...
VALID TODAY AS OF 0500 PM LOCAL TIME.

CLIMATE NORMAL PERIOD 1981 TO 2010
CLIMATE RECORD PERIOD 1895 TO 2015


WEATHER ITEM   OBSERVED TIME   RECORD YEAR NORMAL DEPARTURE LAST
                VALUE   (LST)  VALUE       VALUE  FROM      YEAR
                                                  NORMAL
..................................................................
TEMPERATURE (F)
 TODAY
  MAXIMUM         61    305 PM  97    1926  75    -14       79
  MINIMUM         52    424 AM  38    1947  52      0       57
  AVERAGE         57                        64     -7       68

PRECIPITATION (IN)
  TODAY            T             2.58 2008   0.16  -0.16      T
  MONTH TO DATE    3.40                      3.20   0.20     0.63
  SINCE MAR 1      5.70                      7.53  -1.83     3.73
  SINCE JAN 1      6.87                      8.74  -1.87     4.38

SNOWFALL (IN)
  TODAY            0.0           T    1998   0.0    0.0      0.0
  MONTH TO DATE    0.0                       0.1   -0.1      0.0
  SINCE MAR 1      1.4                       7.0   -5.6      2.9
  SINCE JUL 1     24.3                      29.1   -4.8     16.4
  SNOW DEPTH       0

DEGREE DAYS
 HEATING
  TODAY            8                         4      4        0
  MONTH TO DATE  179                       149     30      171
  SINCE MAR 1   1205                      1390   -185     1421
  SINCE JUL 1   5942                      6151   -209     6256

 COOLING
  TODAY            0                         2     -2        3
  MONTH TO DATE   16                        31    -15       32
  SINCE MAR 1     20                        42    -22       36
  SINCE JAN 1     20                        42    -22       36
..................................................................


WIND (MPH)
  HIGHEST WIND SPEED    16   HIGHEST WIND DIRECTION    SE (120)
  HIGHEST GUST SPEED    21   HIGHEST GUST DIRECTION    SE (150)
  AVERAGE WIND SPEED     9.2


SKY COVER
  POSSIBLE SUNSHINE  MM
  AVERAGE SKY COVER 1.0


WEATHER CONDITIONS
 THE FOLLOWING WEATHER WAS RECORDED TODAY.
  LIGHT RAIN
  FOG


RELATIVE HUMIDITY (PERCENT)
 HIGHEST    93           700 AM
 LOWEST     78           200 PM
 AVERAGE    86

..........................................................


THE GRAND ISLAND NE CLIMATE NORMALS FOR TOMORROW
                         NORMAL    RECORD    YEAR
 MAXIMUM TEMPERATURE (F)   75       101      1967
 MINIMUM TEMPERATURE (F)   52        29      1924


SUNRISE AND SUNSET
MAY 23 2015...........SUNRISE   609 AM CDT   SUNSET   852 PM CDT
MAY 24 2015...........SUNRISE   608 AM CDT   SUNSET   852 PM CDT


-  INDICATES NEGATIVE NUMBERS.
R  INDICATES RECORD WAS SET OR TIED.
MM INDICATES DATA IS MISSING.
T  INDICATES TRACE AMOUNT.




$$
