000
CDUS43 KGID 290631
CLIGRI


CLIMATE REPORT
NATIONAL WEATHER SERVICE HASTINGS NE
130 AM CDT THU JUN 29 2017


...................................

...THE GRAND ISLAND NE CLIMATE SUMMARY FOR JUNE 28 2017...

CLIMATE NORMAL PERIOD 1981 TO 2010
CLIMATE RECORD PERIOD 1895 TO 2017


WEATHER ITEM   OBSERVED TIME   RECORD YEAR NORMAL DEPARTURE LAST
                VALUE   (LST)  VALUE       VALUE  FROM      YEAR
                                                  NORMAL
..................................................................
TEMPERATURE (F)
 YESTERDAY
  MAXIMUM         89    526 PM 107    1970  87      2       85
  MINIMUM         64    525 AM  48    2004  63      1       59
  AVERAGE         77                        75      2       72

PRECIPITATION (IN)
  YESTERDAY        0.25          1.04 1967   0.13   0.12     0.00
  MONTH TO DATE    2.10                      4.05  -1.95     0.01
  SINCE JUN 1      2.10                      4.05  -1.95     0.01
  SINCE JAN 1     12.15                     14.00  -1.85    14.69

SNOWFALL (IN)
  YESTERDAY        0.0                       0.0    0.0      0.0
  MONTH TO DATE    0.0                       0.0    0.0      0.0
  SINCE JUN 1      0.0                       0.0    0.0      0.0
  SINCE JUL 1      9.2                      29.0  -19.8     33.8
  SNOW DEPTH       0

DEGREE DAYS
 HEATING
  YESTERDAY        0                         0      0        0
  MONTH TO DATE    3                        21    -18        0
  SINCE JUN 1      3                        21    -18        0
  SINCE JUL 1   5360                      6196   -836     5131

 COOLING
  YESTERDAY       12                        10      2        7
  MONTH TO DATE  278                       191     87      329
  SINCE JUN 1    278                       191     87      329
  SINCE JAN 1    328                       256     72      363
..................................................................


WIND (MPH)
  HIGHEST WIND SPEED    22   HIGHEST WIND DIRECTION    SW (240)
  HIGHEST GUST SPEED    28   HIGHEST GUST DIRECTION     W (260)
  AVERAGE WIND SPEED     7.3


SKY COVER
  AVERAGE SKY COVER 0.1


WEATHER CONDITIONS
 THE FOLLOWING WEATHER WAS RECORDED YESTERDAY.
  THUNDERSTORM
  HEAVY RAIN
  RAIN
  FOG


RELATIVE HUMIDITY (PERCENT)
 HIGHEST   100           300 AM
 LOWEST     40           300 PM
 AVERAGE    70

..........................................................


THE GRAND ISLAND NE CLIMATE NORMALS FOR TODAY
                         NORMAL    RECORD    YEAR
 MAXIMUM TEMPERATURE (F)   87       105      1961
 MINIMUM TEMPERATURE (F)   63        45      1923


SUNRISE AND SUNSET
JUNE 29 2017..........SUNRISE   604 AM CDT   SUNSET   909 PM CDT
JUNE 30 2017..........SUNRISE   605 AM CDT   SUNSET   909 PM CDT


-  INDICATES NEGATIVE NUMBERS.
R  INDICATES RECORD WAS SET OR TIED.
MM INDICATES DATA IS MISSING.
T  INDICATES TRACE AMOUNT.




$$
