000
CDUS43 KGRR 280516
CLIGRR


CLIMATE REPORT
NATIONAL WEATHER SERVICE GRAND RAPIDS, MI
116 AM EDT SAT MAR 28 2015


...................................

...THE GRAND RAPIDS MI CLIMATE SUMMARY FOR MARCH 27 2015...

CLIMATE NORMAL PERIOD 1981 TO 2010
CLIMATE RECORD PERIOD 1892 TO 2015


WEATHER ITEM   OBSERVED TIME   RECORD YEAR NORMAL DEPARTURE LAST
                VALUE   (LST)  VALUE       VALUE  FROM      YEAR
                                                  NORMAL
..................................................................
TEMPERATURE (F)
 YESTERDAY
  MAXIMUM         31    320 PM  81    1945  49    -18       44
  MINIMUM         16   1159 PM   0    1965  31    -15       33
  AVERAGE         24                        40    -16       39

PRECIPITATION (IN)
  YESTERDAY        T             1.03 1908   0.08  -0.08     0.19
  MONTH TO DATE    0.75                      2.01  -1.26     1.23
  SINCE MAR 1      0.75                      2.01  -1.26     1.23
  SINCE JAN 1      3.79                      5.89  -2.10     7.03

SNOWFALL (IN)
  YESTERDAY        T             6.9  1948   0.1   -0.1      0.1
  MONTH TO DATE    3.1                       7.7   -4.6      6.4
  SINCE MAR 1      3.1                       7.7   -4.6      6.4
  SINCE JUL 1     77.9                      72.5    5.4    114.2
  SNOW DEPTH       0

DEGREE DAYS
 HEATING
  YESTERDAY       41                        25     16       26
  MONTH TO DATE  887                       814     73     1082
  SINCE MAR 1    887                       814     73     1082
  SINCE JUL 1   6189                      5591    598     6363

 COOLING
  YESTERDAY        0                         0      0        0
  MONTH TO DATE    0                         0      0        0
  SINCE MAR 1      0                         0      0        0
  SINCE JAN 1      0                         0      0        0
..................................................................


WIND (MPH)
  RESULTANT WIND SPEED  13   RESULTANT WIND DIRECTION   N (350)
  HIGHEST WIND SPEED    24   HIGHEST WIND DIRECTION     N (350)
  HIGHEST GUST SPEED    32   HIGHEST GUST DIRECTION     N (350)
  AVERAGE WIND SPEED    13.1


SKY COVER
  POSSIBLE SUNSHINE  86 PERCENT
  AVERAGE SKY COVER 0.3


WEATHER CONDITIONS
 THE FOLLOWING WEATHER WAS RECORDED YESTERDAY.
  NO SIGNIFICANT WEATHER WAS OBSERVED.


RELATIVE HUMIDITY (PERCENT)
 HIGHEST    68           200 AM
 LOWEST     31           300 PM
 AVERAGE    50

..........................................................


THE GRAND RAPIDS MI CLIMATE NORMALS FOR TODAY
                         NORMAL    RECORD    YEAR
 MAXIMUM TEMPERATURE (F)   50        78      1905
 MINIMUM TEMPERATURE (F)   31         8      1923


SUNRISE AND SUNSET
MARCH 28 2015.........SUNRISE   732 AM EDT   SUNSET   803 PM EDT
MARCH 29 2015.........SUNRISE   730 AM EDT   SUNSET   805 PM EDT


-  INDICATES NEGATIVE NUMBERS.
R  INDICATES RECORD WAS SET OR TIED.
MM INDICATES DATA IS MISSING.
T  INDICATES TRACE AMOUNT.




$$
