000
CDUS43 KGRR 290516
CLIGRR


CLIMATE REPORT
NATIONAL WEATHER SERVICE GRAND RAPIDS, MI
116 AM EDT MON MAY 29 2017


...................................

...THE GRAND RAPIDS MI CLIMATE SUMMARY FOR MAY 28 2017...

CLIMATE NORMAL PERIOD 1981 TO 2010
CLIMATE RECORD PERIOD 1892 TO 2017


WEATHER ITEM   OBSERVED TIME   RECORD YEAR NORMAL DEPARTURE LAST
                VALUE   (LST)  VALUE       VALUE  FROM      YEAR
                                                  NORMAL
..................................................................
TEMPERATURE (F)
 YESTERDAY
  MAXIMUM         77    400 PM  92    1978  73      4       86
                                      1977
  MINIMUM         57   1148 PM  33    1949  52      5       68
                                      1894
  AVERAGE         67                        63      4       77

PRECIPITATION (IN)
  YESTERDAY        0.09          1.88 1935   0.13  -0.04      T
  MONTH TO DATE    1.46                      3.60  -2.14     3.01
  SINCE MAR 1     11.00                      9.32   1.68    11.87
  SINCE JAN 1     16.56                     13.20   3.36    16.80

SNOWFALL (IN)
  YESTERDAY        0.0           0.0  2007   0.0    0.0      0.0
  MONTH TO DATE    0.0                       0.0    0.0       T
  SINCE MAR 1      5.1                      10.1   -5.0     19.5
  SINCE JUL 1     60.1                      74.9  -14.8     61.1
  SNOW DEPTH       0

DEGREE DAYS
 HEATING
  YESTERDAY        0                         5     -5        0
  MONTH TO DATE  234                       223     11      206
  SINCE MAR 1   1546                      1651   -105     1519
  SINCE JUL 1   5600                      6428   -828     5596

 COOLING
  YESTERDAY        2                         2      0       12
  MONTH TO DATE   25                        31     -6       49
  SINCE MAR 1     30                        39     -9       49
  SINCE JAN 1     30                        39     -9       49
..................................................................


WIND (MPH)
  RESULTANT WIND SPEED   4   RESULTANT WIND DIRECTION  SW (220)
  HIGHEST WIND SPEED    18   HIGHEST WIND DIRECTION     W (280)
  HIGHEST GUST SPEED    21   HIGHEST GUST DIRECTION    NW (300)
  AVERAGE WIND SPEED     7.6


SKY COVER
  POSSIBLE SUNSHINE  72 PERCENT
  AVERAGE SKY COVER 0.5


WEATHER CONDITIONS
 THE FOLLOWING WEATHER WAS RECORDED YESTERDAY.
  THUNDERSTORM
  RAIN
  LIGHT RAIN


RELATIVE HUMIDITY (PERCENT)
 HIGHEST    93           100 AM
 LOWEST     53          1100 AM
 AVERAGE    73

..........................................................


THE GRAND RAPIDS MI CLIMATE NORMALS FOR TODAY
                         NORMAL    RECORD    YEAR
 MAXIMUM TEMPERATURE (F)   74        92      1962
 MINIMUM TEMPERATURE (F)   52        35      1966


SUNRISE AND SUNSET
MAY 29 2017...........SUNRISE   608 AM EDT   SUNSET   912 PM EDT
MAY 30 2017...........SUNRISE   607 AM EDT   SUNSET   913 PM EDT


-  INDICATES NEGATIVE NUMBERS.
R  INDICATES RECORD WAS SET OR TIED.
MM INDICATES DATA IS MISSING.
T  INDICATES TRACE AMOUNT.




$$
