000
CDUS42 KRAH 210740
CLIGSO


CLIMATE REPORT
NATIONAL WEATHER SERVICE RALEIGH NC
338 AM EDT MON APR 21 2014


...................................

...THE PIEDMONT TRIAD INTL AIRPORT NC CLIMATE SUMMARY FOR APRIL 20 2014...

CLIMATE NORMAL PERIOD 1981 TO 2010
CLIMATE RECORD PERIOD 1903 TO 2014


WEATHER ITEM   OBSERVED TIME   RECORD YEAR NORMAL DEPARTURE LAST
                VALUE   (LST)  VALUE       VALUE  FROM      YEAR
                                                  NORMAL
..................................................................
TEMPERATURE (F)
 YESTERDAY
  MAXIMUM         69    416 PM  94    1917  72     -3       64
  MINIMUM         49   1159 PM  28    1983  49      0       42
  AVERAGE         59                        60     -1       53

PRECIPITATION (IN)
  YESTERDAY        0.00          1.38 1918   0.13  -0.13     0.00
  MONTH TO DATE    3.91                      2.41   1.50     2.02
  SINCE MAR 1      8.27                      6.14   2.13     4.87
  SINCE JAN 1     14.49                     12.16   2.33    13.54

SNOWFALL (IN)
  YESTERDAY        0.0           T    2008   0.0    0.0      0.0
  MONTH TO DATE    0.0                       0.1   -0.1       T
  SINCE MAR 1      4.7                       0.9    3.8       T
  SINCE JUL 1     15.3                       7.6    7.7      3.6
  SNOW DEPTH       0

DEGREE DAYS
 HEATING
  YESTERDAY        6                         6      0       12
  MONTH TO DATE  146                       169    -23      122
  SINCE MAR 1    773                       639    134      763
  SINCE JUL 1   3750                      3494    256     3467

 COOLING
  YESTERDAY        0                         1     -1        0
  MONTH TO DATE   15                        19     -4       37
  SINCE MAR 1     15                        24     -9       37
  SINCE JAN 1     15                        24     -9       37
..................................................................


WIND (MPH)
  HIGHEST WIND SPEED    29   HIGHEST WIND DIRECTION    NE (60)
  HIGHEST GUST SPEED    36   HIGHEST GUST DIRECTION    NE (50)
  AVERAGE WIND SPEED    12.2


SKY COVER
  POSSIBLE SUNSHINE  MM
  AVERAGE SKY COVER 0.6


WEATHER CONDITIONS
 THE FOLLOWING WEATHER WAS RECORDED YESTERDAY.
  NO SIGNIFICANT WEATHER WAS OBSERVED.


RELATIVE HUMIDITY (PERCENT)
 HIGHEST    71           200 AM
 LOWEST     24           100 PM
 AVERAGE    48

..........................................................


THE PIEDMONT TRIAD INTL AIRPORT NC CLIMATE NORMALS FOR TODAY
                         NORMAL    RECORD    YEAR
 MAXIMUM TEMPERATURE (F)   72        93      1917
 MINIMUM TEMPERATURE (F)   49        27      1956


SUNRISE AND SUNSET
APRIL 21 2014.........SUNRISE   639 AM EDT   SUNSET   759 PM EDT
APRIL 22 2014.........SUNRISE   638 AM EDT   SUNSET   759 PM EDT


-  INDICATES NEGATIVE NUMBERS.
R  INDICATES RECORD WAS SET OR TIED.
MM INDICATES DATA IS MISSING.
T  INDICATES TRACE AMOUNT.




$$
