000
CDUS42 KRAH 070703
CLIGSO


CLIMATE REPORT
NATIONAL WEATHER SERVICE RALEIGH NC
201 AM EST SUN FEB 7 2016


...................................

...THE PIEDMONT TRIAD INTL AIRPORT NC CLIMATE SUMMARY FOR FEBRUARY 6 2016...

CLIMATE NORMAL PERIOD 1981 TO 2010
CLIMATE RECORD PERIOD 1903 TO 2016


WEATHER ITEM   OBSERVED TIME   RECORD YEAR NORMAL DEPARTURE LAST
                VALUE   (LST)  VALUE       VALUE  FROM      YEAR
                                                  NORMAL
..................................................................
TEMPERATURE (F)
 YESTERDAY
  MAXIMUM         48    419 PM  74    1927  51     -3       42
  MINIMUM         27    742 AM   1    1917  31     -4       14
  AVERAGE         38                        41     -3       28

PRECIPITATION (IN)
  YESTERDAY        0.00          2.04 1955   0.10  -0.10     0.00
  MONTH TO DATE    1.00                      0.60   0.40     0.38
  SINCE DEC 1      9.56                      6.64   2.92     4.63
  SINCE JAN 1      2.91                      3.66  -0.75     2.42

SNOWFALL (IN)
  YESTERDAY        0.0           3.8  1984   0.1   -0.1      0.0
  MONTH TO DATE    T                         0.6   -0.6      0.0
  SINCE DEC 1      2.5                       4.8   -2.3       T
  SINCE JUL 1      2.5                       4.9   -2.4       T
  SNOW DEPTH       0

DEGREE DAYS
 HEATING
  YESTERDAY       27                        24      3       37
  MONTH TO DATE   90                       148    -58      169
  SINCE DEC 1   1315                      1691   -376     1640
  SINCE JUL 1   1829                      2371   -542     2390

 COOLING
  YESTERDAY        0                         0      0        0
  MONTH TO DATE    0                         0      0        0
  SINCE DEC 1     15                         1     14        0
  SINCE JAN 1      0                         0      0        0
..................................................................


WIND (MPH)
  HIGHEST WIND SPEED     9   HIGHEST WIND DIRECTION    NW (320)
  HIGHEST GUST SPEED    16   HIGHEST GUST DIRECTION    NW (310)
  AVERAGE WIND SPEED     1.1


SKY COVER
  POSSIBLE SUNSHINE  MM
  AVERAGE SKY COVER 0.5


WEATHER CONDITIONS
 THE FOLLOWING WEATHER WAS RECORDED YESTERDAY.
  NO SIGNIFICANT WEATHER WAS OBSERVED.


RELATIVE HUMIDITY (PERCENT)
 HIGHEST    63           300 AM
 LOWEST     21           500 PM
 AVERAGE    42

..........................................................


THE PIEDMONT TRIAD INTL AIRPORT NC CLIMATE NORMALS FOR TODAY
                         NORMAL    RECORD    YEAR
 MAXIMUM TEMPERATURE (F)   51        72      1925
 MINIMUM TEMPERATURE (F)   31         9      1978


SUNRISE AND SUNSET
FEBRUARY  7 2016......SUNRISE   716 AM EST   SUNSET   552 PM EST
FEBRUARY  8 2016......SUNRISE   715 AM EST   SUNSET   553 PM EST


-  INDICATES NEGATIVE NUMBERS.
R  INDICATES RECORD WAS SET OR TIED.
MM INDICATES DATA IS MISSING.
T  INDICATES TRACE AMOUNT.




$$
