000
CDUS42 KRAH 310541
CLIGSO


CLIMATE REPORT
NATIONAL WEATHER SERVICE RALEIGH NC
140 AM EDT SUN AUG 31 2014


...................................

...THE PIEDMONT TRIAD INTL AIRPORT NC CLIMATE SUMMARY FOR AUGUST 30 2014...

CLIMATE NORMAL PERIOD 1981 TO 2010
CLIMATE RECORD PERIOD 1903 TO 2014


WEATHER ITEM   OBSERVED TIME   RECORD YEAR NORMAL DEPARTURE LAST
                VALUE   (LST)  VALUE       VALUE  FROM      YEAR
                                                  NORMAL
..................................................................
TEMPERATURE (F)
 YESTERDAY
  MAXIMUM         90    323 PM 100    1932  85      5       86
  MINIMUM         72    610 AM  45    1986  66      6       68
  AVERAGE         81                        75      6       77

PRECIPITATION (IN)
  YESTERDAY        0.00          2.59 1964   0.12  -0.12     0.00
  MONTH TO DATE    2.66                      3.75  -1.09     5.63
  SINCE JUN 1      8.39                     11.96  -3.57    20.02
  SINCE JAN 1     25.88                     28.66  -2.78    38.37

DEGREE DAYS
 HEATING
  YESTERDAY        0                         0      0        0
  MONTH TO DATE    0                         0      0        2
  SINCE JUN 1      0                         6     -6        2
  SINCE JUL 1      0                         0      0        2

 COOLING
  YESTERDAY       16                        10      6       12
  MONTH TO DATE  298                       367    -69      298
  SINCE JUN 1   1039                      1093    -54      997
  SINCE JAN 1   1236                      1252    -16     1147
..................................................................


WIND (MPH)
  HIGHEST WIND SPEED    15   HIGHEST WIND DIRECTION    SE (150)
  HIGHEST GUST SPEED    18   HIGHEST GUST DIRECTION     S (160)
  AVERAGE WIND SPEED     6.2


SKY COVER
  POSSIBLE SUNSHINE  MM
  AVERAGE SKY COVER 0.6


WEATHER CONDITIONS
 THE FOLLOWING WEATHER WAS RECORDED YESTERDAY.
  FOG
  HAZE


RELATIVE HUMIDITY (PERCENT)
 HIGHEST   100           600 AM
 LOWEST     46           400 PM
 AVERAGE    73

..........................................................


THE PIEDMONT TRIAD INTL AIRPORT NC CLIMATE NORMALS FOR TODAY
                         NORMAL    RECORD    YEAR
 MAXIMUM TEMPERATURE (F)   84       101      1932
 MINIMUM TEMPERATURE (F)   66        47      1946


SUNRISE AND SUNSET
AUGUST 31 2014........SUNRISE   651 AM EDT   SUNSET   749 PM EDT
SEPTEMBER  1 2014.....SUNRISE   651 AM EDT   SUNSET   747 PM EDT


-  INDICATES NEGATIVE NUMBERS.
R  INDICATES RECORD WAS SET OR TIED.
MM INDICATES DATA IS MISSING.
T  INDICATES TRACE AMOUNT.




$$
