000
CDUS42 KRAH 250731
CLIGSO


CLIMATE REPORT
NATIONAL WEATHER SERVICE RALEIGH NC
330 AM EDT TUE JUL 25 2017


...................................

...THE PIEDMONT TRIAD INTL AIRPORT NC CLIMATE SUMMARY FOR JULY 24 2017...

CLIMATE NORMAL PERIOD 1981 TO 2010
CLIMATE RECORD PERIOD 1903 TO 2017


WEATHER ITEM   OBSERVED TIME   RECORD YEAR NORMAL DEPARTURE LAST
                VALUE   (LST)  VALUE       VALUE  FROM      YEAR
                                                  NORMAL
..................................................................
TEMPERATURE (F)
 YESTERDAY
  MAXIMUM         89    535 PM  99    1914  88      1       95
  MINIMUM         71    540 AM  52    1947  69      2       73
  AVERAGE         80                        78      2       84

PRECIPITATION (IN)
  YESTERDAY        0.00          3.14 1975   0.15  -0.15     0.00
  MONTH TO DATE    0.76                      3.39  -2.63     4.31
  SINCE JUN 1     10.70                      7.12   3.58     6.09
  SINCE JAN 1     31.73                     23.82   7.91    25.06

DEGREE DAYS
 HEATING
  YESTERDAY        0                         0      0        0
  MONTH TO DATE    0                         0      0        0
  SINCE JUN 1      1                         6     -5        0
  SINCE JUL 1      0                         0      0        0

 COOLING
  YESTERDAY       15                        14      1       19
  MONTH TO DATE  388                       330     58      380
  SINCE JUN 1    680                       637     43      747
  SINCE JAN 1    914                       796    118      947
..................................................................


WIND (MPH)
  HIGHEST WIND SPEED    17   HIGHEST WIND DIRECTION    NW (300)
  HIGHEST GUST SPEED    22   HIGHEST GUST DIRECTION     W (290)
  AVERAGE WIND SPEED     8.6


SKY COVER
  POSSIBLE SUNSHINE  MM
  AVERAGE SKY COVER 0.8


WEATHER CONDITIONS
 THE FOLLOWING WEATHER WAS RECORDED YESTERDAY.
  NO SIGNIFICANT WEATHER WAS OBSERVED.


RELATIVE HUMIDITY (PERCENT)
 HIGHEST   100           100 AM
 LOWEST     52           300 PM
 AVERAGE    76

..........................................................


THE PIEDMONT TRIAD INTL AIRPORT NC CLIMATE NORMALS FOR TODAY
                         NORMAL    RECORD    YEAR
 MAXIMUM TEMPERATURE (F)   88       101      1914
 MINIMUM TEMPERATURE (F)   69        56      1947


SUNRISE AND SUNSET
JULY 25 2017..........SUNRISE   622 AM EDT   SUNSET   830 PM EDT
JULY 26 2017..........SUNRISE   623 AM EDT   SUNSET   830 PM EDT


-  INDICATES NEGATIVE NUMBERS.
R  INDICATES RECORD WAS SET OR TIED.
MM INDICATES DATA IS MISSING.
T  INDICATES TRACE AMOUNT.




$$
