461
CDUS42 KRAH 210708
CLIGSO


CLIMATE REPORT
NATIONAL WEATHER SERVICE RALEIGH NC
200 AM EST TUE FEB 21 2017


...................................

...THE PIEDMONT TRIAD INTL AIRPORT NC CLIMATE SUMMARY FOR FEBRUARY 20 2017...

CLIMATE NORMAL PERIOD 1981 TO 2010
CLIMATE RECORD PERIOD 1903 TO 2017


WEATHER ITEM   OBSERVED TIME   RECORD YEAR NORMAL DEPARTURE LAST
                VALUE   (LST)  VALUE       VALUE  FROM      YEAR
                                                  NORMAL
..................................................................
TEMPERATURE (F)
 YESTERDAY
  MAXIMUM         72    346 PM  74    1922  54     18       63
  MINIMUM         39    547 AM   6    2015  33      6       43
  AVERAGE         56                        44     12       53

PRECIPITATION (IN)
  YESTERDAY        0.00          1.48 1904   0.11  -0.11     0.00
  MONTH TO DATE    0.34                      2.04  -1.70     2.71
  SINCE DEC 1      7.16                      8.08  -0.92    11.27
  SINCE JAN 1      5.46                      5.10   0.36     4.62

SNOWFALL (IN)
  YESTERDAY        0.0           2.0  1904   0.1   -0.1      0.0
  MONTH TO DATE    T                         1.8   -1.8      2.0
  SINCE DEC 1      8.0                       6.0    2.0      4.5
  SINCE JUL 1      8.0                       6.1    1.9      4.5
  SNOW DEPTH       0

DEGREE DAYS
 HEATING
  YESTERDAY        9                        22    -13       12
  MONTH TO DATE  311                       469   -158      503
  SINCE DEC 1   1644                      2012   -368     1728
  SINCE JUL 1   2094                      2692   -598     2242

 COOLING
  YESTERDAY        0                         0      0        0
  MONTH TO DATE    4                         0      4        0
  SINCE DEC 1      4                         1      3       15
  SINCE JAN 1      4                         0      4        0
..................................................................


WIND (MPH)
  HIGHEST WIND SPEED     7   HIGHEST WIND DIRECTION     S (170)
  HIGHEST GUST SPEED    10   HIGHEST GUST DIRECTION     E (100)
  AVERAGE WIND SPEED     2.2


SKY COVER
  POSSIBLE SUNSHINE  MM
  AVERAGE SKY COVER 0.6


WEATHER CONDITIONS
 THE FOLLOWING WEATHER WAS RECORDED YESTERDAY.
  NO SIGNIFICANT WEATHER WAS OBSERVED.


RELATIVE HUMIDITY (PERCENT)
 HIGHEST    92           600 AM
 LOWEST     27           400 PM
 AVERAGE    60

..........................................................


THE PIEDMONT TRIAD INTL AIRPORT NC CLIMATE NORMALS FOR TODAY
                         NORMAL    RECORD    YEAR
 MAXIMUM TEMPERATURE (F)   54        74      2011
 MINIMUM TEMPERATURE (F)   34        13      1959


SUNRISE AND SUNSET
FEBRUARY 21 2017......SUNRISE   700 AM EST   SUNSET   607 PM EST
FEBRUARY 22 2017......SUNRISE   659 AM EST   SUNSET   608 PM EST


-  INDICATES NEGATIVE NUMBERS.
R  INDICATES RECORD WAS SET OR TIED.
MM INDICATES DATA IS MISSING.
T  INDICATES TRACE AMOUNT.




$$
