080
CDUS42 KRAH 310552
CLIGSO

CLIMATE REPORT
NATIONAL WEATHER SERVICE RALEIGH NC
151 AM EDT WED AUG 31 2016
...................................

...THE PIEDMONT TRIAD INTL AIRPORT NC CLIMATE SUMMARY FOR AUGUST 30 2016...

CLIMATE NORMAL PERIOD 1981 TO 2010
CLIMATE RECORD PERIOD 1903 TO 2016


WEATHER ITEM   OBSERVED TIME   RECORD YEAR NORMAL DEPARTURE LAST
                VALUE   (LST)  VALUE       VALUE  FROM      YEAR
                                                  NORMAL
..................................................................
TEMPERATURE (F)
 YESTERDAY
  MAXIMUM         90    408 PM 100    1932  85      5       83
  MINIMUM         69    605 AM  45    1986  66      3       68
  AVERAGE         80                        75      5       76

PRECIPITATION (IN)
  YESTERDAY        0.00          2.59 1964   0.12  -0.12      T
  MONTH TO DATE    4.97                      3.75   1.22     6.66
  SINCE JUN 1     11.83                     11.96  -0.13    12.06
  SINCE JAN 1     30.80                     28.66   2.14    25.02

DEGREE DAYS
 HEATING
  YESTERDAY        0                         0      0        0
  MONTH TO DATE    0                         0      0        0
  SINCE JUN 1      0                         6     -6        3
  SINCE JUL 1      0                         0      0        0

 COOLING
  YESTERDAY       15                        10      5       11
  MONTH TO DATE  461                       367     94      383
  SINCE JUN 1   1350                      1093    257     1270
  SINCE JAN 1   1550                      1252    298     1504
..................................................................


WIND (MPH)
  HIGHEST WIND SPEED    14   HIGHEST WIND DIRECTION    NE (60)
  HIGHEST GUST SPEED    20   HIGHEST GUST DIRECTION     E (70)
  AVERAGE WIND SPEED     4.1


SKY COVER
  POSSIBLE SUNSHINE  MM
  AVERAGE SKY COVER 0.3


WEATHER CONDITIONS
 THE FOLLOWING WEATHER WAS RECORDED YESTERDAY.
  NO SIGNIFICANT WEATHER WAS OBSERVED.


RELATIVE HUMIDITY (PERCENT)
 HIGHEST    90           400 AM
 LOWEST     44           200 PM
 AVERAGE    67

..........................................................


THE PIEDMONT TRIAD INTL AIRPORT NC CLIMATE NORMALS FOR TODAY
                         NORMAL    RECORD    YEAR
 MAXIMUM TEMPERATURE (F)   84       101      1932
 MINIMUM TEMPERATURE (F)   66        47      1946


SUNRISE AND SUNSET
AUGUST 31 2016........SUNRISE   651 AM EDT   SUNSET   748 PM EDT
SEPTEMBER  1 2016.....SUNRISE   652 AM EDT   SUNSET   747 PM EDT


-  INDICATES NEGATIVE NUMBERS.
R  INDICATES RECORD WAS SET OR TIED.
MM INDICATES DATA IS MISSING.
T  INDICATES TRACE AMOUNT.


$$
