000
CDUS42 KRAH 072054
CLIGSO


CLIMATE REPORT
NATIONAL WEATHER SERVICE RALEIGH NC
452 PM EDT TUE JUL 7 2015


...................................

...THE PIEDMONT TRIAD INTL AIRPORT NC CLIMATE SUMMARY FOR JULY 7 2015...
VALID TODAY AS OF 0452 PM LOCAL TIME.

CLIMATE NORMAL PERIOD 1981 TO 2010
CLIMATE RECORD PERIOD 1903 TO 2015


WEATHER ITEM   OBSERVED TIME   RECORD YEAR NORMAL DEPARTURE LAST
                VALUE   (LST)  VALUE       VALUE  FROM      YEAR
                                                  NORMAL
..................................................................
TEMPERATURE (F)
 TODAY
  MAXIMUM         90    312 PM 101    1977  88      2       92
  MINIMUM         69    539 AM  51    1972  69      0       68
  AVERAGE         80                        78      2       80

PRECIPITATION (IN)
  TODAY            0.00          1.88 1949   0.13  -0.13     0.00
  MONTH TO DATE    0.89                      0.88   0.01     0.01
  SINCE JUN 1      2.95                      4.61  -1.66     3.01
  SINCE JAN 1     15.91                     21.31  -5.40    20.50

DEGREE DAYS
 HEATING
  TODAY            0                         0      0        0
  MONTH TO DATE    0                         0      0        0
  SINCE JUN 1      3                         6     -3        0
  SINCE JUL 1      0                         0      0        0

 COOLING
  TODAY           15                        14      1       15
  MONTH TO DATE   89                        92     -3       96
  SINCE JUN 1    508                       399    109      453
  SINCE JAN 1    742                       558    184      650
..................................................................


WIND (MPH)
  HIGHEST WIND SPEED    15   HIGHEST WIND DIRECTION     S (160)
  HIGHEST GUST SPEED    18   HIGHEST GUST DIRECTION     S (160)
  AVERAGE WIND SPEED     4.0


SKY COVER
  POSSIBLE SUNSHINE  MM
  AVERAGE SKY COVER 0.3


WEATHER CONDITIONS
 THE FOLLOWING WEATHER WAS RECORDED TODAY.
  NO SIGNIFICANT WEATHER WAS OBSERVED.


RELATIVE HUMIDITY (PERCENT)
 HIGHEST    97           600 AM
 LOWEST     46           100 PM
 AVERAGE    72

..........................................................


THE PIEDMONT TRIAD INTL AIRPORT NC CLIMATE NORMALS FOR TOMORROW
                         NORMAL    RECORD    YEAR
 MAXIMUM TEMPERATURE (F)   88       102      1977
 MINIMUM TEMPERATURE (F)   69        53      1979


SUNRISE AND SUNSET
JULY  7 2015..........SUNRISE   609 AM EDT   SUNSET   840 PM EDT
JULY  8 2015..........SUNRISE   610 AM EDT   SUNSET   840 PM EDT


-  INDICATES NEGATIVE NUMBERS.
R  INDICATES RECORD WAS SET OR TIED.
MM INDICATES DATA IS MISSING.
T  INDICATES TRACE AMOUNT.




$$
