000
CDUS42 KRAH 250107
CLIGSO


CLIMATE REPORT
NATIONAL WEATHER SERVICE RALEIGH NC
904 PM EDT SUN MAY 24 2015


...................................

...THE PIEDMONT TRIAD INTL AIRPORT NC CLIMATE SUMMARY FOR MAY 24 2015...
VALID AS OF 0800 PM LOCAL TIME.

CLIMATE NORMAL PERIOD 1981 TO 2010
CLIMATE RECORD PERIOD 1903 TO 2015


WEATHER ITEM   OBSERVED TIME   RECORD YEAR NORMAL DEPARTURE LAST
                VALUE   (LST)  VALUE       VALUE  FROM      YEAR
                                                  NORMAL
..................................................................
TEMPERATURE (F)
 TODAY
  MAXIMUM         80    407 PM  93    1915  79      1       80
  MINIMUM         56    439 AM  38    1931  59     -3       56
  AVERAGE         68                        69     -1       68

PRECIPITATION (IN)
  TODAY            0.00          3.65 1916   0.11  -0.11     0.00
  MONTH TO DATE    2.64                      2.53   0.11     1.92
  SINCE MAR 1      7.86                      9.83  -1.97    10.58
  SINCE JAN 1     12.54                     15.85  -3.31    16.80

DEGREE DAYS
 HEATING
  TODAY            0                         1     -1        0
  MONTH TO DATE   20                        60    -40       31
  SINCE MAR 1    610                       751   -141      841
  SINCE JUL 1   3695                      3606     89     3818

 COOLING
  TODAY            3                         5     -2        3
  MONTH TO DATE  125                        79     46      117
  SINCE MAR 1    162                       117     45      137
  SINCE JAN 1    162                       117     45      137
..................................................................


WIND (MPH)
  RESULTANT WIND SPEED   6   RESULTANT WIND DIRECTION  SW (210)
  HIGHEST WIND SPEED    15   HIGHEST WIND DIRECTION     S (180)
  HIGHEST GUST SPEED    22   HIGHEST GUST DIRECTION    SE (150)
  AVERAGE WIND SPEED     7.1


SKY COVER
  POSSIBLE SUNSHINE  MM
  AVERAGE SKY COVER 0.4


WEATHER CONDITIONS
 THE FOLLOWING WEATHER WAS RECORDED TODAY.
  NO SIGNIFICANT WEATHER WAS OBSERVED.


RELATIVE HUMIDITY (PERCENT)
 HIGHEST    80           600 AM
 LOWEST     39           100 PM
 AVERAGE    60

..........................................................


THE PIEDMONT TRIAD INTL AIRPORT NC CLIMATE NORMALS FOR TOMORROW
                         NORMAL    RECORD    YEAR
 MAXIMUM TEMPERATURE (F)   80        96      1926
 MINIMUM TEMPERATURE (F)   59        43      2013
                                             1956
                                             1935


SUNRISE AND SUNSET
MAY 24 2015...........SUNRISE   608 AM EDT   SUNSET   826 PM EDT
MAY 25 2015...........SUNRISE   607 AM EDT   SUNSET   826 PM EDT


-  INDICATES NEGATIVE NUMBERS.
R  INDICATES RECORD WAS SET OR TIED.
MM INDICATES DATA IS MISSING.
T  INDICATES TRACE AMOUNT.




$$
