000
CDUS42 KRAH 160759
CLIGSO


CLIMATE REPORT
NATIONAL WEATHER SERVICE RALEIGH NC
332 AM EDT TUE SEP 16 2014


...................................

...THE PIEDMONT TRIAD INTL AIRPORT NC CLIMATE SUMMARY FOR SEPTEMBER 15 2014...

CLIMATE NORMAL PERIOD 1981 TO 2010
CLIMATE RECORD PERIOD 1903 TO 2014


WEATHER ITEM   OBSERVED TIME   RECORD YEAR NORMAL DEPARTURE LAST
                VALUE   (LST)  VALUE       VALUE  FROM      YEAR
                                                  NORMAL
..................................................................
TEMPERATURE (F)
 YESTERDAY
  MAXIMUM         75    154 PM  97    1927  80     -5       78
  MINIMUM         62    650 AM  41    1985  61      1       52
  AVERAGE         69                        70     -1       65

PRECIPITATION (IN)
  YESTERDAY        0.00          1.94 1999   0.14  -0.14     0.00
  MONTH TO DATE    2.11                      2.26  -0.15     1.42
  SINCE SEP 1      2.11                      2.26  -0.15     1.42
  SINCE JAN 1     27.99                     31.05  -3.06    39.81

DEGREE DAYS
 HEATING
  YESTERDAY        0                         1     -1        0
  MONTH TO DATE    0                         3     -3        0
  SINCE SEP 1      0                         3     -3        0
  SINCE JUL 1      0                         4     -4        2

 COOLING
  YESTERDAY        4                         6     -2        0
  MONTH TO DATE  150                       121     29      141
  SINCE SEP 1    150                       121     29      141
  SINCE JAN 1   1403                      1383     20     1300
..................................................................


WIND (MPH)
  HIGHEST WIND SPEED     9   HIGHEST WIND DIRECTION    SW (220)
  HIGHEST GUST SPEED    13   HIGHEST GUST DIRECTION    SW (240)
  AVERAGE WIND SPEED     3.2


SKY COVER
  POSSIBLE SUNSHINE  MM
  AVERAGE SKY COVER 0.8


WEATHER CONDITIONS
 THE FOLLOWING WEATHER WAS RECORDED YESTERDAY.
  LIGHT RAIN


RELATIVE HUMIDITY (PERCENT)
 HIGHEST    93           500 AM
 LOWEST     68          1100 AM
 AVERAGE    81

..........................................................


THE PIEDMONT TRIAD INTL AIRPORT NC CLIMATE NORMALS FOR TODAY
                         NORMAL    RECORD    YEAR
 MAXIMUM TEMPERATURE (F)   80        95      1921
 MINIMUM TEMPERATURE (F)   61        45      1985


SUNRISE AND SUNSET
SEPTEMBER 16 2014.....SUNRISE   703 AM EDT   SUNSET   726 PM EDT
SEPTEMBER 17 2014.....SUNRISE   704 AM EDT   SUNSET   724 PM EDT


-  INDICATES NEGATIVE NUMBERS.
R  INDICATES RECORD WAS SET OR TIED.
MM INDICATES DATA IS MISSING.
T  INDICATES TRACE AMOUNT.




$$
