000
CDUS42 KRAH 262150
CLIGSO


CLIMATE REPORT
NATIONAL WEATHER SERVICE RALEIGH NC
444 PM EST THU FEB 26 2015


...................................

...THE PIEDMONT TRIAD INTL AIRPORT NC CLIMATE SUMMARY FOR FEBRUARY 26 2015...
VALID TODAY AS OF 0444 PM LOCAL TIME.

CLIMATE NORMAL PERIOD 1981 TO 2010
CLIMATE RECORD PERIOD 1903 TO 2015


WEATHER ITEM   OBSERVED TIME   RECORD YEAR NORMAL DEPARTURE LAST
                VALUE   (LST)  VALUE       VALUE  FROM      YEAR
                                                  NORMAL
..................................................................
TEMPERATURE (F)
 TODAY
  MAXIMUM         36    253 PM  81    1977  55    -19       49
  MINIMUM         31    904 AM  10    1967  35     -4       29
  AVERAGE         34                        45    -11       39

PRECIPITATION (IN)
  TODAY            0.38          1.26 1958   0.11   0.27     0.00
  MONTH TO DATE    2.59                      2.73  -0.14     2.24
  SINCE DEC 1      6.84                      8.77  -1.93    11.41
  SINCE JAN 1      4.63                      5.79  -1.16     6.22

SNOWFALL (IN)
  TODAY            3.4           7.0  1914   0.0    3.4      0.0
  MONTH TO DATE    9.6                       2.2    7.4      9.0
  SINCE DEC 1      9.6                       6.4    3.2     10.6
  SINCE JUL 1      9.6                       6.5    3.1     10.6
  SNOW DEPTH       5

DEGREE DAYS
 HEATING
  TODAY           31                        20     11       26
  MONTH TO DATE  797                       593    204      581
  SINCE DEC 1   2268                      2136    132     2185
  SINCE JUL 1   3018                      2816    202     2919

 COOLING
  TODAY            0                         0      0        0
  MONTH TO DATE    0                         0      0        0
  SINCE DEC 1      0                         1     -1        8
  SINCE JAN 1      0                         0      0        0
..................................................................


WIND (MPH)
  HIGHEST WIND SPEED    16   HIGHEST WIND DIRECTION    NE (40)
  HIGHEST GUST SPEED    22   HIGHEST GUST DIRECTION    NE (40)
  AVERAGE WIND SPEED     8.1


SKY COVER
  POSSIBLE SUNSHINE  MM
  AVERAGE SKY COVER 1.0


WEATHER CONDITIONS
 THE FOLLOWING WEATHER WAS RECORDED TODAY.
  LT FREEZING RAIN
  HEAVY SNOW
  SNOW
  LIGHT SNOW
  FOG
  FOG W/VISIBILITY <= 1/4 MILE


RELATIVE HUMIDITY (PERCENT)
 HIGHEST   100           400 AM
 LOWEST     75           300 PM
 AVERAGE    88

..........................................................


THE PIEDMONT TRIAD INTL AIRPORT NC CLIMATE NORMALS FOR TOMORROW
                         NORMAL    RECORD    YEAR
 MAXIMUM TEMPERATURE (F)   56        78      2011
 MINIMUM TEMPERATURE (F)   35         3      1963


SUNRISE AND SUNSET
FEBRUARY 26 2015......SUNRISE   654 AM EST   SUNSET   612 PM EST
FEBRUARY 27 2015......SUNRISE   653 AM EST   SUNSET   613 PM EST


-  INDICATES NEGATIVE NUMBERS.
R  INDICATES RECORD WAS SET OR TIED.
MM INDICATES DATA IS MISSING.
T  INDICATES TRACE AMOUNT.




$$
