000
CDUS42 KRAH 050100
CLIGSO


CLIMATE REPORT
NATIONAL WEATHER SERVICE RALEIGH NC
859 PM EDT WED MAY 4 2016


...................................

...THE PIEDMONT TRIAD INTL AIRPORT NC CLIMATE SUMMARY FOR MAY 4 2016...
VALID AS OF 0859 PM LOCAL TIME.

CLIMATE NORMAL PERIOD 1981 TO 2010
CLIMATE RECORD PERIOD 1903 TO 2016


WEATHER ITEM   OBSERVED TIME   RECORD YEAR NORMAL DEPARTURE LAST
                VALUE   (LST)  VALUE       VALUE  FROM      YEAR
                                                  NORMAL
..................................................................
TEMPERATURE (F)
 TODAY
  MAXIMUM         72    232 PM  94    1928  75     -3       81
  MINIMUM         57    518 AM  33    1986  52      5       56
  AVERAGE         65                        64      1       69

PRECIPITATION (IN)
  TODAY            0.00          3.11 1978   0.10  -0.10     0.00
  MONTH TO DATE    3.13                      0.41   2.72     1.16
  SINCE MAR 1      7.29                      7.71  -0.42     6.38
  SINCE JAN 1     13.43                     13.73  -0.30    11.06

SNOWFALL (IN)
  TODAY            0.0           0.0  2002   0.0    0.0      0.0
                                      2001
  MONTH TO DATE    0.0                       0.0    0.0      0.0
  SINCE MAR 1      0.0                       0.8   -0.8       T
  SINCE JUL 1      4.5                       7.5   -3.0      9.6
  SNOW DEPTH       0

DEGREE DAYS
 HEATING
  TODAY            0                         4     -4        0
  MONTH TO DATE    0                        16    -16       16
  SINCE MAR 1    453                       707   -254      606
  SINCE JUL 1   2839                      3562   -723     3691

 COOLING
  TODAY            0                         2     -2        4
  MONTH TO DATE   15                         8      7        4
  SINCE MAR 1     92                        46     46       41
  SINCE JAN 1     92                        46     46       41
..................................................................


WIND (MPH)
  HIGHEST WIND SPEED    14   HIGHEST WIND DIRECTION     W (270)
  HIGHEST GUST SPEED    18   HIGHEST GUST DIRECTION    SW (230)
  AVERAGE WIND SPEED     6.0


SKY COVER
  POSSIBLE SUNSHINE  MM
  AVERAGE SKY COVER 0.7


WEATHER CONDITIONS
 THE FOLLOWING WEATHER WAS RECORDED TODAY.
  NO SIGNIFICANT WEATHER WAS OBSERVED.


RELATIVE HUMIDITY (PERCENT)
 HIGHEST    77           400 AM
 LOWEST     37           500 PM
 AVERAGE    57

..........................................................


THE PIEDMONT TRIAD INTL AIRPORT NC CLIMATE NORMALS FOR TOMORROW
                         NORMAL    RECORD    YEAR
 MAXIMUM TEMPERATURE (F)   75        91      1928
 MINIMUM TEMPERATURE (F)   53        34      1940


SUNRISE AND SUNSET
MAY  4 2016...........SUNRISE   623 AM EDT   SUNSET   810 PM EDT
MAY  5 2016...........SUNRISE   622 AM EDT   SUNSET   811 PM EDT


-  INDICATES NEGATIVE NUMBERS.
R  INDICATES RECORD WAS SET OR TIED.
MM INDICATES DATA IS MISSING.
T  INDICATES TRACE AMOUNT.




$$
