000
CDUS42 KRAH 200642
CLIGSO


CLIMATE REPORT
NATIONAL WEATHER SERVICE RALEIGH NC
128 AM EST MON NOV 20 2017


...................................

...THE PIEDMONT TRIAD INTL AIRPORT NC CLIMATE SUMMARY FOR NOVEMBER 19 2017...

CLIMATE NORMAL PERIOD 1981 TO 2010
CLIMATE RECORD PERIOD 1903 TO 2017


WEATHER ITEM   OBSERVED TIME   RECORD YEAR NORMAL DEPARTURE LAST
                VALUE   (LST)  VALUE       VALUE  FROM      YEAR
                                                  NORMAL
..................................................................
TEMPERATURE (F)
 YESTERDAY
  MAXIMUM         64    130 AM  80    1906  60      4       71
  MINIMUM         33   1143 PM  16    2014  39     -6       41
  AVERAGE         49                        49      0       56

PRECIPITATION (IN)
  YESTERDAY        0.06          2.63 1938   0.10  -0.04      T
  MONTH TO DATE    0.91                      1.98  -1.07     0.01
  SINCE SEP 1      6.74                      9.30  -2.56     6.14
  SINCE JAN 1     41.19                     38.09   3.10    36.94

DEGREE DAYS
 HEATING
  YESTERDAY       16                        16      0        9
  MONTH TO DATE  270                       249     21      195
  SINCE SEP 1    432                       481    -49      284
  SINCE JUL 1    432                       482    -50      284

 COOLING
  YESTERDAY        0                         0      0        0
  MONTH TO DATE    1                         0      1        9
  SINCE SEP 1    258                       218     40      404
  SINCE JAN 1   1612                      1480    132     1971
..................................................................


WIND (MPH)
  HIGHEST WIND SPEED    26   HIGHEST WIND DIRECTION    NW (310)
  HIGHEST GUST SPEED    34   HIGHEST GUST DIRECTION    NW (300)
  AVERAGE WIND SPEED    14.5


SKY COVER
  POSSIBLE SUNSHINE  MM
  AVERAGE SKY COVER 0.3


WEATHER CONDITIONS
 THE FOLLOWING WEATHER WAS RECORDED YESTERDAY.
  RAIN
  LIGHT RAIN
  FOG


RELATIVE HUMIDITY (PERCENT)
 HIGHEST    68           500 AM
 LOWEST     38          1200 PM
 AVERAGE    53

..........................................................


THE PIEDMONT TRIAD INTL AIRPORT NC CLIMATE NORMALS FOR TODAY
                         NORMAL    RECORD    YEAR
 MAXIMUM TEMPERATURE (F)   59        81      1906
 MINIMUM TEMPERATURE (F)   38        12      1951


SUNRISE AND SUNSET
NOVEMBER 20 2017......SUNRISE   702 AM EST   SUNSET   509 PM EST
NOVEMBER 21 2017......SUNRISE   703 AM EST   SUNSET   508 PM EST


-  INDICATES NEGATIVE NUMBERS.
R  INDICATES RECORD WAS SET OR TIED.
MM INDICATES DATA IS MISSING.
T  INDICATES TRACE AMOUNT.




$$
