000
CDUS42 KGSP 292030
CLIGSP

CLIMATE REPORT
NATIONAL WEATHER SERVICE GREENVILLE-SPARTANBURG SC
430 PM EDT MON MAY 29 2017


...................................

...THE GREENVILLE-SPARTANBURG SC CLIMATE SUMMARY FOR MAY 29
2017...VALID TODAY AS OF 430 PM LOCAL TIME.

CLIMATE NORMAL PERIOD 1981 TO 2010
CLIMATE RECORD PERIOD 1884 TO 2017


WEATHER ITEM   OBSERVED TIME   RECORD YEAR NORMAL DEPARTURE LAST
                VALUE   (LST)  VALUE       VALUE  FROM      YEAR
                                                  NORMAL
..................................................................
TEMPERATURE (F)
 TODAY
  MAXIMUM         86    234 PM  98    1941  84      2       76
  MINIMUM         62    528 AM  44    1901  61      1       63
  AVERAGE         74                        72      2       70

PRECIPITATION (IN)
  TODAY            0.00          1.45 1976   0.13  -0.13     0.06
  MONTH TO DATE    4.40                      3.51   0.89     4.83
  SINCE MAR 1     19.05                     11.39   7.66     8.84
  SINCE JAN 1     24.77                     19.18   5.59    17.10

SNOWFALL (IN)
  TODAY            0.0           0.0    MM   0.0    0.0      0.0
  MONTH TO DATE    0.0                       0.0    0.0      0.0
  SINCE MAR 1      0.5                       0.9   -0.4       T
  SINCE JUL 1      3.6                       4.7   -1.1      2.6
  SNOW DEPTH       0

DEGREE DAYS
 HEATING
  TODAY            0                         0      0        0
  MONTH TO DATE   31                        39     -8       34
  SINCE MAR 1    460                       596   -136      401
  SINCE JUL 1   2186                      3045   -859     2498

 COOLING
  TODAY            9                         8      1        5
  MONTH TO DATE  136                       138     -2      133
  SINCE MAR 1    241                       186     55      218
  SINCE JAN 1    247                       186     61      218
..................................................................


WIND (MPH)
  HIGHEST WIND SPEED    15   HIGHEST WIND DIRECTION     W (250)
  HIGHEST GUST SPEED    22   HIGHEST GUST DIRECTION    SW (240)
  AVERAGE WIND SPEED     4.3


SKY COVER
  POSSIBLE SUNSHINE  MM
  AVERAGE SKY COVER 0.1


WEATHER CONDITIONS
 THE FOLLOWING WEATHER WAS RECORDED TODAY.
  NO SIGNIFICANT WEATHER WAS OBSERVED.


RELATIVE HUMIDITY (PERCENT)
 HIGHEST    93           200 AM
 LOWEST     44           200 PM
 AVERAGE    69

..........................................................


THE GREENVILLE-SPARTANBURG SC CLIMATE NORMALS FOR TOMORROW
                         NORMAL    RECORD    YEAR
 MAXIMUM TEMPERATURE (F)   84        95      1914
 MINIMUM TEMPERATURE (F)   62        45      1893


SUNRISE AND SUNSET
MAY 29 2017...........SUNRISE   617 AM EDT   SUNSET   836 PM EDT
MAY 30 2017...........SUNRISE   617 AM EDT   SUNSET   836 PM EDT


-  INDICATES NEGATIVE NUMBERS.
R  INDICATES RECORD WAS SET OR TIED.
MM INDICATES DATA IS MISSING.
T  INDICATES TRACE AMOUNT.




$$
