000
CDUS42 KGSP 070639
CLIGSP

CLIMATE REPORT
NATIONAL WEATHER SERVICE GREENVILLE-SPARTANBURG SC
139 AM EST SUN FEB 7 2016


...................................

...THE GREENVILLE-SPARTANBURG SC CLIMATE SUMMARY FOR FEBRUARY 6 2016...

CLIMATE NORMAL PERIOD 1981 TO 2010
CLIMATE RECORD PERIOD 1884 TO 2016


WEATHER ITEM   OBSERVED TIME   RECORD YEAR NORMAL DEPARTURE LAST
                VALUE   (LST)  VALUE       VALUE  FROM      YEAR
                                                  NORMAL
..................................................................
TEMPERATURE (F)
 YESTERDAY
  MAXIMUM         50    401 PM  73    1927  55     -5       48
  MINIMUM         28    652 AM   8    1917  33     -5       18
  AVERAGE         39                        44     -5       33

PRECIPITATION (IN)
  YESTERDAY        0.00          2.77 1955   0.13  -0.13     0.00
  MONTH TO DATE    1.62                      0.80   0.82     0.88
  SINCE DEC 1     15.24                      8.73   6.51     8.37
  SINCE JAN 1      5.16                      4.62   0.54     4.74

SNOWFALL (IN)
  YESTERDAY        0.0           4.0  1979   0.1   -0.1      0.0
  MONTH TO DATE    T                         0.3   -0.3      0.0
  SINCE DEC 1      2.2                       3.0   -0.8      0.0
  SINCE JUL 1      2.2                       3.1   -0.9       T
  SNOW DEPTH       0

DEGREE DAYS
 HEATING
  YESTERDAY       26                        21      5       32
  MONTH TO DATE   87                       127    -40      152
  SINCE DEC 1   1155                      1484   -329     1393
  SINCE JUL 1   1600                      2037   -437     2030

 COOLING
  YESTERDAY        0                         0      0        0
  MONTH TO DATE    0                         0      0        0
  SINCE DEC 1     11                         1     10        0
  SINCE JAN 1      0                         0      0        0
..................................................................


WIND (MPH)
  HIGHEST WIND SPEED    12   HIGHEST WIND DIRECTION    NE (40)
  HIGHEST GUST SPEED    14   HIGHEST GUST DIRECTION    NE (60)
  AVERAGE WIND SPEED     4.6


SKY COVER
  POSSIBLE SUNSHINE  MM
  AVERAGE SKY COVER 0.3


WEATHER CONDITIONS
 THE FOLLOWING WEATHER WAS RECORDED YESTERDAY.
  NO SIGNIFICANT WEATHER WAS OBSERVED.


RELATIVE HUMIDITY (PERCENT)
 HIGHEST    69           700 AM
 LOWEST     26           300 PM
 AVERAGE    48

..........................................................


THE GREENVILLE-SPARTANBURG SC CLIMATE NORMALS FOR TODAY
                         NORMAL    RECORD    YEAR
 MAXIMUM TEMPERATURE (F)   55        70      2009
                                             2007
                                             1999
 MINIMUM TEMPERATURE (F)   34        11      1988


SUNRISE AND SUNSET
FEBRUARY  7 2016......SUNRISE   723 AM EST   SUNSET   603 PM EST
FEBRUARY  8 2016......SUNRISE   722 AM EST   SUNSET   604 PM EST


-  INDICATES NEGATIVE NUMBERS.
R  INDICATES RECORD WAS SET OR TIED.
MM INDICATES DATA IS MISSING.
T  INDICATES TRACE AMOUNT.

$$
