000
CDUS42 KGSP 300636
CLIGSP

CLIMATE REPORT
NATIONAL WEATHER SERVICE GREENVILLE-SPARTANBURG SC

233 AM EDT THU OCT 30 2014


...................................

...THE GREENVILLE-SPARTANBURG SC CLIMATE SUMMARY FOR OCTOBER 29 2014...

CLIMATE NORMAL PERIOD 1981 TO 2010
CLIMATE RECORD PERIOD 1884 TO 2014


WEATHER ITEM   OBSERVED TIME   RECORD YEAR NORMAL DEPARTURE LAST
                VALUE   (LST)  VALUE       VALUE  FROM      YEAR
                                                  NORMAL
..................................................................
TEMPERATURE (F)
 YESTERDAY
  MAXIMUM         74    212 PM  84    1927  69      5       74
  MINIMUM         53   1159 PM  25    1976  46      7       48
  AVERAGE         64                        58      6       61

PRECIPITATION (IN)
  YESTERDAY        T             2.35 1970   0.10  -0.10     0.00
  MONTH TO DATE    3.57                      3.23   0.34     1.91
  SINCE SEP 1      7.25                      6.66   0.59     4.41
  SINCE JAN 1     42.21                     39.17   3.04    58.76

SNOWFALL (IN)
  YESTERDAY        0.0           0.0    MM   0.0    0.0      0.0
  MONTH TO DATE    0.0                       0.0    0.0      0.0
  SINCE SEP 1      0.0                       0.0    0.0      0.0
  SINCE JUL 1      0.0                       0.0    0.0      0.0
  SNOW DEPTH       0

DEGREE DAYS
 HEATING
  YESTERDAY        1                         8     -7        4
  MONTH TO DATE   98                       136    -38      123
  SINCE SEP 1    104                       153    -49      124
  SINCE JUL 1    104                       153    -49      124

 COOLING
  YESTERDAY        0                         1     -1        0
  MONTH TO DATE   55                        48      7       53
  SINCE SEP 1    296                       275     21      277
  SINCE JAN 1   1693                      1710    -17     1526
..................................................................


WIND (MPH)
  HIGHEST WIND SPEED    18   HIGHEST WIND DIRECTION    SW (220)
  HIGHEST GUST SPEED    22   HIGHEST GUST DIRECTION    SW (220)
  AVERAGE WIND SPEED     6.3


SKY COVER
  POSSIBLE SUNSHINE  MM
  AVERAGE SKY COVER 0.4


WEATHER CONDITIONS
 THE FOLLOWING WEATHER WAS RECORDED YESTERDAY.
  LIGHT RAIN
  FOG


RELATIVE HUMIDITY (PERCENT)
 HIGHEST    93           600 AM
 LOWEST     51           900 PM
 AVERAGE    72

..........................................................


THE GREENVILLE-SPARTANBURG SC CLIMATE NORMALS FOR TODAY
                         NORMAL    RECORD    YEAR
 MAXIMUM TEMPERATURE (F)   69        83      1950
 MINIMUM TEMPERATURE (F)   46        25      1910


SUNRISE AND SUNSET
OCTOBER 30 2014.......SUNRISE   748 AM EDT   SUNSET   637 PM EDT
OCTOBER 31 2014.......SUNRISE   749 AM EDT   SUNSET   636 PM EDT


-  INDICATES NEGATIVE NUMBERS.
R  INDICATES RECORD WAS SET OR TIED.
MM INDICATES DATA IS MISSING.
T  INDICATES TRACE AMOUNT.




$$
