000
CDUS42 KGSP 240643
CLIGSP

CLIMATE REPORT
NATIONAL WEATHER SERVICE GREENVILLE-SPARTANBURG SC
143 AM EST FRI FEB 24 2017


...................................

...THE GREENVILLE-SPARTANBURG SC CLIMATE SUMMARY FOR FEBRUARY 23 2017...

CLIMATE NORMAL PERIOD 1981 TO 2010
CLIMATE RECORD PERIOD 1884 TO 2017


WEATHER ITEM   OBSERVED TIME   RECORD YEAR NORMAL DEPARTURE LAST
                VALUE   (LST)  VALUE       VALUE  FROM      YEAR
                                                  NORMAL
..................................................................
TEMPERATURE (F)
 YESTERDAY
  MAXIMUM         76R   416 PM  76    2012  58     18       49
                                      1996
                                      1980
  MINIMUM         52    720 AM  15    1963  37     15       45
  AVERAGE         64                        48     16       47

PRECIPITATION (IN)
  YESTERDAY        0.00          2.19 1927   0.16  -0.16     0.77
  MONTH TO DATE    1.20                      3.23  -2.03     4.29
  SINCE DEC 1      8.41                     11.16  -2.75    17.91
  SINCE JAN 1      5.72                      7.05  -1.33     7.83

SNOWFALL (IN)
  YESTERDAY        0.0           3.1  1966   0.0    0.0      0.0
  MONTH TO DATE    0.0                       0.8   -0.8      0.4
  SINCE DEC 1      3.1                       3.5   -0.4      2.6
  SINCE JUL 1      3.1                       3.6   -0.5      2.6
  SNOW DEPTH       0

DEGREE DAYS
 HEATING
  YESTERDAY        1                        18    -17       18
  MONTH TO DATE  261                       455   -194      488
  SINCE DEC 1   1353                      1812   -459     1556
  SINCE JUL 1   1679                      2365   -686     2001

 COOLING
  YESTERDAY        0                         0      0        0
  MONTH TO DATE    6                         0      6        0
  SINCE DEC 1      6                         1      5       11
  SINCE JAN 1      6                         0      6        0
..................................................................


WIND (MPH)
  HIGHEST WIND SPEED     8   HIGHEST WIND DIRECTION    SE (140)
  HIGHEST GUST SPEED    12   HIGHEST GUST DIRECTION    SE (120)
  AVERAGE WIND SPEED     2.7


SKY COVER
  POSSIBLE SUNSHINE  MM
  AVERAGE SKY COVER 0.5


WEATHER CONDITIONS
 THE FOLLOWING WEATHER WAS RECORDED YESTERDAY.
  FOG


RELATIVE HUMIDITY (PERCENT)
 HIGHEST    93           600 AM
 LOWEST     46           500 PM
 AVERAGE    70

..........................................................


THE GREENVILLE-SPARTANBURG SC CLIMATE NORMALS FOR TODAY
                         NORMAL    RECORD    YEAR
 MAXIMUM TEMPERATURE (F)   59        79      1982
 MINIMUM TEMPERATURE (F)   37        15      1967
                                             1901


SUNRISE AND SUNSET
FEBRUARY 24 2017......SUNRISE   704 AM EST   SUNSET   620 PM EST
FEBRUARY 25 2017......SUNRISE   703 AM EST   SUNSET   621 PM EST


-  INDICATES NEGATIVE NUMBERS.
R  INDICATES RECORD WAS SET OR TIED.
MM INDICATES DATA IS MISSING.
T  INDICATES TRACE AMOUNT.

$$

OUTLAW
