000
CDUS42 KGSP 260634
CLIGSP

CLIMATE REPORT
NATIONAL WEATHER SERVICE GREENVILLE-SPARTANBURG SC
234 AM EDT TUE SEP 26 2017


...................................

...THE GREENVILLE-SPARTANBURG SC CLIMATE SUMMARY FOR SEPTEMBER 25 2017...

CLIMATE NORMAL PERIOD 1981 TO 2010
CLIMATE RECORD PERIOD 1884 TO 2017


WEATHER ITEM   OBSERVED TIME   RECORD YEAR NORMAL DEPARTURE LAST
                VALUE   (LST)  VALUE       VALUE  FROM      YEAR
                                                  NORMAL
..................................................................
TEMPERATURE (F)
 YESTERDAY
  MAXIMUM         87    333 PM  94    2010  79      8       92
  MINIMUM         68    701 AM  37    1887  58     10       65
  AVERAGE         78                        69      9       79

PRECIPITATION (IN)
  YESTERDAY        0.00          4.34 1956   0.11  -0.11     0.00
  MONTH TO DATE    4.14                      2.85   1.29     0.73
  SINCE SEP 1      4.14                      2.85   1.29     0.73
  SINCE JAN 1     42.11                     35.36   6.75    28.96

SNOWFALL (IN)
  YESTERDAY        0.0           0.0    MM   0.0    0.0      0.0
  MONTH TO DATE    0.0                       0.0    0.0      0.0
  SINCE SEP 1      0.0                       0.0    0.0      0.0
  SINCE JUL 1      0.0                       0.0    0.0      0.0
  SNOW DEPTH       0

DEGREE DAYS
 HEATING
  YESTERDAY        0                         1     -1        0
  MONTH TO DATE   11                         8      3        0
  SINCE SEP 1     11                         8      3        0
  SINCE JUL 1     11                         8      3        0

 COOLING
  YESTERDAY       13                         5      8       14
  MONTH TO DATE  174                       206    -32      331
  SINCE SEP 1    174                       206    -32      331
  SINCE JAN 1   1640                      1641     -1     2050
..................................................................


WIND (MPH)
  HIGHEST WIND SPEED    15   HIGHEST WIND DIRECTION     N (20)
  HIGHEST GUST SPEED    22   HIGHEST GUST DIRECTION    NE (40)
  AVERAGE WIND SPEED     6.8


SKY COVER
  POSSIBLE SUNSHINE  MM
  AVERAGE SKY COVER 0.1


WEATHER CONDITIONS
 THE FOLLOWING WEATHER WAS RECORDED YESTERDAY.
  HAZE


RELATIVE HUMIDITY (PERCENT)
 HIGHEST    84          1200 AM
 LOWEST     42           400 PM
 AVERAGE    63

..........................................................


THE GREENVILLE-SPARTANBURG SC CLIMATE NORMALS FOR TODAY
                         NORMAL    RECORD    YEAR
 MAXIMUM TEMPERATURE (F)   79        95      1933
 MINIMUM TEMPERATURE (F)   58        41      1907


SUNRISE AND SUNSET
SEPTEMBER 26 2017.....SUNRISE   720 AM EDT   SUNSET   720 PM EDT
SEPTEMBER 27 2017.....SUNRISE   721 AM EDT   SUNSET   718 PM EDT


-  INDICATES NEGATIVE NUMBERS.
R  INDICATES RECORD WAS SET OR TIED.
MM INDICATES DATA IS MISSING.
T  INDICATES TRACE AMOUNT.




$$
