000
CDUS45 KTFX 300013
CLIGTF


CLIMATE REPORT
NATIONAL WEATHER SERVICE GREAT FALLS MT
513 PM MST THU JAN 29 2015


...................................

...THE GREAT FALLS MT CLIMATE SUMMARY FOR JANUARY 29 2015...
VALID TODAY AS OF 0500 PM LOCAL TIME.

CLIMATE NORMAL PERIOD 1981 TO 2010
CLIMATE RECORD PERIOD 1886 TO 2015


WEATHER ITEM   OBSERVED TIME   RECORD YEAR NORMAL DEPARTURE LAST
                VALUE   (LST)  VALUE       VALUE  FROM      YEAR
                                                  NORMAL
..................................................................
TEMPERATURE (F)
 TODAY
  MAXIMUM         52    141 PM  61    1931  36     16       40
  MINIMUM         22    349 AM -41    1916  16      6       16
  AVERAGE         37                        26     11       28

PRECIPITATION (IN)
  TODAY            0.00          0.42 2014   0.02  -0.02     0.42
  MONTH TO DATE    0.90                      0.48   0.42     1.12
  SINCE OCT 1      3.85                      2.48   1.37     3.17
  SINCE JAN 1      0.90                      0.48   0.42     1.12

SNOWFALL (IN)
  TODAY            0.0           5.5  2013   0.3   -0.3      3.5
  MONTH TO DATE   14.0                       8.1    5.9     15.7
  SINCE DEC 1     30.2                      17.6   12.6     28.9
  SINCE JUL 1     47.6                      31.3   16.3     38.6
  SNOW DEPTH       0

DEGREE DAYS
 HEATING
  TODAY           28                        39    -11       37
  MONTH TO DATE 1098                      1155    -57      981
  SINCE DEC 1   2226                      2403   -177     2335
  SINCE JUL 1   4115                      4372   -257     4135

 COOLING
  TODAY            0                         0      0        0
  MONTH TO DATE    0                         0      0        0
  SINCE DEC 1      0                         0      0        0
  SINCE JAN 1      0                         0      0        0
..................................................................


WIND (MPH)
  HIGHEST WIND SPEED    18   HIGHEST WIND DIRECTION    SW (220)
  HIGHEST GUST SPEED    24   HIGHEST GUST DIRECTION     S (200)
  AVERAGE WIND SPEED     9.5


SKY COVER
  AVERAGE SKY COVER 0.0


WEATHER CONDITIONS
 THE FOLLOWING WEATHER WAS RECORDED TODAY.
  FOG


RELATIVE HUMIDITY (PERCENT)
 HIGHEST   100           100 AM
 LOWEST     26           200 PM
 AVERAGE    63

..........................................................


THE GREAT FALLS MT CLIMATE NORMALS FOR TOMORROW
                         NORMAL    RECORD    YEAR
 MAXIMUM TEMPERATURE (F)   36        62      1989
 MINIMUM TEMPERATURE (F)   16       -41      1916


SUNRISE AND SUNSET
JANUARY 29 2015.......SUNRISE   756 AM MST   SUNSET   522 PM MST
JANUARY 30 2015.......SUNRISE   754 AM MST   SUNSET   524 PM MST


-  INDICATES NEGATIVE NUMBERS.
R  INDICATES RECORD WAS SET OR TIED.
MM INDICATES DATA IS MISSING.
T  INDICATES TRACE AMOUNT.




$$
