000
CDUS45 KTFX 262230
CLIGTF


CLIMATE REPORT
NATIONAL WEATHER SERVICE GREAT FALLS MT
430 PM MDT SUN MAR 26 2017


...................................

...THE GREAT FALLS MT CLIMATE SUMMARY FOR MARCH 26 2017...
VALID TODAY AS OF 0400 PM LOCAL TIME.

CLIMATE NORMAL PERIOD 1981 TO 2010
CLIMATE RECORD PERIOD 1886 TO 2017


WEATHER ITEM   OBSERVED TIME   RECORD YEAR NORMAL DEPARTURE LAST
                VALUE   (LST)  VALUE       VALUE  FROM      YEAR
                                                  NORMAL
..................................................................
TEMPERATURE (F)
 TODAY
  MAXIMUM         55    259 PM  71    1946  49      6       52
  MINIMUM         29    142 AM -15    1898  26      3       22
  AVERAGE         42                        37      5       37

PRECIPITATION (IN)
  TODAY            0.00          0.41 2006   0.04  -0.04     0.00
                                      1972
  MONTH TO DATE    0.39                      0.73  -0.34     0.41
  SINCE OCT 1      4.74                      3.71   1.03     6.16
  SINCE JAN 1      1.81                      1.71   0.10     1.06

SNOWFALL (IN)
  TODAY            0.0           5.3  1991   0.4   -0.4      0.0
  MONTH TO DATE    5.6                       9.9   -4.3      1.8
  SINCE MAR 1      5.6                       9.9   -4.3      1.8
  SINCE JUL 1     43.4                      49.9   -6.5     39.7

DEGREE DAYS
 HEATING
  TODAY           23                        28     -5       28
  MONTH TO DATE  740                       820    -80      649
  SINCE MAR 1    740                       820    -80      649
  SINCE JUL 1   6438                      6325    113     5587

 COOLING
  TODAY            0                         0      0        0
  MONTH TO DATE    0                         0      0        0
  SINCE MAR 1      0                         0      0        0
  SINCE JAN 1      0                         0      0        0
..................................................................


WIND (MPH)
  HIGHEST WIND SPEED    22   HIGHEST WIND DIRECTION    SW (240)
  HIGHEST GUST SPEED    27   HIGHEST GUST DIRECTION    SW (220)
  AVERAGE WIND SPEED    12.9


SKY COVER
  AVERAGE SKY COVER 0.0


WEATHER CONDITIONS
 THE FOLLOWING WEATHER WAS RECORDED TODAY.
  NO SIGNIFICANT WEATHER WAS OBSERVED.


RELATIVE HUMIDITY (PERCENT)
 HIGHEST    69           100 AM
 LOWEST     22           200 PM
 AVERAGE    46

..........................................................


THE GREAT FALLS MT CLIMATE NORMALS FOR TOMORROW
                         NORMAL    RECORD    YEAR
 MAXIMUM TEMPERATURE (F)   49        74      2015
 MINIMUM TEMPERATURE (F)   26        -8      1898


SUNRISE AND SUNSET
MARCH 26 2017.........SUNRISE   716 AM MDT   SUNSET   747 PM MDT
MARCH 27 2017.........SUNRISE   714 AM MDT   SUNSET   749 PM MDT


-  INDICATES NEGATIVE NUMBERS.
R  INDICATES RECORD WAS SET OR TIED.
MM INDICATES DATA IS MISSING.
T  INDICATES TRACE AMOUNT.




$$
