000
CDUS45 KTFX 291111
CLIGTF


CLIMATE REPORT
NATIONAL WEATHER SERVICE GREAT FALLS MT
510 AM MDT SUN MAY 29 2016


...................................

...THE GREAT FALLS MT CLIMATE SUMMARY FOR MAY 28 2016...

CLIMATE NORMAL PERIOD 1981 TO 2010
CLIMATE RECORD PERIOD 1886 TO 2016


WEATHER ITEM   OBSERVED TIME   RECORD YEAR NORMAL DEPARTURE LAST
                VALUE   (LST)  VALUE       VALUE  FROM      YEAR
                                                  NORMAL
..................................................................
TEMPERATURE (F)
 YESTERDAY
  MAXIMUM         63    329 PM 100    1919  68     -5       57
  MINIMUM         38    435 AM  27    1947  42     -4       45
  AVERAGE         51                        55     -4       51

PRECIPITATION (IN)
  YESTERDAY        T             1.43 1990   0.11  -0.11     0.26
  MONTH TO DATE    1.99                      2.09  -0.10     3.03
  SINCE OCT 1     11.07                      7.40   3.67     8.36
  SINCE JAN 1      5.97                      5.40   0.57     5.41

SNOWFALL (IN)
  YESTERDAY        0.0           4.7  1982   0.1   -0.1      0.0
  MONTH TO DATE    T                         2.6   -2.6       T
  SINCE MAR 1      9.0                      23.1  -14.1      1.6
  SINCE JUL 1     46.9                      63.1  -16.2     57.9
  SNOW DEPTH       0

DEGREE DAYS
 HEATING
  YESTERDAY       14                        10      4       14
  MONTH TO DATE  385                       389     -4      422
  SINCE MAR 1   1716                      2001   -285     1695
  SINCE JUL 1   6654                      7506   -852     6833

 COOLING
  YESTERDAY        0                         0      0        0
  MONTH TO DATE    0                         0      0        0
  SINCE MAR 1      0                         1     -1        0
  SINCE JAN 1      0                         1     -1        0
..................................................................


WIND (MPH)
  HIGHEST WIND SPEED    22   HIGHEST WIND DIRECTION     W (250)
  HIGHEST GUST SPEED    33   HIGHEST GUST DIRECTION     W (270)
  AVERAGE WIND SPEED    12.7


SKY COVER
  AVERAGE SKY COVER 0.4


WEATHER CONDITIONS
 THE FOLLOWING WEATHER WAS RECORDED YESTERDAY.
  LIGHT RAIN


RELATIVE HUMIDITY (PERCENT)
 HIGHEST    80          1200 AM
 LOWEST     25           200 PM
 AVERAGE    53

..........................................................


THE GREAT FALLS MT CLIMATE NORMALS FOR TODAY
                         NORMAL    RECORD    YEAR
 MAXIMUM TEMPERATURE (F)   68        95      1936
 MINIMUM TEMPERATURE (F)   42        31      1895


SUNRISE AND SUNSET
MAY 29 2016...........SUNRISE   534 AM MDT   SUNSET   912 PM MDT
MAY 30 2016...........SUNRISE   533 AM MDT   SUNSET   913 PM MDT


-  INDICATES NEGATIVE NUMBERS.
R  INDICATES RECORD WAS SET OR TIED.
MM INDICATES DATA IS MISSING.
T  INDICATES TRACE AMOUNT.




$$
