000
CDUS45 KTFX 070927
CLIGTF


CLIMATE REPORT
NATIONAL WEATHER SERVICE GREAT FALLS MT
226 AM MST WED DEC 7 2016


...................................

...THE GREAT FALLS MT CLIMATE SUMMARY FOR DECEMBER 6 2016...

CLIMATE NORMAL PERIOD 1981 TO 2010
CLIMATE RECORD PERIOD 1886 TO 2016


WEATHER ITEM   OBSERVED TIME   RECORD YEAR NORMAL DEPARTURE LAST
                VALUE   (LST)  VALUE       VALUE  FROM      YEAR
                                                  NORMAL
..................................................................
TEMPERATURE (F)
 YESTERDAY
  MAXIMUM          5    259 AM  61    1987  35    -30       52
  MINIMUM         -3   1102 PM -28    2013  17    -20       35
  AVERAGE          1                        26    -25       44

PRECIPITATION (IN)
  YESTERDAY        T             0.46 1971   0.02  -0.02     0.00
  MONTH TO DATE    0.17                      0.11   0.06     0.00
  SINCE OCT 1      2.21                      1.56   0.65     4.03
  SINCE JAN 1     13.73                     14.31  -0.58    14.62

SNOWFALL (IN)
  YESTERDAY        T             5.0  1971   0.3   -0.3      0.0
  MONTH TO DATE    4.2                       1.7    2.5      0.0
  SINCE DEC 1      4.2                       1.7    2.5      0.0
  SINCE JUL 1      6.9                      15.4   -8.5     15.9
  SNOW DEPTH       1

DEGREE DAYS
 HEATING
  YESTERDAY       64                        39     25       21
  MONTH TO DATE  254                       231     23      167
  SINCE DEC 1    254                       231     23      167
  SINCE JUL 1   1839                      2200   -361     1988

 COOLING
  YESTERDAY        0                         0      0        0
  MONTH TO DATE    0                         0      0        0
  SINCE DEC 1      0                         0      0        0
  SINCE JAN 1    252                       298    -46      411
..................................................................


WIND (MPH)
  HIGHEST WIND SPEED    10   HIGHEST WIND DIRECTION    NW (310)
  HIGHEST GUST SPEED    13   HIGHEST GUST DIRECTION     N (360)
  AVERAGE WIND SPEED     6.2


SKY COVER
  AVERAGE SKY COVER 1.0


WEATHER CONDITIONS
 THE FOLLOWING WEATHER WAS RECORDED YESTERDAY.
  LIGHT SNOW
  FOG
  HAZE


RELATIVE HUMIDITY (PERCENT)
 HIGHEST    87          1200 AM
 LOWEST     71          1000 PM
 AVERAGE    79

..........................................................


THE GREAT FALLS MT CLIMATE NORMALS FOR TODAY
                         NORMAL    RECORD    YEAR
 MAXIMUM TEMPERATURE (F)   35        60      1900
 MINIMUM TEMPERATURE (F)   16       -33      2013


SUNRISE AND SUNSET
DECEMBER  7 2016......SUNRISE   800 AM MST   SUNSET   435 PM MST
DECEMBER  8 2016......SUNRISE   801 AM MST   SUNSET   434 PM MST


-  INDICATES NEGATIVE NUMBERS.
R  INDICATES RECORD WAS SET OR TIED.
MM INDICATES DATA IS MISSING.
T  INDICATES TRACE AMOUNT.




$$
