000
CDUS45 KTFX 272238
CLIGTF


CLIMATE REPORT
NATIONAL WEATHER SERVICE GREAT FALLS MT
436 PM MDT WED AUG 27 2014


...................................

...THE GREAT FALLS MT CLIMATE SUMMARY FOR AUGUST 27 2014...
VALID TODAY AS OF 0400 PM LOCAL TIME.

CLIMATE NORMAL PERIOD 1981 TO 2010
CLIMATE RECORD PERIOD 1886 TO 2014


WEATHER ITEM   OBSERVED TIME   RECORD YEAR NORMAL DEPARTURE LAST
                VALUE   (LST)  VALUE       VALUE  FROM      YEAR
                                                  NORMAL
..................................................................
TEMPERATURE (F)
 TODAY
  MAXIMUM         84    258 PM  98    1971  79      5       92
  MINIMUM         49    501 AM  39    1911  48      1       52
  AVERAGE         67                        63      4       72

PRECIPITATION (IN)
  TODAY            0.00          0.51 1928   0.06  -0.06     0.00
  MONTH TO DATE    4.39                      1.35   3.04     1.01
  SINCE OCT 1     18.51                     13.11   5.40    12.16
  SINCE JAN 1     16.46                     11.11   5.35     8.82

SNOWFALL (IN)
  TODAY            0.0           0.0         0.0    0.0      0.0
  MONTH TO DATE    0.0                       0.2   -0.2      0.0
  SINCE JUN 1      0.0                       0.5   -0.5      0.0
  SINCE JUL 1      0.0                       0.2   -0.2      0.0
  SNOW DEPTH       0

DEGREE DAYS
 HEATING
  TODAY            0                         4     -4        0
  MONTH TO DATE   57                        54      3        8
  SINCE JUN 1    285                       295    -10      196
  SINCE JUL 1     62                       104    -42       24

 COOLING
  TODAY            2                         2      0        7
  MONTH TO DATE  140                       105     35      143
  SINCE JUN 1    319                       261     58      344
  SINCE JAN 1    319                       268     51      347
..................................................................


WIND (MPH)
  HIGHEST WIND SPEED    17   HIGHEST WIND DIRECTION    SW (230)
  HIGHEST GUST SPEED    24   HIGHEST GUST DIRECTION    SW (210)
  AVERAGE WIND SPEED     9.1


SKY COVER
  AVERAGE SKY COVER 0.0


WEATHER CONDITIONS
 THE FOLLOWING WEATHER WAS RECORDED TODAY.
  NO SIGNIFICANT WEATHER WAS OBSERVED.


RELATIVE HUMIDITY (PERCENT)
 HIGHEST    80           500 AM
 LOWEST     23           300 PM
 AVERAGE    52

..........................................................


THE GREAT FALLS MT CLIMATE NORMALS FOR TOMORROW
                         NORMAL    RECORD    YEAR
 MAXIMUM TEMPERATURE (F)   78        99      2012
 MINIMUM TEMPERATURE (F)   48        35      1918


SUNRISE AND SUNSET
AUGUST 27 2014........SUNRISE   638 AM MDT   SUNSET   815 PM MDT
AUGUST 28 2014........SUNRISE   639 AM MDT   SUNSET   813 PM MDT


-  INDICATES NEGATIVE NUMBERS.
R  INDICATES RECORD WAS SET OR TIED.
MM INDICATES DATA IS MISSING.
T  INDICATES TRACE AMOUNT.




$$
