000
CDUS45 KTFX 250949
CLIGTF


CLIMATE REPORT
NATIONAL WEATHER SERVICE GREAT FALLS MT
348 AM MDT MON JUL 25 2016


...................................

...THE GREAT FALLS MT CLIMATE SUMMARY FOR JULY 24 2016...

CLIMATE NORMAL PERIOD 1981 TO 2010
CLIMATE RECORD PERIOD 1886 TO 2016


WEATHER ITEM   OBSERVED TIME   RECORD YEAR NORMAL DEPARTURE LAST
                VALUE   (LST)  VALUE       VALUE  FROM      YEAR
                                                  NORMAL
..................................................................
TEMPERATURE (F)
 YESTERDAY
  MAXIMUM         87    530 PM 102    1929  86      1       90
  MINIMUM         48    528 AM  36    1918  53     -5       58
  AVERAGE         68                        69     -1       74

PRECIPITATION (IN)
  YESTERDAY        0.00          0.95 2009   0.04  -0.04     0.00
  MONTH TO DATE    1.20                      1.24  -0.04     0.46
  SINCE OCT 1     13.28                     11.50   1.78     9.65
  SINCE JAN 1      8.18                      9.50  -1.32     6.70

SNOWFALL (IN)
  YESTERDAY        0.0           0.0  2002   0.0    0.0      0.0
  MONTH TO DATE    T                         0.0    0.0      0.0
  SINCE JUN 1      T                         0.3   -0.3      0.0
  SINCE JUL 1      T                         0.0    0.0      0.0
  SNOW DEPTH       0

DEGREE DAYS
 HEATING
  YESTERDAY        0                         1     -1        0
  MONTH TO DATE   44                        43      1       34
  SINCE JUN 1    152                       234    -82      116
  SINCE JUL 1     44                        43      1       34

 COOLING
  YESTERDAY        3                         5     -2        9
  MONTH TO DATE   76                        90    -14      109
  SINCE JUN 1    119                       122     -3      203
  SINCE JAN 1    119                       129    -10      203
..................................................................


WIND (MPH)
  HIGHEST WIND SPEED    17   HIGHEST WIND DIRECTION    SW (220)
  HIGHEST GUST SPEED    32   HIGHEST GUST DIRECTION     W (260)
  AVERAGE WIND SPEED     7.6


SKY COVER
  AVERAGE SKY COVER 0.0


WEATHER CONDITIONS
 THE FOLLOWING WEATHER WAS RECORDED YESTERDAY.
  NO SIGNIFICANT WEATHER WAS OBSERVED.


RELATIVE HUMIDITY (PERCENT)
 HIGHEST    71           500 AM
 LOWEST     15           400 PM
 AVERAGE    43

..........................................................


THE GREAT FALLS MT CLIMATE NORMALS FOR TODAY
                         NORMAL    RECORD    YEAR
 MAXIMUM TEMPERATURE (F)   86       107      1933
 MINIMUM TEMPERATURE (F)   53        37      1918


SUNRISE AND SUNSET
JULY 25 2016..........SUNRISE   555 AM MDT   SUNSET   908 PM MDT
JULY 26 2016..........SUNRISE   557 AM MDT   SUNSET   907 PM MDT


-  INDICATES NEGATIVE NUMBERS.
R  INDICATES RECORD WAS SET OR TIED.
MM INDICATES DATA IS MISSING.
T  INDICATES TRACE AMOUNT.




$$
