000
CDUS45 KTFX 272348
CLIGTF


CLIMATE REPORT
NATIONAL WEATHER SERVICE GREAT FALLS MT
447 PM MST SAT DEC 27 2014


...................................

...THE GREAT FALLS MT CLIMATE SUMMARY FOR DECEMBER 27 2014...
VALID TODAY AS OF 0400 PM LOCAL TIME.

CLIMATE NORMAL PERIOD 1981 TO 2010
CLIMATE RECORD PERIOD 1886 TO 2014


WEATHER ITEM   OBSERVED TIME   RECORD YEAR NORMAL DEPARTURE LAST
                VALUE   (LST)  VALUE       VALUE  FROM      YEAR
                                                  NORMAL
..................................................................
TEMPERATURE (F)
 TODAY
  MAXIMUM         29    217 PM  63    1980  34     -5       58
  MINIMUM         14    117 AM -37    1916  14      0       42
  AVERAGE         22                        24     -2       50

PRECIPITATION (IN)
  TODAY            0.00          0.27 2006   0.02  -0.02     0.00
  MONTH TO DATE    0.71                      0.48   0.23     0.89
  SINCE OCT 1      2.56                      1.93   0.63     2.00
  SINCE JAN 1     19.74                     14.68   5.06    11.73

SNOWFALL (IN)
  TODAY            0.0           4.4  2006   0.4   -0.4      0.0
  MONTH TO DATE    8.0                       8.2   -0.2     12.9
  SINCE DEC 1      8.0                       8.2   -0.2     12.9
  SINCE JUL 1     25.4                      21.9    3.5     22.6
  SNOW DEPTH       3

DEGREE DAYS
 HEATING
  TODAY           43                        41      2       15
  MONTH TO DATE  891                      1084   -193     1205
  SINCE DEC 1    891                      1084   -193     1205
  SINCE JUL 1   2780                      3053   -273     3005

 COOLING
  TODAY            0                         0      0        0
  MONTH TO DATE    0                         0      0        0
  SINCE DEC 1      0                         0      0        0
  SINCE JAN 1    350                       298     52      449
..................................................................


WIND (MPH)
  HIGHEST WIND SPEED    24   HIGHEST WIND DIRECTION    SW (220)
  HIGHEST GUST SPEED    29   HIGHEST GUST DIRECTION    SW (220)
  AVERAGE WIND SPEED    16.2


SKY COVER
  AVERAGE SKY COVER 0.4


WEATHER CONDITIONS
 THE FOLLOWING WEATHER WAS RECORDED TODAY.
  NO SIGNIFICANT WEATHER WAS OBSERVED.


RELATIVE HUMIDITY (PERCENT)
 HIGHEST    80          1200 AM
 LOWEST     63           300 PM
 AVERAGE    72

..........................................................


THE GREAT FALLS MT CLIMATE NORMALS FOR TOMORROW
                         NORMAL    RECORD    YEAR
 MAXIMUM TEMPERATURE (F)   34        58      1999
 MINIMUM TEMPERATURE (F)   14       -35      1968


SUNRISE AND SUNSET
DECEMBER 27 2014......SUNRISE   813 AM MST   SUNSET   441 PM MST
DECEMBER 28 2014......SUNRISE   813 AM MST   SUNSET   442 PM MST


-  INDICATES NEGATIVE NUMBERS.
R  INDICATES RECORD WAS SET OR TIED.
MM INDICATES DATA IS MISSING.
T  INDICATES TRACE AMOUNT.




$$
