000
CDGM40 PGUM 020715
CLIGUM


CLIMATE REPORT
NATIONAL WEATHER SERVICE TIYAN, GUAM
515 PM CHST TUE SEP 2 2014


...................................

...THE GUAM INTERNATIONAL AIRPORT GU CLIMATE SUMMARY FOR SEPTEMBER 2 2014...
VALID TODAY AS OF 0500 PM LOCAL TIME.

CLIMATE NORMAL PERIOD 1981 TO 2010
CLIMATE RECORD PERIOD 1945 TO 2014


WEATHER ITEM   OBSERVED TIME   RECORD YEAR NORMAL DEPARTURE LAST
                VALUE   (LST)  VALUE       VALUE  FROM      YEAR
                                                  NORMAL
..................................................................
TEMPERATURE (F)
 TODAY
  MAXIMUM         89   1240 PM  91    1988  87      2       89
                                      1987
                                      1980
  MINIMUM         78    626 AM  72    1966  76      2       74
  AVERAGE         84                        81      3       82

PRECIPITATION (IN)
  TODAY            0.10          5.06 2011   0.53  -0.43     0.56
  MONTH TO DATE    0.11                      1.06  -0.95     1.11
  SINCE SEP 1      0.11                      1.06  -0.95     1.11
  SINCE JAN 1     75.70                     57.58  18.12    40.33

SNOWFALL (IN)
  TODAY            0.0
  MONTH TO DATE    0.0
  SINCE SEP 1      0.0
  SINCE JUL 1      0.0
  SNOW DEPTH       0

DEGREE DAYS
 HEATING
  TODAY            0
  MONTH TO DATE    0
  SINCE SEP 1      0
  SINCE JUL 1      0

 COOLING
  TODAY           19                        16      3       17
  MONTH TO DATE   38                        32      6       36
  SINCE SEP 1     38                        32      6       36
  SINCE JAN 1   4338                      4019    319     4549
..................................................................


WIND (MPH)
  RESULTANT WIND SPEED   3   RESULTANT WIND DIRECTION   W (250)
  HIGHEST WIND SPEED    20   HIGHEST WIND DIRECTION     W (250)
  HIGHEST GUST SPEED    24   HIGHEST GUST DIRECTION     W (250)
  AVERAGE WIND SPEED     3.5


SKY COVER
  POSSIBLE SUNSHINE  MM
  AVERAGE SKY COVER 0.3


WEATHER CONDITIONS
 THE FOLLOWING WEATHER WAS RECORDED TODAY.
  THUNDERSTORM
  HEAVY RAIN
  FOG


RELATIVE HUMIDITY (PERCENT)
 HIGHEST    91           100 AM
 LOWEST     64          1100 AM
 AVERAGE    78

..........................................................


THE GUAM INTERNATIONAL AIRPORT GU CLIMATE NORMALS FOR TOMORROW
                         NORMAL    RECORD    YEAR
 MAXIMUM TEMPERATURE (F)   87        92      1985
 MINIMUM TEMPERATURE (F)   76        70      1992


SUNRISE AND SUNSET
SEPTEMBER  2 2014.....SUNRISE   609 AM CHST  SUNSET   632 PM CHST
SEPTEMBER  3 2014.....SUNRISE   609 AM CHST  SUNSET   631 PM CHST


-  INDICATES NEGATIVE NUMBERS.
R  INDICATES RECORD WAS SET OR TIED.
MM INDICATES DATA IS MISSING.
T  INDICATES TRACE AMOUNT.




$$
