678
CDGM40 PGUM 100636
CLIGUM


CLIMATE REPORT
NATIONAL WEATHER SERVICE TIYAN, GUAM
426 PM CHST SAT DEC 10 2016


...................................

...THE GUAM INTERNATIONAL AIRPORT GU CLIMATE SUMMARY FOR DECEMBER 10 2016...
VALID TODAY AS OF 0400 PM LOCAL TIME.

CLIMATE NORMAL PERIOD 1981 TO 2010
CLIMATE RECORD PERIOD 1945 TO 2016


WEATHER ITEM   OBSERVED TIME   RECORD YEAR NORMAL DEPARTURE LAST
                VALUE   (LST)  VALUE       VALUE  FROM      YEAR
                                                  NORMAL
..................................................................
TEMPERATURE (F)
 TODAY
  MAXIMUM         87    134 PM  90    1984  86      1       88
  MINIMUM         75    419 AM  73    1945  77     -2       79
  AVERAGE         81                        81      0       84

PRECIPITATION (IN)
  TODAY            0.03          2.93 1981   0.20  -0.17     0.65
  MONTH TO DATE    1.64                      2.25  -0.61     1.24
  SINCE DEC 1      1.64                      2.25  -0.61     1.24
  SINCE JAN 1     86.90                     93.91  -7.01   113.22

SNOWFALL (IN)
  TODAY            0.0
  MONTH TO DATE    0.0
  SINCE DEC 1      0.0
  SINCE JUL 1      0.0
  SNOW DEPTH       0

DEGREE DAYS
 HEATING
  TODAY            0
  MONTH TO DATE    0
  SINCE DEC 1      0
  SINCE JUL 1      0

 COOLING
  TODAY           16                        16      0       19
  MONTH TO DATE  186                       168     18      193
  SINCE DEC 1    186                       168     18      193
  SINCE JAN 1   6394                      5669    725     5943
..................................................................


WIND (MPH)
  RESULTANT WIND SPEED   8   RESULTANT WIND DIRECTION   E (90)
  HIGHEST WIND SPEED    18   HIGHEST WIND DIRECTION     E (100)
  HIGHEST GUST SPEED    25   HIGHEST GUST DIRECTION     E (110)
  AVERAGE WIND SPEED     8.3


SKY COVER
  POSSIBLE SUNSHINE  MM
  AVERAGE SKY COVER 0.2


WEATHER CONDITIONS
 THE FOLLOWING WEATHER WAS RECORDED TODAY.
  LIGHT RAIN
  FOG


RELATIVE HUMIDITY (PERCENT)
 HIGHEST    94           400 AM
 LOWEST     70          1100 AM
 AVERAGE    82

..........................................................


THE GUAM INTERNATIONAL AIRPORT GU CLIMATE NORMALS FOR TOMORROW
                         NORMAL    RECORD    YEAR
 MAXIMUM TEMPERATURE (F)   86        89      2014
                                             1989
                                             1985
 MINIMUM TEMPERATURE (F)   77        71      1964


SUNRISE AND SUNSET
DECEMBER 10 2016......SUNRISE   633 AM CHST  SUNSET   554 PM CHST
DECEMBER 11 2016......SUNRISE   634 AM CHST  SUNSET   555 PM CHST


-  INDICATES NEGATIVE NUMBERS.
R  INDICATES RECORD WAS SET OR TIED.
MM INDICATES DATA IS MISSING.
T  INDICATES TRACE AMOUNT.




$$
