000
CDGM40 PGUM 111845
CLIGUM


CLIMATE REPORT
NATIONAL WEATHER SERVICE TIYAN, GUAM
445 AM CHST TUE DEC 12 2017


...................................

...THE GUAM INTERNATIONAL AIRPORT GU CLIMATE SUMMARY FOR DECEMBER 11 2017...

CLIMATE NORMAL PERIOD 1981 TO 2010
CLIMATE RECORD PERIOD 1945 TO 2017


WEATHER ITEM   OBSERVED TIME   RECORD YEAR NORMAL DEPARTURE LAST
                VALUE   (LST)  VALUE       VALUE  FROM      YEAR
                                                  NORMAL
..................................................................
TEMPERATURE (F)
 YESTERDAY
  MAXIMUM         88    142 PM  89    2014  86      2       88
                                      1989
                                      1985
  MINIMUM         81   1159 PM  71    1964  77      4       77
  AVERAGE         85                        81      4       83

PRECIPITATION (IN)
  YESTERDAY        0.13          1.28 1964   0.19  -0.06     0.02
  MONTH TO DATE    2.54                      2.44   0.10     1.66
  SINCE DEC 1      2.54                      2.44   0.10     1.66
  SINCE JAN 1     95.22                     94.10   1.12    86.92

SNOWFALL (IN)
  YESTERDAY        0.0
  MONTH TO DATE    0.0
  SINCE DEC 1      0.0
  SINCE JUL 1      0.0
  SNOW DEPTH       0

DEGREE DAYS
 HEATING
  YESTERDAY        0                         0      0        0
  MONTH TO DATE    0                         0      0        0
  SINCE DEC 1      0                         0      0        0
  SINCE JUL 1      0                         0      0        0

 COOLING
  YESTERDAY       20                        16      4       18
  MONTH TO DATE  203                       184     19      204
  SINCE DEC 1    203                       184     19      204
  SINCE JAN 1   6214                      5685    529     6412
..................................................................


WIND (MPH)
  RESULTANT WIND SPEED  10   RESULTANT WIND DIRECTION   E (100)
  HIGHEST WIND SPEED    18   HIGHEST WIND DIRECTION     E (80)
  HIGHEST GUST SPEED    23   HIGHEST GUST DIRECTION     E (80)
  AVERAGE WIND SPEED    10.2


SKY COVER
  POSSIBLE SUNSHINE  MM
  AVERAGE SKY COVER 0.3


WEATHER CONDITIONS
 THE FOLLOWING WEATHER WAS RECORDED YESTERDAY.
  LIGHT RAIN
  FOG


RELATIVE HUMIDITY (PERCENT)
 HIGHEST   100           700 AM
 LOWEST     75           200 PM
 AVERAGE    88

..........................................................


THE GUAM INTERNATIONAL AIRPORT GU CLIMATE NORMALS FOR TODAY
                         NORMAL    RECORD    YEAR
 MAXIMUM TEMPERATURE (F)   86        91      1984
 MINIMUM TEMPERATURE (F)   77        70      1969
                                             1962


SUNRISE AND SUNSET
DECEMBER 12 2017......SUNRISE   634 AM CHST  SUNSET   555 PM CHST
DECEMBER 13 2017......SUNRISE   635 AM CHST  SUNSET   555 PM CHST


-  INDICATES NEGATIVE NUMBERS.
R  INDICATES RECORD WAS SET OR TIED.
MM INDICATES DATA IS MISSING.
T  INDICATES TRACE AMOUNT.




$$
