000
CDGM40 PGUM 230625
CLIGUM


CLIMATE REPORT
NATIONAL WEATHER SERVICE TIYAN, GUAM
425 PM CHST TUE SEP 23 2014


...................................

...THE GUAM INTERNATIONAL AIRPORT GU CLIMATE SUMMARY FOR SEPTEMBER 23 2014...
VALID TODAY AS OF 0400 PM LOCAL TIME.

CLIMATE NORMAL PERIOD 1981 TO 2010
CLIMATE RECORD PERIOD 1945 TO 2014


WEATHER ITEM   OBSERVED TIME   RECORD YEAR NORMAL DEPARTURE LAST
                VALUE   (LST)  VALUE       VALUE  FROM      YEAR
                                                  NORMAL
..................................................................
TEMPERATURE (F)
 TODAY
  MAXIMUM         87   1223 PM  92    1970  87      0       85
                                      1962
  MINIMUM         77    604 AM  70    1945  76      1       76
  AVERAGE         82                        82      0       81

PRECIPITATION (IN)
  TODAY            0.80          1.80 1994   0.44   0.36     0.09
  MONTH TO DATE   12.52                     11.28   1.24    29.41
  SINCE SEP 1     12.52                     11.28   1.24    29.41
  SINCE JAN 1     88.11                     67.80  20.31    68.63

SNOWFALL (IN)
  TODAY            0.0
  MONTH TO DATE    0.0
  SINCE SEP 1      0.0
  SINCE JUL 1      0.0
  SNOW DEPTH       0

DEGREE DAYS
 HEATING
  TODAY            0
  MONTH TO DATE    0
  SINCE SEP 1      0
  SINCE JUL 1      0

 COOLING
  TODAY           17                        16      1       16
  MONTH TO DATE  408                       368     40      387
  SINCE SEP 1    408                       368     40      387
  SINCE JAN 1   4708                      4355    353     4900
..................................................................


WIND (MPH)
  RESULTANT WIND SPEED   4   RESULTANT WIND DIRECTION   W (270)
  HIGHEST WIND SPEED    16   HIGHEST WIND DIRECTION    NW (310)
  HIGHEST GUST SPEED    22   HIGHEST GUST DIRECTION    NW (310)
  AVERAGE WIND SPEED     4.8


SKY COVER
  POSSIBLE SUNSHINE  MM
  AVERAGE SKY COVER 0.7


WEATHER CONDITIONS
 THE FOLLOWING WEATHER WAS RECORDED TODAY.
  THUNDERSTORM
  HEAVY RAIN
  RAIN
  LIGHT RAIN


RELATIVE HUMIDITY (PERCENT)
 HIGHEST    97           700 AM
 LOWEST     82           300 PM
 AVERAGE    90

..........................................................


THE GUAM INTERNATIONAL AIRPORT GU CLIMATE NORMALS FOR TOMORROW
                         NORMAL    RECORD    YEAR
 MAXIMUM TEMPERATURE (F)   87        91      1977
 MINIMUM TEMPERATURE (F)   76        71      1945


SUNRISE AND SUNSET
SEPTEMBER 23 2014.....SUNRISE   610 AM CHST  SUNSET   617 PM CHST
SEPTEMBER 24 2014.....SUNRISE   610 AM CHST  SUNSET   616 PM CHST


-  INDICATES NEGATIVE NUMBERS.
R  INDICATES RECORD WAS SET OR TIED.
MM INDICATES DATA IS MISSING.
T  INDICATES TRACE AMOUNT.




$$
