000
CDUS44 KAMA 101409
CLIGUY


CLIMATE REPORT
NATIONAL WEATHER SERVICE AMARILLO TX
909 AM CDT THU JUL 10 2014


...................................

...THE GUYMON CLIMATE SUMMARY FOR JULY 10 2014...
VALID AS OF 0900 AM LOCAL TIME.

CLIMATE NORMAL PERIOD 1981 TO 2010
CLIMATE RECORD PERIOD 1998 TO 2014


WEATHER ITEM   OBSERVED TIME   NORMAL DEPARTURE LAST
                VALUE   (LST)  VALUE  FROM      YEAR
                                      NORMAL
......................................................
TEMPERATURE (F)
 TODAY
  MINIMUM         64    510 AM  65     -1       70

PRECIPITATION (IN)
  TODAY            0.00          0.09  -0.09     0.29
  MONTH TO DATE    0.08          0.80  -0.72     0.32
  SINCE JUN 1      2.42          3.74  -1.32     3.25
  SINCE JAN 1      5.81          9.99  -4.18     5.60

SNOWFALL (IN)
  TODAY            0.0                           0.0
  MONTH TO DATE    0.0                           0.0
  SINCE JUN 1      0.0                            T
  SINCE JUL 1      0.0                           0.0
  SNOW DEPTH       0

......................................................


WIND (MPH)
  RESULTANT WIND SPEED   3   RESULTANT WIND DIRECTION  SW (210)
  HIGHEST WIND SPEED    15   HIGHEST WIND DIRECTION     S (190)
  HIGHEST GUST SPEED    19   HIGHEST GUST DIRECTION     S (180)
  AVERAGE WIND SPEED     5.8


SKY COVER
  AVERAGE SKY COVER 0.0


WEATHER CONDITIONS
 THE FOLLOWING WEATHER WAS RECORDED TODAY.
  NO SIGNIFICANT WEATHER WAS OBSERVED.


RELATIVE HUMIDITY (PERCENT)
 HIGHEST    67           500 AM
 LOWEST     43          1200 AM
 AVERAGE    55

..........................................................


THE GUYMON CLIMATE NORMALS FOR TOMORROW
                         NORMAL
 MAXIMUM TEMPERATURE (F)   94
 MINIMUM TEMPERATURE (F)   65


SUNRISE AND SUNSET
JULY 10 2014..........SUNRISE   636 AM CDT   SUNSET   907 PM CDT
JULY 11 2014..........SUNRISE   636 AM CDT   SUNSET   906 PM CDT


-  INDICATES NEGATIVE NUMBERS.
R  INDICATES RECORD WAS SET OR TIED.
MM INDICATES DATA IS MISSING.
T  INDICATES TRACE AMOUNT.




$$
