000
CDUS44 KAMA 250628
CLIGUY


CLIMATE REPORT
NATIONAL WEATHER SERVICE AMARILLO TX
126 AM CDT TUE APR 25 2017


...................................

...THE GUYMON CLIMATE SUMMARY FOR APRIL 24 2017...

CLIMATE NORMAL PERIOD 1981 TO 2010
CLIMATE RECORD PERIOD 1998 TO 2017


WEATHER ITEM   OBSERVED TIME   RECORD YEAR NORMAL DEPARTURE LAST
                VALUE   (LST)  VALUE       VALUE  FROM      YEAR
                                                  NORMAL
..................................................................
TEMPERATURE (F)
 YESTERDAY
  MAXIMUM         88   1245 PM  MM      MM  73     15       84
  MINIMUM         51    511 AM  MM      MM  43      8       52
  AVERAGE         70                        58     12       68

PRECIPITATION (IN)
  YESTERDAY        0.00         MM      MM   0.05  -0.05     0.00
  MONTH TO DATE    1.82                      1.20   0.62     3.72
  SINCE MAR 1      3.77                      2.63   1.14     3.98
  SINCE JAN 1      5.79                      3.50   2.29     4.41

SNOWFALL (IN)
  YESTERDAY        0.0          MM      MM  MM     MM        0.0
  MONTH TO DATE    2.0                      MM     MM        0.0
  SINCE MAR 1      2.0                      MM     MM        0.0
  SINCE JUL 1      2.8                      MM     MM        0.0
  SNOW DEPTH       0

DEGREE DAYS
 HEATING
  YESTERDAY        0                         8     -8        0
  MONTH TO DATE  184                       266    -82      178
  SINCE MAR 1    598                       847   -249      622
  SINCE JUL 1   3501                      4314   -813     3589

 COOLING
  YESTERDAY        5                         1      4        3
  MONTH TO DATE   42                         4     38       11
  SINCE MAR 1     57                         6     51       17
  SINCE JAN 1     65                         6     59       20
..................................................................


WIND (MPH)
  RESULTANT WIND SPEED  12   RESULTANT WIND DIRECTION  SW (210)
  HIGHEST WIND SPEED    25   HIGHEST WIND DIRECTION    SW (240)
  HIGHEST GUST SPEED    30   HIGHEST GUST DIRECTION    SW (220)
  AVERAGE WIND SPEED    13.3


SKY COVER
  AVERAGE SKY COVER 0.0


WEATHER CONDITIONS
 THE FOLLOWING WEATHER WAS RECORDED YESTERDAY.
  NO SIGNIFICANT WEATHER WAS OBSERVED.


RELATIVE HUMIDITY (PERCENT)
 HIGHEST    59           500 AM
 LOWEST     10           100 PM
 AVERAGE    35

..........................................................


THE GUYMON CLIMATE NORMALS FOR TODAY
                         NORMAL    RECORD    YEAR
 MAXIMUM TEMPERATURE (F)   73        MM        MM
 MINIMUM TEMPERATURE (F)   43        MM        MM


SUNRISE AND SUNSET
APRIL 25 2017.........SUNRISE   659 AM CDT   SUNSET   829 PM CDT
APRIL 26 2017.........SUNRISE   658 AM CDT   SUNSET   830 PM CDT


-  INDICATES NEGATIVE NUMBERS.
R  INDICATES RECORD WAS SET OR TIED.
MM INDICATES DATA IS MISSING.
T  INDICATES TRACE AMOUNT.




$$
