000
CDUS44 KAMA 230738
CLIGUY


CLIMATE REPORT
NATIONAL WEATHER SERVICE AMARILLO TX
137 AM CST MON JAN 23 2017


...................................

...THE GUYMON CLIMATE SUMMARY FOR JANUARY 22 2017...

CLIMATE NORMAL PERIOD 1981 TO 2010
CLIMATE RECORD PERIOD 1998 TO 2017


WEATHER ITEM   OBSERVED TIME   RECORD YEAR NORMAL DEPARTURE LAST
                VALUE   (LST)  VALUE       VALUE  FROM      YEAR
                                                  NORMAL
..................................................................
TEMPERATURE (F)
 YESTERDAY
  MAXIMUM         55    318 PM  73    2009  51      4       51
                                      2002
  MINIMUM         27   1159 PM   5    2008  22      5       20
  AVERAGE         41                        36      5       36

PRECIPITATION (IN)
  YESTERDAY        0.05         MM      MM   0.01   0.04     0.00
  MONTH TO DATE    2.01                      0.20   1.81     0.14
  SINCE DEC 1      2.45                      0.84   1.61     0.98
  SINCE JAN 1      2.01                      0.20   1.81     0.14

SNOWFALL (IN)
  YESTERDAY       MM            MM      MM  MM     MM        0.0
  MONTH TO DATE    0.0                      MM     MM        0.0
  SINCE DEC 1      0.8                      MM     MM        0.0
  SINCE JUL 1      0.8                      MM     MM        0.0
  SNOW DEPTH       0

DEGREE DAYS
 HEATING
  YESTERDAY       24                        29     -5       29
  MONTH TO DATE  680                       655     25      691
  SINCE DEC 1   1632                      1581     51     1498
  SINCE JUL 1   2170                      2472   -302     2212

 COOLING
  YESTERDAY        0                         0      0        0
  MONTH TO DATE    0                         0      0        0
  SINCE DEC 1      0                         0      0        0
  SINCE JAN 1      0                         0      0        0
..................................................................


WIND (MPH)
  RESULTANT WIND SPEED  12   RESULTANT WIND DIRECTION  NW (330)
  HIGHEST WIND SPEED    29   HIGHEST WIND DIRECTION     N (350)
  HIGHEST GUST SPEED    38   HIGHEST GUST DIRECTION     N (340)
  AVERAGE WIND SPEED    13.0


SKY COVER
  AVERAGE SKY COVER 0.2


WEATHER CONDITIONS
 THE FOLLOWING WEATHER WAS RECORDED YESTERDAY.
  RAIN
  LIGHT RAIN
  FOG


RELATIVE HUMIDITY (PERCENT)
 HIGHEST    96          1200 AM
 LOWEST     32           300 PM
 AVERAGE    64

..........................................................


THE GUYMON CLIMATE NORMALS FOR TODAY
                         NORMAL    RECORD    YEAR
 MAXIMUM TEMPERATURE (F)   51        73      2013
 MINIMUM TEMPERATURE (F)   22         0      2014


SUNRISE AND SUNSET
JANUARY 23 2017.......SUNRISE   754 AM CST   SUNSET   602 PM CST
JANUARY 24 2017.......SUNRISE   753 AM CST   SUNSET   603 PM CST


-  INDICATES NEGATIVE NUMBERS.
R  INDICATES RECORD WAS SET OR TIED.
MM INDICATES DATA IS MISSING.
T  INDICATES TRACE AMOUNT.




$$
