000
CDUS44 KAMA 230656
CLIGUY


CLIMATE REPORT
NATIONAL WEATHER SERVICE AMARILLO TX
156 AM CDT FRI JUN 23 2017


...................................

...THE GUYMON CLIMATE SUMMARY FOR JUNE 22 2017...

CLIMATE NORMAL PERIOD 1981 TO 2010
CLIMATE RECORD PERIOD 1998 TO 2017


WEATHER ITEM   OBSERVED TIME   RECORD YEAR NORMAL DEPARTURE LAST
                VALUE   (LST)  VALUE       VALUE  FROM      YEAR
                                                  NORMAL
..................................................................
TEMPERATURE (F)
 YESTERDAY
  MAXIMUM         96    522 PM  MM      MM  90      6      102
  MINIMUM         65    535 AM  MM      MM  62      3       72
  AVERAGE         81                        76      5       87

PRECIPITATION (IN)
  YESTERDAY        0.11         MM      MM   0.08   0.03     0.00
  MONTH TO DATE    1.75                      2.40  -0.65     1.21
  SINCE JUN 1      1.75                      2.40  -0.65     1.21
  SINCE JAN 1     11.94                      8.65   3.29     8.17

SNOWFALL (IN)
  YESTERDAY        0.0          MM      MM  MM     MM        0.0
  MONTH TO DATE    0.0                      MM     MM        0.0
  SINCE JUN 1      0.0                      MM     MM        0.0
  SINCE JUL 1      3.8                      MM     MM        0.0
  SNOW DEPTH       0

DEGREE DAYS
 HEATING
  YESTERDAY        0                         0      0        0
  MONTH TO DATE    0                         6     -6        0
  SINCE JUN 1      0                         6     -6        0
  SINCE JUL 1   3669                      4455   -786     3784

 COOLING
  YESTERDAY       16                        11      5       22
  MONTH TO DATE  279                       183     96      277
  SINCE JUN 1    279                       183     96      277
  SINCE JAN 1    403                       291    112      367
..................................................................


WIND (MPH)
  RESULTANT WIND SPEED   8   RESULTANT WIND DIRECTION   S (180)
  HIGHEST WIND SPEED    28   HIGHEST WIND DIRECTION    SW (210)
  HIGHEST GUST SPEED    37   HIGHEST GUST DIRECTION    SW (230)
  AVERAGE WIND SPEED    10.8


SKY COVER
  AVERAGE SKY COVER 0.1


WEATHER CONDITIONS
 THE FOLLOWING WEATHER WAS RECORDED YESTERDAY.
  THUNDERSTORM
  RAIN
  LIGHT RAIN


RELATIVE HUMIDITY (PERCENT)
 HIGHEST    93           500 AM
 LOWEST     33           500 PM
 AVERAGE    63

..........................................................


THE GUYMON CLIMATE NORMALS FOR TODAY
                         NORMAL    RECORD    YEAR
 MAXIMUM TEMPERATURE (F)   90        MM        MM
 MINIMUM TEMPERATURE (F)   63        MM        MM


SUNRISE AND SUNSET
JUNE 23 2017..........SUNRISE   628 AM CDT   SUNSET   908 PM CDT
JUNE 24 2017..........SUNRISE   628 AM CDT   SUNSET   909 PM CDT


-  INDICATES NEGATIVE NUMBERS.
R  INDICATES RECORD WAS SET OR TIED.
MM INDICATES DATA IS MISSING.
T  INDICATES TRACE AMOUNT.




$$
