000
CDUS44 KAMA 170626
CLIGUY


CLIMATE REPORT
NATIONAL WEATHER SERVICE AMARILLO TX
126 AM CDT TUE OCT 17 2017


...................................

...THE GUYMON CLIMATE SUMMARY FOR OCTOBER 16 2017...

CLIMATE NORMAL PERIOD 1981 TO 2010
CLIMATE RECORD PERIOD 1998 TO 2017


WEATHER ITEM   OBSERVED TIME   RECORD YEAR NORMAL DEPARTURE LAST
                VALUE   (LST)  VALUE       VALUE  FROM      YEAR
                                                  NORMAL
..................................................................
TEMPERATURE (F)
 YESTERDAY
  MAXIMUM         75    434 PM  98    2016  72      3       98
  MINIMUM         36    228 AM  27    2001  42     -6       48
  AVERAGE         56                        57     -1       73

PRECIPITATION (IN)
  YESTERDAY        0.00          0.09 2005   0.06  -0.06     0.00
  MONTH TO DATE    1.34                      0.93   0.41     0.65
  SINCE SEP 1      6.13                      2.72   3.41     0.66
  SINCE JAN 1     21.69                     17.49   4.20    15.10

SNOWFALL (IN)
  YESTERDAY        0.0          MM      MM  MM     MM       MM
  MONTH TO DATE    0.0                      MM     MM        0.0
  SINCE SEP 1      0.0                      MM     MM        0.0
  SINCE JUL 1      0.0                      MM     MM        0.0
  SNOW DEPTH       0

DEGREE DAYS
 HEATING
  YESTERDAY        9                         8      1        0
  MONTH TO DATE   72                       101    -29       50
  SINCE SEP 1    104                       143    -39       61
  SINCE JUL 1    104                       144    -40       61

 COOLING
  YESTERDAY        0                         1     -1        8
  MONTH TO DATE   40                        25     15       50
  SINCE SEP 1    264                       230     34      315
  SINCE JAN 1   1585                      1479    106     1752
..................................................................


WIND (MPH)
  RESULTANT WIND SPEED  12   RESULTANT WIND DIRECTION  SW (210)
  HIGHEST WIND SPEED    26   HIGHEST WIND DIRECTION    SW (210)
  HIGHEST GUST SPEED    32   HIGHEST GUST DIRECTION    SW (220)
  AVERAGE WIND SPEED    12.7


SKY COVER
  AVERAGE SKY COVER 0.0


WEATHER CONDITIONS
 THE FOLLOWING WEATHER WAS RECORDED YESTERDAY.
  NO SIGNIFICANT WEATHER WAS OBSERVED.


RELATIVE HUMIDITY (PERCENT)
 HIGHEST    92           200 AM
 LOWEST     23           200 PM
 AVERAGE    58

..........................................................


THE GUYMON CLIMATE NORMALS FOR TODAY
                         NORMAL    RECORD    YEAR
 MAXIMUM TEMPERATURE (F)   71        98      2016
 MINIMUM TEMPERATURE (F)   42        33      2002


SUNRISE AND SUNSET
OCTOBER 17 2017.......SUNRISE   755 AM CDT   SUNSET   707 PM CDT
OCTOBER 18 2017.......SUNRISE   756 AM CDT   SUNSET   705 PM CDT


-  INDICATES NEGATIVE NUMBERS.
R  INDICATES RECORD WAS SET OR TIED.
MM INDICATES DATA IS MISSING.
T  INDICATES TRACE AMOUNT.




$$
