000
CDUS42 KFFC 010839
CLIGVL


CLIMATE REPORT
NATIONAL WEATHER SERVICE PEACHTREE CITY GA
439 AM EDT FRI AUG 1 2014


...................................

...THE GAINESVILLE   CLIMATE SUMMARY FOR JULY 31 2014...

CLIMATE NORMAL PERIOD 1981 TO 2010
CLIMATE RECORD PERIOD 9999 TO 9999


WEATHER ITEM   OBSERVED TIME   RECORD YEAR NORMAL DEPARTURE LAST
                VALUE   (LST)  VALUE       VALUE  FROM      YEAR
                                                  NORMAL
..................................................................
TEMPERATURE (F)
 YESTERDAY
  MAXIMUM         78   1233 PM  MM      MM  88    -10       78
  MINIMUM         64   1136 PM  MM      MM  70     -6       71
  AVERAGE         71                        79     -8       75

PRECIPITATION (IN)
  YESTERDAY        0.03         MM      MM   0.15  -0.12     0.02
  MONTH TO DATE    4.27                      4.51  -0.24    11.80
  SINCE JUN 1      6.03                      8.90  -2.87    18.18
  SINCE JAN 1     25.20                     31.82  -6.62    33.10

DEGREE DAYS
 COOLING
  YESTERDAY        6                        14     -8       10
  MONTH TO DATE  372                       426    -54      354
  SINCE JUN 1    729                       747    -18      674
  SINCE JAN 1    958                       922     36      819
..................................................................


WIND (MPH)
  RESULTANT WIND SPEED   7   RESULTANT WIND DIRECTION  NE (60)
  HIGHEST WIND SPEED    15   HIGHEST WIND DIRECTION    NE (60)
  HIGHEST GUST SPEED    19   HIGHEST GUST DIRECTION    NE (60)
  AVERAGE WIND SPEED     7.6


SKY COVER
  AVERAGE SKY COVER 0.6


WEATHER CONDITIONS
 THE FOLLOWING WEATHER WAS RECORDED YESTERDAY.
  LIGHT RAIN


RELATIVE HUMIDITY (PERCENT)
 HIGHEST    93          1100 PM
 LOWEST     66           800 AM
 AVERAGE    80

..........................................................


THE GAINESVILLE   CLIMATE NORMALS FOR TODAY
                         NORMAL    RECORD    YEAR
 MAXIMUM TEMPERATURE (F)   88        MM        MM
 MINIMUM TEMPERATURE (F)   70        MM        MM


SUNRISE AND SUNSET
AUGUST  1 2014........SUNRISE   646 AM EDT   SUNSET   837 PM EDT
AUGUST  2 2014........SUNRISE   647 AM EDT   SUNSET   836 PM EDT


-  INDICATES NEGATIVE NUMBERS.
R  INDICATES RECORD WAS SET OR TIED.
MM INDICATES DATA IS MISSING.
T  INDICATES TRACE AMOUNT.




$$
