000
CDUS42 KFFC 240819
CLIGVL


CLIMATE REPORT
NATIONAL WEATHER SERVICE PEACHTREE CITY GA
419 AM EDT SUN JUL 24 2016


...................................

...THE GAINESVILLE   CLIMATE SUMMARY FOR JULY 23 2016...

CLIMATE NORMAL PERIOD 1981 TO 2010
CLIMATE RECORD PERIOD 9999 TO 9999


WEATHER ITEM   OBSERVED TIME   RECORD YEAR NORMAL DEPARTURE LAST
                VALUE   (LST)  VALUE       VALUE  FROM      YEAR
                                                  NORMAL
..................................................................
TEMPERATURE (F)
 YESTERDAY
  MAXIMUM         92   1243 PM  MM      MM  88      4       87
  MINIMUM         72    358 AM  MM      MM  70      2       72
  AVERAGE         82                        79      3       80

PRECIPITATION (IN)
  YESTERDAY        0.16         MM      MM   0.13   0.03      T
  MONTH TO DATE    1.58                      3.33  -1.75     3.87
  SINCE JUN 1      5.02                      7.72  -2.70     7.34
  SINCE JAN 1     22.27                     30.64  -8.37    24.66

DEGREE DAYS
 COOLING
  YESTERDAY       17                        14      3       15
  MONTH TO DATE  383                       318     65      339
  SINCE JUN 1    814                       639    175      735
  SINCE JAN 1   1045                       814    231      988
..................................................................


WIND (MPH)
  RESULTANT WIND SPEED   2   RESULTANT WIND DIRECTION   W (270)
  HIGHEST WIND SPEED    15   HIGHEST WIND DIRECTION     E (80)
  HIGHEST GUST SPEED    20   HIGHEST GUST DIRECTION    NE (60)
  AVERAGE WIND SPEED     3.8


SKY COVER
  AVERAGE SKY COVER 0.0


WEATHER CONDITIONS
 THE FOLLOWING WEATHER WAS RECORDED YESTERDAY.
  THUNDERSTORM


RELATIVE HUMIDITY (PERCENT)
 HIGHEST    94           700 AM
 LOWEST     56          1200 PM
 AVERAGE    75

..........................................................


THE GAINESVILLE   CLIMATE NORMALS FOR TODAY
                         NORMAL    RECORD    YEAR
 MAXIMUM TEMPERATURE (F)   88        MM        MM
 MINIMUM TEMPERATURE (F)   70        MM        MM


SUNRISE AND SUNSET
JULY 24 2016..........SUNRISE   641 AM EDT   SUNSET   842 PM EDT
JULY 25 2016..........SUNRISE   642 AM EDT   SUNSET   842 PM EDT


-  INDICATES NEGATIVE NUMBERS.
R  INDICATES RECORD WAS SET OR TIED.
MM INDICATES DATA IS MISSING.
T  INDICATES TRACE AMOUNT.




$$
