000
CDUS44 KJAN 250702
CLIGWO


CLIMATE REPORT
NATIONAL WEATHER SERVICE JACKSON MS
149 AM CDT TUE JUL 25 2017


...................................

...THE GREENWOOD CLIMATE SUMMARY FOR JULY 24 2017...

CLIMATE NORMAL PERIOD 1981 TO 2010
CLIMATE RECORD PERIOD 1948 TO 2017


WEATHER ITEM   OBSERVED TIME   RECORD YEAR NORMAL DEPARTURE LAST
                VALUE   (LST)  VALUE       VALUE  FROM      YEAR
                                                  NORMAL
..................................................................
TEMPERATURE (F)
 YESTERDAY
  MAXIMUM         92    210 PM 102    1952  92      0       95
  MINIMUM         73   1118 PM  59    2000  71      2       73
  AVERAGE         83                        81      2       84

PRECIPITATION (IN)
  YESTERDAY        T             4.24 1959   0.11  -0.11     0.00
  MONTH TO DATE    1.98                      2.90  -0.92     1.56
  SINCE JUN 1      7.71                      7.21   0.50     4.93
  SINCE JAN 1     29.15                     30.54  -1.39    30.72

SNOWFALL (IN)
  YESTERDAY        0.0

DEGREE DAYS
 HEATING
  YESTERDAY        0                         0      0        0
  MONTH TO DATE    0                         0      0        0
  SINCE JUN 1      0                         0      0        0
  SINCE JUL 1      0                         0      0        0

 COOLING
  YESTERDAY       18                        16      2       19
  MONTH TO DATE  424                       384     40      448
  SINCE JUN 1    806                       797      9      921
  SINCE JAN 1   1250                      1127    123     1250
..................................................................


WIND (MPH)
  HIGHEST WIND SPEED    28   HIGHEST WIND DIRECTION     S (180)
  HIGHEST GUST SPEED    34   HIGHEST GUST DIRECTION     S (190)
  AVERAGE WIND SPEED     4.5


SKY COVER
  POSSIBLE SUNSHINE  MM
  AVERAGE SKY COVER 0.6


WEATHER CONDITIONS
 THE FOLLOWING WEATHER WAS RECORDED YESTERDAY.
  THUNDERSTORM
  LIGHT RAIN
  FOG


RELATIVE HUMIDITY (PERCENT)
 HIGHEST   100           600 AM
 LOWEST     64           200 PM
 AVERAGE    82

..........................................................


THE GREENWOOD CLIMATE NORMALS FOR TODAY
                         NORMAL    RECORD    YEAR
 MAXIMUM TEMPERATURE (F)   92       102      1952
 MINIMUM TEMPERATURE (F)   71        57      2000


SUNRISE AND SUNSET
JULY 25 2017..........SUNRISE   608 AM CDT   SUNSET   805 PM CDT
JULY 26 2017..........SUNRISE   609 AM CDT   SUNSET   805 PM CDT


-  INDICATES NEGATIVE NUMBERS.
R  INDICATES RECORD WAS SET OR TIED.
MM INDICATES DATA IS MISSING.
T  INDICATES TRACE AMOUNT.




$$
