000
CDUS44 KJAN 240630
CLIGWO


CLIMATE REPORT
NATIONAL WEATHER SERVICE JACKSON MS
127 AM CDT SUN SEP 24 2017


...................................

...THE GREENWOOD CLIMATE SUMMARY FOR SEPTEMBER 23 2017...

CLIMATE NORMAL PERIOD 1981 TO 2010
CLIMATE RECORD PERIOD 1948 TO 2017


WEATHER ITEM   OBSERVED TIME   RECORD YEAR NORMAL DEPARTURE LAST
                VALUE   (LST)  VALUE       VALUE  FROM      YEAR
                                                  NORMAL
..................................................................
TEMPERATURE (F)
 YESTERDAY
  MAXIMUM         93    400 PM  96    2016  85      8       96
  MINIMUM         69    352 AM  40    1999  60      9       65
  AVERAGE         81                        72      9       81

PRECIPITATION (IN)
  YESTERDAY        0.00          2.44 2006   0.13  -0.13     0.00
  MONTH TO DATE    2.31                      2.73  -0.42     1.88
  SINCE SEP 1      2.31                      2.73  -0.42     1.88
  SINCE JAN 1     38.17                     36.80   1.37    38.38

SNOWFALL (IN)
  YESTERDAY        0.0

DEGREE DAYS
 HEATING
  YESTERDAY        0                         1     -1        0
  MONTH TO DATE    2                         4     -2        0
  SINCE SEP 1      2                         4     -2        0
  SINCE JUL 1      2                         4     -2        0

 COOLING
  YESTERDAY       16                         8      8       16
  MONTH TO DATE  225                       257    -32      369
  SINCE SEP 1    225                       257    -32      369
  SINCE JAN 1   2060                      1999     61     2316
..................................................................


WIND (MPH)
  HIGHEST WIND SPEED     9   HIGHEST WIND DIRECTION     E (80)
  HIGHEST GUST SPEED    10   HIGHEST GUST DIRECTION    NE (60)
  AVERAGE WIND SPEED     3.1


SKY COVER
  POSSIBLE SUNSHINE  MM
  AVERAGE SKY COVER 0.1


WEATHER CONDITIONS
 THE FOLLOWING WEATHER WAS RECORDED YESTERDAY.
  NO SIGNIFICANT WEATHER WAS OBSERVED.


RELATIVE HUMIDITY (PERCENT)
 HIGHEST   100          1200 AM
 LOWEST     46           200 PM
 AVERAGE    73

..........................................................


THE GREENWOOD CLIMATE NORMALS FOR TODAY
                         NORMAL    RECORD    YEAR
 MAXIMUM TEMPERATURE (F)   84        97      2016
 MINIMUM TEMPERATURE (F)   59        45      1990


SUNRISE AND SUNSET
SEPTEMBER 24 2017.....SUNRISE   650 AM CDT   SUNSET   654 PM CDT
SEPTEMBER 25 2017.....SUNRISE   651 AM CDT   SUNSET   652 PM CDT


-  INDICATES NEGATIVE NUMBERS.
R  INDICATES RECORD WAS SET OR TIED.
MM INDICATES DATA IS MISSING.
T  INDICATES TRACE AMOUNT.




$$
