000
CDUS44 KJAN 060643
CLIGWO


CLIMATE REPORT
NATIONAL WEATHER SERVICE JACKSON MS
1240 AM CST FRI MAR 6 2015


...................................

...THE GREENWOOD CLIMATE SUMMARY FOR MARCH 5 2015...

CLIMATE NORMAL PERIOD 1981 TO 2010
CLIMATE RECORD PERIOD 1948 TO 2015


WEATHER ITEM   OBSERVED TIME   RECORD YEAR NORMAL DEPARTURE LAST
                VALUE   (LST)  VALUE       VALUE  FROM      YEAR
                                                  NORMAL
..................................................................
TEMPERATURE (F)
 YESTERDAY
  MAXIMUM         35   1257 AM  79    1974  64    -29       60
  MINIMUM         25   1159 PM  20    1978  42    -17       26
  AVERAGE         30                        53    -23       43

PRECIPITATION (IN)
  YESTERDAY        0.00          2.69 2004   0.14  -0.14     0.00
  MONTH TO DATE    0.53                      0.70  -0.17     0.56
  SINCE MAR 1      0.53                      0.70  -0.17     0.56
  SINCE JAN 1      9.92                      9.64   0.28     6.84

SNOWFALL (IN)
  YESTERDAY       MM

DEGREE DAYS
 HEATING
  YESTERDAY       35                        13     22       22
  MONTH TO DATE   79                        67     12      101
  SINCE MAR 1     79                        67     12      101
  SINCE JUL 1   2600                      2298    302     2755

 COOLING
  YESTERDAY        0                         0      0        0
  MONTH TO DATE    0                         0      0        0
  SINCE MAR 1      0                         0      0        0
  SINCE JAN 1      0                         5     -5        0
..................................................................


WIND (MPH)
  HIGHEST WIND SPEED    24   HIGHEST WIND DIRECTION     N (360)
  HIGHEST GUST SPEED    34   HIGHEST GUST DIRECTION     N (360)
  AVERAGE WIND SPEED    13.4


SKY COVER
  POSSIBLE SUNSHINE  MM
  AVERAGE SKY COVER 0.5


WEATHER CONDITIONS
 THE FOLLOWING WEATHER WAS RECORDED YESTERDAY.
  LT FREEZING RAIN
  LIGHT SNOW
  FOG


RELATIVE HUMIDITY (PERCENT)
 HIGHEST    92          1200 AM
 LOWEST     50           800 PM
 AVERAGE    71

..........................................................


THE GREENWOOD CLIMATE NORMALS FOR TODAY
                         NORMAL    RECORD    YEAR
 MAXIMUM TEMPERATURE (F)   64        84      1956
 MINIMUM TEMPERATURE (F)   42        24      1960


SUNRISE AND SUNSET
MARCH  6 2015.........SUNRISE   623 AM CST   SUNSET   601 PM CST
MARCH  7 2015.........SUNRISE   621 AM CST   SUNSET   602 PM CST


-  INDICATES NEGATIVE NUMBERS.
R  INDICATES RECORD WAS SET OR TIED.
MM INDICATES DATA IS MISSING.
T  INDICATES TRACE AMOUNT.




$$
