000
CDUS44 KJAN 272110
CLIGWO


CLIMATE REPORT
NATIONAL WEATHER SERVICE JACKSON MS
409 PM CDT THU AUG 27 2015


...................................

...THE GREENWOOD CLIMATE SUMMARY FOR AUGUST 27 2015...
VALID TODAY AS OF 0400 PM LOCAL TIME.

CLIMATE NORMAL PERIOD 1981 TO 2010
CLIMATE RECORD PERIOD 1948 TO 2015


WEATHER ITEM   OBSERVED TIME   RECORD YEAR NORMAL DEPARTURE LAST
                VALUE   (LST)  VALUE       VALUE  FROM      YEAR
                                                  NORMAL
..................................................................
TEMPERATURE (F)
 TODAY
  MAXIMUM         85    259 PM 101    1990  92     -7       93
  MINIMUM         54R   551 AM  59    1958  69    -15       68
  AVERAGE         70                        80    -10       81

PRECIPITATION (IN)
  TODAY            0.00          2.06 2003   0.09  -0.09     0.00
  MONTH TO DATE    1.76                      2.42  -0.66     2.26
  SINCE JUN 1      6.13                     10.33  -4.20    16.88
  SINCE JAN 1     34.06                     33.66   0.40    40.00

DEGREE DAYS
 HEATING
  TODAY            0                         0      0        0
  MONTH TO DATE    0                         0      0        0
  SINCE JUN 1      0                         0      0        0
  SINCE JUL 1      0                         0      0        0

 COOLING
  TODAY            5                        15    -10       16
  MONTH TO DATE  424                       429     -5      405
  SINCE JUN 1   1426                      1347     79     1201
  SINCE JAN 1   1790                      1677    113     1495
..................................................................


WIND (MPH)
  HIGHEST WIND SPEED    15   HIGHEST WIND DIRECTION    NE (40)
  HIGHEST GUST SPEED    19   HIGHEST GUST DIRECTION     N (360)
  AVERAGE WIND SPEED     3.8


SKY COVER
  POSSIBLE SUNSHINE  MM
  AVERAGE SKY COVER 0.0


WEATHER CONDITIONS
 THE FOLLOWING WEATHER WAS RECORDED TODAY.
  FOG


RELATIVE HUMIDITY (PERCENT)
 HIGHEST    86          1200 AM
 LOWEST     40          1200 PM
 AVERAGE    63

..........................................................


THE GREENWOOD CLIMATE NORMALS FOR TOMORROW
                         NORMAL    RECORD    YEAR
 MAXIMUM TEMPERATURE (F)   92       102      1990
                                             1954
 MINIMUM TEMPERATURE (F)   68        59      1992
                                             1986


SUNRISE AND SUNSET
AUGUST 27 2015........SUNRISE   631 AM CDT   SUNSET   732 PM CDT
AUGUST 28 2015........SUNRISE   632 AM CDT   SUNSET   731 PM CDT


-  INDICATES NEGATIVE NUMBERS.
R  INDICATES RECORD WAS SET OR TIED.
MM INDICATES DATA IS MISSING.
T  INDICATES TRACE AMOUNT.




$$
