000
CDUS44 KJAN 280646
CLIGWO


CLIMATE REPORT
NATIONAL WEATHER SERVICE JACKSON MS
141 AM CDT WED SEP 28 2016


...................................

...THE GREENWOOD CLIMATE SUMMARY FOR SEPTEMBER 27 2016...

CLIMATE NORMAL PERIOD 1981 TO 2010
CLIMATE RECORD PERIOD 1948 TO 2016


WEATHER ITEM   OBSERVED TIME   RECORD YEAR NORMAL DEPARTURE LAST
                VALUE   (LST)  VALUE       VALUE  FROM      YEAR
                                                  NORMAL
..................................................................
TEMPERATURE (F)
 YESTERDAY
  MAXIMUM         84    245 PM  96    1955  83      1       88
                                      1954
  MINIMUM         55   1159 PM  39    2000  58     -3       66
  AVERAGE         70                        71     -1       77

PRECIPITATION (IN)
  YESTERDAY        0.00          1.45 1978   0.13  -0.13     0.00
  MONTH TO DATE    1.88                      3.26  -1.38     0.31
  SINCE SEP 1      1.88                      3.26  -1.38     0.31
  SINCE JAN 1     38.38                     37.33   1.05    34.37

SNOWFALL (IN)
  YESTERDAY        0.0

DEGREE DAYS
 HEATING
  YESTERDAY        0                         1     -1        0
  MONTH TO DATE    0                         8     -8        1
  SINCE SEP 1      0                         8     -8        1
  SINCE JUL 1      0                         8     -8        1

 COOLING
  YESTERDAY        5                         7     -2       12
  MONTH TO DATE  423                       286    137      351
  SINCE SEP 1    423                       286    137      351
  SINCE JAN 1   2370                      2028    342     2200
..................................................................


WIND (MPH)
  HIGHEST WIND SPEED    14   HIGHEST WIND DIRECTION    NE (50)
  HIGHEST GUST SPEED    19   HIGHEST GUST DIRECTION    NE (60)
  AVERAGE WIND SPEED     4.2


SKY COVER
  POSSIBLE SUNSHINE  MM
  AVERAGE SKY COVER 0.0


WEATHER CONDITIONS
 THE FOLLOWING WEATHER WAS RECORDED YESTERDAY.
  NO SIGNIFICANT WEATHER WAS OBSERVED.


RELATIVE HUMIDITY (PERCENT)
 HIGHEST    87           900 PM
 LOWEST     26           300 PM
 AVERAGE    57

..........................................................


THE GREENWOOD CLIMATE NORMALS FOR TODAY
                         NORMAL    RECORD    YEAR
 MAXIMUM TEMPERATURE (F)   83        96      1953
 MINIMUM TEMPERATURE (F)   58        42      2000


SUNRISE AND SUNSET
SEPTEMBER 28 2016.....SUNRISE   653 AM CDT   SUNSET   648 PM CDT
SEPTEMBER 29 2016.....SUNRISE   654 AM CDT   SUNSET   647 PM CDT


-  INDICATES NEGATIVE NUMBERS.
R  INDICATES RECORD WAS SET OR TIED.
MM INDICATES DATA IS MISSING.
T  INDICATES TRACE AMOUNT.




$$
