000
CDUS44 KJAN 250639
CLIGWO


CLIMATE REPORT
NATIONAL WEATHER SERVICE JACKSON MS
138 AM CDT THU AUG 25 2016


...................................

...THE GREENWOOD CLIMATE SUMMARY FOR AUGUST 24 2016...

CLIMATE NORMAL PERIOD 1981 TO 2010
CLIMATE RECORD PERIOD 1948 TO 2016


WEATHER ITEM   OBSERVED TIME   RECORD YEAR NORMAL DEPARTURE LAST
                VALUE   (LST)  VALUE       VALUE  FROM      YEAR
                                                  NORMAL
..................................................................
TEMPERATURE (F)
 YESTERDAY
  MAXIMUM         95    320 PM 102    1983  92      3       88
  MINIMUM         73    544 AM  57    2009  69      4       64
  AVERAGE         84                        81      3       76

PRECIPITATION (IN)
  YESTERDAY        T             1.59 1989   0.09  -0.09     0.01
  MONTH TO DATE    3.97                      2.14   1.83     1.76
  SINCE JUN 1     10.66                     10.05   0.61     6.13
  SINCE JAN 1     36.45                     33.38   3.07    34.06

SNOWFALL (IN)
  YESTERDAY        0.0

DEGREE DAYS
 HEATING
  YESTERDAY        0                         0      0        0
  MONTH TO DATE    0                         0      0        0
  SINCE JUN 1      0                         0      0        0
  SINCE JUL 1      0                         0      0        0

 COOLING
  YESTERDAY       19                        16      3       11
  MONTH TO DATE  439                       384     55      407
  SINCE JUN 1   1479                      1302    177     1409
  SINCE JAN 1   1808                      1632    176     1773
..................................................................


WIND (MPH)
  HIGHEST WIND SPEED     7   HIGHEST WIND DIRECTION    SE (130)
  HIGHEST GUST SPEED    10   HIGHEST GUST DIRECTION    SE (150)
  AVERAGE WIND SPEED     1.9


SKY COVER
  POSSIBLE SUNSHINE  MM
  AVERAGE SKY COVER 0.1


WEATHER CONDITIONS
 THE FOLLOWING WEATHER WAS RECORDED YESTERDAY.
  LIGHT RAIN
  FOG


RELATIVE HUMIDITY (PERCENT)
 HIGHEST    94           200 AM
 LOWEST     49           200 PM
 AVERAGE    72

..........................................................


THE GREENWOOD CLIMATE NORMALS FOR TODAY
                         NORMAL    RECORD    YEAR
 MAXIMUM TEMPERATURE (F)   92       101      1983
 MINIMUM TEMPERATURE (F)   69        58      2015


SUNRISE AND SUNSET
AUGUST 25 2016........SUNRISE   630 AM CDT   SUNSET   734 PM CDT
AUGUST 26 2016........SUNRISE   631 AM CDT   SUNSET   733 PM CDT


-  INDICATES NEGATIVE NUMBERS.
R  INDICATES RECORD WAS SET OR TIED.
MM INDICATES DATA IS MISSING.
T  INDICATES TRACE AMOUNT.




$$
