000
CDUS44 KJAN 170726
CLIGWO


CLIMATE REPORT
NATIONAL WEATHER SERVICE JACKSON MS
124 AM CST SUN DEC 17 2017


...................................

...THE GREENWOOD CLIMATE SUMMARY FOR DECEMBER 16 2017...

CLIMATE NORMAL PERIOD 1981 TO 2010
CLIMATE RECORD PERIOD 1948 TO 2017


WEATHER ITEM   OBSERVED TIME   RECORD YEAR NORMAL DEPARTURE LAST
                VALUE   (LST)  VALUE       VALUE  FROM      YEAR
                                                  NORMAL
..................................................................
TEMPERATURE (F)
 YESTERDAY
  MAXIMUM         57    140 PM  76    2001  56      1       64
  MINIMUM         26    546 AM  15    1989  35     -9       29
  AVERAGE         42                        46     -4       47

PRECIPITATION (IN)
  YESTERDAY        0.00          1.98 2012   0.19  -0.19      T
  MONTH TO DATE    1.22                      3.13  -1.91     2.75
  SINCE DEC 1      1.22                      3.13  -1.91     2.75
  SINCE JAN 1     42.04                     49.25  -7.21    45.56

SNOWFALL (IN)
  YESTERDAY        0.0

DEGREE DAYS
 HEATING
  YESTERDAY       23                        20      3       18
  MONTH TO DATE  299                       287     12      315
  SINCE DEC 1    299                       287     12      315
  SINCE JUL 1    713                       755    -42      607

 COOLING
  YESTERDAY        0                         0      0        0
  MONTH TO DATE    0                         0      0        0
  SINCE DEC 1      0                         0      0        0
  SINCE JAN 1   2341                      2159    182     2559
..................................................................


WIND (MPH)
  HIGHEST WIND SPEED    10   HIGHEST WIND DIRECTION    SE (140)
  HIGHEST GUST SPEED    14   HIGHEST GUST DIRECTION     S (160)
  AVERAGE WIND SPEED     4.1


SKY COVER
  POSSIBLE SUNSHINE  MM
  AVERAGE SKY COVER 0.1


WEATHER CONDITIONS
 THE FOLLOWING WEATHER WAS RECORDED YESTERDAY.
  NO SIGNIFICANT WEATHER WAS OBSERVED.


RELATIVE HUMIDITY (PERCENT)
 HIGHEST    92           200 AM
 LOWEST     35           200 PM
 AVERAGE    64

..........................................................


THE GREENWOOD CLIMATE NORMALS FOR TODAY
                         NORMAL    RECORD    YEAR
 MAXIMUM TEMPERATURE (F)   56        79      2016
 MINIMUM TEMPERATURE (F)   35        19      2000


SUNRISE AND SUNSET
DECEMBER 17 2017......SUNRISE   658 AM CST   SUNSET   455 PM CST
DECEMBER 18 2017......SUNRISE   659 AM CST   SUNSET   455 PM CST


-  INDICATES NEGATIVE NUMBERS.
R  INDICATES RECORD WAS SET OR TIED.
MM INDICATES DATA IS MISSING.
T  INDICATES TRACE AMOUNT.




$$
