000
CDUS44 KJAN 190656
CLIGWO


CLIMATE REPORT
NATIONAL WEATHER SERVICE JACKSON MS
152 AM CDT SAT APR 19 2014


...................................

...THE GREENWOOD CLIMATE SUMMARY FOR APRIL 18 2014...

CLIMATE NORMAL PERIOD 1981 TO 2010
CLIMATE RECORD PERIOD 1948 TO 2014


WEATHER ITEM   OBSERVED TIME   RECORD YEAR NORMAL DEPARTURE LAST
                VALUE   (LST)  VALUE       VALUE  FROM      YEAR
                                                  NORMAL
..................................................................
TEMPERATURE (F)
 YESTERDAY
  MAXIMUM         74    124 PM  91    2006  76     -2       82
  MINIMUM         51   1159 PM  34    2001  52     -1       49
  AVERAGE         63                        64     -1       66

PRECIPITATION (IN)
  YESTERDAY        0.00          1.58 2013   0.18  -0.18     1.58
  MONTH TO DATE    6.59                      3.11   3.48     5.19
  SINCE MAR 1     10.67                      7.42   3.25    11.01
  SINCE JAN 1     16.95                     16.36   0.59    23.47

SNOWFALL (IN)
  YESTERDAY        0.0

DEGREE DAYS
 HEATING
  YESTERDAY        2                         4     -2        0
  MONTH TO DATE  133                        94     39       87
  SINCE MAR 1    571                       410    161      575
  SINCE JUL 1   3225                      2641    584     2655

 COOLING
  YESTERDAY        0                         3     -3        1
  MONTH TO DATE   30                        36     -6       58
  SINCE MAR 1     34                        57    -23       58
  SINCE JAN 1     34                        62    -28       70
..................................................................


WIND (MPH)
  HIGHEST WIND SPEED    17   HIGHEST WIND DIRECTION     E (70)
  HIGHEST GUST SPEED    22   HIGHEST GUST DIRECTION     E (70)
  AVERAGE WIND SPEED     5.4


SKY COVER
  POSSIBLE SUNSHINE  MM
  AVERAGE SKY COVER 0.5


WEATHER CONDITIONS
 THE FOLLOWING WEATHER WAS RECORDED YESTERDAY.
  FOG


RELATIVE HUMIDITY (PERCENT)
 HIGHEST    96           300 AM
 LOWEST     49           100 PM
 AVERAGE    73

..........................................................


THE GREENWOOD CLIMATE NORMALS FOR TODAY
                         NORMAL    RECORD    YEAR
 MAXIMUM TEMPERATURE (F)   76        91      2006
                                             1987
 MINIMUM TEMPERATURE (F)   53        36      1983


SUNRISE AND SUNSET
APRIL 19 2014.........SUNRISE   625 AM CDT   SUNSET   734 PM CDT
APRIL 20 2014.........SUNRISE   624 AM CDT   SUNSET   735 PM CDT


-  INDICATES NEGATIVE NUMBERS.
R  INDICATES RECORD WAS SET OR TIED.
MM INDICATES DATA IS MISSING.
T  INDICATES TRACE AMOUNT.




$$
