000
CDUS41 KGYX 131013
CLIGYX


CLIMATE REPORT
NATIONAL WEATHER SERVICE GRAY ME
513 AM EST WED DEC 13 2017


...................................

...THE GRAY ME CLIMATE SUMMARY FOR DECEMBER 12 2017...

CLIMATE NORMAL PERIOD 1981 TO 2010
CLIMATE RECORD PERIOD 1995 TO 2017


WEATHER ITEM   OBSERVED TIME   RECORD YEAR NORMAL DEPARTURE LAST
                VALUE   (LST)  VALUE       VALUE  FROM      YEAR
                                                  NORMAL
..................................................................
TEMPERATURE (F)
 YESTERDAY
  MAXIMUM         29        MM  MM      MM  36     -7       25
  MINIMUM         15        MM  MM      MM  21     -6       18
  AVERAGE         22                        28     -6       22

PRECIPITATION (IN)
  YESTERDAY        0.65         MM      MM   0.13   0.52     0.60
  MONTH TO DATE    1.84                      1.71   0.13     1.93
  SINCE DEC 1      1.84                      1.71   0.13     1.93
  SINCE JAN 1     40.38                     47.87  -7.49    44.30

SNOWFALL (IN)
  YESTERDAY        2.6          MM      MM   0.6    2.0      5.8
  MONTH TO DATE    8.0                       5.6    2.4      9.9
  SINCE DEC 1      8.0                       5.6    2.4      9.9
  SINCE JUL 1      9.2                       8.7    0.5     11.2
  SNOW DEPTH       4

DEGREE DAYS
 HEATING
  YESTERDAY       43                        37      6       43
  MONTH TO DATE  379                       416    -37      431
  SINCE DEC 1    379                       416    -37      431
  SINCE JUL 1   1572                      1913   -341     1710

 COOLING
  YESTERDAY        0                         0      0        0
  MONTH TO DATE    0                         0      0        0
  SINCE DEC 1      0                         0      0        0
  SINCE JAN 1    531                       389    142      607
..................................................................







THE GRAY ME CLIMATE NORMALS FOR TODAY
                         NORMAL
 MAXIMUM TEMPERATURE (F)   36
 MINIMUM TEMPERATURE (F)   21


SUNRISE AND SUNSET
DECEMBER 13 2017......SUNRISE   707 AM EST   SUNSET   404 PM EST
DECEMBER 14 2017......SUNRISE   708 AM EST   SUNSET   404 PM EST


-  INDICATES NEGATIVE NUMBERS.
R  INDICATES RECORD WAS SET OR TIED.
MM INDICATES DATA IS MISSING.
T  INDICATES TRACE AMOUNT.




$$
