000
CDUS41 KGYX 310803
CLIGYX


CLIMATE REPORT
NATIONAL WEATHER SERVICE GRAY ME
402 AM EDT THU JUL 31 2014


...................................

...THE GRAY ME CLIMATE SUMMARY FOR JULY 30 2014...

CLIMATE NORMAL PERIOD 1981 TO 2010
CLIMATE RECORD PERIOD 1995 TO 2014


WEATHER ITEM   OBSERVED NORMAL DEPARTURE LAST
                VALUE   VALUE  FROM      YEAR
                               NORMAL
...............................................
TEMPERATURE (F)
 YESTERDAY
  MAXIMUM         72     80     -8       80
  MINIMUM         58     60     -2       59
  AVERAGE         65     70     -5       70

PRECIPITATION (IN)
  YESTERDAY        0.03   0.12  -0.09      T
  MONTH TO DATE    6.98   4.17   2.81     3.78
  SINCE JUN 1      9.98   8.47   1.51     9.78
  SINCE JAN 1     28.33  27.76   0.57    24.07

SNOWFALL (IN)
  YESTERDAY        0.0    0.0    0.0      0.0
  MONTH TO DATE    0.0    0.0    0.0      0.0
  SINCE JUN 1      0.0    0.0    0.0      0.0
  SINCE JUL 1      0.0    0.0    0.0      0.0
  SNOW DEPTH       0

DEGREE DAYS
 HEATING
  YESTERDAY        0      0      0        0
  MONTH TO DATE    0      7     -7        9
  SINCE JUN 1     74    101    -27       80
  SINCE JUL 1      0      7     -7        9

 COOLING
  YESTERDAY        0      5     -5        5
  MONTH TO DATE  164    143     21      214
  SINCE JUN 1    229    208     21      309
  SINCE JAN 1    230    219     11      326
...............................................





WEATHER CONDITIONS
 THE FOLLOWING WEATHER WAS RECORDED YESTERDAY.
  NO SIGNIFICANT WEATHER WAS OBSERVED.


..........................................................


THE GRAY ME CLIMATE NORMALS FOR TODAY
                         NORMAL
 MAXIMUM TEMPERATURE (F)   80
 MINIMUM TEMPERATURE (F)   60


SUNRISE AND SUNSET
JULY 31 2014..........SUNRISE   528 AM EDT   SUNSET   806 PM EDT
AUGUST  1 2014........SUNRISE   529 AM EDT   SUNSET   805 PM EDT


-  INDICATES NEGATIVE NUMBERS.
R  INDICATES RECORD WAS SET OR TIED.
MM INDICATES DATA IS MISSING.
T  INDICATES TRACE AMOUNT.




$$
