000
CDUS41 KGYX 050903
CLIGYX


CLIMATE REPORT
NATIONAL WEATHER SERVICE GRAY ME
402 AM EST THU MAR 5 2015


...................................

...THE GRAY ME CLIMATE SUMMARY FOR MARCH 4 2015...

CLIMATE NORMAL PERIOD 1981 TO 2010
CLIMATE RECORD PERIOD 1995 TO 2015


WEATHER ITEM   OBSERVED TIME   RECORD YEAR NORMAL DEPARTURE LAST
                VALUE   (LST)  VALUE       VALUE  FROM      YEAR
                                                  NORMAL
..................................................................
TEMPERATURE (F)
 YESTERDAY
  MAXIMUM         45        MM  MM      MM  38      7       28
  MINIMUM         25        MM  -4    2003  21      4        0
  AVERAGE         35                        30      5       14

PRECIPITATION (IN)
  YESTERDAY        0.05         MM      MM   0.13  -0.08     0.00
  MONTH TO DATE    0.27                      0.53  -0.26     0.00
  SINCE MAR 1      0.27                      0.53  -0.26     0.00
  SINCE JAN 1      6.24                      7.37  -1.13     6.99

SNOWFALL (IN)
  YESTERDAY        0.5          MM      MM   0.8   -0.3      0.0
  MONTH TO DATE    2.6                       3.2   -0.6      0.0
  SINCE MAR 1      2.6                       3.2   -0.6      0.0
  SINCE JUL 1    101.7                      62.3   39.4     74.1
  SNOW DEPTH      25

DEGREE DAYS
 HEATING
  YESTERDAY       30                        36     -6       51
  MONTH TO DATE  162                       144     18      195
  SINCE MAR 1    162                       144     18      195
  SINCE JUL 1   5638                      5302    336     5605

 COOLING
  YESTERDAY        0                         0      0        0
  MONTH TO DATE    0                         0      0        0
  SINCE MAR 1      0                         0      0        0
  SINCE JAN 1      0                         0      0        0
..................................................................







THE GRAY ME CLIMATE NORMALS FOR TODAY
                         NORMAL
 MAXIMUM TEMPERATURE (F)   39
 MINIMUM TEMPERATURE (F)   21


SUNRISE AND SUNSET
MARCH  5 2015.........SUNRISE   611 AM EST   SUNSET   534 PM EST
MARCH  6 2015.........SUNRISE   610 AM EST   SUNSET   536 PM EST


-  INDICATES NEGATIVE NUMBERS.
R  INDICATES RECORD WAS SET OR TIED.
MM INDICATES DATA IS MISSING.
T  INDICATES TRACE AMOUNT.




$$
