000
CDUS41 KGYX 200807
CLIGYX


CLIMATE REPORT
NATIONAL WEATHER SERVICE GRAY ME
406 AM EDT FRI OCT 20 2017


...................................

...THE GRAY ME CLIMATE SUMMARY FOR OCTOBER 19 2017...

CLIMATE NORMAL PERIOD 1981 TO 2010
CLIMATE RECORD PERIOD 1995 TO 2017


WEATHER ITEM   OBSERVED TIME   RECORD YEAR NORMAL DEPARTURE LAST
                VALUE   (LST)  VALUE       VALUE  FROM      YEAR
                                                  NORMAL
..................................................................
TEMPERATURE (F)
 YESTERDAY
  MAXIMUM         73        MM  MM      MM  57     16       76
  MINIMUM         45        MM  MM      MM  39      6       52
  AVERAGE         59                        48     11       64

PRECIPITATION (IN)
  YESTERDAY        0.00         MM      MM   0.17  -0.17     0.02
  MONTH TO DATE    0.13                      3.18  -3.05     0.86
  SINCE SEP 1      2.70                      7.37  -4.67     1.92
  SINCE JAN 1     30.63                     38.85  -8.22    31.09

SNOWFALL (IN)
  YESTERDAY        0.0          MM      MM   0.0    0.0      0.0
  MONTH TO DATE    0.0                       0.0    0.0      0.0
  SINCE SEP 1      0.0                       0.0    0.0      0.0
  SINCE JUL 1      0.0                       0.0    0.0      0.0
  SNOW DEPTH       0

DEGREE DAYS
 HEATING
  YESTERDAY        6                        17    -11        1
  MONTH TO DATE  137                       266   -129      192
  SINCE SEP 1    203                       434   -231      287
  SINCE JUL 1    234                       470   -236      306

 COOLING
  YESTERDAY        0                         0      0        0
  MONTH TO DATE   11                         0     11        0
  SINCE SEP 1     93                        28     65       80
  SINCE JAN 1    531                       387    144      607
..................................................................







THE GRAY ME CLIMATE NORMALS FOR TODAY
                         NORMAL
 MAXIMUM TEMPERATURE (F)   57
 MINIMUM TEMPERATURE (F)   39


SUNRISE AND SUNSET
OCTOBER 20 2017.......SUNRISE   702 AM EDT   SUNSET   549 PM EDT
OCTOBER 21 2017.......SUNRISE   703 AM EDT   SUNSET   547 PM EDT


-  INDICATES NEGATIVE NUMBERS.
R  INDICATES RECORD WAS SET OR TIED.
MM INDICATES DATA IS MISSING.
T  INDICATES TRACE AMOUNT.




$$
