000
CDUS41 KGYX 050814
CLIGYX


CLIMATE REPORT
NATIONAL WEATHER SERVICE GRAY ME
414 AM EDT SAT SEP 5 2015


...................................

...THE GRAY ME CLIMATE SUMMARY FOR SEPTEMBER 4 2015...

CLIMATE NORMAL PERIOD 1981 TO 2010
CLIMATE RECORD PERIOD 1995 TO 2015


WEATHER ITEM   OBSERVED TIME   RECORD YEAR NORMAL DEPARTURE LAST
                VALUE   (LST)  VALUE       VALUE  FROM      YEAR
                                                  NORMAL
..................................................................
TEMPERATURE (F)
 YESTERDAY
  MAXIMUM         73        MM  MM      MM  75     -2       79
  MINIMUM         55        MM  MM      MM  55      0       58
  AVERAGE         64                        65     -1       69

PRECIPITATION (IN)
  YESTERDAY        0.00         MM      MM   0.13  -0.13     0.00
  MONTH TO DATE    0.05                      0.49  -0.44     0.02
  SINCE SEP 1      0.05                      0.49  -0.44     0.02
  SINCE JAN 1     25.42                     31.97  -6.55    35.43

SNOWFALL (IN)
  YESTERDAY        0.0          MM      MM   0.0    0.0      0.0
  MONTH TO DATE    0.0                       0.0    0.0      0.0
  SINCE SEP 1      0.0                       0.0    0.0      0.0
  SINCE JUL 1      0.0                       0.0    0.0      0.0
  SNOW DEPTH       0

DEGREE DAYS
 HEATING
  YESTERDAY        1                         2     -1        0
  MONTH TO DATE    1                         8     -7        0
  SINCE SEP 1      1                         8     -7        0
  SINCE JUL 1     17                        44    -27       14

 COOLING
  YESTERDAY        0                         2     -2        4
  MONTH TO DATE   21                         9     12       28
  SINCE SEP 1     21                         9     12       28
  SINCE JAN 1    394                       368     26      340
..................................................................







THE GRAY ME CLIMATE NORMALS FOR TODAY
                         NORMAL
 MAXIMUM TEMPERATURE (F)   74
 MINIMUM TEMPERATURE (F)   55


SUNRISE AND SUNSET
SEPTEMBER  5 2015.....SUNRISE   609 AM EDT   SUNSET   710 PM EDT
SEPTEMBER  6 2015.....SUNRISE   610 AM EDT   SUNSET   708 PM EDT


-  INDICATES NEGATIVE NUMBERS.
R  INDICATES RECORD WAS SET OR TIED.
MM INDICATES DATA IS MISSING.
T  INDICATES TRACE AMOUNT.




$$
