000
CDUS41 KGYX 280802
CLIGYX


CLIMATE REPORT
NATIONAL WEATHER SERVICE GRAY ME
402 AM EDT SUN AUG 28 2016


...................................

...THE GRAY ME CLIMATE SUMMARY FOR AUGUST 27 2016...

CLIMATE NORMAL PERIOD 1981 TO 2010
CLIMATE RECORD PERIOD 1995 TO 2016


WEATHER ITEM   OBSERVED TIME   RECORD YEAR NORMAL DEPARTURE LAST
                VALUE   (LST)  VALUE       VALUE  FROM      YEAR
                                                  NORMAL
..................................................................
TEMPERATURE (F)
 YESTERDAY
  MAXIMUM         85        MM  MM      MM  77      8       77
  MINIMUM         65        MM  MM      MM  57      8       60
  AVERAGE         75                        67      8       69

PRECIPITATION (IN)
  YESTERDAY        0.00         MM      MM   0.12  -0.12     0.00
  MONTH TO DATE    3.20                      3.11   0.09     3.92
  SINCE JUN 1     11.43                     11.71  -0.28    12.32
  SINCE JAN 1     29.06                     31.00  -1.94    25.37

SNOWFALL (IN)
  YESTERDAY        0.0          MM      MM   0.0    0.0      0.0
  MONTH TO DATE    0.0                       0.0    0.0      0.0
  SINCE JUN 1      0.0                       0.0    0.0      0.0
  SINCE JUL 1      0.0                       0.0    0.0      0.0
  SNOW DEPTH       0

DEGREE DAYS
 HEATING
  YESTERDAY        0                         1     -1        0
  MONTH TO DATE    1                        15    -14        3
  SINCE JUN 1     89                       123    -34      173
  SINCE JUL 1     19                        29    -10       16

 COOLING
  YESTERDAY       10                         3      7        4
  MONTH TO DATE  212                       122     90      149
  SINCE JUN 1    491                       337    154      315
  SINCE JAN 1    513                       348    165      355
..................................................................







THE GRAY ME CLIMATE NORMALS FOR TODAY
                         NORMAL
 MAXIMUM TEMPERATURE (F)   77
 MINIMUM TEMPERATURE (F)   57


SUNRISE AND SUNSET
AUGUST 28 2016........SUNRISE   600 AM EDT   SUNSET   723 PM EDT
AUGUST 29 2016........SUNRISE   601 AM EDT   SUNSET   721 PM EDT


-  INDICATES NEGATIVE NUMBERS.
R  INDICATES RECORD WAS SET OR TIED.
MM INDICATES DATA IS MISSING.
T  INDICATES TRACE AMOUNT.




$$
