000
CDUS41 KGYX 010802
CLIGYX


CLIMATE REPORT
NATIONAL WEATHER SERVICE GRAY ME
401 AM EDT SAT OCT 1 2016


...................................

...THE GRAY ME CLIMATE SUMMARY FOR SEPTEMBER 30 2016...

CLIMATE NORMAL PERIOD 1981 TO 2010
CLIMATE RECORD PERIOD 1995 TO 2016


WEATHER ITEM   OBSERVED TIME   RECORD YEAR NORMAL DEPARTURE LAST
                VALUE   (LST)  VALUE       VALUE  FROM      YEAR
                                                  NORMAL
..................................................................
TEMPERATURE (F)
 YESTERDAY
  MAXIMUM         62        MM  MM      MM  64     -2       68
  MINIMUM         50        MM  MM      MM  45      5       50
  AVERAGE         56                        54      2       59

PRECIPITATION (IN)
  YESTERDAY        0.00         MM      MM   0.16  -0.16     5.50
  MONTH TO DATE    1.06                      4.19  -3.13     7.96
  SINCE SEP 1      1.06                      4.19  -3.13     7.96
  SINCE JAN 1     30.23                     35.67  -5.44    33.33

SNOWFALL (IN)
  YESTERDAY        0.0          MM      MM   0.0    0.0      0.0
  MONTH TO DATE    0.0                       0.0    0.0      0.0
  SINCE SEP 1      0.0                       0.0    0.0      0.0
  SINCE JUL 1      0.0                       0.0    0.0      0.0
  SNOW DEPTH       0

DEGREE DAYS
 HEATING
  YESTERDAY        9                        11     -2        6
  MONTH TO DATE   92                       169    -77       72
  SINCE SEP 1     92                       168    -76       72
  SINCE JUL 1    111                       204    -93       88

 COOLING
  YESTERDAY        0                         0      0        0
  MONTH TO DATE   80                        28     52       95
  SINCE SEP 1     80                        28     52       95
  SINCE JAN 1    607                       387    220      468
..................................................................







THE GRAY ME CLIMATE NORMALS FOR TODAY
                         NORMAL
 MAXIMUM TEMPERATURE (F)   64
 MINIMUM TEMPERATURE (F)   45


SUNRISE AND SUNSET
OCTOBER  1 2016.......SUNRISE   639 AM EDT   SUNSET   621 PM EDT
OCTOBER  2 2016.......SUNRISE   640 AM EDT   SUNSET   619 PM EDT


-  INDICATES NEGATIVE NUMBERS.
R  INDICATES RECORD WAS SET OR TIED.
MM INDICATES DATA IS MISSING.
T  INDICATES TRACE AMOUNT.




$$
