000
CDUS41 KGYX 260802
CLIGYX


CLIMATE REPORT
NATIONAL WEATHER SERVICE GRAY ME
401 AM EDT WED APR 26 2017


...................................

...THE GRAY ME CLIMATE SUMMARY FOR APRIL 25 2017...

CLIMATE NORMAL PERIOD 1981 TO 2010
CLIMATE RECORD PERIOD 1995 TO 2017


WEATHER ITEM   OBSERVED TIME   RECORD YEAR NORMAL DEPARTURE LAST
                VALUE   (LST)  VALUE       VALUE  FROM      YEAR
                                                  NORMAL
..................................................................
TEMPERATURE (F)
 YESTERDAY
  MAXIMUM         49        MM  MM      MM  58     -9       62
  MINIMUM         39        MM  MM      MM  39      0       35
  AVERAGE         44                        48     -4       49

PRECIPITATION (IN)
  YESTERDAY        0.38         MM      MM   0.14   0.24     0.00
  MONTH TO DATE    3.80                      3.65   0.15     2.21
  SINCE MAR 1      6.62                      7.82  -1.20     6.75
  SINCE JAN 1     13.30                     14.66  -1.36    15.01

SNOWFALL (IN)
  YESTERDAY        0.0          MM      MM   0.0    0.0      0.0
  MONTH TO DATE   11.0                       4.6    6.4      1.0
  SINCE MAR 1     34.1                      24.5    9.6     10.3
  SINCE JUL 1    123.9                      83.6   40.3     47.6
  SNOW DEPTH       0

DEGREE DAYS
 HEATING
  YESTERDAY       21                        17      4       16
  MONTH TO DATE  491                       544    -53      550
  SINCE MAR 1   1654                      1537    117     1442
  SINCE JUL 1   6348                      6695   -347     5962

 COOLING
  YESTERDAY        0                         0      0        0
  MONTH TO DATE    2                         0      2        0
  SINCE MAR 1      2                         0      2        0
  SINCE JAN 1      2                         0      2        0
..................................................................







THE GRAY ME CLIMATE NORMALS FOR TODAY
                         NORMAL
 MAXIMUM TEMPERATURE (F)   58
 MINIMUM TEMPERATURE (F)   39


SUNRISE AND SUNSET
APRIL 26 2017.........SUNRISE   540 AM EDT   SUNSET   738 PM EDT
APRIL 27 2017.........SUNRISE   538 AM EDT   SUNSET   740 PM EDT


-  INDICATES NEGATIVE NUMBERS.
R  INDICATES RECORD WAS SET OR TIED.
MM INDICATES DATA IS MISSING.
T  INDICATES TRACE AMOUNT.




$$
