000
CDUS41 KGYX 170801
CLIGYX


CLIMATE REPORT
NATIONAL WEATHER SERVICE GRAY ME
401 AM EDT THU AUG 17 2017


...................................

...THE GRAY ME CLIMATE SUMMARY FOR AUGUST 16 2017...

CLIMATE NORMAL PERIOD 1981 TO 2010
CLIMATE RECORD PERIOD 1995 TO 2017


WEATHER ITEM   OBSERVED TIME   RECORD YEAR NORMAL DEPARTURE LAST
                VALUE   (LST)  VALUE       VALUE  FROM      YEAR
                                                  NORMAL
..................................................................
TEMPERATURE (F)
 YESTERDAY
  MAXIMUM         81        MM  MM      MM  79      2       77
  MINIMUM         60        MM  MM      MM  59      1       62
  AVERAGE         71                        69      2       70

PRECIPITATION (IN)
  YESTERDAY        0.00         MM      MM   0.11  -0.11     0.36
  MONTH TO DATE    0.51                      1.86  -1.35     2.12
  SINCE JUN 1      5.27                     10.46  -5.19    10.35
  SINCE JAN 1     25.81                     29.75  -3.94    27.98

SNOWFALL (IN)
  YESTERDAY        0.0          MM      MM   0.0    0.0      0.0
  MONTH TO DATE    0.0                       0.0    0.0      0.0
  SINCE JUN 1      0.0                       0.0    0.0      0.0
  SINCE JUL 1      0.0                       0.0    0.0      0.0
  SNOW DEPTH       0

DEGREE DAYS
 HEATING
  YESTERDAY        0                         1     -1        0
  MONTH TO DATE    0                         4     -4        1
  SINCE JUN 1     90                       112    -22       89
  SINCE JUL 1     13                        18     -5       19

 COOLING
  YESTERDAY        6                         5      1        5
  MONTH TO DATE   96                        80     16      129
  SINCE JUN 1    375                       295     80      408
  SINCE JAN 1    396                       306     90      430
..................................................................







THE GRAY ME CLIMATE NORMALS FOR TODAY
                         NORMAL
 MAXIMUM TEMPERATURE (F)   79
 MINIMUM TEMPERATURE (F)   59


SUNRISE AND SUNSET
AUGUST 17 2017........SUNRISE   548 AM EDT   SUNSET   742 PM EDT
AUGUST 18 2017........SUNRISE   549 AM EDT   SUNSET   740 PM EDT


-  INDICATES NEGATIVE NUMBERS.
R  INDICATES RECORD WAS SET OR TIED.
MM INDICATES DATA IS MISSING.
T  INDICATES TRACE AMOUNT.




$$
