000
CDUS44 KJAN 272124
CLIHBG


CLIMATE REPORT
NATIONAL WEATHER SERVICE JACKSON MS
423 PM CDT TUE JUN 27 2017


...................................

...THE HATTIESBURG CLIMATE SUMMARY FOR JUNE 27 2017...
VALID TODAY AS OF 0400 PM LOCAL TIME.

CLIMATE NORMAL PERIOD 1981 TO 2010
CLIMATE RECORD PERIOD 1948 TO 2017


WEATHER ITEM   OBSERVED TIME   RECORD YEAR NORMAL DEPARTURE LAST
                VALUE   (LST)  VALUE       VALUE  FROM      YEAR
                                                  NORMAL
..................................................................
TEMPERATURE (F)
 TODAY
  MAXIMUM         87    137 PM 100    2009  91     -4       97
                                      1952
  MINIMUM         67    557 AM  57    1974  70     -3       76
  AVERAGE         77                        81     -4       87

PRECIPITATION (IN)
  TODAY            0.00          2.41 2003   0.23  -0.23      T
  MONTH TO DATE    9.59                      4.83   4.76     5.90
  SINCE JUN 1      9.59                      4.83   4.76     5.90
  SINCE JAN 1     40.02                     31.37   8.65    37.06

SNOWFALL (IN)
  TODAY            0.0

DEGREE DAYS
 HEATING
  TODAY            0                         0      0        0
  MONTH TO DATE    0                         0      0        0
  SINCE JUN 1      0                         0      0        0
  SINCE JUL 1   1157                      1985   -828     1383

 COOLING
  TODAY           12                        16     -4       22
  MONTH TO DATE  344                       375    -31      455
  SINCE JUN 1    344                       375    -31      455
  SINCE JAN 1    865                       790     75      919
..................................................................


WIND (MPH)
  HIGHEST WIND SPEED    10   HIGHEST WIND DIRECTION     E (90)
  HIGHEST GUST SPEED    13   HIGHEST GUST DIRECTION    NE (50)
  AVERAGE WIND SPEED     2.6


SKY COVER
  POSSIBLE SUNSHINE  MM
  AVERAGE SKY COVER 0.0


WEATHER CONDITIONS
 THE FOLLOWING WEATHER WAS RECORDED TODAY.
  NO SIGNIFICANT WEATHER WAS OBSERVED.


RELATIVE HUMIDITY (PERCENT)
 HIGHEST    93          1200 AM
 LOWEST     51          1200 PM
 AVERAGE    72

..........................................................


THE HATTIESBURG CLIMATE NORMALS FOR TOMORROW
                         NORMAL    RECORD    YEAR
 MAXIMUM TEMPERATURE (F)   91       102      2009
 MINIMUM TEMPERATURE (F)   70        55      1974


SUNRISE AND SUNSET
JUNE 27 2017..........SUNRISE   555 AM CDT   SUNSET   805 PM CDT
JUNE 28 2017..........SUNRISE   555 AM CDT   SUNSET   805 PM CDT


-  INDICATES NEGATIVE NUMBERS.
R  INDICATES RECORD WAS SET OR TIED.
MM INDICATES DATA IS MISSING.
T  INDICATES TRACE AMOUNT.




$$
