000
CDUS44 KJAN 270639
CLIHBG


CLIMATE REPORT
NATIONAL WEATHER SERVICE JACKSON MS
1237 AM CST MON FEB 27 2017


...................................

...THE HATTIESBURG CLIMATE SUMMARY FOR FEBRUARY 26 2017...

CLIMATE NORMAL PERIOD 1981 TO 2010
CLIMATE RECORD PERIOD 1948 TO 2017


WEATHER ITEM   OBSERVED TIME   RECORD YEAR NORMAL DEPARTURE LAST
                VALUE   (LST)  VALUE       VALUE  FROM      YEAR
                                                  NORMAL
..................................................................
TEMPERATURE (F)
 YESTERDAY
  MAXIMUM         70    437 PM  83    1977  67      3       59
  MINIMUM         34    648 AM  23    1974  43     -9       32
  AVERAGE         52                        55     -3       46

PRECIPITATION (IN)
  YESTERDAY        0.00          1.69 2003   0.20  -0.20     0.00
  MONTH TO DATE    1.99                      5.00  -3.01     4.85
  SINCE DEC 1     18.12                     15.65   2.47    19.38
  SINCE JAN 1     11.06                     10.74   0.32     9.37

SNOWFALL (IN)
  YESTERDAY        0.0

DEGREE DAYS
 HEATING
  YESTERDAY       13                        11      2       19
  MONTH TO DATE  153                       358   -205      290
  SINCE DEC 1    766                      1329   -563     1028
  SINCE JUL 1    962                      1657   -695     1206

 COOLING
  YESTERDAY        0                         1     -1        0
  MONTH TO DATE   30                         1     29       25
  SINCE DEC 1    101                        20     81       96
  SINCE JAN 1     62                         7     55       25
..................................................................


WIND (MPH)
  HIGHEST WIND SPEED    14   HIGHEST WIND DIRECTION    SE (150)
  HIGHEST GUST SPEED    19   HIGHEST GUST DIRECTION     S (160)
  AVERAGE WIND SPEED     4.4


SKY COVER
  POSSIBLE SUNSHINE  MM
  AVERAGE SKY COVER 0.0


WEATHER CONDITIONS
 THE FOLLOWING WEATHER WAS RECORDED YESTERDAY.
  NO SIGNIFICANT WEATHER WAS OBSERVED.


RELATIVE HUMIDITY (PERCENT)
 HIGHEST    82           500 AM
 LOWEST     18           300 PM
 AVERAGE    50

..........................................................


THE HATTIESBURG CLIMATE NORMALS FOR TODAY
                         NORMAL    RECORD    YEAR
 MAXIMUM TEMPERATURE (F)   67        84      2011
                                             1951
 MINIMUM TEMPERATURE (F)   43        22      1974


SUNRISE AND SUNSET
FEBRUARY 27 2017......SUNRISE   626 AM CST   SUNSET   554 PM CST
FEBRUARY 28 2017......SUNRISE   625 AM CST   SUNSET   555 PM CST


-  INDICATES NEGATIVE NUMBERS.
R  INDICATES RECORD WAS SET OR TIED.
MM INDICATES DATA IS MISSING.
T  INDICATES TRACE AMOUNT.




$$
