000
CDUS44 KJAN 202223
CLIHBG


CLIMATE REPORT
NATIONAL WEATHER SERVICE JACKSON MS
418 PM CST THU NOV 20 2014


...................................

...THE HATTIESBURG CLIMATE SUMMARY FOR NOVEMBER 20 2014...
VALID TODAY AS OF 0400 PM LOCAL TIME.

CLIMATE NORMAL PERIOD 1981 TO 2010
CLIMATE RECORD PERIOD 1948 TO 2014


WEATHER ITEM   OBSERVED TIME   RECORD YEAR NORMAL DEPARTURE LAST
                VALUE   (LST)  VALUE       VALUE  FROM      YEAR
                                                  NORMAL
..................................................................
TEMPERATURE (F)
 TODAY
  MAXIMUM         70    245 PM  83    1981  68      2       71
  MINIMUM         33    637 AM  24    1951  44    -11       35
  AVERAGE         52                        56     -4       53

PRECIPITATION (IN)
  TODAY            0.00          3.38 1953   0.15  -0.15     0.00
  MONTH TO DATE    1.26                      2.68  -1.42     1.69
  SINCE SEP 1      8.41                     10.51  -2.10     8.02
  SINCE JAN 1     45.69                     52.67  -6.98    60.19

SNOWFALL (IN)
  TODAY            0.0

DEGREE DAYS
 HEATING
  TODAY           13                        10      3       12
  MONTH TO DATE  261                       142    119      148
  SINCE SEP 1    306                       217     89      193
  SINCE JUL 1    306                       217     89      193

 COOLING
  TODAY            0                         1     -1        0
  MONTH TO DATE    1                        24    -23       17
  SINCE SEP 1    584                       515     69      628
  SINCE JAN 1   2463                      2386     77     2407
..................................................................


WIND (MPH)
  HIGHEST WIND SPEED    10   HIGHEST WIND DIRECTION    SW (210)
  HIGHEST GUST SPEED    14   HIGHEST GUST DIRECTION     W (280)
  AVERAGE WIND SPEED     2.4


SKY COVER
  POSSIBLE SUNSHINE  MM
  AVERAGE SKY COVER 0.2


WEATHER CONDITIONS
 THE FOLLOWING WEATHER WAS RECORDED TODAY.
  NO SIGNIFICANT WEATHER WAS OBSERVED.


RELATIVE HUMIDITY (PERCENT)
 HIGHEST   100           400 AM
 LOWEST     39           300 PM
 AVERAGE    70

..........................................................


THE HATTIESBURG CLIMATE NORMALS FOR TOMORROW
                         NORMAL    RECORD    YEAR
 MAXIMUM TEMPERATURE (F)   68        82      2011
                                             1973
 MINIMUM TEMPERATURE (F)   44        25      1951


SUNRISE AND SUNSET
NOVEMBER 20 2014......SUNRISE   629 AM CST   SUNSET   456 PM CST
NOVEMBER 21 2014......SUNRISE   630 AM CST   SUNSET   456 PM CST


-  INDICATES NEGATIVE NUMBERS.
R  INDICATES RECORD WAS SET OR TIED.
MM INDICATES DATA IS MISSING.
T  INDICATES TRACE AMOUNT.




$$
