000
CDUS44 KJAN 050633
CLIHBG


CLIMATE REPORT
NATIONAL WEATHER SERVICE JACKSON MS
130 AM CDT THU MAY 5 2016


...................................

...THE HATTIESBURG CLIMATE SUMMARY FOR MAY 4 2016...

CLIMATE NORMAL PERIOD 1981 TO 2010
CLIMATE RECORD PERIOD 1948 TO 2016


WEATHER ITEM   OBSERVED TIME   RECORD YEAR NORMAL DEPARTURE LAST
                VALUE   (LST)  VALUE       VALUE  FROM      YEAR
                                                  NORMAL
..................................................................
TEMPERATURE (F)
 YESTERDAY
  MAXIMUM         78    244 PM  92    2002  83     -5       85
  MINIMUM         52    531 AM  38    2013  58     -6       56
  AVERAGE         65                        71     -6       71

PRECIPITATION (IN)
  YESTERDAY        0.00          2.98 2009   0.16  -0.16     0.00
  MONTH TO DATE    0.21                      0.62  -0.41     0.00
  SINCE MAR 1     19.53                     11.05   8.48     9.08
  SINCE JAN 1     28.90                     22.18   6.72    16.91

SNOWFALL (IN)
  YESTERDAY        0.0

DEGREE DAYS
 HEATING
  YESTERDAY        0                         1     -1        0
  MONTH TO DATE    0                         4     -4        1
  SINCE MAR 1    141                       304   -163      131
  SINCE JUL 1   1379                      1982   -603     1912

 COOLING
  YESTERDAY        0                         6     -6        6
  MONTH TO DATE   16                        23     -7        9
  SINCE MAR 1    196                       148     48      282
  SINCE JAN 1    221                       163     58      288
..................................................................


WIND (MPH)
  HIGHEST WIND SPEED    18   HIGHEST WIND DIRECTION     W (290)
  HIGHEST GUST SPEED    26   HIGHEST GUST DIRECTION     W (280)
  AVERAGE WIND SPEED     8.0


SKY COVER
  POSSIBLE SUNSHINE  MM
  AVERAGE SKY COVER 0.1


WEATHER CONDITIONS
 THE FOLLOWING WEATHER WAS RECORDED YESTERDAY.
  NO SIGNIFICANT WEATHER WAS OBSERVED.


RELATIVE HUMIDITY (PERCENT)
 HIGHEST    93           300 AM
 LOWEST     33           100 PM
 AVERAGE    63

..........................................................


THE HATTIESBURG CLIMATE NORMALS FOR TODAY
                         NORMAL    RECORD    YEAR
 MAXIMUM TEMPERATURE (F)   83        92      1952
 MINIMUM TEMPERATURE (F)   59        42      2011
                                             1954


SUNRISE AND SUNSET
MAY  5 2016...........SUNRISE   608 AM CDT   SUNSET   739 PM CDT
MAY  6 2016...........SUNRISE   607 AM CDT   SUNSET   740 PM CDT


-  INDICATES NEGATIVE NUMBERS.
R  INDICATES RECORD WAS SET OR TIED.
MM INDICATES DATA IS MISSING.
T  INDICATES TRACE AMOUNT.




$$
