000
CDUS44 KJAN 270909
CLIHBG


CLIMATE REPORT
NATIONAL WEATHER SERVICE JACKSON MS
307 AM CST TUE JAN 27 2015


...................................

...THE HATTIESBURG CLIMATE SUMMARY FOR JANUARY 26 2015...

CLIMATE NORMAL PERIOD 1981 TO 2010
CLIMATE RECORD PERIOD 1948 TO 2015


WEATHER ITEM   OBSERVED TIME   RECORD YEAR NORMAL DEPARTURE LAST
                VALUE   (LST)  VALUE       VALUE  FROM      YEAR
                                                  NORMAL
..................................................................
TEMPERATURE (F)
 YESTERDAY
  MAXIMUM         59    359 PM  84    1950  60     -1       63
  MINIMUM         37   1159 PM  22    1951  37      0       32
  AVERAGE         48                        49     -1       48

PRECIPITATION (IN)
  YESTERDAY        0.00          1.59 2012   0.19  -0.19     0.00
  MONTH TO DATE    5.35                      4.70   0.65     2.30
  SINCE DEC 1     11.55                      9.61   1.94     6.22
  SINCE JAN 1      5.35                      4.70   0.65     2.30

SNOWFALL (IN)
  YESTERDAY        0.0

DEGREE DAYS
 HEATING
  YESTERDAY       17                        17      0       17
  MONTH TO DATE  473                       435     38      572
  SINCE DEC 1    806                       892    -86     1026
  SINCE JUL 1   1222                      1220      2     1393

 COOLING
  YESTERDAY        0                         0      0        0
  MONTH TO DATE    6                         0      6        0
  SINCE DEC 1     13                        13      0       34
  SINCE JAN 1      6                         0      6        0
..................................................................


WIND (MPH)
  HIGHEST WIND SPEED    20   HIGHEST WIND DIRECTION    NW (320)
  HIGHEST GUST SPEED    26   HIGHEST GUST DIRECTION    NW (320)
  AVERAGE WIND SPEED     7.8


SKY COVER
  POSSIBLE SUNSHINE  MM
  AVERAGE SKY COVER 0.0


WEATHER CONDITIONS
 THE FOLLOWING WEATHER WAS RECORDED YESTERDAY.
  NO SIGNIFICANT WEATHER WAS OBSERVED.


RELATIVE HUMIDITY (PERCENT)
 HIGHEST    85          1000 PM
 LOWEST     33           300 PM
 AVERAGE    59

..........................................................


THE HATTIESBURG CLIMATE NORMALS FOR TODAY
                         NORMAL    RECORD    YEAR
 MAXIMUM TEMPERATURE (F)   60        81      1957
                                             1952
 MINIMUM TEMPERATURE (F)   37        21      1978
                                             1966


SUNRISE AND SUNSET
JANUARY 27 2015.......SUNRISE   652 AM CST   SUNSET   528 PM CST
JANUARY 28 2015.......SUNRISE   652 AM CST   SUNSET   528 PM CST


-  INDICATES NEGATIVE NUMBERS.
R  INDICATES RECORD WAS SET OR TIED.
MM INDICATES DATA IS MISSING.
T  INDICATES TRACE AMOUNT.




$$
