000
CDUS44 KJAN 292127
CLIHBG


CLIMATE REPORT
NATIONAL WEATHER SERVICE JACKSON MS
425 PM CDT MON SEP 29 2014


...................................

...THE HATTIESBURG CLIMATE SUMMARY FOR SEPTEMBER 29 2014...
VALID TODAY AS OF 0400 PM LOCAL TIME.

CLIMATE NORMAL PERIOD 1981 TO 2010
CLIMATE RECORD PERIOD 1948 TO 2014


WEATHER ITEM   OBSERVED TIME   RECORD YEAR NORMAL DEPARTURE LAST
                VALUE   (LST)  VALUE       VALUE  FROM      YEAR
                                                  NORMAL
..................................................................
TEMPERATURE (F)
 TODAY
  MAXIMUM         87    253 PM  94    1953  84      3       79
  MINIMUM         73    749 AM  47    1962  61     12       59
  AVERAGE         80                        73      7       69

PRECIPITATION (IN)
  TODAY            T             2.78 1977   0.13  -0.13      T
  MONTH TO DATE    5.65                      3.94   1.71     4.97
  SINCE SEP 1      5.65                      3.94   1.71     4.97
  SINCE JAN 1     42.93                     46.10  -3.17    57.14

SNOWFALL (IN)
  TODAY            0.0

DEGREE DAYS
 HEATING
  TODAY            0                         0      0        0
  MONTH TO DATE    0                         0      0        0
  SINCE SEP 1      0                         0      0        0
  SINCE JUL 1      0                         0      0        0

 COOLING
  TODAY           15                         8      7        4
  MONTH TO DATE  413                       348     65      419
  SINCE SEP 1    413                       348     65      419
  SINCE JAN 1   2292                      2219     73     2198
..................................................................


WIND (MPH)
  HIGHEST WIND SPEED     9   HIGHEST WIND DIRECTION     N (20)
  HIGHEST GUST SPEED    13   HIGHEST GUST DIRECTION     N (360)
  AVERAGE WIND SPEED     4.6


SKY COVER
  POSSIBLE SUNSHINE  MM
  AVERAGE SKY COVER 0.8


WEATHER CONDITIONS
 THE FOLLOWING WEATHER WAS RECORDED TODAY.
  LIGHT RAIN
  FOG


RELATIVE HUMIDITY (PERCENT)
 HIGHEST    93           200 AM
 LOWEST     59           300 PM
 AVERAGE    76

..........................................................


THE HATTIESBURG CLIMATE NORMALS FOR TOMORROW
                         NORMAL    RECORD    YEAR
 MAXIMUM TEMPERATURE (F)   84        95      1955
 MINIMUM TEMPERATURE (F)   61        43      1949


SUNRISE AND SUNSET
SEPTEMBER 29 2014.....SUNRISE   649 AM CDT   SUNSET   645 PM CDT
SEPTEMBER 30 2014.....SUNRISE   650 AM CDT   SUNSET   643 PM CDT


-  INDICATES NEGATIVE NUMBERS.
R  INDICATES RECORD WAS SET OR TIED.
MM INDICATES DATA IS MISSING.
T  INDICATES TRACE AMOUNT.




$$
