000
CDUS41 KLWX 202137
CLIHGR


CLIMATE REPORT
NATIONAL WEATHER SERVICE BALTIMORE MD/WASHINGTON DC
537 PM EDT WED AUG 20 2014


...................................

...THE HAGERSTOWN MD CLIMATE SUMMARY FOR AUGUST 20 2014...
VALID TODAY AS OF 0500 PM LOCAL TIME.

CLIMATE NORMAL PERIOD 1981 TO 2010
CLIMATE RECORD PERIOD 9999 TO 9999


WEATHER ITEM   OBSERVED TIME   RECORD YEAR NORMAL DEPARTURE LAST
                VALUE   (LST)  VALUE       VALUE  FROM      YEAR
                                                  NORMAL
..................................................................
TEMPERATURE (F)
 TODAY
  MAXIMUM         82   1206 PM  MM      MM  83     -1       84
  MINIMUM         69    540 AM  MM      MM  63      6       63
  AVERAGE         76                        73      3       74

PRECIPITATION (IN)
  TODAY            0.47         MM      MM   0.10   0.37     0.00
  MONTH TO DATE    1.65                      2.00  -0.35     1.47
  SINCE JUN 1     12.57                      9.29   3.28     9.09
  SINCE JAN 1     25.05                     25.49  -0.44    18.95

DEGREE DAYS
 HEATING
  TODAY            0                         0      0        0
  MONTH TO DATE    0                         0      0        3
  SINCE JUN 1      2                        18    -16        6
  SINCE JUL 1      2                         0      2        3

 COOLING
  TODAY           11                         8      3        9
  MONTH TO DATE  126                       182    -56      129
  SINCE JUN 1    656                       712    -56      757
  SINCE JAN 1    738                       788    -50      874
..................................................................


WIND (MPH)
  HIGHEST WIND SPEED    18   HIGHEST WIND DIRECTION     S (160)
  HIGHEST GUST SPEED    23   HIGHEST GUST DIRECTION     S (160)
  AVERAGE WIND SPEED     7.8


SKY COVER
  POSSIBLE SUNSHINE  MM
  AVERAGE SKY COVER 0.7


WEATHER CONDITIONS
 THE FOLLOWING WEATHER WAS RECORDED TODAY.
  THUNDERSTORM
  HEAVY RAIN
  RAIN
  LIGHT RAIN
  FOG


RELATIVE HUMIDITY (PERCENT)
 HIGHEST    90           500 AM
 LOWEST     67          1100 AM
 AVERAGE    79

..........................................................


THE HAGERSTOWN MD CLIMATE NORMALS FOR TOMORROW
                         NORMAL    RECORD    YEAR
 MAXIMUM TEMPERATURE (F)   83        MM        MM
 MINIMUM TEMPERATURE (F)   63        MM        MM


SUNRISE AND SUNSET
AUGUST 20 2014........SUNRISE   628 AM EDT   SUNSET   800 PM EDT
AUGUST 21 2014........SUNRISE   629 AM EDT   SUNSET   759 PM EDT


-  INDICATES NEGATIVE NUMBERS.
R  INDICATES RECORD WAS SET OR TIED.
MM INDICATES DATA IS MISSING.
T  INDICATES TRACE AMOUNT.




$$
