000
CDUS41 KLWX 050535
CLIHGR


CLIMATE REPORT
NATIONAL WEATHER SERVICE BALTIMORE MD/WASHINGTON DC
1233 AM EST THU MAR 5 2015


...................................

...THE HAGERSTOWN MD CLIMATE SUMMARY FOR MARCH 4 2015...

CLIMATE NORMAL PERIOD 1981 TO 2010
CLIMATE RECORD PERIOD 9999 TO 9999


WEATHER ITEM   OBSERVED TIME   RECORD YEAR NORMAL DEPARTURE LAST
                VALUE   (LST)  VALUE       VALUE  FROM      YEAR
                                                  NORMAL
..................................................................
TEMPERATURE (F)
 YESTERDAY
  MAXIMUM         51   1149 AM  MM      MM  46      5       28
  MINIMUM         33    352 AM  MM      MM  29      4        6
  AVERAGE         42                        37      5       17

PRECIPITATION (IN)
  YESTERDAY        0.47         MM      MM   0.07   0.40     0.00
  MONTH TO DATE    0.75                      0.31   0.44     0.32
  SINCE MAR 1      0.75                      0.31   0.44     0.32
  SINCE JAN 1      3.03                      5.54  -2.51     4.10

DEGREE DAYS
 HEATING
  YESTERDAY       23                        28     -5       48
  MONTH TO DATE  131                       112     19      162
  SINCE MAR 1    131                       112     19      162
  SINCE JUL 1   4137                      4015    122     4177

 COOLING
  YESTERDAY        0                         0      0        0
  MONTH TO DATE    0                         0      0        0
  SINCE MAR 1      0                         0      0        0
  SINCE JAN 1      0                         0      0        0
..................................................................


WIND (MPH)
  HIGHEST WIND SPEED    12   HIGHEST WIND DIRECTION     N (340)
  HIGHEST GUST SPEED    14   HIGHEST GUST DIRECTION     N (340)
  AVERAGE WIND SPEED     4.1


SKY COVER
  POSSIBLE SUNSHINE  MM
  AVERAGE SKY COVER 1.0


WEATHER CONDITIONS
 THE FOLLOWING WEATHER WAS RECORDED YESTERDAY.
  LIGHT RAIN
  FOG
  HAZE


RELATIVE HUMIDITY (PERCENT)
 HIGHEST    96           300 AM
 LOWEST     74          1200 PM
 AVERAGE    85

..........................................................


THE HAGERSTOWN MD CLIMATE NORMALS FOR TODAY
                         NORMAL    RECORD    YEAR
 MAXIMUM TEMPERATURE (F)   46        MM        MM
 MINIMUM TEMPERATURE (F)   29        MM        MM


SUNRISE AND SUNSET
MARCH  5 2015.........SUNRISE   638 AM EST   SUNSET   607 PM EST
MARCH  6 2015.........SUNRISE   637 AM EST   SUNSET   608 PM EST


-  INDICATES NEGATIVE NUMBERS.
R  INDICATES RECORD WAS SET OR TIED.
MM INDICATES DATA IS MISSING.
T  INDICATES TRACE AMOUNT.




$$
