000
CDUS41 KLWX 272130
CLIHGR


CLIMATE REPORT
NATIONAL WEATHER SERVICE BALTIMORE MD/WASHINGTON DC
529 PM EDT SAT AUG 27 2016


...................................

...THE HAGERSTOWN MD CLIMATE SUMMARY FOR AUGUST 27 2016...
VALID TODAY AS OF 0500 PM LOCAL TIME.

CLIMATE NORMAL PERIOD 1981 TO 2010
CLIMATE RECORD PERIOD 9999 TO 9999


WEATHER ITEM   OBSERVED TIME   RECORD YEAR NORMAL DEPARTURE LAST
                VALUE   (LST)  VALUE       VALUE  FROM      YEAR
                                                  NORMAL
..................................................................
TEMPERATURE (F)
 TODAY
  MAXIMUM         90    351 PM  MM      MM  81      9       79
  MINIMUM         69    447 AM  MM      MM  62      7       59
  AVERAGE         80                        72      8       69

PRECIPITATION (IN)
  TODAY            0.00         MM      MM   0.09  -0.09     0.00
  MONTH TO DATE    1.79                      2.73  -0.94     1.39
  SINCE JUN 1      8.06                     10.02  -1.96     8.45
  SINCE JAN 1     21.10                     26.22  -5.12    18.64

DEGREE DAYS
 HEATING
  TODAY            0                         0      0        0
  MONTH TO DATE    0                         0      0        0
  SINCE JUN 1      3                        18    -15       14
  SINCE JUL 1      0                         0      0        0

 COOLING
  TODAY           15                         7      8        4
  MONTH TO DATE  388                       235    153      274
  SINCE JUN 1   1099                       765    334      898
  SINCE JAN 1   1203                       841    362     1099
..................................................................


WIND (MPH)
  HIGHEST WIND SPEED    12   HIGHEST WIND DIRECTION     S (180)
  HIGHEST GUST SPEED    15   HIGHEST GUST DIRECTION     S (160)
  AVERAGE WIND SPEED     4.0


SKY COVER
  POSSIBLE SUNSHINE  MM
  AVERAGE SKY COVER 0.1


WEATHER CONDITIONS
 THE FOLLOWING WEATHER WAS RECORDED TODAY.
  NO SIGNIFICANT WEATHER WAS OBSERVED.


RELATIVE HUMIDITY (PERCENT)
 HIGHEST    79           300 AM
 LOWEST     41           400 PM
 AVERAGE    60

..........................................................


THE HAGERSTOWN MD CLIMATE NORMALS FOR TOMORROW
                         NORMAL    RECORD    YEAR
 MAXIMUM TEMPERATURE (F)   81        MM        MM
 MINIMUM TEMPERATURE (F)   62        MM        MM


SUNRISE AND SUNSET
AUGUST 27 2016........SUNRISE   635 AM EDT   SUNSET   749 PM EDT
AUGUST 28 2016........SUNRISE   636 AM EDT   SUNSET   747 PM EDT


-  INDICATES NEGATIVE NUMBERS.
R  INDICATES RECORD WAS SET OR TIED.
MM INDICATES DATA IS MISSING.
T  INDICATES TRACE AMOUNT.




$$
