000
CDUS46 KPQR 211146
CLIHIO


CLIMATE REPORT
NATIONAL WEATHER SERVICE PORTLAND OREGON
445 AM PDT TUE OCT 21 2014


...................................

...THE HILLSBORO OR CLIMATE SUMMARY FOR OCTOBER 20 2014...

CLIMATE NORMAL PERIOD 1981 TO 2010
CLIMATE RECORD PERIOD 1929 TO 2014


WEATHER ITEM   OBSERVED TIME   RECORD YEAR NORMAL DEPARTURE LAST
                VALUE   (LST)  VALUE       VALUE  FROM      YEAR
                                                  NORMAL
..................................................................
TEMPERATURE (F)
 YESTERDAY
  MAXIMUM         63   1234 PM  75    2003  61      2       67
  MINIMUM         53   1033 PM  24    1949  40     13       35
  AVERAGE         58                        50      8       51

PRECIPITATION (IN)
  YESTERDAY        0.24          1.12 1946   0.12   0.12
  MONTH TO DATE    1.81                      1.76   0.05
  SINCE OCT 1      1.81                      1.76   0.05
  SINCE JAN 1     23.15                     25.27  -2.12

SNOWFALL (IN)
  YESTERDAY        0.0
  MONTH TO DATE    0.0
  SINCE SEP 1      0.0
  SINCE JUL 1      0.0
  SNOW DEPTH       0

DEGREE DAYS
 HEATING
  YESTERDAY        7                        15     -8
  MONTH TO DATE  102                       241   -139
  SINCE JUL 1    157                       503   -346

 COOLING
  YESTERDAY        0                         0      0
  MONTH TO DATE   10                         0     10
  SINCE JAN 1    405                       197    208
..................................................................


WIND (MPH)
  HIGHEST WIND SPEED    16   HIGHEST WIND DIRECTION     S (170)
  HIGHEST GUST SPEED    20   HIGHEST GUST DIRECTION     S (170)
  AVERAGE WIND SPEED     7.6


SKY COVER
  POSSIBLE SUNSHINE  MM
  AVERAGE SKY COVER 0.8


WEATHER CONDITIONS
 THE FOLLOWING WEATHER WAS RECORDED YESTERDAY.
  RAIN
  LIGHT RAIN
  FOG
  HAZE


RELATIVE HUMIDITY (PERCENT)
 HIGHEST    93           100 AM
 LOWEST     78           100 PM
 AVERAGE    86

..........................................................


THE HILLSBORO OR CLIMATE NORMALS FOR TODAY
                         NORMAL    RECORD    YEAR
 MAXIMUM TEMPERATURE (F)   61        80      2003
 MINIMUM TEMPERATURE (F)   39        28      1949


SUNRISE AND SUNSET
OCTOBER 21 2014.......SUNRISE   736 AM PDT   SUNSET   616 PM PDT
OCTOBER 22 2014.......SUNRISE   738 AM PDT   SUNSET   614 PM PDT


-  INDICATES NEGATIVE NUMBERS.
R  INDICATES RECORD WAS SET OR TIED.
MM INDICATES DATA IS MISSING.
T  INDICATES TRACE AMOUNT.




$$
