000
CDUS46 KPQR 271147
CLIHIO


CLIMATE REPORT
NATIONAL WEATHER SERVICE PORTLAND OREGON
446 AM PDT FRI MAY 27 2016


...................................

...THE HILLSBORO OR CLIMATE SUMMARY FOR MAY 26 2016...

CLIMATE NORMAL PERIOD 1981 TO 2010
CLIMATE RECORD PERIOD 1929 TO 2016


WEATHER ITEM   OBSERVED TIME   RECORD YEAR NORMAL DEPARTURE LAST
                VALUE   (LST)  VALUE       VALUE  FROM      YEAR
                                                  NORMAL
..................................................................
TEMPERATURE (F)
 YESTERDAY
  MAXIMUM         63    342 PM  89    1947  69     -6       71
  MINIMUM         50   1147 PM  32    1935  46      4       52
  AVERAGE         57                        58     -1       62

PRECIPITATION (IN)
  YESTERDAY        0.00          0.93 1946   0.07  -0.07
  MONTH TO DATE    0.79                      1.98  -1.19
  SINCE OCT 1     41.49                     35.58   5.91
  SINCE JAN 1     19.47                     19.19   0.28

SNOWFALL (IN)
  YESTERDAY        0.0
  MONTH TO DATE    0.0
  SINCE MAR 1      0.0
  SINCE JUL 1      0.0
  SNOW DEPTH       0

DEGREE DAYS
 HEATING
  YESTERDAY        8                         8      0
  MONTH TO DATE  137                       252   -115
  SINCE JUL 1   3920                      4814   -894

 COOLING
  YESTERDAY        0                         0      0
  MONTH TO DATE    9                         0      9
  SINCE JAN 1     16                         0     16
..................................................................


WIND (MPH)
  HIGHEST WIND SPEED    17   HIGHEST WIND DIRECTION    NW (320)
  HIGHEST GUST SPEED    22   HIGHEST GUST DIRECTION    NW (320)
  AVERAGE WIND SPEED     6.7


SKY COVER
  POSSIBLE SUNSHINE  MM
  AVERAGE SKY COVER 0.8


WEATHER CONDITIONS
 THE FOLLOWING WEATHER WAS RECORDED YESTERDAY.
  NO SIGNIFICANT WEATHER WAS OBSERVED.


RELATIVE HUMIDITY (PERCENT)
 HIGHEST    77           900 PM
 LOWEST     51           300 PM
 AVERAGE    64

..........................................................


THE HILLSBORO OR CLIMATE NORMALS FOR TODAY
                         NORMAL    RECORD    YEAR
 MAXIMUM TEMPERATURE (F)   70        94      2005
 MINIMUM TEMPERATURE (F)   46        33      1966


SUNRISE AND SUNSET
MAY 27 2016...........SUNRISE   529 AM PDT   SUNSET   849 PM PDT
MAY 28 2016...........SUNRISE   528 AM PDT   SUNSET   850 PM PDT


-  INDICATES NEGATIVE NUMBERS.
R  INDICATES RECORD WAS SET OR TIED.
MM INDICATES DATA IS MISSING.
T  INDICATES TRACE AMOUNT.




$$
