000
CDUS46 KPQR 211143
CLIHIO


CLIMATE REPORT
NATIONAL WEATHER SERVICE PORTLAND OREGON
443 AM PDT MON JUL 21 2014


...................................

...THE HILLSBORO OR CLIMATE SUMMARY FOR JULY 20 2014...

CLIMATE NORMAL PERIOD 1981 TO 2010
CLIMATE RECORD PERIOD 1929 TO 2014


WEATHER ITEM   OBSERVED TIME   RECORD YEAR NORMAL DEPARTURE LAST
                VALUE   (LST)  VALUE       VALUE  FROM      YEAR
                                                  NORMAL
..................................................................
TEMPERATURE (F)
 YESTERDAY
  MAXIMUM         72    419 PM 104    1938  81     -9       84
  MINIMUM         58   1159 PM  40    1939  52      6       49
  AVERAGE         65                        66     -1       67

PRECIPITATION (IN)
  YESTERDAY        0.00          0.43 1993   0.01  -0.01
  MONTH TO DATE    0.04                      0.42  -0.38
  SINCE OCT 1     24.30                     37.70 -13.40
  SINCE JAN 1     19.62                     21.31  -1.69

SNOWFALL (IN)
  YESTERDAY        0.0
  MONTH TO DATE    0.0
  SINCE JUN 1      0.0
  SINCE JUL 1      0.0
  SNOW DEPTH       0

DEGREE DAYS
 HEATING
  YESTERDAY        0                         1     -1
  MONTH TO DATE    0                        43    -43
  SINCE JUL 1      0                        43    -43

 COOLING
  YESTERDAY        0                         3     -3
  MONTH TO DATE  121                        42     79
  SINCE JAN 1    133                        68     65
..................................................................


WIND (MPH)
  HIGHEST WIND SPEED    16   HIGHEST WIND DIRECTION    NW (330)
  HIGHEST GUST SPEED    20   HIGHEST GUST DIRECTION     N (350)
  AVERAGE WIND SPEED     8.0


SKY COVER
  POSSIBLE SUNSHINE  MM
  AVERAGE SKY COVER 1.0


WEATHER CONDITIONS
 THE FOLLOWING WEATHER WAS RECORDED YESTERDAY.
  NO SIGNIFICANT WEATHER WAS OBSERVED.


RELATIVE HUMIDITY (PERCENT)
 HIGHEST    81          1200 AM
 LOWEST     44           400 PM
 AVERAGE    63

..........................................................


THE HILLSBORO OR CLIMATE NORMALS FOR TODAY
                         NORMAL    RECORD    YEAR
 MAXIMUM TEMPERATURE (F)   82       108      2006
 MINIMUM TEMPERATURE (F)   52        41      1932


SUNRISE AND SUNSET
JULY 21 2014..........SUNRISE   544 AM PDT   SUNSET   852 PM PDT
JULY 22 2014..........SUNRISE   545 AM PDT   SUNSET   851 PM PDT


-  INDICATES NEGATIVE NUMBERS.
R  INDICATES RECORD WAS SET OR TIED.
MM INDICATES DATA IS MISSING.
T  INDICATES TRACE AMOUNT.




$$
