851
CDUS46 KPQR 202321
CLIHIO


CLIMATE REPORT
NATIONAL WEATHER SERVICE PORTLAND OREGON
421 PM PDT WED SEP 20 2017


...................................

...THE HILLSBORO OR CLIMATE SUMMARY FOR SEPTEMBER 20 2017...
VALID TODAY AS OF 0400 PM LOCAL TIME.

CLIMATE NORMAL PERIOD 1981 TO 2010
CLIMATE RECORD PERIOD 1929 TO 2017


WEATHER ITEM   OBSERVED TIME   RECORD YEAR NORMAL DEPARTURE LAST
                VALUE   (LST)  VALUE       VALUE  FROM      YEAR
                                                  NORMAL
..................................................................
TEMPERATURE (F)
 TODAY
  MAXIMUM         62   1237 PM  96    1952  73    -11       71
  MINIMUM         48    524 AM  34    1947  46      2       44
  AVERAGE         55                        60     -5       58

PRECIPITATION (IN)
  TODAY            0.40                      0.05   0.35     0.09
  MONTH TO DATE    1.29                      0.72   0.57     0.88
  SINCE OCT 1     48.66                     39.18   9.48    44.29
  SINCE JAN 1     28.98                     22.79   6.19    22.27

DEGREE DAYS
 HEATING
  TODAY           10                                         7
  MONTH TO DATE   47                                        86
  SINCE SEP 1     47                                        86
  SINCE JUL 1     63                                       130

 COOLING
  TODAY            0                                         0
  MONTH TO DATE   95                                         3
  SINCE SEP 1     95                                         3
  SINCE JAN 1    489                                       329
..................................................................


WIND (MPH)
  HIGHEST WIND SPEED    17   HIGHEST WIND DIRECTION     S (190)
  HIGHEST GUST SPEED    23   HIGHEST GUST DIRECTION    SW (210)
  AVERAGE WIND SPEED     6.9


SKY COVER
  POSSIBLE SUNSHINE  MM
  AVERAGE SKY COVER 0.8


WEATHER CONDITIONS
 THE FOLLOWING WEATHER WAS RECORDED TODAY.
  THUNDERSTORM
  HEAVY RAIN
  RAIN
  LIGHT RAIN
  FOG


RELATIVE HUMIDITY (PERCENT)
 HIGHEST    96           200 AM
 LOWEST     60          1100 AM
 AVERAGE    78

..........................................................


THE HILLSBORO OR CLIMATE NORMALS FOR TOMORROW
                         NORMAL    RECORD    YEAR
 MAXIMUM TEMPERATURE (F)   73        95      1994
 MINIMUM TEMPERATURE (F)   45        35      1955


SUNRISE AND SUNSET
SEPTEMBER 20 2017.....SUNRISE   657 AM PDT   SUNSET   712 PM PDT
SEPTEMBER 21 2017.....SUNRISE   658 AM PDT   SUNSET   711 PM PDT


-  INDICATES NEGATIVE NUMBERS.
R  INDICATES RECORD WAS SET OR TIED.
MM INDICATES DATA IS MISSING.
T  INDICATES TRACE AMOUNT.




$$
