000
CDUS46 KPQR 141148
CLIHIO


CLIMATE REPORT
NATIONAL WEATHER SERVICE PORTLAND OREGON
348 AM PST SUN FEB 14 2016


...................................

...THE HILLSBORO OR CLIMATE SUMMARY FOR FEBRUARY 13 2016...

CLIMATE NORMAL PERIOD 1981 TO 2010
CLIMATE RECORD PERIOD 1929 TO 2016


WEATHER ITEM   OBSERVED TIME   RECORD YEAR NORMAL DEPARTURE LAST
                VALUE   (LST)  VALUE       VALUE  FROM      YEAR
                                                  NORMAL
..................................................................
TEMPERATURE (F)
 YESTERDAY
  MAXIMUM         49    347 PM  61    1996  51     -2       53
  MINIMUM         38   1246 AM  18    1995  34      4       36
  AVERAGE         44                        42      2       45

PRECIPITATION (IN)
  YESTERDAY        0.29          1.06 1984   0.15   0.14
  MONTH TO DATE    1.74                      2.39  -0.65
  SINCE OCT 1     31.29                     24.84   6.45
  SINCE JAN 1      9.27                      8.45   0.82

SNOWFALL (IN)
  YESTERDAY       MM
  MONTH TO DATE   MM
  SINCE DEC 1      0.0
  SINCE JUL 1      0.0
  SNOW DEPTH       0

DEGREE DAYS
 HEATING
  YESTERDAY       21                        23     -2
  MONTH TO DATE  250                       299    -49
  SINCE JUL 1   2693                      3192   -499

 COOLING
  YESTERDAY        0                         0      0
  MONTH TO DATE    0                         0      0
  SINCE JAN 1      0                         0      0
..................................................................


WIND (MPH)
  HIGHEST WIND SPEED    16   HIGHEST WIND DIRECTION     S (170)
  HIGHEST GUST SPEED    22   HIGHEST GUST DIRECTION     S (200)
  AVERAGE WIND SPEED     7.4


SKY COVER
  POSSIBLE SUNSHINE  MM
  AVERAGE SKY COVER 0.8


WEATHER CONDITIONS
 THE FOLLOWING WEATHER WAS RECORDED YESTERDAY.
  LIGHT RAIN
  FOG


RELATIVE HUMIDITY (PERCENT)
 HIGHEST   100           800 AM
 LOWEST     77           300 PM
 AVERAGE    89

..........................................................


THE HILLSBORO OR CLIMATE NORMALS FOR TODAY
                         NORMAL    RECORD    YEAR
 MAXIMUM TEMPERATURE (F)   51        65      1977
 MINIMUM TEMPERATURE (F)   34        18      1936


SUNRISE AND SUNSET
FEBRUARY 14 2016......SUNRISE   716 AM PST   SUNSET   537 PM PST
FEBRUARY 15 2016......SUNRISE   714 AM PST   SUNSET   538 PM PST


-  INDICATES NEGATIVE NUMBERS.
R  INDICATES RECORD WAS SET OR TIED.
MM INDICATES DATA IS MISSING.
T  INDICATES TRACE AMOUNT.




$$
