000
CDUS46 KPQR 301142
CLIHIO


CLIMATE REPORT
NATIONAL WEATHER SERVICE PORTLAND OREGON
441 AM PDT WED JUL 30 2014


...................................

...THE HILLSBORO OR CLIMATE SUMMARY FOR JULY 29 2014...

CLIMATE NORMAL PERIOD 1981 TO 2010
CLIMATE RECORD PERIOD 1929 TO 2014


WEATHER ITEM   OBSERVED TIME   RECORD YEAR NORMAL DEPARTURE LAST
                VALUE   (LST)  VALUE       VALUE  FROM      YEAR
                                                  NORMAL
..................................................................
TEMPERATURE (F)
 YESTERDAY
  MAXIMUM         92    408 PM 106    2009  82     10       78
  MINIMUM         53    455 AM  40    1933  52      1       53
  AVERAGE         73                        67      6       66

PRECIPITATION (IN)
  YESTERDAY        0.00          0.16 2001   0.02  -0.02
  MONTH TO DATE    0.52                      0.52   0.00
  SINCE OCT 1     24.78                     37.80 -13.02
  SINCE JAN 1     20.10                     21.41  -1.31

SNOWFALL (IN)
  YESTERDAY        0.0
  MONTH TO DATE    0.0
  SINCE JUN 1      0.0
  SINCE JUL 1      0.0
  SNOW DEPTH       0

DEGREE DAYS
 HEATING
  YESTERDAY        0                         1     -1
  MONTH TO DATE    6                        52    -46
  SINCE JUL 1      6                        52    -46

 COOLING
  YESTERDAY        8                         3      5
  MONTH TO DATE  151                        69     82
  SINCE JAN 1    163                        95     68
..................................................................


WIND (MPH)
  HIGHEST WIND SPEED    20   HIGHEST WIND DIRECTION    NW (330)
  HIGHEST GUST SPEED    23   HIGHEST GUST DIRECTION    NW (330)
  AVERAGE WIND SPEED     5.5


SKY COVER
  POSSIBLE SUNSHINE  MM
  AVERAGE SKY COVER 0.0


WEATHER CONDITIONS
 THE FOLLOWING WEATHER WAS RECORDED YESTERDAY.
  NO SIGNIFICANT WEATHER WAS OBSERVED.


RELATIVE HUMIDITY (PERCENT)
 HIGHEST    89           500 AM
 LOWEST     23           300 PM
 AVERAGE    56

..........................................................


THE HILLSBORO OR CLIMATE NORMALS FOR TODAY
                         NORMAL    RECORD    YEAR
 MAXIMUM TEMPERATURE (F)   82        99      1992
 MINIMUM TEMPERATURE (F)   52        40      1945


SUNRISE AND SUNSET
JULY 30 2014..........SUNRISE   553 AM PDT   SUNSET   842 PM PDT
JULY 31 2014..........SUNRISE   555 AM PDT   SUNSET   841 PM PDT


-  INDICATES NEGATIVE NUMBERS.
R  INDICATES RECORD WAS SET OR TIED.
MM INDICATES DATA IS MISSING.
T  INDICATES TRACE AMOUNT.




$$
