000
CDUS46 KHNX 290824
CLIHJO


CLIMATE REPORT
NATIONAL WEATHER SERVICE SAN JOAQUIN VALLEY, CA
123 AM PDT THU SEP 29 2016


...................................

...THE HANFORD CA CLIMATE SUMMARY FOR SEPTEMBER 28 2016...

CLIMATE NORMAL PERIOD 1981 TO 2010
CLIMATE RECORD PERIOD 1998 TO 2016


WEATHER ITEM   OBSERVED TIME   RECORD YEAR NORMAL DEPARTURE
                VALUE   (LST)  VALUE       VALUE  FROM
                                                  NORMAL
...............................................................
TEMPERATURE (F)
 YESTERDAY
  MAXIMUM        100R   313 PM  98    2010  87     13
  MINIMUM         57    608 AM  44    2013  53      4
  AVERAGE         79                        70      9

PRECIPITATION (IN)
  YESTERDAY        0.00          0.01 2014   0.01  -0.01
  MONTH TO DATE    0.00                      0.15  -0.15
  SINCE OCT 1      8.26                     10.08  -1.82
  SINCE JAN 1      5.66                      6.95  -1.29

SNOWFALL (IN)
  YESTERDAY        0.0
  MONTH TO DATE    0.0
  SINCE SEP 1      0.0
  SINCE JUL 1      0.0
  SNOW DEPTH       0

DEGREE DAYS
 HEATING
  YESTERDAY        0
  MONTH TO DATE    4
  SINCE SEP 1      4
  SINCE JUL 1      4

 COOLING
  YESTERDAY       14
  MONTH TO DATE  242
  SINCE SEP 1    242
  SINCE JAN 1   1901
...............................................................


WIND (MPH)
  HIGHEST WIND SPEED    15   HIGHEST WIND DIRECTION     S (180)
  HIGHEST GUST SPEED    21   HIGHEST GUST DIRECTION     S (170)
  AVERAGE WIND SPEED     3.7




RELATIVE HUMIDITY (PERCENT)
 HIGHEST    86
 LOWEST     12
 AVERAGE    49

..........................................................


THE HANFORD CA CLIMATE NORMALS FOR TODAY
                         NORMAL    RECORD    YEAR
 MAXIMUM TEMPERATURE (F)   86        99      2010
 MINIMUM TEMPERATURE (F)   53        47      2013


SUNRISE AND SUNSET
SEPTEMBER 29 2016.....SUNRISE   652 AM PDT   SUNSET   644 PM PDT
SEPTEMBER 30 2016.....SUNRISE   653 AM PDT   SUNSET   643 PM PDT


-  INDICATES NEGATIVE NUMBERS.
R  INDICATES RECORD WAS SET OR TIED.
MM INDICATES DATA IS MISSING.
T  INDICATES TRACE AMOUNT.




$$
