000
CDUS46 KHNX 160823
CLIHJO


CLIMATE REPORT
NATIONAL WEATHER SERVICE SAN JOAQUIN VALLEY, CA
1222 AM PST MON JAN 16 2017


...................................

...THE HANFORD CA CLIMATE SUMMARY FOR JANUARY 15 2017...

CLIMATE NORMAL PERIOD 1981 TO 2010
CLIMATE RECORD PERIOD 1998 TO 2017


WEATHER ITEM   OBSERVED TIME   RECORD YEAR NORMAL DEPARTURE
                VALUE   (LST)  VALUE       VALUE  FROM
                                                  NORMAL
...............................................................
TEMPERATURE (F)
 YESTERDAY
  MAXIMUM         48    342 PM  69    2014  54     -6
  MINIMUM         44    746 AM  19    2007  36      8
  AVERAGE         46                        45      1

PRECIPITATION (IN)
  YESTERDAY        0.00          T    2000   0.07  -0.07
  MONTH TO DATE    2.17                      1.34   0.83
  SINCE OCT 1      5.04                      4.47   0.57
  SINCE JAN 1      2.17                      1.34   0.83

SNOWFALL (IN)
  YESTERDAY        0.0
  MONTH TO DATE    0.0
  SINCE DEC 1      0.0
  SINCE JUL 1      0.0
  SNOW DEPTH       0

DEGREE DAYS
 HEATING
  YESTERDAY       19
  MONTH TO DATE  226
  SINCE DEC 1    802
  SINCE JUL 1   1108

 COOLING
  YESTERDAY        0
  MONTH TO DATE    0
  SINCE DEC 1      0
  SINCE JAN 1      0
...............................................................


WIND (MPH)
  HIGHEST WIND SPEED     6   HIGHEST WIND DIRECTION    NE (50)
  HIGHEST GUST SPEED     9   HIGHEST GUST DIRECTION     E (70)
  AVERAGE WIND SPEED     0.8




RELATIVE HUMIDITY (PERCENT)
 HIGHEST    92
 LOWEST     65
 AVERAGE    79

..........................................................


THE HANFORD CA CLIMATE NORMALS FOR TODAY
                         NORMAL    RECORD    YEAR
 MAXIMUM TEMPERATURE (F)   54        69      2014
 MINIMUM TEMPERATURE (F)   36        21      2007


SUNRISE AND SUNSET
JANUARY 16 2017.......SUNRISE   709 AM PST   SUNSET   508 PM PST
JANUARY 17 2017.......SUNRISE   708 AM PST   SUNSET   509 PM PST


-  INDICATES NEGATIVE NUMBERS.
R  INDICATES RECORD WAS SET OR TIED.
MM INDICATES DATA IS MISSING.
T  INDICATES TRACE AMOUNT.




$$
