000
CDUS46 KHNX 270833
CLIHJO


CLIMATE REPORT
NATIONAL WEATHER SERVICE SAN JOAQUIN VALLEY, CA
1232 AM PST MON FEB 27 2017


...................................

...THE HANFORD CA CLIMATE SUMMARY FOR FEBRUARY 26 2017...

CLIMATE NORMAL PERIOD 1981 TO 2010
CLIMATE RECORD PERIOD 1998 TO 2017


WEATHER ITEM   OBSERVED TIME   RECORD YEAR NORMAL DEPARTURE
                VALUE   (LST)  VALUE       VALUE  FROM
                                                  NORMAL
...............................................................
TEMPERATURE (F)
 YESTERDAY
  MAXIMUM         57    248 PM  75    2016  65     -8
  MINIMUM         33    645 AM  31    2013  41     -8
  AVERAGE         45                        53     -8

PRECIPITATION (IN)
  YESTERDAY        0.00          0.41 2010   0.06  -0.06
  MONTH TO DATE    2.86                      1.61   1.25
  SINCE OCT 1      9.10                      6.78   2.32
  SINCE JAN 1      6.23                      3.65   2.58

SNOWFALL (IN)
  YESTERDAY        0.0
  MONTH TO DATE    0.0
  SINCE DEC 1      0.0
  SINCE JUL 1      0.0
  SNOW DEPTH       0

DEGREE DAYS
 HEATING
  YESTERDAY       20
  MONTH TO DATE  289
  SINCE DEC 1   1387
  SINCE JUL 1   1693

 COOLING
  YESTERDAY        0
  MONTH TO DATE    0
  SINCE DEC 1      0
  SINCE JAN 1      0
...............................................................


WIND (MPH)
  HIGHEST WIND SPEED     9   HIGHEST WIND DIRECTION     S (180)
  HIGHEST GUST SPEED    12   HIGHEST GUST DIRECTION     S (180)
  AVERAGE WIND SPEED     4.0




RELATIVE HUMIDITY (PERCENT)
 HIGHEST   100
 LOWEST     51
 AVERAGE    76

..........................................................


THE HANFORD CA CLIMATE NORMALS FOR TODAY
                         NORMAL    RECORD    YEAR
 MAXIMUM TEMPERATURE (F)   65        73      2002
 MINIMUM TEMPERATURE (F)   41        27      2011


SUNRISE AND SUNSET
FEBRUARY 27 2017......SUNRISE   631 AM PST   SUNSET   552 PM PST
FEBRUARY 28 2017......SUNRISE   630 AM PST   SUNSET   553 PM PST


-  INDICATES NEGATIVE NUMBERS.
R  INDICATES RECORD WAS SET OR TIED.
MM INDICATES DATA IS MISSING.
T  INDICATES TRACE AMOUNT.




$$
