508
CDUS46 KHNX 110828
CLIHJO


CLIMATE REPORT
NATIONAL WEATHER SERVICE SAN JOAQUIN VALLEY, CA
1227 AM PST THU FEB 11 2016


...................................

...THE HANFORD CA CLIMATE SUMMARY FOR FEBRUARY 10 2016...

CLIMATE NORMAL PERIOD 1981 TO 2010
CLIMATE RECORD PERIOD 1998 TO 2016


WEATHER ITEM   OBSERVED TIME   RECORD YEAR NORMAL DEPARTURE
                VALUE   (LST)  VALUE       VALUE  FROM
                                                  NORMAL
...............................................................
TEMPERATURE (F)
 YESTERDAY
  MAXIMUM         73R   310 PM  73    2012  60     13
  MINIMUM         41    520 AM  28    2013  38      3
                                      2009
  AVERAGE         57                        49      8

PRECIPITATION (IN)
  YESTERDAY        0.00          0.37 2007   0.06  -0.06
  MONTH TO DATE    0.00                      0.53  -0.53
  SINCE OCT 1      5.47                      5.70  -0.23
  SINCE JAN 1      2.87                      2.57   0.30

SNOWFALL (IN)
  YESTERDAY        0.0
  MONTH TO DATE    0.0
  SINCE DEC 1      0.0
  SINCE JUL 1      0.0
  SNOW DEPTH       0

DEGREE DAYS
 HEATING
  YESTERDAY        8
  MONTH TO DATE  160
  SINCE DEC 1   1272
  SINCE JUL 1   1722

 COOLING
  YESTERDAY        0
  MONTH TO DATE    0
  SINCE DEC 1      0
  SINCE JAN 1      0
...............................................................


WIND (MPH)
  HIGHEST WIND SPEED    10   HIGHEST WIND DIRECTION    NW (310)
  HIGHEST GUST SPEED    12   HIGHEST GUST DIRECTION    NW (310)
  AVERAGE WIND SPEED     2.7




RELATIVE HUMIDITY (PERCENT)
 HIGHEST   100
 LOWEST     49
 AVERAGE    75

..........................................................


THE HANFORD CA CLIMATE NORMALS FOR TODAY
                         NORMAL    RECORD    YEAR
 MAXIMUM TEMPERATURE (F)   61        72      2006
 MINIMUM TEMPERATURE (F)   39        27      2013


SUNRISE AND SUNSET
FEBRUARY 11 2016......SUNRISE   651 AM PST   SUNSET   535 PM PST
FEBRUARY 12 2016......SUNRISE   650 AM PST   SUNSET   536 PM PST


-  INDICATES NEGATIVE NUMBERS.
R  INDICATES RECORD WAS SET OR TIED.
MM INDICATES DATA IS MISSING.
T  INDICATES TRACE AMOUNT.




$$
