061
CDUS46 KHNX 240825
CLIHJO


CLIMATE REPORT
NATIONAL WEATHER SERVICE SAN JOAQUIN VALLEY, CA
124 AM PDT TUE MAY 24 2016


...................................

...THE HANFORD CA CLIMATE SUMMARY FOR MAY 23 2016...

CLIMATE NORMAL PERIOD 1981 TO 2010
CLIMATE RECORD PERIOD 1998 TO 2016


WEATHER ITEM   OBSERVED TIME   RECORD YEAR NORMAL DEPARTURE
                VALUE   (LST)  VALUE       VALUE  FROM
                                                  NORMAL
...............................................................
TEMPERATURE (F)
 YESTERDAY
  MAXIMUM         78    401 PM 101    2000  86     -8
  MINIMUM         53    542 AM  44    2010  55     -2
  AVERAGE         66                        70     -4

PRECIPITATION (IN)
  YESTERDAY        T   R         0.00   MM   0.01  -0.01
  MONTH TO DATE    0.17                      0.34  -0.17
  SINCE OCT 1      8.22                      9.66  -1.44
  SINCE JAN 1      5.62                      6.53  -0.91

SNOWFALL (IN)
  YESTERDAY        0.0
  MONTH TO DATE    0.0
  SINCE MAR 1      0.0
  SINCE JUL 1      0.0
  SNOW DEPTH       0

DEGREE DAYS
 HEATING
  YESTERDAY        0
  MONTH TO DATE   10
  SINCE MAR 1    276
  SINCE JUL 1   2166

 COOLING
  YESTERDAY        1
  MONTH TO DATE  121
  SINCE MAR 1    162
  SINCE JAN 1    162
...............................................................


WIND (MPH)
  HIGHEST WIND SPEED    20   HIGHEST WIND DIRECTION    NW (310)
  HIGHEST GUST SPEED    25   HIGHEST GUST DIRECTION    NW (320)
  AVERAGE WIND SPEED     9.7




RELATIVE HUMIDITY (PERCENT)
 HIGHEST    71
 LOWEST     25
 AVERAGE    48

..........................................................


THE HANFORD CA CLIMATE NORMALS FOR TODAY
                         NORMAL    RECORD    YEAR
 MAXIMUM TEMPERATURE (F)   86        99      2001
 MINIMUM TEMPERATURE (F)   55        47      2013


SUNRISE AND SUNSET
MAY 24 2016...........SUNRISE   546 AM PDT   SUNSET   806 PM PDT
MAY 25 2016...........SUNRISE   545 AM PDT   SUNSET   806 PM PDT


-  INDICATES NEGATIVE NUMBERS.
R  INDICATES RECORD WAS SET OR TIED.
MM INDICATES DATA IS MISSING.
T  INDICATES TRACE AMOUNT.




$$
