000
CDUS46 KHNX 220025
CLIHJO


CLIMATE REPORT
NATIONAL WEATHER SERVICE SAN JOAQUIN VALLEY, CA
525 PM PDT THU SEP 21 2017


...................................

...THE HANFORD CA CLIMATE SUMMARY FOR SEPTEMBER 21 2017...
VALID AS OF 0400 PM LOCAL TIME.

CLIMATE NORMAL PERIOD 1981 TO 2010
CLIMATE RECORD PERIOD 1998 TO 2017


WEATHER ITEM   OBSERVED TIME   RECORD YEAR NORMAL DEPARTURE LAST
                VALUE   (LST)  VALUE       VALUE  FROM      YEAR
                                                  NORMAL
..................................................................
TEMPERATURE (F)
 TODAY
  MAXIMUM         74        MM 102    2015  89    -15       89
  MINIMUM         55        MM  42    2004  55      0       59
  AVERAGE         65                        72     -7       74

PRECIPITATION (IN)
  TODAY            0.05          0.08 2007   0.00   0.05     0.00
  MONTH TO DATE    0.16                      0.10   0.06     0.00
  SINCE OCT 1     11.21                     10.03   1.18     8.26
  SINCE JAN 1      8.34                      6.90   1.44     5.66

SNOWFALL (IN)
  TODAY            0.0
  MONTH TO DATE    0.0
  SINCE SEP 1      0.0
  SINCE JUL 1      0.0
  SNOW DEPTH       0

DEGREE DAYS
 HEATING
  TODAY            0                                         0
  MONTH TO DATE    0                                         3
  SINCE SEP 1      0                                         3
  SINCE JUL 1      0                                         3

 COOLING
  TODAY            0                                         9
  MONTH TO DATE  285                                       193
  SINCE SEP 1    285                                       193
  SINCE JAN 1   2102                                      1852
..................................................................


WIND (MPH)
  HIGHEST WIND SPEED    13   HIGHEST WIND DIRECTION    NW (320)
  HIGHEST GUST SPEED    22   HIGHEST GUST DIRECTION     N (340)
  AVERAGE WIND SPEED     7.5




RELATIVE HUMIDITY (PERCENT)
 HIGHEST   100
 LOWEST     33
 AVERAGE    67

..........................................................


THE HANFORD CA CLIMATE NORMALS FOR TOMORROW
                         NORMAL    RECORD    YEAR
 MAXIMUM TEMPERATURE (F)   89       101      2003
 MINIMUM TEMPERATURE (F)   55        43      2004


SUNRISE AND SUNSET
SEPTEMBER 21 2017.....SUNRISE   646 AM PDT   SUNSET   656 PM PDT
SEPTEMBER 22 2017.....SUNRISE   647 AM PDT   SUNSET   655 PM PDT


-  INDICATES NEGATIVE NUMBERS.
R  INDICATES RECORD WAS SET OR TIED.
MM INDICATES DATA IS MISSING.
T  INDICATES TRACE AMOUNT.




$$
