000
CDUS43 KGLD 290041
CLIHLC

CLIMATE REPORT
NATIONAL WEATHER SERVICE GOODLAND
636 PM MDT TUE JUL 28 2015
...................................

...THE HILL CITY KS CLIMATE SUMMARY FOR JULY 28 2015...
VALID TODAY AS OF 0600 PM LOCAL TIME.

CLIMATE NORMAL PERIOD 1981 TO 2010
CLIMATE RECORD PERIOD 1896 TO 2015

WEATHER ITEM   OBSERVED TIME   RECORD YEAR NORMAL DEPARTURE LAST
                VALUE   (LST)  VALUE       VALUE  FROM      YEAR
                                                  NORMAL
..................................................................
TEMPERATURE (F)
 TODAY
  MAXIMUM         87    443 PM 110    1940  92     -5       91
  MINIMUM         78    627 AM  54    1923  66     12       60
                                      1969
  AVERAGE         83                        79      4       76

PRECIPITATION (IN)
  TODAY            0.00                      0.12  -0.12     0.00
  MONTH TO DATE    6.46                      3.33   3.13     1.80
  SINCE JUN 1      7.24                      6.09   1.15     8.73
  SINCE JAN 1     14.77                     14.59   0.18    13.67

..................................................................

THE HILL CITY KS CLIMATE NORMALS FOR TOMORROW
                         NORMAL    RECORD    YEAR
 MAXIMUM TEMPERATURE (F)   92       108      1917
 MINIMUM TEMPERATURE (F)   66        51      1965

-  INDICATES NEGATIVE NUMBERS.
R  INDICATES RECORD WAS SET OR TIED.
MM INDICATES DATA IS MISSING.
T  INDICATES TRACE AMOUNT.

$$
