000
CDUS43 KGLD 300818
CLIHLC

CLIMATE REPORT
NATIONAL WEATHER SERVICE GOODLAND
211 AM MDT MON MAR 30 2015


...................................

...THE HILL CITY KS CLIMATE SUMMARY FOR MARCH 29 2015...

CLIMATE NORMAL PERIOD 1981 TO 2010
CLIMATE RECORD PERIOD 1896 TO 2015


WEATHER ITEM   OBSERVED TIME   RECORD YEAR NORMAL DEPARTURE LAST
                VALUE   (LST)  VALUE       VALUE  FROM      YEAR
                                                  NORMAL
..................................................................
TEMPERATURE (F)
 YESTERDAY
  MAXIMUM         69    346 PM  91    1986  60      9       71
                                      1943
  MINIMUM         32   1131 PM  11    1987  32      0       17
  AVERAGE         51                        46      5       44

PRECIPITATION (IN)
  YESTERDAY        0.00                      0.07  -0.07     0.00
  MONTH TO DATE    0.06                      1.48  -1.42     0.19
  SINCE MAR 1      0.06                      1.48  -1.42     0.19
  SINCE JAN 1      0.48                      2.45  -1.97     0.65

..................................................................


THE HILL CITY KS CLIMATE NORMALS FOR TODAY
                         NORMAL    RECORD    YEAR
 MAXIMUM TEMPERATURE (F)   60        93      1943
 MINIMUM TEMPERATURE (F)   32        -1      1987



-  INDICATES NEGATIVE NUMBERS.
R  INDICATES RECORD WAS SET OR TIED.
MM INDICATES DATA IS MISSING.
T  INDICATES TRACE AMOUNT.

$$
