000
CDUS43 KGLD 290745 RRB
CLIHLC

CLIMATE REPORT
NATIONAL WEATHER SERVICE GOODLAND
1237 AM MST MON DEC 29 2014


...................................

...THE HILL CITY KS CLIMATE SUMMARY FOR DECEMBER 28 2014...

CLIMATE NORMAL PERIOD 1981 TO 2010
CLIMATE RECORD PERIOD 1896 TO 2014


WEATHER ITEM   OBSERVED TIME   RECORD YEAR NORMAL DEPARTURE LAST
                VALUE   (LST)  VALUE       VALUE  FROM      YEAR
                                                  NORMAL
..................................................................
TEMPERATURE (F)
 YESTERDAY
  MAXIMUM         36    357 PM  67    2002  41     -5       63
                                      1999
  MINIMUM          5    824 AM -13    1924  16    -11       20
  AVERAGE         21                        29     -8       42

PRECIPITATION (IN)
  YESTERDAY        0.00                      0.01  -0.01     0.00
  MONTH TO DATE    0.29                      0.64  -0.35     0.06
  SINCE DEC 1      0.29                      0.64  -0.35     0.06
  SINCE JAN 1     21.74                     22.87  -1.13    17.62

..................................................................


THE HILL CITY KS CLIMATE NORMALS FOR TODAY
                         NORMAL    RECORD    YEAR
 MAXIMUM TEMPERATURE (F)   41        67      1999
 MINIMUM TEMPERATURE (F)   16       -11      1983


-  INDICATES NEGATIVE NUMBERS.
R  INDICATES RECORD WAS SET OR TIED.
MM INDICATES DATA IS MISSING.
T  INDICATES TRACE AMOUNT.

$$
