000
CDUS43 KGLD 300748 RRA
CLIHLC

CLIMATE REPORT
NATIONAL WEATHER SERVICE GOODLAND
142 AM MDT TUE SEP 30 2014

...................................

...THE HILL CITY KS CLIMATE SUMMARY FOR SEPTEMBER 29 2014...

CLIMATE NORMAL PERIOD 1981 TO 2010
CLIMATE RECORD PERIOD 1896 TO 2014

WEATHER ITEM   OBSERVED TIME   RECORD YEAR NORMAL DEPARTURE LAST
                VALUE   (LST)  VALUE       VALUE  FROM      YEAR
                                                  NORMAL
..................................................................
TEMPERATURE (F)
 YESTERDAY
  MAXIMUM         85    406 PM  97    1981  76      9       79
  MINIMUM         62   1159 PM  25    1984  47     15       43
  AVERAGE         74                        61     13       61

PRECIPITATION (IN)
  YESTERDAY        0.04                      0.06  -0.02     0.00
  MONTH TO DATE    0.78                      1.83  -1.05     2.87
  SINCE SEP 1      0.78                      1.83  -1.05     2.87
  SINCE JAN 1     20.60                     19.71   0.89    15.81

..................................................................

THE HILL CITY KS CLIMATE NORMALS FOR TODAY
                         NORMAL    RECORD    YEAR
 MAXIMUM TEMPERATURE (F)   75        98      1938
 MINIMUM TEMPERATURE (F)   47        21      1984

-  INDICATES NEGATIVE NUMBERS.
R  INDICATES RECORD WAS SET OR TIED.
MM INDICATES DATA IS MISSING.
T  INDICATES TRACE AMOUNT.

$$
