000
CDUS41 KPBZ 190700
CLIHLG


CLIMATE REPORT
NATIONAL WEATHER SERVICE PITTSBURGH PA
300 AM EDT THU OCT 9  2017


...................................

...THE WHEELING CLIMATE SUMMARY FOR OCTOBER 18 2017...

CLIMATE NORMAL PERIOD 1981 TO 2010
CLIMATE RECORD PERIOD 1878 TO 2017


WEATHER ITEM   OBSERVED TIME   RECORD YEAR NORMAL DEPARTURE LAST
                VALUE   (LST)  VALUE       VALUE  FROM      YEAR
                                                  NORMAL
..................................................................
TEMPERATURE (F)
 YESTERDAY
  MAXIMUM         71    231 PM  81    2016  62      9       81
                                      1938
  MINIMUM         40    707 AM  19    1939  43     -3       66
  AVERAGE         56                        52      4       74

PRECIPITATION (IN)
  YESTERDAY        0.00          1.49 1928   0.09  -0.09     0.00
  MONTH TO DATE    1.81                      1.51   0.30     0.45
  SINCE JAN 1     37.47                     31.28   6.19    29.85

DEGREE DAYS
 HEATING
  YESTERDAY        9                        13     -4        0
  MONTH TO DATE   46                       181   -135       95
  SINCE SEP 1    125                       271   -146      105
  SINCE JUL 1    132                       282   -150      107

 COOLING
  YESTERDAY        0                                         9
  MONTH TO DATE   37                                        20
  SINCE SEP 1    129                                       194
  SINCE JAN 1    757                                      1190
..................................................................


WIND (MPH)
  HIGHEST WIND SPEED    10   HIGHEST WIND DIRECTION     S (190)
  HIGHEST GUST SPEED    13   HIGHEST GUST DIRECTION    SW (220)
  AVERAGE WIND SPEED     4.0


SKY COVER
  POSSIBLE SUNSHINE  MM
  AVERAGE SKY COVER 0.0


WEATHER CONDITIONS
 THE FOLLOWING WEATHER WAS RECORDED YESTERDAY.
  NO SIGNIFICANT WEATHER WAS OBSERVED.


RELATIVE HUMIDITY (PERCENT)
 HIGHEST    54          1100 PM
 LOWEST     33           200 PM
 AVERAGE    44

..........................................................


THE WHEELING CLIMATE NORMALS FOR TODAY
                         NORMAL    RECORD    YEAR
 MAXIMUM TEMPERATURE (F)   62        80      1938
 MINIMUM TEMPERATURE (F)   43        25      1931


SUNRISE AND SUNSET
OCTOBER 19 2017.......SUNRISE   738 AM EDT   SUNSET   637 PM EDT
OCTOBER 20 2017.......SUNRISE   739 AM EDT   SUNSET   635 PM EDT


-  INDICATES NEGATIVE NUMBERS.
R  INDICATES RECORD WAS SET OR TIED.
MM INDICATES DATA IS MISSING.
T  INDICATES TRACE AMOUNT.




$$
