000
CDUS45 KTFX 282234
CLIHLN


CLIMATE REPORT
NATIONAL WEATHER SERVICE GREAT FALLS MT
433 PM MDT SAT MAY 28 2016


...................................

...THE HELENA MT CLIMATE SUMMARY FOR MAY 28 2016...
VALID TODAY AS OF 0400 PM LOCAL TIME.

CLIMATE NORMAL PERIOD 1981 TO 2010
CLIMATE RECORD PERIOD 1866 TO 2016


WEATHER ITEM   OBSERVED TIME   RECORD YEAR NORMAL DEPARTURE LAST
                VALUE   (LST)  VALUE       VALUE  FROM      YEAR
                                                  NORMAL
..................................................................
TEMPERATURE (F)
 TODAY
  MAXIMUM         65    259 PM  95    1919  70     -5       61
  MINIMUM         37    342 AM  28    1947  44     -7       50
  AVERAGE         51                        57     -6       56

PRECIPITATION (IN)
  TODAY            0.00          1.10 1927   0.08  -0.08     0.23
  MONTH TO DATE    1.45                      1.63  -0.18     2.19
  SINCE OCT 1      4.82                      5.43  -0.61     6.17
  SINCE JAN 1      3.12                      3.86  -0.74     3.89

SNOWFALL (IN)
  TODAY            0.0           1.3  1989   0.0    0.0      0.0
  MONTH TO DATE    T                         0.9   -0.9      0.0
  SINCE MAR 1      T                        10.8  -10.8       T
  SINCE JUL 1     14.8                      38.1  -23.3     24.3

DEGREE DAYS
 HEATING
  TODAY           14                         8      6        9
  MONTH TO DATE  323                       327     -4      320
  SINCE MAR 1   1532                      1820   -288     1507
  SINCE JUL 1   6472                      7381   -909     6515

 COOLING
  TODAY            0                         0      0        0
  MONTH TO DATE    0                         0      0        0
  SINCE MAR 1      0                         0      0        0
  SINCE JAN 1      0                         0      0        0
..................................................................


WIND (MPH)
  HIGHEST WIND SPEED    23   HIGHEST WIND DIRECTION     W (290)
  HIGHEST GUST SPEED    29   HIGHEST GUST DIRECTION     W (280)
  AVERAGE WIND SPEED    11.0


SKY COVER
  AVERAGE SKY COVER 0.2


WEATHER CONDITIONS
 THE FOLLOWING WEATHER WAS RECORDED TODAY.
  NO SIGNIFICANT WEATHER WAS OBSERVED.


RELATIVE HUMIDITY (PERCENT)
 HIGHEST    76           400 AM
 LOWEST     27          1200 PM
 AVERAGE    52

..........................................................


THE HELENA MT CLIMATE NORMALS FOR TOMORROW
                         NORMAL    RECORD    YEAR
 MAXIMUM TEMPERATURE (F)   71        91      2003
                                             1986
 MINIMUM TEMPERATURE (F)   45        27      1951


SUNRISE AND SUNSET
MAY 28 2016...........SUNRISE   541 AM MDT   SUNSET   911 PM MDT
MAY 29 2016...........SUNRISE   540 AM MDT   SUNSET   912 PM MDT


-  INDICATES NEGATIVE NUMBERS.
R  INDICATES RECORD WAS SET OR TIED.
MM INDICATES DATA IS MISSING.
T  INDICATES TRACE AMOUNT.




$$
