000
CDUS45 KTFX 281010
CLIHLN


CLIMATE REPORT
NATIONAL WEATHER SERVICE GREAT FALLS MT
408 AM MDT THU APR 28 2016


...................................

...THE HELENA MT CLIMATE SUMMARY FOR APRIL 27 2016...

CLIMATE NORMAL PERIOD 1981 TO 2010
CLIMATE RECORD PERIOD 1866 TO 2016


WEATHER ITEM   OBSERVED TIME   RECORD YEAR NORMAL DEPARTURE LAST
                VALUE   (LST)  VALUE       VALUE  FROM      YEAR
                                                  NORMAL
..................................................................
TEMPERATURE (F)
 YESTERDAY
  MAXIMUM         49    243 PM  83    1987  61    -12       65
  MINIMUM         37   1159 PM  15    1907  35      2       26
  AVERAGE         43                        48     -5       46

PRECIPITATION (IN)
  YESTERDAY        0.00          0.51 1999   0.04  -0.04     0.00
  MONTH TO DATE    0.98                      0.86   0.12     0.53
  SINCE OCT 1      3.34                      3.68  -0.34     3.98
  SINCE JAN 1      1.64                      2.11  -0.47     1.70

SNOWFALL (IN)
  YESTERDAY        0.0           5.0  1886   0.1   -0.1      0.0
  MONTH TO DATE    T                         3.4   -3.4       T
  SINCE MAR 1      T                         9.6   -9.6       T
  SINCE JUL 1     14.8                      36.9  -22.1     24.3
  SNOW DEPTH       0

DEGREE DAYS
 HEATING
  YESTERDAY       22                        17      5       19
  MONTH TO DATE  391                       553   -162      540
  SINCE MAR 1   1150                      1444   -294     1161
  SINCE JUL 1   6090                      7005   -915     6169

 COOLING
  YESTERDAY        0                         0      0        0
  MONTH TO DATE    0                         0      0        0
  SINCE MAR 1      0                         0      0        0
  SINCE JAN 1      0                         0      0        0
..................................................................


WIND (MPH)
  HIGHEST WIND SPEED    23   HIGHEST WIND DIRECTION     N (340)
  HIGHEST GUST SPEED    26   HIGHEST GUST DIRECTION     N (340)
  AVERAGE WIND SPEED    10.4


SKY COVER
  AVERAGE SKY COVER 1.0


WEATHER CONDITIONS
 THE FOLLOWING WEATHER WAS RECORDED YESTERDAY.
  NO SIGNIFICANT WEATHER WAS OBSERVED.


RELATIVE HUMIDITY (PERCENT)
 HIGHEST    85           700 AM
 LOWEST     46           200 PM
 AVERAGE    66

..........................................................


THE HELENA MT CLIMATE NORMALS FOR TODAY
                         NORMAL    RECORD    YEAR
 MAXIMUM TEMPERATURE (F)   62        82      1939
 MINIMUM TEMPERATURE (F)   35        10      1907


SUNRISE AND SUNSET
APRIL 28 2016.........SUNRISE   617 AM MDT   SUNSET   834 PM MDT
APRIL 29 2016.........SUNRISE   616 AM MDT   SUNSET   836 PM MDT


-  INDICATES NEGATIVE NUMBERS.
R  INDICATES RECORD WAS SET OR TIED.
MM INDICATES DATA IS MISSING.
T  INDICATES TRACE AMOUNT.




$$
