000
CDUS45 KTFX 051015
CLIHLN


CLIMATE REPORT
NATIONAL WEATHER SERVICE GREAT FALLS MT
415 AM MDT SAT SEP 5 2015


...................................

...THE HELENA MT CLIMATE SUMMARY FOR SEPTEMBER 4 2015...

CLIMATE NORMAL PERIOD 1981 TO 2010
CLIMATE RECORD PERIOD 1866 TO 2015


WEATHER ITEM   OBSERVED TIME   RECORD YEAR NORMAL DEPARTURE LAST
                VALUE   (LST)  VALUE       VALUE  FROM      YEAR
                                                  NORMAL
..................................................................
TEMPERATURE (F)
 YESTERDAY
  MAXIMUM         56    244 PM  96    1998  78    -22       68
  MINIMUM         48   1153 PM  31    1962  47      1       46
  AVERAGE         52                        62    -10       57

PRECIPITATION (IN)
  YESTERDAY        0.39          1.04 1881   0.05   0.34     0.02
  MONTH TO DATE    0.50                      0.17   0.33     0.02
  SINCE OCT 1      8.90                     10.29  -1.39     9.88
  SINCE JAN 1      6.62                      8.72  -2.10     8.88

SNOWFALL (IN)
  YESTERDAY        0.0           0.0  2000   0.0    0.0      0.0
                                      1995
  MONTH TO DATE    0.0                       0.1   -0.1      0.0
  SINCE SEP 1      0.0                       0.1   -0.1      0.0
  SINCE JUL 1      0.0                       0.4   -0.4      0.0
  SNOW DEPTH       0

DEGREE DAYS
 HEATING
  YESTERDAY       13                         4      9        8
  MONTH TO DATE   22                        16      6       18
  SINCE SEP 1     22                        16      6       18
  SINCE JUL 1     59                        85    -26       65

 COOLING
  YESTERDAY        0                         2     -2        0
  MONTH TO DATE    6                         8     -2        0
  SINCE SEP 1      6                         8     -2        0
  SINCE JAN 1    544                       391    153      448
..................................................................


WIND (MPH)
  HIGHEST WIND SPEED    21   HIGHEST WIND DIRECTION     W (270)
  HIGHEST GUST SPEED    26   HIGHEST GUST DIRECTION     W (270)
  AVERAGE WIND SPEED     6.3


SKY COVER
  AVERAGE SKY COVER 1.0


WEATHER CONDITIONS
 THE FOLLOWING WEATHER WAS RECORDED YESTERDAY.
  RAIN
  LIGHT RAIN
  FOG


RELATIVE HUMIDITY (PERCENT)
 HIGHEST    89           900 AM
 LOWEST     66           200 PM
 AVERAGE    78

..........................................................


THE HELENA MT CLIMATE NORMALS FOR TODAY
                         NORMAL    RECORD    YEAR
 MAXIMUM TEMPERATURE (F)   77        99      1967
 MINIMUM TEMPERATURE (F)   47        30      1956


SUNRISE AND SUNSET
SEPTEMBER  5 2015.....SUNRISE   653 AM MDT   SUNSET   800 PM MDT
SEPTEMBER  6 2015.....SUNRISE   654 AM MDT   SUNSET   758 PM MDT


-  INDICATES NEGATIVE NUMBERS.
R  INDICATES RECORD WAS SET OR TIED.
MM INDICATES DATA IS MISSING.
T  INDICATES TRACE AMOUNT.




$$
