000
CDUS45 KTFX 252326
CLIHLN


CLIMATE REPORT
NATIONAL WEATHER SERVICE GREAT FALLS MT
425 PM MST TUE NOV 25 2014


...................................

...THE HELENA MT CLIMATE SUMMARY FOR NOVEMBER 25 2014...
VALID TODAY AS OF 0400 PM LOCAL TIME.

CLIMATE NORMAL PERIOD 1981 TO 2010
CLIMATE RECORD PERIOD 1866 TO 2014


WEATHER ITEM   OBSERVED TIME   RECORD YEAR NORMAL DEPARTURE LAST
                VALUE   (LST)  VALUE       VALUE  FROM      YEAR
                                                  NORMAL
..................................................................
TEMPERATURE (F)
 TODAY
  MAXIMUM         39    228 PM  64    1949  38      1       41
  MINIMUM         32   1248 AM -15    1985  18     14       15
  AVERAGE         36                        28      8       28

PRECIPITATION (IN)
  TODAY            0.02          1.30 1896   0.02   0.00     0.00
  MONTH TO DATE    0.30                      0.41  -0.11     0.15
  SINCE OCT 1      0.70                      1.09  -0.39     0.71
  SINCE JAN 1     10.66                     10.74  -0.08    10.29

SNOWFALL (IN)
  TODAY            T            13.0  1896   0.2   -0.2      0.0
  MONTH TO DATE    0.7                       3.7   -3.0      1.5
  SINCE SEP 1      0.7                       7.4   -6.7      3.5
  SINCE JUL 1      0.7                       7.7   -7.0      3.5
  SNOW DEPTH       T

DEGREE DAYS
 HEATING
  TODAY           29                        37     -8       37
  MONTH TO DATE  877                       784     93      779
  SINCE SEP 1   1454                      1623   -169     1628
  SINCE JUL 1   1501                      1692   -191     1631

 COOLING
  TODAY            0                         0      0        0
  MONTH TO DATE    0                         0      0        0
  SINCE SEP 1     21                        23     -2       80
  SINCE JAN 1    469                       406     63      589
..................................................................


WIND (MPH)
  HIGHEST WIND SPEED    15   HIGHEST WIND DIRECTION     W (280)
  HIGHEST GUST SPEED    18   HIGHEST GUST DIRECTION     W (280)
  AVERAGE WIND SPEED     3.2


SKY COVER
  AVERAGE SKY COVER 1.0


WEATHER CONDITIONS
 THE FOLLOWING WEATHER WAS RECORDED TODAY.
  LIGHT RAIN
  LIGHT SNOW
  FOG


RELATIVE HUMIDITY (PERCENT)
 HIGHEST    96           900 AM
 LOWEST     52           300 AM
 AVERAGE    74

..........................................................


THE HELENA MT CLIMATE NORMALS FOR TOMORROW
                         NORMAL    RECORD    YEAR
 MAXIMUM TEMPERATURE (F)   37        66      1933
 MINIMUM TEMPERATURE (F)   18       -18      1985


SUNRISE AND SUNSET
NOVEMBER 25 2014......SUNRISE   744 AM MST   SUNSET   446 PM MST
NOVEMBER 26 2014......SUNRISE   745 AM MST   SUNSET   445 PM MST


-  INDICATES NEGATIVE NUMBERS.
R  INDICATES RECORD WAS SET OR TIED.
MM INDICATES DATA IS MISSING.
T  INDICATES TRACE AMOUNT.




$$
