000
CDUS45 KTFX 230958
CLIHLN


CLIMATE REPORT
NATIONAL WEATHER SERVICE GREAT FALLS MT
358 AM MDT MON OCT 23 2017


...................................

...THE HELENA MT CLIMATE SUMMARY FOR OCTOBER 22 2017...

CLIMATE NORMAL PERIOD 1981 TO 2010
CLIMATE RECORD PERIOD 1866 TO 2017


WEATHER ITEM   OBSERVED TIME   RECORD YEAR NORMAL DEPARTURE LAST
                VALUE   (LST)  VALUE       VALUE  FROM      YEAR
                                                  NORMAL
..................................................................
TEMPERATURE (F)
 YESTERDAY
  MAXIMUM         61    115 PM  78    1915  56      5       58
  MINIMUM         38   1247 AM  10    1957  31      7       39
  AVERAGE         50                        43      7       49

PRECIPITATION (IN)
  YESTERDAY        T             0.38 1957   0.02  -0.02      T
  MONTH TO DATE    0.43                      0.52  -0.09     1.14
  SINCE OCT 1      0.43                      0.52  -0.09     1.14
  SINCE JAN 1      7.62                     10.17  -2.55     8.31

SNOWFALL (IN)
  YESTERDAY        0.0           5.7  1919   0.1   -0.1      0.0
  MONTH TO DATE    1.2                       1.6   -0.4      1.0
  SINCE SEP 1      1.2                       2.9   -1.7      1.0
  SINCE JUL 1      1.2                       3.2   -2.0      1.0
  SNOW DEPTH       0

DEGREE DAYS
 HEATING
  YESTERDAY       15                        22     -7       16
  MONTH TO DATE  411                       387     24      382
  SINCE SEP 1    679                       624     55      592
  SINCE JUL 1    681                       693    -12      636

 COOLING
  YESTERDAY        0                         0      0        0
  MONTH TO DATE    0                         0      0        0
  SINCE SEP 1     66                        23     43       13
  SINCE JAN 1    702                       406    296      455
..................................................................


WIND (MPH)
  HIGHEST WIND SPEED    43   HIGHEST WIND DIRECTION     W (260)
  HIGHEST GUST SPEED    56   HIGHEST GUST DIRECTION     W (260)
  AVERAGE WIND SPEED    15.1


SKY COVER
  AVERAGE SKY COVER 0.4


WEATHER CONDITIONS
 THE FOLLOWING WEATHER WAS RECORDED YESTERDAY.
  LIGHT RAIN


RELATIVE HUMIDITY (PERCENT)
 HIGHEST    70           100 AM
 LOWEST     42          1100 AM
 AVERAGE    56

..........................................................


THE HELENA MT CLIMATE NORMALS FOR TODAY
                         NORMAL    RECORD    YEAR
 MAXIMUM TEMPERATURE (F)   56        74      2007
                                             1960
                                             1944
 MINIMUM TEMPERATURE (F)   30         6      1919
                                             1887


SUNRISE AND SUNSET
OCTOBER 23 2017.......SUNRISE   757 AM MDT   SUNSET   627 PM MDT
OCTOBER 24 2017.......SUNRISE   759 AM MDT   SUNSET   625 PM MDT


-  INDICATES NEGATIVE NUMBERS.
R  INDICATES RECORD WAS SET OR TIED.
MM INDICATES DATA IS MISSING.
T  INDICATES TRACE AMOUNT.




$$
