459
CDUS45 KTFX 262230
CLIHLN


CLIMATE REPORT
NATIONAL WEATHER SERVICE GREAT FALLS MT
430 PM MDT MON SEP 26 2016


...................................

...THE HELENA MT CLIMATE SUMMARY FOR SEPTEMBER 26 2016...
VALID TODAY AS OF 0400 PM LOCAL TIME.

CLIMATE NORMAL PERIOD 1981 TO 2010
CLIMATE RECORD PERIOD 1866 TO 2016


WEATHER ITEM   OBSERVED TIME   RECORD YEAR NORMAL DEPARTURE LAST
                VALUE   (LST)  VALUE       VALUE  FROM      YEAR
                                                  NORMAL
..................................................................
TEMPERATURE (F)
 TODAY
  MAXIMUM         77    259 PM  88    1952  68      9       83
  MINIMUM         43    617 AM  20    1900  39      4       49
  AVERAGE         60                        54      6       66

PRECIPITATION (IN)
  TODAY            0.00          0.62 1947   0.03  -0.03     0.00
  MONTH TO DATE    0.97                      0.98  -0.01     2.08
  SINCE OCT 1      8.87                     11.10  -2.23    10.48
  SINCE JAN 1      7.17                      9.53  -2.36     8.20

SNOWFALL (IN)
  TODAY            0.0           3.3  1984   0.1   -0.1      0.0
  MONTH TO DATE    0.0                       1.1   -1.1      0.0
  SINCE SEP 1      0.0                       1.1   -1.1      0.0
  SINCE JUL 1      0.0                       1.4   -1.4      0.0

DEGREE DAYS
 HEATING
  TODAY            5                        12     -7        0
  MONTH TO DATE  206                       189     17      130
  SINCE SEP 1    206                       189     17      130
  SINCE JUL 1    250                       258     -8      167

 COOLING
  TODAY            0                         0      0        1
  MONTH TO DATE   12                        22    -10       25
  SINCE SEP 1     12                        22    -10       25
  SINCE JAN 1    454                       405     49      563
..................................................................


WIND (MPH)
  HIGHEST WIND SPEED    14   HIGHEST WIND DIRECTION     E (80)
  HIGHEST GUST SPEED    17   HIGHEST GUST DIRECTION    NE (60)
  AVERAGE WIND SPEED     3.2


SKY COVER
  AVERAGE SKY COVER 0.0


WEATHER CONDITIONS
 THE FOLLOWING WEATHER WAS RECORDED TODAY.
  NO SIGNIFICANT WEATHER WAS OBSERVED.


RELATIVE HUMIDITY (PERCENT)
 HIGHEST    89           600 AM
 LOWEST     31           300 PM
 AVERAGE    60

..........................................................


THE HELENA MT CLIMATE NORMALS FOR TOMORROW
                         NORMAL    RECORD    YEAR
 MAXIMUM TEMPERATURE (F)   67        88      1963
 MINIMUM TEMPERATURE (F)   39        23      1961


SUNRISE AND SUNSET
SEPTEMBER 26 2016.....SUNRISE   721 AM MDT   SUNSET   717 PM MDT
SEPTEMBER 27 2016.....SUNRISE   722 AM MDT   SUNSET   715 PM MDT


-  INDICATES NEGATIVE NUMBERS.
R  INDICATES RECORD WAS SET OR TIED.
MM INDICATES DATA IS MISSING.
T  INDICATES TRACE AMOUNT.




$$
