000
CDHW40 PHFO 061245
CLIHNL


CLIMATE REPORT
NATIONAL WEATHER SERVICE HONOLULU HI
245 AM HST SAT FEB 6 2016


...................................

...THE HONOLULU HI CLIMATE SUMMARY FOR FEBRUARY 5 2016...

CLIMATE NORMAL PERIOD 1981 TO 2010
CLIMATE RECORD PERIOD 1946 TO 2016


WEATHER ITEM   OBSERVED TIME   RECORD YEAR NORMAL DEPARTURE LAST
                VALUE   (LST)  VALUE       VALUE  FROM      YEAR
                                                  NORMAL
..................................................................
TEMPERATURE (F)
 YESTERDAY
  MAXIMUM         82    423 PM  86    1996  80      2       83
                                      1977
  MINIMUM         70    719 AM  56    1986  66      4       67
  AVERAGE         76                        73      3       75

PRECIPITATION (IN)
  YESTERDAY        T             0.76 1995   0.06  -0.06     0.01
  MONTH TO DATE    0.08                      0.33  -0.25     0.11
  SINCE DEC 1      0.38                      5.88  -5.50     2.12
  SINCE JAN 1      0.11                      2.64  -2.53     1.05

SNOWFALL (IN)
  YESTERDAY        0.0
  MONTH TO DATE    0.0
  SINCE DEC 1      0.0
  SINCE JUL 1      0.0
  SNOW DEPTH       0

DEGREE DAYS
 HEATING
  YESTERDAY        0                         0      0        0
  MONTH TO DATE    0                         0      0        0
  SINCE DEC 1      0                         0      0        0
  SINCE JUL 1      0                         0      0        0

 COOLING
  YESTERDAY       11                         8      3       10
  MONTH TO DATE   58                        40     18       59
  SINCE DEC 1    757                       596    161      572
  SINCE JAN 1    351                       294     57      288
..................................................................


WIND (MPH)
  HIGHEST WIND SPEED    14   HIGHEST WIND DIRECTION    SW (220)
  HIGHEST GUST SPEED    16   HIGHEST GUST DIRECTION    SW (220)
  AVERAGE WIND SPEED     5.1


SKY COVER
  POSSIBLE SUNSHINE  MM
  AVERAGE SKY COVER 0.6


WEATHER CONDITIONS
 THE FOLLOWING WEATHER WAS RECORDED YESTERDAY.
  NO SIGNIFICANT WEATHER WAS OBSERVED.


RELATIVE HUMIDITY (PERCENT)
 HIGHEST    84           300 AM
 LOWEST     58          1100 AM
 AVERAGE    71

..........................................................


THE HONOLULU HI CLIMATE NORMALS FOR TODAY
                         NORMAL    RECORD    YEAR
 MAXIMUM TEMPERATURE (F)   80        86      1996
 MINIMUM TEMPERATURE (F)   66        56      1998


SUNRISE AND SUNSET
FEBRUARY  6 2016......SUNRISE   707 AM HST   SUNSET   625 PM HST
FEBRUARY  7 2016......SUNRISE   707 AM HST   SUNSET   625 PM HST


-  INDICATES NEGATIVE NUMBERS.
R  INDICATES RECORD WAS SET OR TIED.
MM INDICATES DATA IS MISSING.
T  INDICATES TRACE AMOUNT.




$$
