000
CDHW40 PHFO 250226
CLIHNL


CLIMATE REPORT
NATIONAL WEATHER SERVICE HONOLULU HI
426 PM HST WED DEC 24 2014


...................................

...THE HONOLULU HI CLIMATE SUMMARY FOR DECEMBER 24 2014...
VALID TODAY AS OF 0400 PM LOCAL TIME.

CLIMATE NORMAL PERIOD 1981 TO 2010
CLIMATE RECORD PERIOD 1946 TO 2014


WEATHER ITEM   OBSERVED TIME   RECORD YEAR NORMAL DEPARTURE LAST
                VALUE   (LST)  VALUE       VALUE  FROM      YEAR
                                                  NORMAL
..................................................................
TEMPERATURE (F)
 TODAY
  MAXIMUM         79   1240 PM  87    1995  81     -2       82
  MINIMUM         68    541 AM  59    2005  67      1       70
                                      1978
  AVERAGE         74                        74      0       76

PRECIPITATION (IN)
  TODAY            T             1.64 1923   0.12  -0.12      T
  MONTH TO DATE    0.38                      2.47  -2.09     3.64
  SINCE DEC 1      0.38                      2.47  -2.09     3.64
  SINCE JAN 1     20.13                     16.33   3.80    16.18

SNOWFALL (IN)
  TODAY            0.0
  MONTH TO DATE    0.0
  SINCE DEC 1      0.0
  SINCE JUL 1      0.0
  SNOW DEPTH       0

DEGREE DAYS
 HEATING
  TODAY            0                         0      0        0
  MONTH TO DATE    0                         0      0        0
  SINCE DEC 1      0                         0      0        0
  SINCE JUL 1      0                         0      0        0

 COOLING
  TODAY            9                         9      0       11
  MONTH TO DATE  242                       240      2      255
  SINCE DEC 1    242                       240      2      255
  SINCE JAN 1   4867                      4566    301     4392
..................................................................


WIND (MPH)
  HIGHEST WIND SPEED    10   HIGHEST WIND DIRECTION     S (190)
  HIGHEST GUST SPEED    15   HIGHEST GUST DIRECTION     N (350)
  AVERAGE WIND SPEED     6.5


SKY COVER
  POSSIBLE SUNSHINE  MM
  AVERAGE SKY COVER 0.6


WEATHER CONDITIONS
 THE FOLLOWING WEATHER WAS RECORDED TODAY.
  FOG


RELATIVE HUMIDITY (PERCENT)
 HIGHEST    90           600 AM
 LOWEST     62           100 PM
 AVERAGE    76

..........................................................


THE HONOLULU HI CLIMATE NORMALS FOR TOMORROW
                         NORMAL    RECORD    YEAR
 MAXIMUM TEMPERATURE (F)   81        86      1995
 MINIMUM TEMPERATURE (F)   67        59      1978


SUNRISE AND SUNSET
DECEMBER 24 2014......SUNRISE   706 AM HST   SUNSET   557 PM HST
DECEMBER 25 2014......SUNRISE   707 AM HST   SUNSET   557 PM HST


-  INDICATES NEGATIVE NUMBERS.
R  INDICATES RECORD WAS SET OR TIED.
MM INDICATES DATA IS MISSING.
T  INDICATES TRACE AMOUNT.




$$
