000
CDHW40 PHFO 171245
CLIHNL


CLIMATE REPORT
NATIONAL WEATHER SERVICE HONOLULU HI
245 AM HST SAT FEB 17 2018


...................................

...THE HONOLULU HI CLIMATE SUMMARY FOR FEBRUARY 16 2018...

CLIMATE NORMAL PERIOD 1981 TO 2010
CLIMATE RECORD PERIOD 1946 TO 2018


WEATHER ITEM   OBSERVED TIME   RECORD YEAR NORMAL DEPARTURE LAST
                VALUE   (LST)  VALUE       VALUE  FROM      YEAR
                                                  NORMAL
..................................................................
TEMPERATURE (F)
 YESTERDAY
  MAXIMUM         80    122 PM  86    1978  80      0       84
  MINIMUM         66    648 AM  60    1993  66      0       69
                                      1959
  AVERAGE         73                        73      0       77

PRECIPITATION (IN)
  YESTERDAY        0.00          1.31 1962   0.08  -0.08     0.00
  MONTH TO DATE    3.07                      1.07   2.00     5.74
  SINCE DEC 1      6.53                      6.62  -0.09     6.82
  SINCE JAN 1      3.13                      3.38  -0.25     5.95

SNOWFALL (IN)
  YESTERDAY        0.0
  MONTH TO DATE    0.0
  SINCE DEC 1      0.0
  SINCE JUL 1      0.0
  SNOW DEPTH      MM

DEGREE DAYS
 HEATING
  YESTERDAY        0                         0      0        0
  MONTH TO DATE    0                         0      0        0
  SINCE DEC 1      0                         0      0        0
  SINCE JUL 1      0                         0      0        0

 COOLING
  YESTERDAY        8                         8      0       12
  MONTH TO DATE  159                       128     31      145
  SINCE DEC 1    837                       684    153      723
  SINCE JAN 1    531                       382    149      418
..................................................................


WIND (MPH)
  HIGHEST WIND SPEED    10   HIGHEST WIND DIRECTION     S (200)
  HIGHEST GUST SPEED    13   HIGHEST GUST DIRECTION    SW (210)
  AVERAGE WIND SPEED     4.4


SKY COVER
  POSSIBLE SUNSHINE  MM
  AVERAGE SKY COVER  MM


WEATHER CONDITIONS
 THE FOLLOWING WEATHER WAS RECORDED YESTERDAY.
  NO SIGNIFICANT WEATHER WAS OBSERVED.


RELATIVE HUMIDITY (PERCENT)
 HIGHEST    MM
 LOWEST     MM
 AVERAGE    MM

..........................................................


THE HONOLULU HI CLIMATE NORMALS FOR TODAY
                         NORMAL    RECORD    YEAR
 MAXIMUM TEMPERATURE (F)   80        85      2000
 MINIMUM TEMPERATURE (F)   66        56      1986


SUNRISE AND SUNSET
FEBRUARY 17 2018......SUNRISE   701 AM HST   SUNSET   631 PM HST
FEBRUARY 18 2018......SUNRISE   700 AM HST   SUNSET   631 PM HST


-  INDICATES NEGATIVE NUMBERS.
R  INDICATES RECORD WAS SET OR TIED.
MM INDICATES DATA IS MISSING.
T  INDICATES TRACE AMOUNT.




$$
