000
CDHW40 PHFO 021245
CLIHNL


CLIMATE REPORT
NATIONAL WEATHER SERVICE HONOLULU HI
245 AM HST MON MAR 2 2015


...................................

...THE HONOLULU HI CLIMATE SUMMARY FOR MARCH 1 2015...

CLIMATE NORMAL PERIOD 1981 TO 2010
CLIMATE RECORD PERIOD 1946 TO 2015


WEATHER ITEM   OBSERVED TIME   RECORD YEAR NORMAL DEPARTURE LAST
                VALUE   (LST)  VALUE       VALUE  FROM      YEAR
                                                  NORMAL
..................................................................
TEMPERATURE (F)
 YESTERDAY
  MAXIMUM         84    153 PM  85    1997  81      3       78
                                      1977
  MINIMUM         70    650 AM  58    1987  67      3       69
                                      1983
  AVERAGE         77                        74      3       74

PRECIPITATION (IN)
  YESTERDAY        0.01          2.63 1963   0.07  -0.06     0.54
  MONTH TO DATE    0.01                      0.07  -0.06     0.54
  SINCE MAR 1      0.01                      0.07  -0.06     0.54
  SINCE JAN 1      1.81                      4.37  -2.56     4.22

SNOWFALL (IN)
  YESTERDAY        0.0
  MONTH TO DATE    0.0
  SINCE MAR 1      0.0
  SINCE JUL 1      0.0
  SNOW DEPTH       0

DEGREE DAYS
 HEATING
  YESTERDAY        0                         0      0        0
  MONTH TO DATE    0                         0      0        0
  SINCE MAR 1      0                         0      0        0
  SINCE JUL 1      0                         0      0        0

 COOLING
  YESTERDAY       12                         8      4        9
  MONTH TO DATE   12                         8      4        9
  SINCE MAR 1     12                         8      4        9
  SINCE JAN 1    522                       490     32      528
..................................................................


WIND (MPH)
  HIGHEST WIND SPEED    22   HIGHEST WIND DIRECTION    NE (30)
  HIGHEST GUST SPEED    26   HIGHEST GUST DIRECTION    NE (40)
  AVERAGE WIND SPEED    11.1


SKY COVER
  POSSIBLE SUNSHINE  MM
  AVERAGE SKY COVER 0.4


WEATHER CONDITIONS
 THE FOLLOWING WEATHER WAS RECORDED YESTERDAY.
  LIGHT RAIN


RELATIVE HUMIDITY (PERCENT)
 HIGHEST    79          1200 AM
 LOWEST     48           200 PM
 AVERAGE    64

..........................................................


THE HONOLULU HI CLIMATE NORMALS FOR TODAY
                         NORMAL    RECORD    YEAR
 MAXIMUM TEMPERATURE (F)   81        85      1997
                                             1959
 MINIMUM TEMPERATURE (F)   67        58      1983
                                             1891


SUNRISE AND SUNSET
MARCH  2 2015.........SUNRISE   651 AM HST   SUNSET   636 PM HST
MARCH  3 2015.........SUNRISE   651 AM HST   SUNSET   637 PM HST


-  INDICATES NEGATIVE NUMBERS.
R  INDICATES RECORD WAS SET OR TIED.
MM INDICATES DATA IS MISSING.
T  INDICATES TRACE AMOUNT.




$$
