000
CDUS43 KFSD 020645
CLIHON


CLIMATE REPORT
NATIONAL WEATHER SERVICE SIOUX FALLS SD
144 AM CDT THU OCT 2 2014


...................................

...THE HURON SD CLIMATE SUMMARY FOR OCTOBER 1 2014...

CLIMATE NORMAL PERIOD 1981 TO 2010
CLIMATE RECORD PERIOD 1881 TO 2014


WEATHER ITEM   OBSERVED TIME   RECORD YEAR NORMAL DEPARTURE LAST
                VALUE   (LST)  VALUE       VALUE  FROM      YEAR
                                                  NORMAL
..................................................................
TEMPERATURE (F)
 YESTERDAY
  MAXIMUM         76    328 PM  94    1892  68      8       75
  MINIMUM         48   1159 PM  20    2003  41      7       44
  AVERAGE         62                        54      8       60

PRECIPITATION (IN)
  YESTERDAY        0.00          1.42 1930   0.07  -0.07     0.00
  MONTH TO DATE    0.00                      0.07  -0.07     0.00
  SINCE SEP 1      1.10                      2.53  -1.43     1.41
  SINCE JAN 1     14.66                     19.79  -5.13    18.61

SNOWFALL (IN)
  YESTERDAY        0.0           4.6  1999   0.0    0.0      0.0
  MONTH TO DATE    0.0                       0.0    0.0      0.0
  SINCE SEP 1      0.0                       0.0    0.0      0.0
  SINCE JUL 1      0.0                       0.0    0.0      0.0
  SNOW DEPTH       0

DEGREE DAYS
 HEATING
  YESTERDAY        3                        11     -8        5
  MONTH TO DATE    3                        11     -8        5
  SINCE SEP 1    142                       178    -36       58
  SINCE JUL 1    175                       207    -32       80

 COOLING
  YESTERDAY        0                         0      0        0
  MONTH TO DATE    0                         0      0        0
  SINCE SEP 1     74                        69      5      160
  SINCE JAN 1    597                       738   -141      848
..................................................................


WIND (MPH)
  HIGHEST WIND SPEED    18   HIGHEST WIND DIRECTION    NW (320)
  HIGHEST GUST SPEED    23   HIGHEST GUST DIRECTION    NW (320)
  AVERAGE WIND SPEED     7.8


SKY COVER
  POSSIBLE SUNSHINE  MM
  AVERAGE SKY COVER 0.4


WEATHER CONDITIONS
 THE FOLLOWING WEATHER WAS RECORDED YESTERDAY.
  FOG


RELATIVE HUMIDITY (PERCENT)
 HIGHEST   100           800 AM
 LOWEST     38           300 PM
 AVERAGE    69

..........................................................


THE HURON SD CLIMATE NORMALS FOR TODAY
                         NORMAL    RECORD    YEAR
 MAXIMUM TEMPERATURE (F)   67        94      1997
                                             1910
 MINIMUM TEMPERATURE (F)   41        15      1999


SUNRISE AND SUNSET
OCTOBER  2 2014.......SUNRISE   732 AM CDT   SUNSET   712 PM CDT
OCTOBER  3 2014.......SUNRISE   733 AM CDT   SUNSET   710 PM CDT


-  INDICATES NEGATIVE NUMBERS.
R  INDICATES RECORD WAS SET OR TIED.
MM INDICATES DATA IS MISSING.
T  INDICATES TRACE AMOUNT.




$$
