000
CDUS43 KFSD 210627
CLIHON


CLIMATE REPORT
NATIONAL WEATHER SERVICE SIOUX FALLS SD
124 AM CDT TUE OCT 21 2014


...................................

...THE HURON SD CLIMATE SUMMARY FOR OCTOBER 20 2014...

CLIMATE NORMAL PERIOD 1981 TO 2010
CLIMATE RECORD PERIOD 1881 TO 2014


WEATHER ITEM   OBSERVED TIME   RECORD YEAR NORMAL DEPARTURE LAST
                VALUE   (LST)  VALUE       VALUE  FROM      YEAR
                                                  NORMAL
..................................................................
TEMPERATURE (F)
 YESTERDAY
  MAXIMUM         73    233 PM  91    1947  59     14       50
  MINIMUM         31    659 AM  14    1916  34     -3       34
  AVERAGE         52                        46      6       42

PRECIPITATION (IN)
  YESTERDAY        0.00          2.20 1906   0.05  -0.05      T
  MONTH TO DATE    0.06                      1.26  -1.20     5.06
  SINCE SEP 1      1.16                      3.72  -2.56     6.47
  SINCE JAN 1     14.72                     20.98  -6.26    23.67

SNOWFALL (IN)
  YESTERDAY        0.0           0.8  1936   0.0    0.0      0.0
  MONTH TO DATE    0.0                       0.4   -0.4      0.0
  SINCE SEP 1      0.0                       0.4   -0.4      0.0
  SINCE JUL 1      0.0                       0.4   -0.4      0.0
  SNOW DEPTH       0

DEGREE DAYS
 HEATING
  YESTERDAY       13                        19     -6       23
  MONTH TO DATE  290                       298     -8      275
  SINCE SEP 1    429                       465    -36      328
  SINCE JUL 1    462                       494    -32      350

 COOLING
  YESTERDAY        0                         0      0        0
  MONTH TO DATE    0                         0      0        0
  SINCE SEP 1     74                        69      5      160
  SINCE JAN 1    597                       738   -141      848
..................................................................


WIND (MPH)
  HIGHEST WIND SPEED     9   HIGHEST WIND DIRECTION    SE (120)
  HIGHEST GUST SPEED    11   HIGHEST GUST DIRECTION    SE (130)
  AVERAGE WIND SPEED     3.7


SKY COVER
  POSSIBLE SUNSHINE  MM
  AVERAGE SKY COVER 0.0


WEATHER CONDITIONS
 THE FOLLOWING WEATHER WAS RECORDED YESTERDAY.
  NO SIGNIFICANT WEATHER WAS OBSERVED.


RELATIVE HUMIDITY (PERCENT)
 HIGHEST   100           700 AM
 LOWEST     24           400 PM
 AVERAGE    62

..........................................................


THE HURON SD CLIMATE NORMALS FOR TODAY
                         NORMAL    RECORD    YEAR
 MAXIMUM TEMPERATURE (F)   58        88      1947
                                             1927
 MINIMUM TEMPERATURE (F)   34        13      1930
                                             1913


SUNRISE AND SUNSET
OCTOBER 21 2014.......SUNRISE   756 AM CDT   SUNSET   639 PM CDT
OCTOBER 22 2014.......SUNRISE   757 AM CDT   SUNSET   637 PM CDT


-  INDICATES NEGATIVE NUMBERS.
R  INDICATES RECORD WAS SET OR TIED.
MM INDICATES DATA IS MISSING.
T  INDICATES TRACE AMOUNT.




$$
