000
CDUS43 KFSD 200651
CLIHON


CLIMATE REPORT
NATIONAL WEATHER SERVICE SIOUX FALLS SD
1250 AM CST FRI JAN 20 2017


...................................

...THE HURON SD CLIMATE SUMMARY FOR JANUARY 19 2017...

CLIMATE NORMAL PERIOD 1981 TO 2010
CLIMATE RECORD PERIOD 1881 TO 2017


WEATHER ITEM   OBSERVED TIME   RECORD YEAR NORMAL DEPARTURE LAST
                VALUE   (LST)  VALUE       VALUE  FROM      YEAR
                                                  NORMAL
..................................................................
TEMPERATURE (F)
 YESTERDAY
  MAXIMUM         37   1041 PM  64    1900  27     10       22
  MINIMUM         31    102 AM -35    1970   6     25        6
  AVERAGE         34                        17     17       14

PRECIPITATION (IN)
  YESTERDAY        0.00          0.50 1926   0.02  -0.02     0.05
  MONTH TO DATE    0.33                      0.31   0.02     0.13
  SINCE DEC 1      1.72                      0.83   0.89     1.41
  SINCE JAN 1      0.33                      0.31   0.02     0.13

SNOWFALL (IN)
  YESTERDAY        0.0           6.5  1926   0.3   -0.3      0.5
  MONTH TO DATE    4.0                       4.5   -0.5      2.2
  SINCE DEC 1     14.0                      12.5    1.5     16.5
  SINCE JUL 1     18.7                      20.8   -2.1     22.1
  SNOW DEPTH       2

DEGREE DAYS
 HEATING
  YESTERDAY       31                        48    -17       51
  MONTH TO DATE 1047                       927    120     1016
  SINCE DEC 1   2546                      2345    201     2274
  SINCE JUL 1   3754                      4047   -293     3564

 COOLING
  YESTERDAY        0                         0      0        0
  MONTH TO DATE    0                         0      0        0
  SINCE DEC 1      0                         0      0        0
  SINCE JAN 1      0                         0      0        0
..................................................................


WIND (MPH)
  HIGHEST WIND SPEED    20   HIGHEST WIND DIRECTION     S (160)
  HIGHEST GUST SPEED    28   HIGHEST GUST DIRECTION     S (170)
  AVERAGE WIND SPEED    12.5


SKY COVER
  POSSIBLE SUNSHINE  MM
  AVERAGE SKY COVER 0.6


WEATHER CONDITIONS
 THE FOLLOWING WEATHER WAS RECORDED YESTERDAY.
  FOG


RELATIVE HUMIDITY (PERCENT)
 HIGHEST   100           100 AM
 LOWEST     92          1200 AM
 AVERAGE    96

..........................................................


THE HURON SD CLIMATE NORMALS FOR TODAY
                         NORMAL    RECORD    YEAR
 MAXIMUM TEMPERATURE (F)   27        63      1944
                                             1908
 MINIMUM TEMPERATURE (F)    7       -30      1883


SUNRISE AND SUNSET
JANUARY 20 2017.......SUNRISE   802 AM CST   SUNSET   526 PM CST
JANUARY 21 2017.......SUNRISE   801 AM CST   SUNSET   528 PM CST


-  INDICATES NEGATIVE NUMBERS.
R  INDICATES RECORD WAS SET OR TIED.
MM INDICATES DATA IS MISSING.
T  INDICATES TRACE AMOUNT.




$$
