000
CDUS43 KFSD 210625
CLIHON


CLIMATE REPORT
NATIONAL WEATHER SERVICE SIOUX FALLS SD
1225 AM CST SUN JAN 21 2018


...................................

...THE HURON SD CLIMATE SUMMARY FOR JANUARY 20 2018...

CLIMATE NORMAL PERIOD 1981 TO 2010
CLIMATE RECORD PERIOD 1881 TO 2018


WEATHER ITEM   OBSERVED TIME   RECORD YEAR NORMAL DEPARTURE LAST
                VALUE   (LST)  VALUE       VALUE  FROM      YEAR
                                                  NORMAL
..................................................................
TEMPERATURE (F)
 YESTERDAY
  MAXIMUM         47    221 PM  63    1944  27     20       44
                                      1908
  MINIMUM         22    534 AM -30    1883   7     15       36
  AVERAGE         35                        17     18       40

PRECIPITATION (IN)
  YESTERDAY        0.00          0.48 1917   0.01  -0.01     0.00
  MONTH TO DATE    0.12                      0.32  -0.20     0.33
  SINCE DEC 1      0.62                      0.84  -0.22     1.72
  SINCE JAN 1      0.12                      0.32  -0.20     0.33

SNOWFALL (IN)
  YESTERDAY        0.0           4.7  1917   0.2   -0.2      0.0
  MONTH TO DATE    1.3                       4.7   -3.4      4.0
  SINCE DEC 1      8.2                      12.7   -4.5     14.0
  SINCE JUL 1      9.5                      21.0  -11.5     18.7
  SNOW DEPTH       0

DEGREE DAYS
 HEATING
  YESTERDAY       30                        48    -18       25
  MONTH TO DATE 1039                       975     64     1072
  SINCE DEC 1   2402                      2393      9     2571
  SINCE JUL 1   3967                      4095   -128     3779

 COOLING
  YESTERDAY        0                         0      0        0
  MONTH TO DATE    0                         0      0        0
  SINCE DEC 1      0                         0      0        0
  SINCE JAN 1      0                         0      0        0
..................................................................


WIND (MPH)
  HIGHEST WIND SPEED    10   HIGHEST WIND DIRECTION     N (350)
  HIGHEST GUST SPEED    12   HIGHEST GUST DIRECTION     N (20)
  AVERAGE WIND SPEED     3.4


SKY COVER
  POSSIBLE SUNSHINE  MM
  AVERAGE SKY COVER 0.4


WEATHER CONDITIONS
 THE FOLLOWING WEATHER WAS RECORDED YESTERDAY.
  NO SIGNIFICANT WEATHER WAS OBSERVED.


RELATIVE HUMIDITY (PERCENT)
 HIGHEST   100           400 AM
 LOWEST     58           200 PM
 AVERAGE    79

..........................................................


THE HURON SD CLIMATE NORMALS FOR TODAY
                         NORMAL    RECORD    YEAR
 MAXIMUM TEMPERATURE (F)   27        59      1900
 MINIMUM TEMPERATURE (F)    7       -34      1949


SUNRISE AND SUNSET
JANUARY 21 2018.......SUNRISE   802 AM CST   SUNSET   527 PM CST
JANUARY 22 2018.......SUNRISE   801 AM CST   SUNSET   529 PM CST


-  INDICATES NEGATIVE NUMBERS.
R  INDICATES RECORD WAS SET OR TIED.
MM INDICATES DATA IS MISSING.
T  INDICATES TRACE AMOUNT.




$$
