715
CDUS43 KFSD 120633
CLIHON


CLIMATE REPORT
NATIONAL WEATHER SERVICE SIOUX FALLS SD
1232 AM CST FRI FEB 12 2016


...................................

...THE HURON SD CLIMATE SUMMARY FOR FEBRUARY 11 2016...

CLIMATE NORMAL PERIOD 1981 TO 2010
CLIMATE RECORD PERIOD 1881 TO 2016


WEATHER ITEM   OBSERVED TIME   RECORD YEAR NORMAL DEPARTURE LAST
                VALUE   (LST)  VALUE       VALUE  FROM      YEAR
                                                  NORMAL
..................................................................
TEMPERATURE (F)
 YESTERDAY
  MAXIMUM         24    411 PM  64    1987  31     -7       22
  MINIMUM         15    314 AM -36    1899  10      5        2
  AVERAGE         20                        20      0       12

PRECIPITATION (IN)
  YESTERDAY        0.05          0.38 1992   0.02   0.03      T
  MONTH TO DATE    0.13                      0.21  -0.08     0.04
  SINCE DEC 1      1.70                      1.23   0.47     1.09
  SINCE JAN 1      0.42                      0.71  -0.29     0.39

SNOWFALL (IN)
  YESTERDAY        0.4           6.5  1992   0.2    0.2       T
  MONTH TO DATE    1.4                       2.7   -1.3      0.4
  SINCE DEC 1     21.0                      18.0    3.0     10.1
  SINCE JUL 1     26.6                      26.3    0.3     18.0
  SNOW DEPTH       0

DEGREE DAYS
 HEATING
  YESTERDAY       45                        45      0       53
  MONTH TO DATE  440                       506    -66      496
  SINCE DEC 1   3188                      3421   -233     3196
  SINCE JUL 1   4478                      5123   -645     5053

 COOLING
  YESTERDAY        0                         0      0        0
  MONTH TO DATE    0                         0      0        0
  SINCE DEC 1      0                         0      0        0
  SINCE JAN 1      0                         0      0        0
..................................................................


WIND (MPH)
  HIGHEST WIND SPEED    15   HIGHEST WIND DIRECTION     N (10)
  HIGHEST GUST SPEED    20   HIGHEST GUST DIRECTION     N (10)
  AVERAGE WIND SPEED     6.2


SKY COVER
  POSSIBLE SUNSHINE  MM
  AVERAGE SKY COVER 1.0


WEATHER CONDITIONS
 THE FOLLOWING WEATHER WAS RECORDED YESTERDAY.
  LIGHT SNOW
  FOG


RELATIVE HUMIDITY (PERCENT)
 HIGHEST    92           800 PM
 LOWEST     77          1000 AM
 AVERAGE    85

..........................................................


THE HURON SD CLIMATE NORMALS FOR TODAY
                         NORMAL    RECORD    YEAR
 MAXIMUM TEMPERATURE (F)   31        59      2005
 MINIMUM TEMPERATURE (F)   10       -30      1905
                                             1887


SUNRISE AND SUNSET
FEBRUARY 12 2016......SUNRISE   738 AM CST   SUNSET   557 PM CST
FEBRUARY 13 2016......SUNRISE   736 AM CST   SUNSET   559 PM CST


-  INDICATES NEGATIVE NUMBERS.
R  INDICATES RECORD WAS SET OR TIED.
MM INDICATES DATA IS MISSING.
T  INDICATES TRACE AMOUNT.




$$
