000
CDUS44 KHGX 252128
CLIHOU

CLIMATE REPORT
NATIONAL WEATHER SERVICE HOUSTON/GALVESTON TX
422 PM CDT MON JUL 25 2016


...................................

...THE HOUSTON INTERCONTINENTAL CLIMATE SUMMARY FOR JULY 25 2016...
VALID TODAY AS OF 400 PM LOCAL TIME.

CLIMATE NORMAL PERIOD 1981 TO 2010
CLIMATE RECORD PERIOD 1892 TO 2016


WEATHER ITEM   OBSERVED TIME   RECORD YEAR NORMAL DEPARTURE LAST
                VALUE   (LST)  VALUE       VALUE  FROM      YEAR
                                                  NORMAL
..................................................................
TEMPERATURE (F)
 TODAY
  MAXIMUM         98   1240 PM 102    1964  94      4       99
  MINIMUM         79    545 AM  65    1894  75      4       75
  AVERAGE         89                        85      4       87

PRECIPITATION (IN)
  TODAY            T             3.74 1959   0.10  -0.10     0.00
  MONTH TO DATE    0.75                      3.20  -2.45     0.44
  SINCE JUN 1     13.87                      9.13   4.74    11.83
  SINCE JAN 1     42.82                     27.52  15.30    42.27

DEGREE DAYS
 COOLING
  TODAY           24                        20      4       22
  MONTH TO DATE  576                       482     94      517
  SINCE JUN 1   1096                      1002     94     1040
  SINCE JAN 1   1677                      1654     23     1732
..................................................................


WIND (MPH)
  RESULTANT WIND SPEED   1   RESULTANT WIND DIRECTION   W (270)
  HIGHEST WIND SPEED    28   HIGHEST WIND DIRECTION    SE (140)
  HIGHEST GUST SPEED    31   HIGHEST GUST DIRECTION    SE (140)
  AVERAGE WIND SPEED     2.4



WEATHER CONDITIONS
 THE FOLLOWING WEATHER WAS RECORDED TODAY.
  THUNDERSTORM
  LIGHT RAIN


RELATIVE HUMIDITY (PERCENT)
 HIGHEST    91           500 AM
 LOWEST     49          1100 AM
 AVERAGE    70

..........................................................


THE HOUSTON INTERCONTINENTAL CLIMATE NORMALS FOR TOMORROW
                         NORMAL    RECORD    YEAR
 MAXIMUM TEMPERATURE (F)   94       105      1954
 MINIMUM TEMPERATURE (F)   75        68      1972
                                             1891


SUNRISE AND SUNSET
JULY 25 2016..........SUNRISE   637 AM CDT   SUNSET   819 PM CDT
JULY 26 2016..........SUNRISE   637 AM CDT   SUNSET   818 PM CDT


-  INDICATES NEGATIVE NUMBERS.
R  INDICATES RECORD WAS SET OR TIED.
MM INDICATES DATA IS MISSING.
T  INDICATES TRACE AMOUNT.


&&

...................................

...THE HOUSTON/HOBBY AIRPORT CLIMATE SUMMARY FOR JULY 25 2016...
VALID TODAY AS OF 400 PM LOCAL TIME.

CLIMATE NORMAL PERIOD 1981 TO 2010
CLIMATE RECORD PERIOD 1930 TO 2016


WEATHER ITEM   OBSERVED TIME   RECORD YEAR NORMAL DEPARTURE LAST
                VALUE   (LST)  VALUE       VALUE  FROM      YEAR
                                                  NORMAL
..................................................................
TEMPERATURE (F)
 TODAY
  MAXIMUM         97   1159 AM 101    1964  93      4       97
  MINIMUM         76    221 PM  68    1931  76      0       75
  AVERAGE         87                        84      3       86

PRECIPITATION (IN)
  TODAY            2.08          4.88 1979   0.12   1.96      T
  MONTH TO DATE    2.27                      3.92  -1.65     2.57
  SINCE JUN 1     11.10                     11.02   0.08     7.44
  SINCE JAN 1     35.95                     29.30   6.65    42.30

DEGREE DAYS
 COOLING
  TODAY           22                        19      3       21
  MONTH TO DATE  564                       469     95      513
  SINCE JUN 1   1114                       979    135     1052
  SINCE JAN 1   1885                      1633    252     1791
..................................................................


WIND (MPH)
  RESULTANT WIND SPEED   2   RESULTANT WIND DIRECTION   W (280)
  HIGHEST WIND SPEED    18   HIGHEST WIND DIRECTION    NE (60)
  HIGHEST GUST SPEED    24   HIGHEST GUST DIRECTION     E (70)
  AVERAGE WIND SPEED     4.5



WEATHER CONDITIONS
 THE FOLLOWING WEATHER WAS RECORDED TODAY.
  THUNDERSTORM
  HEAVY RAIN
  RAIN
  LIGHT RAIN
  FOG
  FOG W/VISIBILITY <= 1/4 MILE


RELATIVE HUMIDITY (PERCENT)
 HIGHEST    94           200 PM
 LOWEST     45          1200 PM
 AVERAGE    70

..........................................................


THE HOUSTON/HOBBY AIRPORT CLIMATE NORMALS FOR TOMORROW
                         NORMAL    RECORD    YEAR
 MAXIMUM TEMPERATURE (F)   93       104      1954
 MINIMUM TEMPERATURE (F)   76        68      1933


SUNRISE AND SUNSET
JULY 25 2016..........SUNRISE   637 AM CDT   SUNSET   818 PM CDT
JULY 26 2016..........SUNRISE   638 AM CDT   SUNSET   817 PM CDT


-  INDICATES NEGATIVE NUMBERS.
R  INDICATES RECORD WAS SET OR TIED.
MM INDICATES DATA IS MISSING.
T  INDICATES TRACE AMOUNT.

...MISCELLANEOUS CLIMATE DATA FOR TODAY...

LOCATION                        HIGH    LOW     PRECIP
PEARLAND                         97      77      1.30
SUGAR LAND                       96      75      0.22
TOMBALL                          96      77       T
CONROE                           97      76      0.00
HUNTSVILLE                       98      77      0.05
ANGLETON/LAKE JACKSON            95      78      1.34
PALACIOS                         92      78      0.33
LEAGUE CITY (NWS)                90      79      0.04


THIS PRODUCT...ALONG WITH OTHER WEATHER...HYDROLOGIC...AND CLIMATE
PRODUCTS...IS AVAILABLE ON THE WEB AT HTTP://WWW.SRH.NOAA.GOV/HGX
OR AT HTTP://WEATHER.GOV



$$
