000
CDUS44 KHGX 070717
CLIHOU


CLIMATE REPORT
NATIONAL WEATHER SERVICE HOUSTON/GALVESTON TX
117 AM CST WED DEC 7 2016


...................................

...THE HOUSTON INTERCONTINENTAL CLIMATE SUMMARY FOR DECEMBER 6 2016...

CLIMATE NORMAL PERIOD 1981 TO 2010
CLIMATE RECORD PERIOD 1892 TO 2016


WEATHER ITEM   OBSERVED TIME   RECORD YEAR NORMAL DEPARTURE LAST
                VALUE   (LST)  VALUE       VALUE  FROM      YEAR
                                                  NORMAL
..................................................................
TEMPERATURE (F)
 YESTERDAY
  MAXIMUM         70    328 PM  82    1951  66      4       70
  MINIMUM         48    421 AM  20    1950  46      2       39
  AVERAGE         59                        56      3       55

PRECIPITATION (IN)
  YESTERDAY        0.00          3.08 1915   0.13  -0.13     0.00
  MONTH TO DATE    2.67                      0.81   1.86     0.02
  SINCE DEC 1      2.67                      0.81   1.86     0.02
  SINCE JAN 1     60.07                     46.84  13.23    64.84

SNOWFALL (IN)
  YESTERDAY        0.0           0.0  2002
                                      2001
  MONTH TO DATE    0.0
  SINCE DEC 1      0.0
  SINCE JUL 1      0.0

DEGREE DAYS
 HEATING
  YESTERDAY        6                        10     -4       10
  MONTH TO DATE   68                        57     11       74
  SINCE DEC 1     68                        57     11       74
  SINCE JUL 1    126                       242   -116      187
..................................................................


WIND (MPH)
  HIGHEST WIND SPEED    18   HIGHEST WIND DIRECTION     N (350)
  HIGHEST GUST SPEED    22   HIGHEST GUST DIRECTION     N (20)




RELATIVE HUMIDITY (PERCENT)
 HIGHEST   100
 LOWEST     51
 AVERAGE    76

..........................................................


THE HOUSTON INTERCONTINENTAL CLIMATE NORMALS FOR TODAY
                         NORMAL    RECORD    YEAR
 MAXIMUM TEMPERATURE (F)   66        84      1998
 MINIMUM TEMPERATURE (F)   46        24      1950


SUNRISE AND SUNSET
DECEMBER  7 2016......SUNRISE   705 AM CST   SUNSET   522 PM CST
DECEMBER  8 2016......SUNRISE   705 AM CST   SUNSET   522 PM CST


-  INDICATES NEGATIVE NUMBERS.
R  INDICATES RECORD WAS SET OR TIED.
MM INDICATES DATA IS MISSING.
T  INDICATES TRACE AMOUNT.


&&

...................................

...THE HOUSTON/HOBBY AIRPORT CLIMATE SUMMARY FOR DECEMBER 6 2016...

CLIMATE NORMAL PERIOD 1981 TO 2010
CLIMATE RECORD PERIOD 1930 TO 2016


WEATHER ITEM   OBSERVED TIME   RECORD YEAR NORMAL DEPARTURE LAST
                VALUE   (LST)  VALUE       VALUE  FROM      YEAR
                                                  NORMAL
..................................................................
TEMPERATURE (F)
 YESTERDAY
  MAXIMUM         71    309 PM  81    1994  66      5       72
                                      1966
                                      1951
  MINIMUM         47    734 AM  21    1950  48     -1       43
  AVERAGE         59                        57      2       58

PRECIPITATION (IN)
  YESTERDAY        0.00          1.17 1969   0.13  -0.13     0.00
  MONTH TO DATE    2.09                      0.82   1.27     0.03
  SINCE DEC 1      2.09                      0.82   1.27     0.03
  SINCE JAN 1     55.22                     51.44   3.78    73.67

SNOWFALL (IN)
  YESTERDAY        0.0          MM      MM
  MONTH TO DATE    0.0
  SINCE DEC 1      0.0
  SINCE JUL 1      0.0

DEGREE DAYS
 HEATING
  YESTERDAY        6                         9     -3        7
  MONTH TO DATE   50                        51     -1       57
  SINCE DEC 1     50                        51     -1       57
  SINCE JUL 1     87                       207   -120      131
..................................................................


WIND (MPH)
  HIGHEST WIND SPEED    20   HIGHEST WIND DIRECTION     N (360)
  HIGHEST GUST SPEED    22   HIGHEST GUST DIRECTION    SW (240)




RELATIVE HUMIDITY (PERCENT)
 HIGHEST   100
 LOWEST     41
 AVERAGE    71

..........................................................


THE HOUSTON/HOBBY AIRPORT CLIMATE NORMALS FOR TODAY
                         NORMAL    RECORD    YEAR
 MAXIMUM TEMPERATURE (F)   66        82      2007
                                             1994
 MINIMUM TEMPERATURE (F)   48        19      1950


SUNRISE AND SUNSET
DECEMBER  7 2016......SUNRISE   704 AM CST   SUNSET   522 PM CST
DECEMBER  8 2016......SUNRISE   704 AM CST   SUNSET   522 PM CST


-  INDICATES NEGATIVE NUMBERS.
R  INDICATES RECORD WAS SET OR TIED.
MM INDICATES DATA IS MISSING.
T  INDICATES TRACE AMOUNT.




$$
