000
CDUS44 KHGX 252219
CLIHOU

CLIMATE REPORT
NATIONAL WEATHER SERVICE HOUSTON/GALVESTON TX
416 PM CST SUN FEB 25 2018


...................................

...THE HOUSTON INTERCONTINENTAL CLIMATE SUMMARY FOR FEBRUARY 25 2018...
VALID TODAY AS OF 400 PM LOCAL TIME.

CLIMATE NORMAL PERIOD 1981 TO 2010
CLIMATE RECORD PERIOD 1892 TO 2018


WEATHER ITEM   OBSERVED TIME   RECORD YEAR NORMAL DEPARTURE LAST
                VALUE   (LST)  VALUE       VALUE  FROM      YEAR
                                                  NORMAL
..................................................................
TEMPERATURE (F)
 TODAY
  MAXIMUM         73    200 AM  85    1918  68      5       69
                                      1917
  MINIMUM         55   1021 AM  26    1974  49      6       47
                                      1901
  AVERAGE         64                        58      6       58

PRECIPITATION (IN)
  TODAY            0.58          2.10 1907   0.10   0.48     0.00
  MONTH TO DATE    5.14                      2.85   2.29     2.41
  SINCE DEC 1     11.92                      9.97   1.95    12.06
  SINCE JAN 1      8.20                      6.23   1.97     8.50

SNOWFALL (IN)
  TODAY            0.0           T    1914   0.0    0.0      0.0
  MONTH TO DATE    0.0                       0.0    0.0      0.0
  SINCE DEC 1      0.8                       0.1    0.7      0.0
  SINCE JUL 1      0.8                       0.1    0.7      0.0
  SNOW DEPTH       0

DEGREE DAYS
 HEATING
  TODAY            1                         8     -7        7
  MONTH TO DATE  145                       242    -97       66
  SINCE DEC 1   1012                       981     31      537
  SINCE JUL 1   1123                      1166    -43      595
..................................................................


WIND (MPH)
  RESULTANT WIND SPEED   6   RESULTANT WIND DIRECTION   E (70)
  HIGHEST WIND SPEED    21   HIGHEST WIND DIRECTION    NE (60)
  HIGHEST GUST SPEED    25   HIGHEST GUST DIRECTION    NW (330)
  AVERAGE WIND SPEED     8.5



WEATHER CONDITIONS
 THE FOLLOWING WEATHER WAS RECORDED TODAY.
  THUNDERSTORM
  HEAVY RAIN
  RAIN
  LIGHT RAIN
  FOG


RELATIVE HUMIDITY (PERCENT)
 HIGHEST    93           100 AM
 LOWEST     86           600 AM
 AVERAGE    90

..........................................................


THE HOUSTON INTERCONTINENTAL CLIMATE NORMALS FOR TOMORROW
                         NORMAL    RECORD    YEAR
 MAXIMUM TEMPERATURE (F)   69        86      1986
 MINIMUM TEMPERATURE (F)   49        26      1974


SUNRISE AND SUNSET
FEBRUARY 25 2018......SUNRISE   651 AM CST   SUNSET   618 PM CST
FEBRUARY 26 2018......SUNRISE   650 AM CST   SUNSET   618 PM CST


-  INDICATES NEGATIVE NUMBERS.
R  INDICATES RECORD WAS SET OR TIED.
MM INDICATES DATA IS MISSING.
T  INDICATES TRACE AMOUNT.


&&

...................................

...THE HOUSTON/HOBBY AIRPORT CLIMATE SUMMARY FOR FEBRUARY 25 2018...
VALID TODAY AS OF 400 PM LOCAL TIME.

CLIMATE NORMAL PERIOD 1981 TO 2010
CLIMATE RECORD PERIOD 1930 TO 2018


WEATHER ITEM   OBSERVED TIME   RECORD YEAR NORMAL DEPARTURE LAST
                VALUE   (LST)  VALUE       VALUE  FROM      YEAR
                                                  NORMAL
..................................................................
TEMPERATURE (F)
 TODAY
  MAXIMUM         73    248 AM  83    1972  68      5       70
                                      1962
  MINIMUM         57    755 AM  26    1960  51      6       50
  AVERAGE         65                        59      6       60

PRECIPITATION (IN)
  TODAY            0.11          1.69 1987   0.10   0.01     0.00
  MONTH TO DATE    3.90                      2.89   1.01     2.05
  SINCE DEC 1     11.86                     10.79   1.07     9.81
  SINCE JAN 1      7.20                      6.76   0.44     6.12

SNOWFALL (IN)
  TODAY            0.0          MM      MM   0.0    0.0      0.0
  MONTH TO DATE    0.0                       0.0    0.0      0.0
  SINCE DEC 1      1.5                       0.0    1.5      0.0
  SINCE JUL 1      1.5                       0.0    1.5      0.0
  SNOW DEPTH       0

DEGREE DAYS
 HEATING
  TODAY            0                         7     -7        5
  MONTH TO DATE  119                       219   -100       57
  SINCE DEC 1    957                       894     63      458
  SINCE JUL 1   1038                      1050    -12      495
..................................................................


WIND (MPH)
  RESULTANT WIND SPEED   5   RESULTANT WIND DIRECTION  NE (60)
  HIGHEST WIND SPEED    17   HIGHEST WIND DIRECTION    NE (30)
  HIGHEST GUST SPEED    19   HIGHEST GUST DIRECTION     N (360)
  AVERAGE WIND SPEED     8.2



WEATHER CONDITIONS
 THE FOLLOWING WEATHER WAS RECORDED TODAY.
  THUNDERSTORM
  LIGHT RAIN
  FOG


RELATIVE HUMIDITY (PERCENT)
 HIGHEST   100           100 AM
 LOWEST     93          1200 AM
 AVERAGE    97

..........................................................


THE HOUSTON/HOBBY AIRPORT CLIMATE NORMALS FOR TOMORROW
                         NORMAL    RECORD    YEAR
 MAXIMUM TEMPERATURE (F)   68        86      1986
 MINIMUM TEMPERATURE (F)   51        27      1960


SUNRISE AND SUNSET
FEBRUARY 25 2018......SUNRISE   651 AM CST   SUNSET   618 PM CST
FEBRUARY 26 2018......SUNRISE   650 AM CST   SUNSET   618 PM CST


-  INDICATES NEGATIVE NUMBERS.
R  INDICATES RECORD WAS SET OR TIED.
MM INDICATES DATA IS MISSING.
T  INDICATES TRACE AMOUNT.

...MISCELLANEOUS CLIMATE DATA FOR TODAY...

LOCATION                        HIGH    LOW     PRECIP
PEARLAND                         73      59      0.16
SUGAR LAND                       75      59      0.36
TOMBALL                          73      53      2.36
CONROE                           69      52      2.41
HUNTSVILLE                       60      52      1.75
ANGLETON/LAKE JACKSON            79      72      0.07
PALACIOS                         79      71       T
LEAGUE CITY (NWS)                73      61      0.08


THIS PRODUCT...ALONG WITH OTHER WEATHER...HYDROLOGIC...AND CLIMATE
PRODUCTS...IS AVAILABLE ON THE WEB AT HTTP://WWW.WEATHER.GOV/HGX


$$
