000
CDUS44 KHGX 221416
CLIHOU

CLIMATE REPORT
NATIONAL WEATHER SERVICE HOUSTON/GALVESTON TX
810 AM CST MON DEC 22 2014


...MORNING CLIMATE DATA...

                            MORNING LOW    PRECIP SINCE MIDNIGHT
HOUSTON INTERCONTINENTAL         55                0.00
GALVESTON SCHOLES FIELD          60                0.00
BRYAN/COLLEGE STATION            56                0.00
HOUSTON HOBBY                    54                0.00
...................................

...THE HOUSTON INTERCONTINENTAL CLIMATE SUMMARY FOR DECEMBER 21 2014...

CLIMATE NORMAL PERIOD 1981 TO 2010
CLIMATE RECORD PERIOD 1892 TO 2014


WEATHER ITEM   OBSERVED TIME   RECORD YEAR NORMAL DEPARTURE LAST
                VALUE   (LST)  VALUE       VALUE  FROM      YEAR
                                                  NORMAL
..................................................................
TEMPERATURE (F)
 YESTERDAY
  MAXIMUM         61    325 PM  82    2010  63     -2       75
  MINIMUM         48    731 AM  21    1973  44      4       53
  AVERAGE         55                        54      1       64

PRECIPITATION (IN)
  YESTERDAY        0.00          3.41 1991   0.12  -0.12     1.48
  MONTH TO DATE    3.98                      2.64   1.34     1.65
  SINCE DEC 1      3.98                      2.64   1.34     1.65
  SINCE JAN 1     42.10                     48.67  -6.57    38.83

SNOWFALL (IN)
  YESTERDAY        0.0           2.3  1929
  MONTH TO DATE    0.0
  SINCE DEC 1      0.0
  SINCE JUL 1      0.0

DEGREE DAYS
 HEATING
  YESTERDAY       10                        12     -2        1
  MONTH TO DATE  118                       227   -109      276
  SINCE DEC 1    118                       227   -109      276
  SINCE JUL 1    366                       412    -46      525
..................................................................


WIND (MPH)
  HIGHEST WIND SPEED    12   HIGHEST WIND DIRECTION    SE (140)
  HIGHEST GUST SPEED    18   HIGHEST GUST DIRECTION    SW (210)




RELATIVE HUMIDITY (PERCENT)
 HIGHEST    93
 LOWEST     64
 AVERAGE    79

..........................................................


THE HOUSTON INTERCONTINENTAL CLIMATE NORMALS FOR TODAY
                         NORMAL    RECORD    YEAR
 MAXIMUM TEMPERATURE (F)   63        81      1981
                                             1970
 MINIMUM TEMPERATURE (F)   44        13      1989


SUNRISE AND SUNSET
DECEMBER 22 2014......SUNRISE   713 AM CST   SUNSET   527 PM CST
DECEMBER 23 2014......SUNRISE   714 AM CST   SUNSET   527 PM CST


-  INDICATES NEGATIVE NUMBERS.
R  INDICATES RECORD WAS SET OR TIED.
MM INDICATES DATA IS MISSING.
T  INDICATES TRACE AMOUNT.


&&


...................................

...THE HOUSTON/HOBBY AIRPORT CLIMATE SUMMARY FOR DECEMBER 21 2014...

CLIMATE NORMAL PERIOD 1981 TO 2010
CLIMATE RECORD PERIOD 1930 TO 2014


WEATHER ITEM   OBSERVED TIME   RECORD YEAR NORMAL DEPARTURE LAST
                VALUE   (LST)  VALUE       VALUE  FROM      YEAR
                                                  NORMAL
..................................................................
TEMPERATURE (F)
 YESTERDAY
  MAXIMUM         63    320 PM  82    2010  64     -1       76
                                      1970
  MINIMUM         49    637 AM  23    1973  46      3       54
  AVERAGE         56                        55      1       65

PRECIPITATION (IN)
  YESTERDAY        0.00          2.68 1991   0.13  -0.13     0.67
  MONTH TO DATE    3.77                      2.78   0.99     0.84
  SINCE DEC 1      3.77                      2.78   0.99     0.84
  SINCE JAN 1     40.29                     53.40 -13.11    43.03

SNOWFALL (IN)
  YESTERDAY        0.0          MM      MM
  MONTH TO DATE    0.0
  SINCE DEC 1      0.0
  SINCE JUL 1      0.0

DEGREE DAYS
 HEATING
  YESTERDAY        9                        11     -2        0
  MONTH TO DATE  100                       205   -105      247
  SINCE DEC 1    100                       205   -105      247
  SINCE JUL 1    314                       361    -47      464
..................................................................


WIND (MPH)
  HIGHEST WIND SPEED    12   HIGHEST WIND DIRECTION    NE (30)
  HIGHEST GUST SPEED    14   HIGHEST GUST DIRECTION    NE (50)




RELATIVE HUMIDITY (PERCENT)
 HIGHEST   100
 LOWEST     64
 AVERAGE    82

..........................................................


THE HOUSTON/HOBBY AIRPORT CLIMATE NORMALS FOR TODAY
                         NORMAL    RECORD    YEAR
 MAXIMUM TEMPERATURE (F)   63        82      1970
 MINIMUM TEMPERATURE (F)   46        15      1989


SUNRISE AND SUNSET
DECEMBER 22 2014......SUNRISE   712 AM CST   SUNSET   527 PM CST
DECEMBER 23 2014......SUNRISE   713 AM CST   SUNSET   528 PM CST


-  INDICATES NEGATIVE NUMBERS.
R  INDICATES RECORD WAS SET OR TIED.
MM INDICATES DATA IS MISSING.
T  INDICATES TRACE AMOUNT.

...MISCELLANEOUS CLIMATE DATA FOR YESTERDAY...

LOCATION                        HIGH    LOW     PRECIP
PEARLAND                         62      50      0.00
SUGAR LAND                       63      51      0.00
TOMBALL                          61      49      0.00
CONROE                           59      47      0.00
HUNTSVILLE                       56      47      0.00
ANGLETON/LAKE JACKSON            59      50      0.00
PALACIOS                         62      51      0.00
LEAGUE CITY (NWS)                57      48      0.00


THIS PRODUCT...ALONG WITH OTHER WEATHER...HYDROLOGIC...AND CLIMATE
PRODUCTS...IS AVAILABLE ON THE WEB AT HTTP://WWW.SRH.NOAA.GOV/HGX
OR AT HTTP://WEATHER.GOV


$$
