000
CDUS44 KHGX 231305
CLIHOU

CLIMATE REPORT
NATIONAL WEATHER SERVICE HOUSTON/GALVESTON TX
805 AM CDT FRI JUN 23 2017


...MORNING CLIMATE DATA...

                            MORNING LOW    PRECIP SINCE MIDNIGHT
HOUSTON INTERCONTINENTAL         80                0.00
GALVESTON SCHOLES FIELD          82                0.00
BRYAN/COLLEGE STATION            76                0.00
HOUSTON HOBBY                    80                0.00
...................................

...THE HOUSTON INTERCONTINENTAL CLIMATE SUMMARY FOR JUNE 22 2017...

CLIMATE NORMAL PERIOD 1981 TO 2010
CLIMATE RECORD PERIOD 1892 TO 2017


WEATHER ITEM   OBSERVED TIME   RECORD YEAR NORMAL DEPARTURE LAST
                VALUE   (LST)  VALUE       VALUE  FROM      YEAR
                                                  NORMAL
..................................................................
TEMPERATURE (F)
 YESTERDAY
  MAXIMUM         89    343 PM 101    1906  92     -3       93
  MINIMUM         76    749 AM  66    1912  74      2       75
                                      1902
  AVERAGE         83                        83      0       84

PRECIPITATION (IN)
  YESTERDAY        0.18          3.13 1921   0.22  -0.04     0.02
  MONTH TO DATE    3.61                      4.37  -0.76    12.85
  SINCE JUN 1      3.61                      4.37  -0.76    12.85
  SINCE JAN 1     21.84                     22.76  -0.92    41.80

DEGREE DAYS
 COOLING
  YESTERDAY       18                        18      0       19
  MONTH TO DATE  379                       373      6      363
  SINCE JUN 1    379                       373      6      363
  SINCE JAN 1   1288                      1025    263      944
..................................................................


WIND (MPH)
  HIGHEST WIND SPEED    18   HIGHEST WIND DIRECTION    NW (330)
  HIGHEST GUST SPEED    23   HIGHEST GUST DIRECTION     W (250)




RELATIVE HUMIDITY (PERCENT)
 HIGHEST    94
 LOWEST     63
 AVERAGE    79

..........................................................


THE HOUSTON INTERCONTINENTAL CLIMATE NORMALS FOR TODAY
                         NORMAL    RECORD    YEAR
 MAXIMUM TEMPERATURE (F)   92       101      2009
 MINIMUM TEMPERATURE (F)   74        60      1904


SUNRISE AND SUNSET
JUNE 23 2017..........SUNRISE   621 AM CDT   SUNSET   826 PM CDT
JUNE 24 2017..........SUNRISE   622 AM CDT   SUNSET   826 PM CDT


-  INDICATES NEGATIVE NUMBERS.
R  INDICATES RECORD WAS SET OR TIED.
MM INDICATES DATA IS MISSING.
T  INDICATES TRACE AMOUNT.



&&
...................................

...THE HOUSTON/HOBBY AIRPORT CLIMATE SUMMARY FOR JUNE 22 2017...

CLIMATE NORMAL PERIOD 1981 TO 2010
CLIMATE RECORD PERIOD 1930 TO 2017


WEATHER ITEM   OBSERVED TIME   RECORD YEAR NORMAL DEPARTURE LAST
                VALUE   (LST)  VALUE       VALUE  FROM      YEAR
                                                  NORMAL
..................................................................
TEMPERATURE (F)
 YESTERDAY
  MAXIMUM         92    413 PM 101    1933  91      1       92
  MINIMUM         77    747 AM  66    1982  75      2       77
  AVERAGE         85                        83      2       85

PRECIPITATION (IN)
  YESTERDAY        0.34          1.55 1968   0.24   0.10     0.00
  MONTH TO DATE    3.71                      5.25  -1.54     7.75
  SINCE JUN 1      3.71                      5.25  -1.54     7.75
  SINCE JAN 1     23.64                     23.53   0.11    32.60

DEGREE DAYS
 COOLING
  YESTERDAY       20                        18      2       20
  MONTH TO DATE  385                       366     19      391
  SINCE JUN 1    385                       366     19      391
  SINCE JAN 1   1319                      1020    299     1162
..................................................................


WIND (MPH)
  HIGHEST WIND SPEED    22   HIGHEST WIND DIRECTION    NW (320)
  HIGHEST GUST SPEED    28   HIGHEST GUST DIRECTION    NW (330)




RELATIVE HUMIDITY (PERCENT)
 HIGHEST    88
 LOWEST     52
 AVERAGE    70

..........................................................


THE HOUSTON/HOBBY AIRPORT CLIMATE NORMALS FOR TODAY
                         NORMAL    RECORD    YEAR
 MAXIMUM TEMPERATURE (F)   91        98      2009
 MINIMUM TEMPERATURE (F)   75        67      1955
                                             1933


SUNRISE AND SUNSET
JUNE 23 2017..........SUNRISE   622 AM CDT   SUNSET   825 PM CDT
JUNE 24 2017..........SUNRISE   622 AM CDT   SUNSET   825 PM CDT


-  INDICATES NEGATIVE NUMBERS.
R  INDICATES RECORD WAS SET OR TIED.
MM INDICATES DATA IS MISSING.
T  INDICATES TRACE AMOUNT.

...MISCELLANEOUS CLIMATE DATA FOR YESTERDAY...

LOCATION                        HIGH    LOW     PRECIP
PEARLAND                         92      77      0.21
SUGAR LAND                       92      76      0.45
TOMBALL                          88      75      0.35
CONROE                           86      74      0.26
HUNTSVILLE                       82      75      0.16
ANGLETON/LAKE JACKSON            91      76      0.46
PALACIOS                         89      74       T
LEAGUE CITY (NWS)                89      74      1.86


THIS PRODUCT...ALONG WITH OTHER WEATHER...HYDROLOGIC...AND CLIMATE
PRODUCTS...IS AVAILABLE ON THE WEB AT HTTP://WWW.WEATHER.GOV/HGX

$$
