000
CDUS44 KHGX 272228
CLIHOU

CLIMATE REPORT
NATIONAL WEATHER SERVICE HOUSTON/GALVESTON TX
421 PM CST MON FEB 27 2017


...................................

...THE HOUSTON INTERCONTINENTAL CLIMATE SUMMARY FOR FEBRUARY 27 2017...
VALID TODAY AS OF 400 PM LOCAL TIME.

CLIMATE NORMAL PERIOD 1981 TO 2010
CLIMATE RECORD PERIOD 1892 TO 2017


WEATHER ITEM   OBSERVED TIME   RECORD YEAR NORMAL DEPARTURE LAST
                VALUE   (LST)  VALUE       VALUE  FROM      YEAR
                                                  NORMAL
..................................................................
TEMPERATURE (F)
 TODAY
  MAXIMUM         83   1254 PM  86    1954  69     14       71
  MINIMUM         68    752 AM  22    2002  49     19       40
  AVERAGE         76                        59     17       56

PRECIPITATION (IN)
  TODAY            0.00          1.85 1914   0.11  -0.11     0.00
  MONTH TO DATE    2.42                      3.08  -0.66     1.95
  SINCE DEC 1     12.07                     10.20   1.87     9.32
  SINCE JAN 1      8.51                      6.46   2.05     4.11

SNOWFALL (IN)
  TODAY            0.0          MM      MM   0.0    0.0      0.0
  MONTH TO DATE    0.0                       0.0    0.0      0.0
  SINCE DEC 1      0.0                       0.1   -0.1      0.0
  SINCE JUL 1      0.0                       0.1   -0.1      0.0
  SNOW DEPTH       0

DEGREE DAYS
 HEATING
  TODAY            0                         7     -7        9
  MONTH TO DATE   71                       256   -185      188
  SINCE DEC 1    542                       995   -453      798
  SINCE JUL 1    600                      1180   -580      911
..................................................................


WIND (MPH)
  RESULTANT WIND SPEED   7   RESULTANT WIND DIRECTION   S (160)
  HIGHEST WIND SPEED    21   HIGHEST WIND DIRECTION    SE (140)
  HIGHEST GUST SPEED    25   HIGHEST GUST DIRECTION    SE (140)
  AVERAGE WIND SPEED     7.8



WEATHER CONDITIONS
 THE FOLLOWING WEATHER WAS RECORDED TODAY.
  FOG


RELATIVE HUMIDITY (PERCENT)
 HIGHEST    93           400 AM
 LOWEST     58           100 PM
 AVERAGE    76

..........................................................


THE HOUSTON INTERCONTINENTAL CLIMATE NORMALS FOR TOMORROW
                         NORMAL    RECORD    YEAR
 MAXIMUM TEMPERATURE (F)   69        90      1940
 MINIMUM TEMPERATURE (F)   49        28      2002


SUNRISE AND SUNSET
FEBRUARY 27 2017......SUNRISE   649 AM CST   SUNSET   619 PM CST
FEBRUARY 28 2017......SUNRISE   648 AM CST   SUNSET   620 PM CST


-  INDICATES NEGATIVE NUMBERS.
R  INDICATES RECORD WAS SET OR TIED.
MM INDICATES DATA IS MISSING.
T  INDICATES TRACE AMOUNT.


&&

...................................

...THE HOUSTON/HOBBY AIRPORT CLIMATE SUMMARY FOR FEBRUARY 27 2017...
VALID TODAY AS OF 400 PM LOCAL TIME.

CLIMATE NORMAL PERIOD 1981 TO 2010
CLIMATE RECORD PERIOD 1930 TO 2017


WEATHER ITEM   OBSERVED TIME   RECORD YEAR NORMAL DEPARTURE LAST
                VALUE   (LST)  VALUE       VALUE  FROM      YEAR
                                                  NORMAL
..................................................................
TEMPERATURE (F)
 TODAY
  MAXIMUM         81    122 PM  87    1954  68     13       70
  MINIMUM         69    720 AM  25    2002  51     18       42
  AVERAGE         75                        60     15       56

PRECIPITATION (IN)
  TODAY            0.00          0.71 1937   0.10  -0.10     0.00
  MONTH TO DATE    2.05                      3.10  -1.05     1.66
  SINCE DEC 1      9.81                     11.00  -1.19     7.66
  SINCE JAN 1      6.12                      6.97  -0.85     4.17

SNOWFALL (IN)
  TODAY            0.0          MM      MM   0.0    0.0      0.0
  MONTH TO DATE    0.0                       0.0    0.0      0.0
  SINCE DEC 1      0.0                       0.0    0.0      0.0
  SINCE JUL 1      0.0                       0.0    0.0      0.0
  SNOW DEPTH       0

DEGREE DAYS
 HEATING
  TODAY            0                         6     -6        9
  MONTH TO DATE   60                       232   -172      151
  SINCE DEC 1    461                       907   -446      662
  SINCE JUL 1    498                      1063   -565      736
..................................................................


WIND (MPH)
  RESULTANT WIND SPEED   8   RESULTANT WIND DIRECTION   S (160)
  HIGHEST WIND SPEED    17   HIGHEST WIND DIRECTION    SE (150)
  HIGHEST GUST SPEED    23   HIGHEST GUST DIRECTION    SE (140)
  AVERAGE WIND SPEED     8.4



WEATHER CONDITIONS
 THE FOLLOWING WEATHER WAS RECORDED TODAY.
  FOG


RELATIVE HUMIDITY (PERCENT)
 HIGHEST    97           500 AM
 LOWEST     71          1200 PM
 AVERAGE    84

..........................................................


THE HOUSTON/HOBBY AIRPORT CLIMATE NORMALS FOR TOMORROW
                         NORMAL    RECORD    YEAR
 MAXIMUM TEMPERATURE (F)   69        84      1948
 MINIMUM TEMPERATURE (F)   51        29      1935


SUNRISE AND SUNSET
FEBRUARY 27 2017......SUNRISE   649 AM CST   SUNSET   619 PM CST
FEBRUARY 28 2017......SUNRISE   648 AM CST   SUNSET   620 PM CST


-  INDICATES NEGATIVE NUMBERS.
R  INDICATES RECORD WAS SET OR TIED.
MM INDICATES DATA IS MISSING.
T  INDICATES TRACE AMOUNT.

...MISCELLANEOUS CLIMATE DATA FOR TODAY...

LOCATION                        HIGH    LOW     PRECIP
PEARLAND                         81      71       T
SUGAR LAND                       83      65       T
TOMBALL                          84      64       T
CONROE                           84      65       T
HUNTSVILLE                       84      66      0.00
ANGLETON/LAKE JACKSON            82      68      0.00
PALACIOS                         81      66      0.00
LEAGUE CITY (NWS)                79      63      0.00


THIS PRODUCT...ALONG WITH OTHER WEATHER...HYDROLOGIC...AND CLIMATE
PRODUCTS...IS AVAILABLE ON THE WEB AT HTTP://WWW.SRH.NOAA.GOV/HGX
OR AT HTTP://WEATHER.GOV



$$
