000
CDUS44 KHGX 300720
CLIHOU


CLIMATE REPORT
NATIONAL WEATHER SERVICE HOUSTON/GALVESTON TX
219 AM CDT TUE JUN 30 2015


...................................

...THE HOUSTON INTERCONTINENTAL CLIMATE SUMMARY FOR JUNE 29 2015...

CLIMATE NORMAL PERIOD 1981 TO 2010
CLIMATE RECORD PERIOD 1892 TO 2015


WEATHER ITEM   OBSERVED TIME   RECORD YEAR NORMAL DEPARTURE LAST
                VALUE   (LST)  VALUE       VALUE  FROM      YEAR
                                                  NORMAL
..................................................................
TEMPERATURE (F)
 YESTERDAY
  MAXIMUM         92   1250 PM 107    2013  93     -1       93
  MINIMUM         76    447 AM  59    1974  75      1       79
  AVERAGE         84                        84      0       86

PRECIPITATION (IN)
  YESTERDAY        0.00          2.50 1899   0.19  -0.19     0.00
  MONTH TO DATE    9.13                      5.74   3.39     2.18
  SINCE JUN 1      9.13                      5.74   3.39     2.18
  SINCE JAN 1     39.57                     24.13  15.44    21.25

DEGREE DAYS
 COOLING
  YESTERDAY       19                        19      0       21
  MONTH TO DATE  506                       502      4      512
  SINCE JUN 1    506                       502      4      512
  SINCE JAN 1   1198                      1154     44     1053
..................................................................


WIND (MPH)
  HIGHEST WIND SPEED    17   HIGHEST WIND DIRECTION     S (180)
  HIGHEST GUST SPEED    23   HIGHEST GUST DIRECTION     S (170)




RELATIVE HUMIDITY (PERCENT)
 HIGHEST    94
 LOWEST     59
 AVERAGE    77

..........................................................


THE HOUSTON INTERCONTINENTAL CLIMATE NORMALS FOR TODAY
                         NORMAL    RECORD    YEAR
 MAXIMUM TEMPERATURE (F)   93       103      1980
 MINIMUM TEMPERATURE (F)   75        61      1985


SUNRISE AND SUNSET
JUNE 30 2015..........SUNRISE   624 AM CDT   SUNSET   826 PM CDT
JULY  1 2015..........SUNRISE   624 AM CDT   SUNSET   826 PM CDT


-  INDICATES NEGATIVE NUMBERS.
R  INDICATES RECORD WAS SET OR TIED.
MM INDICATES DATA IS MISSING.
T  INDICATES TRACE AMOUNT.


&&

...................................

...THE HOUSTON/HOBBY AIRPORT CLIMATE SUMMARY FOR JUNE 29 2015...

CLIMATE NORMAL PERIOD 1981 TO 2010
CLIMATE RECORD PERIOD 1930 TO 2015


WEATHER ITEM   OBSERVED TIME   RECORD YEAR NORMAL DEPARTURE LAST
                VALUE   (LST)  VALUE       VALUE  FROM      YEAR
                                                  NORMAL
..................................................................
TEMPERATURE (F)
 YESTERDAY
  MAXIMUM         90    313 PM 105    2013  91     -1       91
  MINIMUM         77    615 AM  64    1974  75      2       78
  AVERAGE         84                        83      1       85

PRECIPITATION (IN)
  YESTERDAY        0.01          2.81 1953   0.23  -0.22     0.00
  MONTH TO DATE    4.30                      6.87  -2.57     2.98
  SINCE JUN 1      4.30                      6.87  -2.57     2.98
  SINCE JAN 1     39.16                     25.15  14.01    19.82

DEGREE DAYS
 COOLING
  YESTERDAY       19                        18      1       20
  MONTH TO DATE  522                       492     30      510
  SINCE JUN 1    522                       492     30      510
  SINCE JAN 1   1261                      1146    115     1061
..................................................................


WIND (MPH)
  HIGHEST WIND SPEED    23   HIGHEST WIND DIRECTION    SW (240)
  HIGHEST GUST SPEED    30   HIGHEST GUST DIRECTION     W (250)




RELATIVE HUMIDITY (PERCENT)
 HIGHEST    94
 LOWEST     59
 AVERAGE    77

..........................................................


THE HOUSTON/HOBBY AIRPORT CLIMATE NORMALS FOR TODAY
                         NORMAL    RECORD    YEAR
 MAXIMUM TEMPERATURE (F)   91        99      2013
                                             1969
 MINIMUM TEMPERATURE (F)   75        66      1985


SUNRISE AND SUNSET
JUNE 30 2015..........SUNRISE   624 AM CDT   SUNSET   825 PM CDT
JULY  1 2015..........SUNRISE   624 AM CDT   SUNSET   825 PM CDT


-  INDICATES NEGATIVE NUMBERS.
R  INDICATES RECORD WAS SET OR TIED.
MM INDICATES DATA IS MISSING.
T  INDICATES TRACE AMOUNT.




$$
