000
CDUS46 KSEW 170827
CLIHQM


CLIMATE REPORT
NATIONAL WEATHER SERVICE SEATTLE WA
127 AM PDT WED SEP 17 2014


...................................

...THE HOQUIAM WA AIRPORT CLIMATE SUMMARY FOR SEPTEMBER 16 2014...

CLIMATE NORMAL PERIOD 1981 TO 2010
CLIMATE RECORD PERIOD 1953 TO 2014


WEATHER ITEM   OBSERVED TIME   RECORD YEAR NORMAL DEPARTURE LAST
                VALUE   (LST)  VALUE       VALUE  FROM      YEAR
                                                  NORMAL
..................................................................
TEMPERATURE (F)
 YESTERDAY
  MAXIMUM         68   1255 PM  84    1994  67      1       66
  MINIMUM         58   1152 PM  41    1965  51      7       57
  AVERAGE         63                        59      4       62

PRECIPITATION (IN)
  YESTERDAY        T             2.55 1997   0.07  -0.07     0.01
  MONTH TO DATE    0.24                      1.06  -0.82     0.36
  SINCE OCT 1     56.00                     66.33 -10.33    48.31
  SINCE JAN 1     43.89                     38.67   5.22    34.70

DEGREE DAYS
 HEATING
  YESTERDAY        2                         6     -4        3
  MONTH TO DATE   37                        84    -47       31
  SINCE SEP 1     37                        84    -47       31

 COOLING
  YESTERDAY        0                         0      0        0
  MONTH TO DATE   15                         0     15        7
  SINCE SEP 1     15                         0     15        7
  SINCE JAN 1     45                        16     29       20
..................................................................


WIND (MPH)
  RESULTANT WIND SPEED   4   RESULTANT WIND DIRECTION  SW (210)
  HIGHEST WIND SPEED    16   HIGHEST WIND DIRECTION    SW (230)
  HIGHEST GUST SPEED    18   HIGHEST GUST DIRECTION    SW (220)
  AVERAGE WIND SPEED     5.5


SKY COVER
  AVERAGE SKY COVER 0.7


WEATHER CONDITIONS
 THE FOLLOWING WEATHER WAS RECORDED YESTERDAY.
  LIGHT RAIN
  FOG


RELATIVE HUMIDITY (PERCENT)
 HIGHEST    93           500 AM
 LOWEST     73          1200 PM
 AVERAGE    83

..........................................................


THE HOQUIAM WA AIRPORT CLIMATE NORMALS FOR TODAY
                         NORMAL    RECORD    YEAR
 MAXIMUM TEMPERATURE (F)   67        84      2012
                                             1991
 MINIMUM TEMPERATURE (F)   51        39      1965


SUNRISE AND SUNSET
SEPTEMBER 17 2014.....SUNRISE   656 AM PDT   SUNSET   723 PM PDT
SEPTEMBER 18 2014.....SUNRISE   657 AM PDT   SUNSET   721 PM PDT


-  INDICATES NEGATIVE NUMBERS.
R  INDICATES RECORD WAS SET OR TIED.
MM INDICATES DATA IS MISSING.
T  INDICATES TRACE AMOUNT.




$$
