000
CDUS46 KSEW 270831
CLIHQM


CLIMATE REPORT
NATIONAL WEATHER SERVICE SEATTLE WA
130 AM PDT TUE SEP 27 2016


...................................

...THE HOQUIAM WA AIRPORT CLIMATE SUMMARY FOR SEPTEMBER 26 2016...

CLIMATE NORMAL PERIOD 1981 TO 2010
CLIMATE RECORD PERIOD 1953 TO 2016


WEATHER ITEM   OBSERVED TIME   RECORD YEAR NORMAL DEPARTURE LAST
                VALUE   (LST)  VALUE       VALUE  FROM      YEAR
                                                  NORMAL
..................................................................
TEMPERATURE (F)
 YESTERDAY
  MAXIMUM         72    210 PM  83    1967  65      7       64
  MINIMUM         55    552 AM  36    1972  49      6       48
  AVERAGE         64                        57      7       56

PRECIPITATION (IN)
  YESTERDAY        0.00          1.31 2011   0.10  -0.10     0.00
  MONTH TO DATE    3.24                      1.88   1.36     2.76
  SINCE OCT 1     78.33                     67.15  11.18    62.82
  SINCE JAN 1     44.91                     39.49   5.42    31.40

DEGREE DAYS
 HEATING
  YESTERDAY        1                         8     -7        9
  MONTH TO DATE  162                       155      7      145
  SINCE SEP 1    162                       155      7      145

 COOLING
  YESTERDAY        0                         0      0        0
  MONTH TO DATE    1                         0      1        4
  SINCE SEP 1      1                         0      1        4
  SINCE JAN 1     50                        16     34       35
..................................................................


WIND (MPH)
  RESULTANT WIND SPEED   3   RESULTANT WIND DIRECTION   W (280)
  HIGHEST WIND SPEED    17   HIGHEST WIND DIRECTION     W (290)
  HIGHEST GUST SPEED    24   HIGHEST GUST DIRECTION    NW (300)
  AVERAGE WIND SPEED     8.5


SKY COVER
  AVERAGE SKY COVER 0.2


WEATHER CONDITIONS
 THE FOLLOWING WEATHER WAS RECORDED YESTERDAY.
  NO SIGNIFICANT WEATHER WAS OBSERVED.


RELATIVE HUMIDITY (PERCENT)
 HIGHEST   100          1000 PM
 LOWEST     67          1200 AM
 AVERAGE    84

..........................................................


THE HOQUIAM WA AIRPORT CLIMATE NORMALS FOR TODAY
                         NORMAL    RECORD    YEAR
 MAXIMUM TEMPERATURE (F)   65        88      2003
 MINIMUM TEMPERATURE (F)   49        32      1972


SUNRISE AND SUNSET
SEPTEMBER 27 2016.....SUNRISE   710 AM PDT   SUNSET   702 PM PDT
SEPTEMBER 28 2016.....SUNRISE   711 AM PDT   SUNSET   700 PM PDT


-  INDICATES NEGATIVE NUMBERS.
R  INDICATES RECORD WAS SET OR TIED.
MM INDICATES DATA IS MISSING.
T  INDICATES TRACE AMOUNT.




$$
