000
CDUS46 KSEW 270830
CLIHQM


CLIMATE REPORT
NATIONAL WEATHER SERVICE SEATTLE WA
1230 AM PST TUE JAN 27 2015


...................................

...THE HOQUIAM WA AIRPORT CLIMATE SUMMARY FOR JANUARY 26 2015...

CLIMATE NORMAL PERIOD 1981 TO 2010
CLIMATE RECORD PERIOD 1953 TO 2015


WEATHER ITEM   OBSERVED TIME   RECORD YEAR NORMAL DEPARTURE LAST
                VALUE   (LST)  VALUE       VALUE  FROM      YEAR
                                                  NORMAL
..................................................................
TEMPERATURE (F)
 YESTERDAY
  MAXIMUM         57R   221 PM  56    2003  48      9       55
                                      1961
  MINIMUM         43    839 AM  17    1957  38      5       32
  AVERAGE         50                        43      7       44

PRECIPITATION (IN)
  YESTERDAY        0.00          1.99 1965   0.29  -0.29     0.00
  MONTH TO DATE   11.00                      8.85   2.15     5.11
  SINCE OCT 1     42.42                     36.51   5.91    17.22
  SINCE JAN 1     11.00                      8.85   2.15     5.11

DEGREE DAYS
 HEATING
  YESTERDAY       15                        22     -7       21
  MONTH TO DATE  482                       583   -101      548
  SINCE DEC 1   1075                      1310   -235     1374

 COOLING
  YESTERDAY        0                         0      0        0
  MONTH TO DATE    0                         0      0        0
  SINCE DEC 1      0                         0      0        0
  SINCE JAN 1      0                         0      0        0
..................................................................


WIND (MPH)
  RESULTANT WIND SPEED   5   RESULTANT WIND DIRECTION   E (100)
  HIGHEST WIND SPEED    18   HIGHEST WIND DIRECTION     S (180)
  HIGHEST GUST SPEED    23   HIGHEST GUST DIRECTION     S (180)
  AVERAGE WIND SPEED     8.1


SKY COVER
  AVERAGE SKY COVER 0.7


WEATHER CONDITIONS
 THE FOLLOWING WEATHER WAS RECORDED YESTERDAY.
  FOG
  FOG W/VISIBILITY <= 1/4 MILE


RELATIVE HUMIDITY (PERCENT)
 HIGHEST   100          1200 AM
 LOWEST     80          1200 PM
 AVERAGE    90

..........................................................


THE HOQUIAM WA AIRPORT CLIMATE NORMALS FOR TODAY
                         NORMAL    RECORD    YEAR
 MAXIMUM TEMPERATURE (F)   48        56      1961
 MINIMUM TEMPERATURE (F)   38        16      1957


SUNRISE AND SUNSET
JANUARY 27 2015.......SUNRISE   747 AM PST   SUNSET   511 PM PST
JANUARY 28 2015.......SUNRISE   745 AM PST   SUNSET   512 PM PST


-  INDICATES NEGATIVE NUMBERS.
R  INDICATES RECORD WAS SET OR TIED.
MM INDICATES DATA IS MISSING.
T  INDICATES TRACE AMOUNT.




$$
