000
CDUS46 KSEW 220121
CLIHQM


CLIMATE REPORT
NATIONAL WEATHER SERVICE SEATTLE WA
621 PM PDT FRI JUL 21 2017


...................................

...THE HOQUIAM WA AIRPORT CLIMATE SUMMARY FOR JULY 21 2017...
VALID TODAY AS OF 0600 PM LOCAL TIME.

CLIMATE NORMAL PERIOD 1981 TO 2010
CLIMATE RECORD PERIOD 1953 TO 2017


WEATHER ITEM   OBSERVED TIME   RECORD YEAR NORMAL DEPARTURE LAST
                VALUE   (LST)  VALUE       VALUE  FROM      YEAR
                                                  NORMAL
..................................................................
TEMPERATURE (F)
 TODAY
  MAXIMUM         68    254 PM  90    2006  67      1       71
  MINIMUM         53    304 AM  44    1969  54     -1       55
  AVERAGE         61                        60      1       63

PRECIPITATION (IN)
  TODAY            0.00          0.99 2007   0.03  -0.03      T
  MONTH TO DATE    0.10                      0.85  -0.75     0.36
  SINCE OCT 1     84.15                     63.67  20.48    74.48
  SINCE JAN 1     42.61                     36.01   6.60    41.06

DEGREE DAYS
 HEATING
  TODAY            4                         5     -1        2
  MONTH TO DATE  113                       113      0       85
  SINCE JUN 1    317                       359    -42      298

 COOLING
  TODAY            0                         0      0        0
  MONTH TO DATE    0                         0      0        0
  SINCE JUN 1     13                         2     11       13
  SINCE JAN 1     13                         3     10       18
..................................................................


WIND (MPH)
  RESULTANT WIND SPEED   3   RESULTANT WIND DIRECTION   W (260)
  HIGHEST WIND SPEED    17   HIGHEST WIND DIRECTION     W (260)
  HIGHEST GUST SPEED    19   HIGHEST GUST DIRECTION     W (260)
  AVERAGE WIND SPEED     6.4


SKY COVER
  AVERAGE SKY COVER 0.7


WEATHER CONDITIONS
 THE FOLLOWING WEATHER WAS RECORDED TODAY.
  FOG


RELATIVE HUMIDITY (PERCENT)
 HIGHEST   100          1200 AM
 LOWEST     68           200 PM
 AVERAGE    84

..........................................................


THE HOQUIAM WA AIRPORT CLIMATE NORMALS FOR TOMORROW
                         NORMAL    RECORD    YEAR
 MAXIMUM TEMPERATURE (F)   67        91      2006
 MINIMUM TEMPERATURE (F)   54        46      1982
                                             1977
                                             1975


SUNRISE AND SUNSET
JULY 21 2017..........SUNRISE   543 AM PDT   SUNSET   901 PM PDT
JULY 22 2017..........SUNRISE   544 AM PDT   SUNSET   900 PM PDT


-  INDICATES NEGATIVE NUMBERS.
R  INDICATES RECORD WAS SET OR TIED.
MM INDICATES DATA IS MISSING.
T  INDICATES TRACE AMOUNT.




$$
