000
CDUS46 KSEW 260122
CLIHQM


CLIMATE REPORT
NATIONAL WEATHER SERVICE SEATTLE WA
622 PM PDT WED MAY 25 2016


...................................

...THE HOQUIAM WA AIRPORT CLIMATE SUMMARY FOR MAY 25 2016...
VALID TODAY AS OF 0600 PM LOCAL TIME.

CLIMATE NORMAL PERIOD 1981 TO 2010
CLIMATE RECORD PERIOD 1953 TO 2016


WEATHER ITEM   OBSERVED TIME   RECORD YEAR NORMAL DEPARTURE LAST
                VALUE   (LST)  VALUE       VALUE  FROM      YEAR
                                                  NORMAL
..................................................................
TEMPERATURE (F)
 TODAY
  MAXIMUM         58    303 PM  82    2005  61     -3       58
  MINIMUM         52    142 AM  37    1972  48      4       50
                                      1964
  AVERAGE         55                        54      1       54

PRECIPITATION (IN)
  TODAY            0.00          0.77 1986   0.10  -0.10      T
  MONTH TO DATE    0.54                      2.71  -2.17     0.28
  SINCE OCT 1     72.41                     60.00  12.41    57.53
  SINCE JAN 1     38.99                     32.34   6.65    26.11

DEGREE DAYS
 HEATING
  TODAY           10                        11     -1       11
  MONTH TO DATE  228                       309    -81      275
  SINCE MAR 1   1085                      1387   -302     1210

 COOLING
  TODAY            0                         0      0        0
  MONTH TO DATE    1                         0      1        0
  SINCE MAR 1      5                         0      5        0
  SINCE JAN 1      5                         0      5        0
..................................................................


WIND (MPH)
  RESULTANT WIND SPEED   8   RESULTANT WIND DIRECTION   W (270)
  HIGHEST WIND SPEED    16   HIGHEST WIND DIRECTION     W (260)
  HIGHEST GUST SPEED    19   HIGHEST GUST DIRECTION    SW (240)
  AVERAGE WIND SPEED     9.0


SKY COVER
  AVERAGE SKY COVER 0.9


WEATHER CONDITIONS
 THE FOLLOWING WEATHER WAS RECORDED TODAY.
  FOG


RELATIVE HUMIDITY (PERCENT)
 HIGHEST    93          1200 AM
 LOWEST     62           500 PM
 AVERAGE    78

..........................................................


THE HOQUIAM WA AIRPORT CLIMATE NORMALS FOR TOMORROW
                         NORMAL    RECORD    YEAR
 MAXIMUM TEMPERATURE (F)   61        89      2005
 MINIMUM TEMPERATURE (F)   48        38      1973


SUNRISE AND SUNSET
MAY 25 2016...........SUNRISE   529 AM PDT   SUNSET   857 PM PDT
MAY 26 2016...........SUNRISE   529 AM PDT   SUNSET   858 PM PDT


-  INDICATES NEGATIVE NUMBERS.
R  INDICATES RECORD WAS SET OR TIED.
MM INDICATES DATA IS MISSING.
T  INDICATES TRACE AMOUNT.




$$
