000
CDUS46 KSEW 230836
CLIHQM


CLIMATE REPORT
NATIONAL WEATHER SERVICE SEATTLE WA
1236 AM PST FRI FEB 23 2018


...................................

...THE HOQUIAM WA AIRPORT CLIMATE SUMMARY FOR FEBRUARY 22 2018...

CLIMATE NORMAL PERIOD 1981 TO 2010
CLIMATE RECORD PERIOD 1953 TO 2018


WEATHER ITEM   OBSERVED TIME   RECORD YEAR NORMAL DEPARTURE LAST
                VALUE   (LST)  VALUE       VALUE  FROM      YEAR
                                                  NORMAL
..................................................................
TEMPERATURE (F)
 YESTERDAY
  MAXIMUM         40    442 PM  62    1973  50    -10       45
  MINIMUM         26   1137 PM   9    1974  38    -12       30
  AVERAGE         33                        44    -11       38

PRECIPITATION (IN)
  YESTERDAY        0.00          1.84 1999   0.24  -0.24     0.02
  MONTH TO DATE    4.39                      5.75  -1.36     6.66
  SINCE OCT 1     48.91                     43.74   5.17    53.29
  SINCE JAN 1     17.32                     16.08   1.24    11.75

DEGREE DAYS
 HEATING
  YESTERDAY       32                        21     11       27
  MONTH TO DATE  514                       472     42      487
  SINCE DEC 1   1842                      1893    -51     2093

 COOLING
  YESTERDAY        0                         0      0        0
  MONTH TO DATE    0                         0      0        0
  SINCE DEC 1      0                         0      0        0
  SINCE JAN 1      0                         0      0        0
..................................................................


WIND (MPH)
  RESULTANT WIND SPEED   5   RESULTANT WIND DIRECTION  NE (60)
  HIGHEST WIND SPEED    17   HIGHEST WIND DIRECTION    NE (50)
  HIGHEST GUST SPEED    21   HIGHEST GUST DIRECTION    NE (50)
  AVERAGE WIND SPEED     6.2


SKY COVER
  AVERAGE SKY COVER 0.3


WEATHER CONDITIONS
 THE FOLLOWING WEATHER WAS RECORDED YESTERDAY.
  NO SIGNIFICANT WEATHER WAS OBSERVED.


RELATIVE HUMIDITY (PERCENT)
 HIGHEST   100           800 AM
 LOWEST     48           300 PM
 AVERAGE    74

..........................................................


THE HOQUIAM WA AIRPORT CLIMATE NORMALS FOR TODAY
                         NORMAL    RECORD    YEAR
 MAXIMUM TEMPERATURE (F)   50        64      2005
                                             1995
 MINIMUM TEMPERATURE (F)   38        27      2017


SUNRISE AND SUNSET
FEBRUARY 23 2018......SUNRISE   706 AM PST   SUNSET   553 PM PST
FEBRUARY 24 2018......SUNRISE   704 AM PST   SUNSET   554 PM PST


-  INDICATES NEGATIVE NUMBERS.
R  INDICATES RECORD WAS SET OR TIED.
MM INDICATES DATA IS MISSING.
T  INDICATES TRACE AMOUNT.




$$
