000
CDUS46 KSEW 050119
CLIHQM


CLIMATE REPORT
NATIONAL WEATHER SERVICE SEATTLE WA
618 PM PDT TUE AUG 4 2015


...................................

...THE HOQUIAM WA AIRPORT CLIMATE SUMMARY FOR AUGUST 4 2015...
VALID TODAY AS OF 0600 PM LOCAL TIME.

CLIMATE NORMAL PERIOD 1981 TO 2010
CLIMATE RECORD PERIOD 1953 TO 2015


WEATHER ITEM   OBSERVED TIME   RECORD YEAR NORMAL DEPARTURE LAST
                VALUE   (LST)  VALUE       VALUE  FROM      YEAR
                                                  NORMAL
..................................................................
TEMPERATURE (F)
 TODAY
  MAXIMUM         69    144 PM  91    2012  67      2       66
  MINIMUM         53    413 AM  46    1982  54     -1       54
                                      1955
  AVERAGE         61                        61      0       60

PRECIPITATION (IN)
  TODAY            0.00          0.13 1996   0.02  -0.02     0.00
  MONTH TO DATE    0.00                      0.10  -0.10     0.00
  SINCE OCT 1     58.29                     64.06  -5.77    53.77
  SINCE JAN 1     26.87                     36.40  -9.53    41.66

DEGREE DAYS
 HEATING
  TODAY            4                         4      0        5
  MONTH TO DATE    8                        16     -8       12
  SINCE JUN 1    211                       426   -215      331

 COOLING
  TODAY            0                         0      0        0
  MONTH TO DATE    1                         0      1        0
  SINCE JUN 1     20                         8     12        8
  SINCE JAN 1     20                         9     11       23
..................................................................


WIND (MPH)
  RESULTANT WIND SPEED  11   RESULTANT WIND DIRECTION   W (250)
  HIGHEST WIND SPEED    22   HIGHEST WIND DIRECTION     W (270)
  HIGHEST GUST SPEED    32   HIGHEST GUST DIRECTION     W (270)
  AVERAGE WIND SPEED    11.1


SKY COVER
  AVERAGE SKY COVER 0.4


WEATHER CONDITIONS
 THE FOLLOWING WEATHER WAS RECORDED TODAY.
  FOG


RELATIVE HUMIDITY (PERCENT)
 HIGHEST    93           100 AM
 LOWEST     63          1100 AM
 AVERAGE    78

..........................................................


THE HOQUIAM WA AIRPORT CLIMATE NORMALS FOR TOMORROW
                         NORMAL    RECORD    YEAR
 MAXIMUM TEMPERATURE (F)   67        81      1990
 MINIMUM TEMPERATURE (F)   54        45      2002


SUNRISE AND SUNSET
AUGUST  4 2015........SUNRISE   559 AM PDT   SUNSET   844 PM PDT
AUGUST  5 2015........SUNRISE   600 AM PDT   SUNSET   843 PM PDT


-  INDICATES NEGATIVE NUMBERS.
R  INDICATES RECORD WAS SET OR TIED.
MM INDICATES DATA IS MISSING.
T  INDICATES TRACE AMOUNT.




$$
