000
CDUS46 KSEW 020123
CLIHQM


CLIMATE REPORT
NATIONAL WEATHER SERVICE SEATTLE WA
622 PM PDT WED OCT 1 2014


...................................

...THE HOQUIAM WA AIRPORT CLIMATE SUMMARY FOR OCTOBER 1 2014...
VALID TODAY AS OF 0600 PM LOCAL TIME.

CLIMATE NORMAL PERIOD 1981 TO 2010
CLIMATE RECORD PERIOD 1953 TO 2014


WEATHER ITEM   OBSERVED TIME   RECORD YEAR NORMAL DEPARTURE LAST
                VALUE   (LST)  VALUE       VALUE  FROM      YEAR
                                                  NORMAL
..................................................................
TEMPERATURE (F)
 TODAY
  MAXIMUM         65   1214 PM  83    1987  64      1       59
  MINIMUM         49    649 AM  38    1983  48      1       48
  AVERAGE         57                        56      1       54

PRECIPITATION (IN)
  TODAY            0.00          1.84 1967   0.12  -0.12     0.41
  MONTH TO DATE    0.00                      0.12  -0.12     0.41
  SINCE OCT 1      0.00                      0.12  -0.12     0.41
  SINCE JAN 1     47.09                     40.01   7.08    42.28

DEGREE DAYS
 HEATING
  TODAY            8                         9     -1       11
  MONTH TO DATE    8                         9     -1       11
  SINCE SEP 1    101                       205   -104      156

 COOLING
  TODAY            0                         0      0        0
  MONTH TO DATE    0                         0      0        0
  SINCE SEP 1     18                         7     11        7
  SINCE JAN 1     48                        23     25       20
..................................................................


WIND (MPH)
  RESULTANT WIND SPEED   7   RESULTANT WIND DIRECTION   W (260)
  HIGHEST WIND SPEED    18   HIGHEST WIND DIRECTION     W (260)
  HIGHEST GUST SPEED    22   HIGHEST GUST DIRECTION     W (270)
  AVERAGE WIND SPEED     8.3


SKY COVER
  AVERAGE SKY COVER 0.1


WEATHER CONDITIONS
 THE FOLLOWING WEATHER WAS RECORDED TODAY.
  FOG


RELATIVE HUMIDITY (PERCENT)
 HIGHEST   100           400 AM
 LOWEST     56           200 PM
 AVERAGE    78

..........................................................


THE HOQUIAM WA AIRPORT CLIMATE NORMALS FOR TOMORROW
                         NORMAL    RECORD    YEAR
 MAXIMUM TEMPERATURE (F)   63        81      1993
 MINIMUM TEMPERATURE (F)   48        36      1954


SUNRISE AND SUNSET
OCTOBER  1 2014.......SUNRISE   715 AM PDT   SUNSET   655 PM PDT
OCTOBER  2 2014.......SUNRISE   716 AM PDT   SUNSET   653 PM PDT


-  INDICATES NEGATIVE NUMBERS.
R  INDICATES RECORD WAS SET OR TIED.
MM INDICATES DATA IS MISSING.
T  INDICATES TRACE AMOUNT.




$$
