193
CDUS44 KBRO 080734
CLIHRL


CLIMATE REPORT
NATIONAL WEATHER SERVICE BROWNSVILLE TX
130 AM CST THU DEC 8 2016


...................................

...THE HARLINGEN CLIMATE SUMMARY FOR DECEMBER 7 2016...

CLIMATE NORMAL PERIOD 1981 TO 2010
CLIMATE RECORD PERIOD 1912 TO 2016


WEATHER ITEM   OBSERVED TIME   RECORD YEAR NORMAL DEPARTURE LAST
                VALUE   (LST)  VALUE       VALUE  FROM      YEAR
                                                  NORMAL
..................................................................
TEMPERATURE (F)
 YESTERDAY
  MAXIMUM         81    340 PM  88    1951  73      8       76
  MINIMUM         57    134 AM  28    1950  51      6       51
  AVERAGE         69                        62      7       64

PRECIPITATION (IN)
  YESTERDAY        0.00          2.28 1967   0.06  -0.06     0.00
  MONTH TO DATE    0.74                      0.37   0.37     0.02
  SINCE DEC 1      0.74                      0.37   0.37     0.02
  SINCE JAN 1     21.00                     24.29  -3.29    32.92

SNOWFALL (IN)
  YESTERDAY        0.0
  MONTH TO DATE    0.0
  SINCE DEC 1      0.0
  SINCE JUL 1      0.0

DEGREE DAYS
 HEATING
  YESTERDAY        0                         5     -5        1
  MONTH TO DATE   10                        34    -24       23
  SINCE DEC 1     10                        34    -24       23
  SINCE JUL 1     25                        91    -66       59

 COOLING
  YESTERDAY        4                         2      2        0
  MONTH TO DATE   24                        19      5        1
  SINCE DEC 1     24                        19      5        1
  SINCE JAN 1   4662                      3953    709     4245
..................................................................


WIND (MPH)
  HIGHEST WIND SPEED    14   HIGHEST WIND DIRECTION     N (10)
  HIGHEST GUST SPEED    17   HIGHEST GUST DIRECTION     N (10)
  AVERAGE WIND SPEED     5.8



WEATHER CONDITIONS
 THE FOLLOWING WEATHER WAS RECORDED YESTERDAY.
  FOG
  FOG W/VISIBILITY <= 1/4 MILE
  HAZE


RELATIVE HUMIDITY (PERCENT)
 HIGHEST   100
 LOWEST     74
 AVERAGE    87

..........................................................


THE HARLINGEN CLIMATE NORMALS FOR TODAY
                         NORMAL    RECORD    YEAR
 MAXIMUM TEMPERATURE (F)   73        89      1996
 MINIMUM TEMPERATURE (F)   51        30      1950


SUNRISE AND SUNSET
DECEMBER  8 2016......SUNRISE   706 AM CST   SUNSET   539 PM CST
DECEMBER  9 2016......SUNRISE   707 AM CST   SUNSET   539 PM CST


-  INDICATES NEGATIVE NUMBERS.
R  INDICATES RECORD WAS SET OR TIED.
MM INDICATES DATA IS MISSING.
T  INDICATES TRACE AMOUNT.




$$
