000
CDUS44 KBRO 220629
CLIHRL


CLIMATE REPORT
NATIONAL WEATHER SERVICE BROWNSVILLE TX
129 AM CDT TUE JUL 22 2014


...................................

...THE HARLINGEN CLIMATE SUMMARY FOR JULY 21 2014...

CLIMATE NORMAL PERIOD 1981 TO 2010
CLIMATE RECORD PERIOD 1912 TO 2014


WEATHER ITEM   OBSERVED TIME   RECORD YEAR NORMAL DEPARTURE LAST
                VALUE   (LST)  VALUE       VALUE  FROM      YEAR
                                                  NORMAL
..................................................................
TEMPERATURE (F)
 YESTERDAY
  MAXIMUM         99    259 PM 102    2012  95      4       97
                                      1924
  MINIMUM         79   1159 PM  69    1974  75      4       79
  AVERAGE         89                        85      4       88

PRECIPITATION (IN)
  YESTERDAY        0.00          1.21 1955   0.05  -0.05     0.00
  MONTH TO DATE    0.59                      1.45  -0.86     1.62
  SINCE JUN 1      0.88                      3.95  -3.07     2.42
  SINCE JAN 1      5.72                     11.87  -6.15     9.59

SNOWFALL (IN)
  YESTERDAY        0.0
  MONTH TO DATE    0.0
  SINCE JUN 1      0.0
  SINCE JUL 1      0.0

DEGREE DAYS
 HEATING
  YESTERDAY        0                         0      0        0
  MONTH TO DATE    0                         0      0        0
  SINCE JUN 1      0                         0      0        0
  SINCE JUL 1      0                         0      0        0

 COOLING
  YESTERDAY       24                        20      4       23
  MONTH TO DATE  421                       420      1      401
  SINCE JUN 1   1043                       988     55     1036
  SINCE JAN 1   1979                      2089   -110     2131
..................................................................


WIND (MPH)
  HIGHEST WIND SPEED    21   HIGHEST WIND DIRECTION    SE (150)
  HIGHEST GUST SPEED    26   HIGHEST GUST DIRECTION    SE (130)
  AVERAGE WIND SPEED    14.0



WEATHER CONDITIONS
 THE FOLLOWING WEATHER WAS RECORDED YESTERDAY.
  NO SIGNIFICANT WEATHER WAS OBSERVED.


RELATIVE HUMIDITY (PERCENT)
 HIGHEST    94
 LOWEST     42
 AVERAGE    68

..........................................................


THE HARLINGEN CLIMATE NORMALS FOR TODAY
                         NORMAL    RECORD    YEAR
 MAXIMUM TEMPERATURE (F)   96       102      1913
 MINIMUM TEMPERATURE (F)   75        67      1924


SUNRISE AND SUNSET
JULY 22 2014..........SUNRISE   651 AM CDT   SUNSET   823 PM CDT
JULY 23 2014..........SUNRISE   652 AM CDT   SUNSET   822 PM CDT


-  INDICATES NEGATIVE NUMBERS.
R  INDICATES RECORD WAS SET OR TIED.
MM INDICATES DATA IS MISSING.
T  INDICATES TRACE AMOUNT.




$$
