000
CDUS44 KBRO 240726
CLIHRL


CLIMATE REPORT
NATIONAL WEATHER SERVICE BROWNSVILLE TX
125 AM CST FRI NOV 24 2017


...................................

...THE HARLINGEN CLIMATE SUMMARY FOR NOVEMBER 23 2017...

CLIMATE NORMAL PERIOD 1981 TO 2010
CLIMATE RECORD PERIOD 1912 TO 2017


WEATHER ITEM   OBSERVED TIME   RECORD YEAR NORMAL DEPARTURE LAST
                VALUE   (LST)  VALUE       VALUE  FROM      YEAR
                                                  NORMAL
..................................................................
TEMPERATURE (F)
 YESTERDAY
  MAXIMUM         75    329 PM  90    1947  77     -2       86
  MINIMUM         43    713 AM  33    1925  55    -12       64
  AVERAGE         59                        66     -7       75

PRECIPITATION (IN)
  YESTERDAY        0.00          0.90 1914   0.02  -0.02     0.00
                                      1952
  MONTH TO DATE    0.72                      1.24  -0.52     2.38
  SINCE SEP 1      6.16                      9.45  -3.29     5.34
  SINCE JAN 1     18.33                     23.66  -5.33    20.24

SNOWFALL (IN)
  YESTERDAY        0.0
  MONTH TO DATE    0.0
  SINCE SEP 1      0.0
  SINCE JUL 1      0.0

DEGREE DAYS
 HEATING
  YESTERDAY        6                         3      3        0
  MONTH TO DATE   26                        30     -4       15
  SINCE SEP 1     40                        33      7       15
  SINCE JUL 1     40                        33      7       15

 COOLING
  YESTERDAY        0                         4     -4       10
  MONTH TO DATE  201                       135     66      192
  SINCE SEP 1   1115                       987    128     1250
  SINCE JAN 1   4620                      3911    709     4569
..................................................................


WIND (MPH)
  HIGHEST WIND SPEED    13   HIGHEST WIND DIRECTION     N (350)
  HIGHEST GUST SPEED    17   HIGHEST GUST DIRECTION     N (340)
  AVERAGE WIND SPEED     6.9



WEATHER CONDITIONS
 THE FOLLOWING WEATHER WAS RECORDED YESTERDAY.
  HAZE


RELATIVE HUMIDITY (PERCENT)
 HIGHEST    93
 LOWEST     21
 AVERAGE    57

..........................................................


THE HARLINGEN CLIMATE NORMALS FOR TODAY
                         NORMAL    RECORD    YEAR
 MAXIMUM TEMPERATURE (F)   77        90      1931
                                             1921
 MINIMUM TEMPERATURE (F)   55        35      1970
                                             1957


SUNRISE AND SUNSET
NOVEMBER 24 2017......SUNRISE   656 AM CST   SUNSET   539 PM CST
NOVEMBER 25 2017......SUNRISE   657 AM CST   SUNSET   538 PM CST


-  INDICATES NEGATIVE NUMBERS.
R  INDICATES RECORD WAS SET OR TIED.
MM INDICATES DATA IS MISSING.
T  INDICATES TRACE AMOUNT.




$$
