000
CDUS44 KBRO 250626
CLIHRL


CLIMATE REPORT
NATIONAL WEATHER SERVICE BROWNSVILLE TX
125 AM CDT MON SEP 25 2017


...................................

...THE HARLINGEN CLIMATE SUMMARY FOR SEPTEMBER 24 2017...

CLIMATE NORMAL PERIOD 1981 TO 2010
CLIMATE RECORD PERIOD 1912 TO 2017


WEATHER ITEM   OBSERVED TIME   RECORD YEAR NORMAL DEPARTURE LAST
                VALUE   (LST)  VALUE       VALUE  FROM      YEAR
                                                  NORMAL
..................................................................
TEMPERATURE (F)
 YESTERDAY
  MAXIMUM         98    143 PM 103    2005  90      8       98
  MINIMUM         74    639 AM  55    1975  71      3       76
  AVERAGE         86                        80      6       87

PRECIPITATION (IN)
  YESTERDAY        0.00          3.63 1970   0.17  -0.17      T
  MONTH TO DATE    0.86                      4.31  -3.45     2.23
  SINCE SEP 1      0.86                      4.31  -3.45     2.23
  SINCE JAN 1     13.03                     18.52  -5.49    17.13

SNOWFALL (IN)
  YESTERDAY        0.0
  MONTH TO DATE    0.0
  SINCE SEP 1      0.0
  SINCE JUL 1      0.0

DEGREE DAYS
 HEATING
  YESTERDAY        0                         0      0        0
  MONTH TO DATE    0                         0      0        0
  SINCE SEP 1      0                         0      0        0
  SINCE JUL 1      0                         0      0        0

 COOLING
  YESTERDAY       21                        15      6       22
  MONTH TO DATE  450                       417     33      499
  SINCE SEP 1    450                       417     33      499
  SINCE JAN 1   3955                      3341    614     3818
..................................................................


WIND (MPH)
  HIGHEST WIND SPEED    25   HIGHEST WIND DIRECTION     E (110)
  HIGHEST GUST SPEED    31   HIGHEST GUST DIRECTION    SE (120)
  AVERAGE WIND SPEED    11.0



WEATHER CONDITIONS
 THE FOLLOWING WEATHER WAS RECORDED YESTERDAY.
  NO SIGNIFICANT WEATHER WAS OBSERVED.


RELATIVE HUMIDITY (PERCENT)
 HIGHEST   100
 LOWEST     42
 AVERAGE    71

..........................................................


THE HARLINGEN CLIMATE NORMALS FOR TODAY
                         NORMAL    RECORD    YEAR
 MAXIMUM TEMPERATURE (F)   90       102      2011
                                             1926
 MINIMUM TEMPERATURE (F)   71        55      1914
                                             1975


SUNRISE AND SUNSET
SEPTEMBER 25 2017.....SUNRISE   721 AM CDT   SUNSET   723 PM CDT
SEPTEMBER 26 2017.....SUNRISE   721 AM CDT   SUNSET   722 PM CDT


-  INDICATES NEGATIVE NUMBERS.
R  INDICATES RECORD WAS SET OR TIED.
MM INDICATES DATA IS MISSING.
T  INDICATES TRACE AMOUNT.




$$
