000
CDUS44 KBRO 040627
CLIHRL


CLIMATE REPORT
NATIONAL WEATHER SERVICE BROWNSVILLE TX
126 AM CDT FRI SEP 4 2015


...................................

...THE HARLINGEN CLIMATE SUMMARY FOR SEPTEMBER 3 2015...

CLIMATE NORMAL PERIOD 1981 TO 2010
CLIMATE RECORD PERIOD 1912 TO 2015


WEATHER ITEM   OBSERVED TIME   RECORD YEAR NORMAL DEPARTURE LAST
                VALUE   (LST)  VALUE       VALUE  FROM      YEAR
                                                  NORMAL
..................................................................
TEMPERATURE (F)
 YESTERDAY
  MAXIMUM         94    217 PM 106    2011  94      0       84
  MINIMUM         74    624 AM  60    1915  74      0       75
  AVERAGE         84                        84      0       80

PRECIPITATION (IN)
  YESTERDAY        0.00          2.68 1923   0.15  -0.15     0.94
  MONTH TO DATE    0.00                      0.40  -0.40     1.02
  SINCE SEP 1      0.00                      0.40  -0.40     1.02
  SINCE JAN 1     19.56                     14.61   4.95     7.67

DEGREE DAYS
 HEATING
  YESTERDAY        0                         0      0        0
  MONTH TO DATE    0                         0      0        0
  SINCE SEP 1      0                         0      0        0
  SINCE JUL 1      0                         0      0        0

 COOLING
  YESTERDAY       19                        19      0       15
  MONTH TO DATE   57                        57      0       59
  SINCE SEP 1     57                        57      0       59
  SINCE JAN 1   3048                      2981     67     2956
..................................................................


WIND (MPH)
  HIGHEST WIND SPEED    22   HIGHEST WIND DIRECTION     E (110)
  HIGHEST GUST SPEED    28   HIGHEST GUST DIRECTION    SE (140)
  AVERAGE WIND SPEED     7.9



WEATHER CONDITIONS
 THE FOLLOWING WEATHER WAS RECORDED YESTERDAY.
  FOG


RELATIVE HUMIDITY (PERCENT)
 HIGHEST   100
 LOWEST     56
 AVERAGE    78

..........................................................


THE HARLINGEN CLIMATE NORMALS FOR TODAY
                         NORMAL    RECORD    YEAR
 MAXIMUM TEMPERATURE (F)   94       107      2011
 MINIMUM TEMPERATURE (F)   74        64      1919


SUNRISE AND SUNSET
SEPTEMBER  4 2015.....SUNRISE   712 AM CDT   SUNSET   747 PM CDT
SEPTEMBER  5 2015.....SUNRISE   712 AM CDT   SUNSET   746 PM CDT


-  INDICATES NEGATIVE NUMBERS.
R  INDICATES RECORD WAS SET OR TIED.
MM INDICATES DATA IS MISSING.
T  INDICATES TRACE AMOUNT.

$$
