000
CDUS44 KBRO 100726
CLIHRL


CLIMATE REPORT
NATIONAL WEATHER SERVICE BROWNSVILLE TX
126 AM CST WED FEB 10 2016


...................................

...THE HARLINGEN CLIMATE SUMMARY FOR FEBRUARY 9 2016...

CLIMATE NORMAL PERIOD 1981 TO 2010
CLIMATE RECORD PERIOD 1912 TO 2016


WEATHER ITEM   OBSERVED TIME   RECORD YEAR NORMAL DEPARTURE LAST
                VALUE   (LST)  VALUE       VALUE  FROM      YEAR
                                                  NORMAL
..................................................................
TEMPERATURE (F)
 YESTERDAY
  MAXIMUM         78    324 PM  90    1957  73      5       81
  MINIMUM         43    715 AM  28    1933  52     -9       52
  AVERAGE         61                        62     -1       67

PRECIPITATION (IN)
  YESTERDAY        0.00          0.55 1936   0.06  -0.06     0.00
  MONTH TO DATE    0.00                      0.52  -0.52     0.69
  SINCE DEC 1      2.21                      2.84  -0.63     4.93
  SINCE JAN 1      1.91                      1.58   0.33     2.62

SNOWFALL (IN)
  YESTERDAY        0.0
  MONTH TO DATE    0.0
  SINCE DEC 1      0.0
  SINCE JUL 1      0.0

DEGREE DAYS
 HEATING
  YESTERDAY        4                         5     -1        0
  MONTH TO DATE   50                        45      5       46
  SINCE DEC 1    323                       436   -113      445
  SINCE JUL 1    359                       493   -134      580

 COOLING
  YESTERDAY        0                         2     -2        2
  MONTH TO DATE   12                        18     -6       10
  SINCE DEC 1    173                       125     48      115
  SINCE JAN 1     40                        67    -27       24
..................................................................


WIND (MPH)
  HIGHEST WIND SPEED    17   HIGHEST WIND DIRECTION     E (80)
  HIGHEST GUST SPEED    24   HIGHEST GUST DIRECTION     N (340)
  AVERAGE WIND SPEED     7.2



WEATHER CONDITIONS
 THE FOLLOWING WEATHER WAS RECORDED YESTERDAY.
  NO SIGNIFICANT WEATHER WAS OBSERVED.


RELATIVE HUMIDITY (PERCENT)
 HIGHEST    70
 LOWEST     15
 AVERAGE    43

..........................................................


THE HARLINGEN CLIMATE NORMALS FOR TODAY
                         NORMAL    RECORD    YEAR
 MAXIMUM TEMPERATURE (F)   73        95      1962
 MINIMUM TEMPERATURE (F)   52        27      1973


SUNRISE AND SUNSET
FEBRUARY 10 2016......SUNRISE   710 AM CST   SUNSET   620 PM CST
FEBRUARY 11 2016......SUNRISE   709 AM CST   SUNSET   621 PM CST


-  INDICATES NEGATIVE NUMBERS.
R  INDICATES RECORD WAS SET OR TIED.
MM INDICATES DATA IS MISSING.
T  INDICATES TRACE AMOUNT.




$$
