000
CDUS44 KBRO 260625
CLIHRL


CLIMATE REPORT
NATIONAL WEATHER SERVICE BROWNSVILLE TX
125 AM CDT WED JUL 26 2017


...................................

...THE HARLINGEN CLIMATE SUMMARY FOR JULY 25 2017...

CLIMATE NORMAL PERIOD 1981 TO 2010
CLIMATE RECORD PERIOD 1912 TO 2017


WEATHER ITEM   OBSERVED TIME   RECORD YEAR NORMAL DEPARTURE LAST
                VALUE   (LST)  VALUE       VALUE  FROM      YEAR
                                                  NORMAL
..................................................................
TEMPERATURE (F)
 YESTERDAY
  MAXIMUM        100    240 PM 104    1943  96      4      100
  MINIMUM         76    944 PM  66    1915  75      1       77
  AVERAGE         88                        85      3       89

PRECIPITATION (IN)
  YESTERDAY        T             1.25 1934   0.05  -0.05     0.00
  MONTH TO DATE    0.94                      1.66  -0.72     0.09
  SINCE JUN 1      2.20                      4.16  -1.96     5.22
  SINCE JAN 1      8.79                     12.08  -3.29    12.11

SNOWFALL (IN)
  YESTERDAY        0.0
  MONTH TO DATE    0.0
  SINCE JUN 1      0.0
  SINCE JUL 1      0.0

DEGREE DAYS
 HEATING
  YESTERDAY        0                         0      0        0
  MONTH TO DATE    0                         0      0        0
  SINCE JUN 1      0                         0      0        0
  SINCE JUL 1      0                         0      0        0

 COOLING
  YESTERDAY       23                        20      3       24
  MONTH TO DATE  531                       500     31      553
  SINCE JUN 1   1145                      1068     77     1138
  SINCE JAN 1   2680                      2169    511     2499
..................................................................


WIND (MPH)
  HIGHEST WIND SPEED    33   HIGHEST WIND DIRECTION    SE (150)
  HIGHEST GUST SPEED    39   HIGHEST GUST DIRECTION    SE (130)
  AVERAGE WIND SPEED    13.2



WEATHER CONDITIONS
 THE FOLLOWING WEATHER WAS RECORDED YESTERDAY.
  THUNDERSTORM
  FOG


RELATIVE HUMIDITY (PERCENT)
 HIGHEST   100
 LOWEST     45
 AVERAGE    73

..........................................................


THE HARLINGEN CLIMATE NORMALS FOR TODAY
                         NORMAL    RECORD    YEAR
 MAXIMUM TEMPERATURE (F)   96       102      1943
 MINIMUM TEMPERATURE (F)   75        68      1933


SUNRISE AND SUNSET
JULY 26 2017..........SUNRISE   653 AM CDT   SUNSET   821 PM CDT
JULY 27 2017..........SUNRISE   654 AM CDT   SUNSET   820 PM CDT


-  INDICATES NEGATIVE NUMBERS.
R  INDICATES RECORD WAS SET OR TIED.
MM INDICATES DATA IS MISSING.
T  INDICATES TRACE AMOUNT.




$$
