000
CDUS44 KBRO 240727
CLIHRL


CLIMATE REPORT
NATIONAL WEATHER SERVICE BROWNSVILLE TX
127 AM CST SAT FEB 24 2018


...................................

...THE HARLINGEN CLIMATE SUMMARY FOR FEBRUARY 23 2018...

CLIMATE NORMAL PERIOD 1981 TO 2010
CLIMATE RECORD PERIOD 1912 TO 2018


WEATHER ITEM   OBSERVED TIME   RECORD YEAR NORMAL DEPARTURE LAST
                VALUE   (LST)  VALUE       VALUE  FROM      YEAR
                                                  NORMAL
..................................................................
TEMPERATURE (F)
 YESTERDAY
  MAXIMUM         87    211 PM  96    2017  76     11       96
  MINIMUM         56    317 AM  32    1978  54      2       52
  AVERAGE         72                        65      7       74

PRECIPITATION (IN)
  YESTERDAY        0.00          0.73 1912   0.04  -0.04     0.00
  MONTH TO DATE    0.15                      1.23  -1.08     0.41
  SINCE DEC 1      3.60                      3.55   0.05     2.64
  SINCE JAN 1      2.59                      2.29   0.30     1.31

SNOWFALL (IN)
  YESTERDAY        0.0
  MONTH TO DATE    0.0
  SINCE DEC 1      1.0
  SINCE JUL 1      1.0

DEGREE DAYS
 HEATING
  YESTERDAY        0                         3     -3        0
  MONTH TO DATE   75                       104    -29        9
  SINCE DEC 1    597                       495    102      215
  SINCE JUL 1    640                       552     88      230

 COOLING
  YESTERDAY        7                         3      4        9
  MONTH TO DATE  122                        60     62      183
  SINCE DEC 1    230                       167     63      471
  SINCE JAN 1    145                       109     36      314
..................................................................


WIND (MPH)
  HIGHEST WIND SPEED    30   HIGHEST WIND DIRECTION     S (160)
  HIGHEST GUST SPEED    39   HIGHEST GUST DIRECTION    SE (150)
  AVERAGE WIND SPEED    15.9



WEATHER CONDITIONS
 THE FOLLOWING WEATHER WAS RECORDED YESTERDAY.
  FOG
  FOG W/VISIBILITY <= 1/4 MILE


RELATIVE HUMIDITY (PERCENT)
 HIGHEST   100
 LOWEST     51
 AVERAGE    76

..........................................................


THE HARLINGEN CLIMATE NORMALS FOR TODAY
                         NORMAL    RECORD    YEAR
 MAXIMUM TEMPERATURE (F)   76        94      2017
 MINIMUM TEMPERATURE (F)   54        31      1968


SUNRISE AND SUNSET
FEBRUARY 24 2018......SUNRISE   659 AM CST   SUNSET   629 PM CST
FEBRUARY 25 2018......SUNRISE   658 AM CST   SUNSET   630 PM CST


-  INDICATES NEGATIVE NUMBERS.
R  INDICATES RECORD WAS SET OR TIED.
MM INDICATES DATA IS MISSING.
T  INDICATES TRACE AMOUNT.




$$
