000
CDUS44 KLZK 190909
CLIHRO


CLIMATE REPORT
NATIONAL WEATHER SERVICE LITTLE ROCK AR
408 AM CDT FRI SEP 19 2014


...................................

...THE HARRISON CLIMATE SUMMARY FOR SEPTEMBER 18 2014...

CLIMATE NORMAL PERIOD 1981 TO 2010
CLIMATE RECORD PERIOD 1891 TO 2014


WEATHER ITEM   OBSERVED TIME   RECORD YEAR NORMAL DEPARTURE LAST
                VALUE   (LST)  VALUE       VALUE  FROM      YEAR
                                                  NORMAL
..................................................................
TEMPERATURE (F)
 YESTERDAY
  MAXIMUM         74    229 PM  96    1925  80     -6       87
  MINIMUM         60   1247 AM  34    1901  57      3       67
  AVERAGE         67                        68     -1       77

PRECIPITATION (IN)
  YESTERDAY        T             1.89 1991   0.15  -0.15     0.01
  MONTH TO DATE    5.14                      2.54   2.60     0.35
  SINCE SEP 1      5.14                      2.54   2.60     0.35
  SINCE JAN 1     31.82                     31.50   0.32    33.17

SNOWFALL (IN)
  YESTERDAY        0.0          MM      MM   0.0    0.0      0.0
  MONTH TO DATE    0.0                       0.0    0.0      0.0
  SINCE SEP 1      0.0                       0.0    0.0      0.0
  SINCE JUL 1      0.0                       0.0    0.0      0.0
  SNOW DEPTH       0

DEGREE DAYS
 HEATING
  YESTERDAY        0                         2     -2        0
  MONTH TO DATE   22                         9     13        0
  SINCE SEP 1     22                         9     13        0
  SINCE JUL 1     23                        10     13        1

 COOLING
  YESTERDAY        2                         5     -3       12
  MONTH TO DATE  121                       127     -6      172
  SINCE SEP 1    121                       127     -6      172
  SINCE JAN 1   1251                      1338    -87     1316
..................................................................


WIND (MPH)
  HIGHEST WIND SPEED    13   HIGHEST WIND DIRECTION     E (110)
  HIGHEST GUST SPEED    17   HIGHEST GUST DIRECTION    SE (130)
  AVERAGE WIND SPEED     6.6


SKY COVER
  POSSIBLE SUNSHINE  MM
  AVERAGE SKY COVER 0.9


WEATHER CONDITIONS
 THE FOLLOWING WEATHER WAS RECORDED YESTERDAY.
  LIGHT RAIN
  FOG
  FOG W/VISIBILITY <= 1/4 MILE


RELATIVE HUMIDITY (PERCENT)
 HIGHEST   100          1200 AM
 LOWEST     73           200 PM
 AVERAGE    87

..........................................................


THE HARRISON CLIMATE NORMALS FOR TODAY
                         NORMAL    RECORD    YEAR
 MAXIMUM TEMPERATURE (F)   79       100      1954
 MINIMUM TEMPERATURE (F)   56        35      1901


SUNRISE AND SUNSET
SEPTEMBER 19 2014.....SUNRISE   658 AM CDT   SUNSET   714 PM CDT
SEPTEMBER 20 2014.....SUNRISE   659 AM CDT   SUNSET   712 PM CDT


-  INDICATES NEGATIVE NUMBERS.
R  INDICATES RECORD WAS SET OR TIED.
MM INDICATES DATA IS MISSING.
T  INDICATES TRACE AMOUNT.




$$
