000
CDUS44 KLZK 182158
CLIHRO


CLIMATE REPORT
NATIONAL WEATHER SERVICE LITTLE ROCK AR
358 PM CST SUN FEB 18 2018


...................................

...THE HARRISON CLIMATE SUMMARY FOR FEBRUARY 18 2018...
VALID TODAY AS OF 0300 PM LOCAL TIME.

CLIMATE NORMAL PERIOD 1981 TO 2010
CLIMATE RECORD PERIOD 1891 TO 2018


WEATHER ITEM   OBSERVED TIME   RECORD YEAR NORMAL DEPARTURE LAST
                VALUE   (LST)  VALUE       VALUE  FROM      YEAR
                                                  NORMAL
..................................................................
TEMPERATURE (F)
 TODAY
  MAXIMUM         56    215 PM  80    1930  51      5       69
  MINIMUM         26    502 AM  -7    1910  31     -5       49
  AVERAGE         41                        41      0       59

PRECIPITATION (IN)
  TODAY            0.00          1.48 1938   0.09  -0.09     0.00
  MONTH TO DATE    0.85                      1.63  -0.78     1.01
  SINCE DEC 1      5.36                      7.39  -2.03     4.51
  SINCE JAN 1      3.48                      4.19  -0.71     3.19

SNOWFALL (IN)
  TODAY            0.0           4.0  2006   0.1   -0.1      0.0
                                      1927
  MONTH TO DATE    0.3                       2.2   -1.9      0.0
  SINCE DEC 1      2.1                       7.7   -5.6      0.9
  SINCE JUL 1      2.1                       8.2   -6.1      0.9
  SNOW DEPTH       0

DEGREE DAYS
 HEATING
  TODAY           24                        24      0        6
  MONTH TO DATE  467                       462      5      305
  SINCE DEC 1   2192                      2184      8     1855
  SINCE JUL 1   2788                      2948   -160     2305

 COOLING
  TODAY            0                         0      0        0
  MONTH TO DATE    5                         0      5        3
  SINCE DEC 1      5                         0      5        3
  SINCE JAN 1      5                         0      5        3
..................................................................


WIND (MPH)
  HIGHEST WIND SPEED    22   HIGHEST WIND DIRECTION     S (170)
  HIGHEST GUST SPEED    27   HIGHEST GUST DIRECTION     S (170)
  AVERAGE WIND SPEED    11.6


SKY COVER
  POSSIBLE SUNSHINE  MM
  AVERAGE SKY COVER 0.3


WEATHER CONDITIONS
 THE FOLLOWING WEATHER WAS RECORDED TODAY.
  FOG
  FOG W/VISIBILITY <= 1/4 MILE


RELATIVE HUMIDITY (PERCENT)
 HIGHEST   100          1200 AM
 LOWEST     35           100 PM
 AVERAGE    68

..........................................................


THE HARRISON CLIMATE NORMALS FOR TOMORROW
                         NORMAL    RECORD    YEAR
 MAXIMUM TEMPERATURE (F)   52        81      1930
 MINIMUM TEMPERATURE (F)   31         2      1903


SUNRISE AND SUNSET
FEBRUARY 18 2018......SUNRISE   657 AM CST   SUNSET   557 PM CST
FEBRUARY 19 2018......SUNRISE   656 AM CST   SUNSET   558 PM CST


-  INDICATES NEGATIVE NUMBERS.
R  INDICATES RECORD WAS SET OR TIED.
MM INDICATES DATA IS MISSING.
T  INDICATES TRACE AMOUNT.




$$
