000
CDUS44 KLZK 210902
CLIHRO


CLIMATE REPORT
NATIONAL WEATHER SERVICE LITTLE ROCK AR
401 AM CDT TUE OCT 21 2014


...................................

...THE HARRISON CLIMATE SUMMARY FOR OCTOBER 20 2014...

CLIMATE NORMAL PERIOD 1981 TO 2010
CLIMATE RECORD PERIOD 1891 TO 2014


WEATHER ITEM   OBSERVED TIME   RECORD YEAR NORMAL DEPARTURE LAST
                VALUE   (LST)  VALUE       VALUE  FROM      YEAR
                                                  NORMAL
..................................................................
TEMPERATURE (F)
 YESTERDAY
  MAXIMUM         72   1241 PM  87    1927  69      3       69
  MINIMUM         52    407 AM  27    1989  47      5       39
  AVERAGE         62                        58      4       54

PRECIPITATION (IN)
  YESTERDAY        0.08          2.40 1984   0.12  -0.04     0.00
  MONTH TO DATE    4.91                      2.22   2.69     3.61
  SINCE SEP 1     10.06                      6.42   3.64     4.96
  SINCE JAN 1     36.74                     35.38   1.36    37.78

SNOWFALL (IN)
  YESTERDAY        0.0           T    1976   0.0    0.0      0.0
                                      1898
  MONTH TO DATE    0.0                       0.0    0.0      0.0
  SINCE SEP 1      0.0                       0.0    0.0      0.0
  SINCE JUL 1      0.0                       0.0    0.0      0.0
  SNOW DEPTH       0

DEGREE DAYS
 HEATING
  YESTERDAY        3                         8     -5       11
  MONTH TO DATE   92                       117    -25      106
  SINCE SEP 1    125                       159    -34      113
  SINCE JUL 1    126                       160    -34      114

 COOLING
  YESTERDAY        0                         1     -1        0
  MONTH TO DATE   39                        26     13       47
  SINCE SEP 1    205                       194     11      270
  SINCE JAN 1   1335                      1405    -70     1414
..................................................................


WIND (MPH)
  HIGHEST WIND SPEED    14   HIGHEST WIND DIRECTION     W (260)
  HIGHEST GUST SPEED    18   HIGHEST GUST DIRECTION     W (250)
  AVERAGE WIND SPEED     5.7


SKY COVER
  POSSIBLE SUNSHINE  MM
  AVERAGE SKY COVER 0.5


WEATHER CONDITIONS
 THE FOLLOWING WEATHER WAS RECORDED YESTERDAY.
  LIGHT RAIN
  FOG


RELATIVE HUMIDITY (PERCENT)
 HIGHEST   100           400 AM
 LOWEST     61          1200 PM
 AVERAGE    81

..........................................................


THE HARRISON CLIMATE NORMALS FOR TODAY
                         NORMAL    RECORD    YEAR
 MAXIMUM TEMPERATURE (F)   69        88      1927
 MINIMUM TEMPERATURE (F)   46        20      1952


SUNRISE AND SUNSET
OCTOBER 21 2014.......SUNRISE   725 AM CDT   SUNSET   629 PM CDT
OCTOBER 22 2014.......SUNRISE   726 AM CDT   SUNSET   628 PM CDT


-  INDICATES NEGATIVE NUMBERS.
R  INDICATES RECORD WAS SET OR TIED.
MM INDICATES DATA IS MISSING.
T  INDICATES TRACE AMOUNT.




$$
