000
CDUS44 KLZK 162204
CLIHRO


CLIMATE REPORT
NATIONAL WEATHER SERVICE LITTLE ROCK AR
404 PM CST MON JAN 16 2017


...................................

...THE HARRISON CLIMATE SUMMARY FOR JANUARY 16 2017...
VALID TODAY AS OF 0400 PM LOCAL TIME.

CLIMATE NORMAL PERIOD 1981 TO 2010
CLIMATE RECORD PERIOD 1891 TO 2017


WEATHER ITEM   OBSERVED TIME   RECORD YEAR NORMAL DEPARTURE LAST
                VALUE   (LST)  VALUE       VALUE  FROM      YEAR
                                                  NORMAL
..................................................................
TEMPERATURE (F)
 TODAY
  MAXIMUM         62    353 PM  74    1943  46     16       39
  MINIMUM         41    110 AM  -1    1977  26     15       23
  AVERAGE         52                        36     16       31

PRECIPITATION (IN)
  TODAY            0.40          1.75 1932   0.09   0.31     0.00
  MONTH TO DATE    1.44                      1.35   0.09     0.79
  SINCE DEC 1      2.76                      4.55  -1.79     9.23
  SINCE JAN 1      1.44                      1.35   0.09     0.79

SNOWFALL (IN)
  TODAY           MM             4.0  1978   0.1   MM        0.0
  MONTH TO DATE    0.4                       1.6   -1.2       T
  SINCE DEC 1      0.9                       2.9   -2.0       T
  SINCE JUL 1      0.9                       3.4   -2.5       T
  SNOW DEPTH       0

DEGREE DAYS
 HEATING
  TODAY           13                        29    -16       34
  MONTH TO DATE  446                       464    -18      452
  SINCE DEC 1   1255                      1299    -44     1013
  SINCE JUL 1   1705                      2063   -358     1599

 COOLING
  TODAY            0                         0      0        0
  MONTH TO DATE    0                         0      0        0
  SINCE DEC 1      0                         0      0        2
  SINCE JAN 1      0                         0      0        0
..................................................................


WIND (MPH)
  HIGHEST WIND SPEED    18   HIGHEST WIND DIRECTION    SE (130)
  HIGHEST GUST SPEED    22   HIGHEST GUST DIRECTION    SE (130)
  AVERAGE WIND SPEED    10.6


SKY COVER
  POSSIBLE SUNSHINE  MM
  AVERAGE SKY COVER 1.0


WEATHER CONDITIONS
 THE FOLLOWING WEATHER WAS RECORDED TODAY.
  THUNDERSTORM
  HEAVY RAIN
  RAIN
  LIGHT RAIN
  FOG
  FOG W/VISIBILITY <= 1/4 MILE


RELATIVE HUMIDITY (PERCENT)
 HIGHEST   100          1200 AM
 LOWEST    100          1200 AM
 AVERAGE   100

..........................................................


THE HARRISON CLIMATE NORMALS FOR TOMORROW
                         NORMAL    RECORD    YEAR
 MAXIMUM TEMPERATURE (F)   46        75      1952
 MINIMUM TEMPERATURE (F)   26        -2      1982


SUNRISE AND SUNSET
JANUARY 16 2017.......SUNRISE   723 AM CST   SUNSET   523 PM CST
JANUARY 17 2017.......SUNRISE   722 AM CST   SUNSET   524 PM CST


-  INDICATES NEGATIVE NUMBERS.
R  INDICATES RECORD WAS SET OR TIED.
MM INDICATES DATA IS MISSING.
T  INDICATES TRACE AMOUNT.




$$
