000
CDUS44 KLZK 290801
CLIHRO


CLIMATE REPORT
NATIONAL WEATHER SERVICE LITTLE ROCK AR
300 AM CDT THU JUN 29 2017


...................................

...THE HARRISON CLIMATE SUMMARY FOR JUNE 28 2017...

CLIMATE NORMAL PERIOD 1981 TO 2010
CLIMATE RECORD PERIOD 1891 TO 2017


WEATHER ITEM   OBSERVED TIME   RECORD YEAR NORMAL DEPARTURE LAST
                VALUE   (LST)  VALUE       VALUE  FROM      YEAR
                                                  NORMAL
..................................................................
TEMPERATURE (F)
 YESTERDAY
  MAXIMUM         86    346 PM 107    2012  87     -1       92
  MINIMUM         63    351 AM  50    1926  66     -3       61
  AVERAGE         75                        76     -1       77

PRECIPITATION (IN)
  YESTERDAY        0.00          3.14 1902   0.13  -0.13     0.00
  MONTH TO DATE    2.11                      3.99  -1.88     2.85
  SINCE JUN 1      2.11                      3.99  -1.88     2.85
  SINCE JAN 1     28.19                     21.99   6.20    15.68

SNOWFALL (IN)
  YESTERDAY        0.0          MM      MM   0.0    0.0      0.0
  MONTH TO DATE    0.0                       0.0    0.0      0.0
  SINCE JUN 1      0.0                       0.0    0.0      0.0
  SINCE JUL 1      3.4                      11.5   -8.1      3.7
  SNOW DEPTH       0

DEGREE DAYS
 HEATING
  YESTERDAY        0                         0      0        0
  MONTH TO DATE    0                         3     -3        0
  SINCE JUN 1      0                         3     -3        0
  SINCE JUL 1   2996                      4001  -1005     3233

 COOLING
  YESTERDAY       10                        12     -2       12
  MONTH TO DATE  222                       243    -21      334
  SINCE JUN 1    222                       243    -21      334
  SINCE JAN 1    373                       382     -9      439
..................................................................


WIND (MPH)
  HIGHEST WIND SPEED    21   HIGHEST WIND DIRECTION     S (170)
  HIGHEST GUST SPEED    26   HIGHEST GUST DIRECTION     S (160)
  AVERAGE WIND SPEED     8.4


SKY COVER
  POSSIBLE SUNSHINE  MM
  AVERAGE SKY COVER 0.1


WEATHER CONDITIONS
 THE FOLLOWING WEATHER WAS RECORDED YESTERDAY.
  NO SIGNIFICANT WEATHER WAS OBSERVED.


RELATIVE HUMIDITY (PERCENT)
 HIGHEST    93           100 AM
 LOWEST     51           100 PM
 AVERAGE    72

..........................................................


THE HARRISON CLIMATE NORMALS FOR TODAY
                         NORMAL    RECORD    YEAR
 MAXIMUM TEMPERATURE (F)   87       104      1934
 MINIMUM TEMPERATURE (F)   66        52      1958
                                             1904
                                             1903


SUNRISE AND SUNSET
JUNE 29 2017..........SUNRISE   558 AM CDT   SUNSET   834 PM CDT
JUNE 30 2017..........SUNRISE   558 AM CDT   SUNSET   834 PM CDT


-  INDICATES NEGATIVE NUMBERS.
R  INDICATES RECORD WAS SET OR TIED.
MM INDICATES DATA IS MISSING.
T  INDICATES TRACE AMOUNT.




$$
