000
CDUS44 KLZK 281014
CLIHRO


CLIMATE REPORT
NATIONAL WEATHER SERVICE LITTLE ROCK AR
414 AM CST SUN DEC 28 2014


...................................

...THE HARRISON CLIMATE SUMMARY FOR DECEMBER 27 2014...

CLIMATE NORMAL PERIOD 1981 TO 2010
CLIMATE RECORD PERIOD 1891 TO 2014


WEATHER ITEM   OBSERVED TIME   RECORD YEAR NORMAL DEPARTURE LAST
                VALUE   (LST)  VALUE       VALUE  FROM      YEAR
                                                  NORMAL
..................................................................
TEMPERATURE (F)
 YESTERDAY
  MAXIMUM         50    537 AM  75    1971  46      4       59
  MINIMUM         30   1159 PM   5    1904  26      4       32
  AVERAGE         40                        36      4       46

PRECIPITATION (IN)
  YESTERDAY        0.21          2.97 2008   0.09   0.12     0.00
  MONTH TO DATE    2.25                      2.84  -0.59     3.75
  SINCE DEC 1      2.25                      2.84  -0.59     3.75
  SINCE JAN 1     41.20                     43.78  -2.58    45.26

SNOWFALL (IN)
  YESTERDAY        0.0           2.0  1935   0.1   -0.1      0.0
  MONTH TO DATE    T                         0.9   -0.9      9.0
  SINCE DEC 1      T                         0.9   -0.9      9.0
  SINCE JUL 1      0.6                       1.4   -0.8      9.0
  SNOW DEPTH       0

DEGREE DAYS
 HEATING
  YESTERDAY       25                        29     -4       19
  MONTH TO DATE  637                       719    -82      762
  SINCE DEC 1    637                       719    -82      762
  SINCE JUL 1   1491                      1483      8     1575

 COOLING
  YESTERDAY        0                         0      0        0
  MONTH TO DATE    0                         0      0        0
  SINCE DEC 1      0                         0      0        0
  SINCE JAN 1   1354                      1416    -62     1414
..................................................................


WIND (MPH)
  HIGHEST WIND SPEED    16   HIGHEST WIND DIRECTION    NW (300)
  HIGHEST GUST SPEED    23   HIGHEST GUST DIRECTION    NW (310)
  AVERAGE WIND SPEED     8.7


SKY COVER
  POSSIBLE SUNSHINE  MM
  AVERAGE SKY COVER 1.0


WEATHER CONDITIONS
 THE FOLLOWING WEATHER WAS RECORDED YESTERDAY.
  RAIN
  LIGHT RAIN
  FOG


RELATIVE HUMIDITY (PERCENT)
 HIGHEST   100          1200 AM
 LOWEST     85          1200 PM
 AVERAGE    93

..........................................................


THE HARRISON CLIMATE NORMALS FOR TODAY
                         NORMAL    RECORD    YEAR
 MAXIMUM TEMPERATURE (F)   46        72      1928
 MINIMUM TEMPERATURE (F)   26         0      1925


SUNRISE AND SUNSET
DECEMBER 28 2014......SUNRISE   723 AM CST   SUNSET   506 PM CST
DECEMBER 29 2014......SUNRISE   723 AM CST   SUNSET   506 PM CST


-  INDICATES NEGATIVE NUMBERS.
R  INDICATES RECORD WAS SET OR TIED.
MM INDICATES DATA IS MISSING.
T  INDICATES TRACE AMOUNT.




$$
