000
CDUS44 KLZK 140757
CLIHRO


CLIMATE REPORT
NATIONAL WEATHER SERVICE LITTLE ROCK AR
157 AM CST THU DEC 14 2017


...................................

...THE HARRISON CLIMATE SUMMARY FOR DECEMBER 13 2017...

CLIMATE NORMAL PERIOD 1981 TO 2010
CLIMATE RECORD PERIOD 1891 TO 2017


WEATHER ITEM   OBSERVED TIME   RECORD YEAR NORMAL DEPARTURE LAST
                VALUE   (LST)  VALUE       VALUE  FROM      YEAR
                                                  NORMAL
..................................................................
TEMPERATURE (F)
 YESTERDAY
  MAXIMUM         62   1250 PM  73    1948  48     14       49
                                      1929
  MINIMUM         28    351 AM   8    1903  29     -1       27
  AVERAGE         45                        38      7       38

PRECIPITATION (IN)
  YESTERDAY        0.00          3.85 1927   0.11  -0.11     0.00
  MONTH TO DATE    T                         1.49  -1.49     0.62
  SINCE DEC 1      T                         1.49  -1.49     0.62
  SINCE JAN 1     39.01                     42.43  -3.42    34.71

SNOWFALL (IN)
  YESTERDAY        0.0           3.5  2003   0.0    0.0      0.0
  MONTH TO DATE    0.0                       0.0    0.0      0.0
  SINCE DEC 1      0.0                       0.0    0.0      0.0
  SINCE JUL 1      0.0                       0.5   -0.5      0.0
  SNOW DEPTH       0

DEGREE DAYS
 HEATING
  YESTERDAY       20                        27     -7       27
  MONTH TO DATE  265                       325    -60      363
  SINCE DEC 1    265                       325    -60      363
  SINCE JUL 1    861                      1089   -228      813

 COOLING
  YESTERDAY        0                         0      0        0
  MONTH TO DATE    0                         0      0        0
  SINCE DEC 1      0                         0      0        0
  SINCE JAN 1   1406                      1416    -10     1647
..................................................................


WIND (MPH)
  HIGHEST WIND SPEED    21   HIGHEST WIND DIRECTION     W (270)
  HIGHEST GUST SPEED    31   HIGHEST GUST DIRECTION     W (280)
  AVERAGE WIND SPEED     7.5


SKY COVER
  POSSIBLE SUNSHINE  MM
  AVERAGE SKY COVER 0.0


WEATHER CONDITIONS
 THE FOLLOWING WEATHER WAS RECORDED YESTERDAY.
  NO SIGNIFICANT WEATHER WAS OBSERVED.


RELATIVE HUMIDITY (PERCENT)
 HIGHEST    69           500 AM
 LOWEST     22           100 PM
 AVERAGE    46

..........................................................


THE HARRISON CLIMATE NORMALS FOR TODAY
                         NORMAL    RECORD    YEAR
 MAXIMUM TEMPERATURE (F)   48        74      1929
 MINIMUM TEMPERATURE (F)   28         0      1914


SUNRISE AND SUNSET
DECEMBER 14 2017......SUNRISE   716 AM CST   SUNSET   459 PM CST
DECEMBER 15 2017......SUNRISE   717 AM CST   SUNSET   459 PM CST


-  INDICATES NEGATIVE NUMBERS.
R  INDICATES RECORD WAS SET OR TIED.
MM INDICATES DATA IS MISSING.
T  INDICATES TRACE AMOUNT.




$$
