816
CDUS42 KMHX 060533
CLIHSE


CLIMATE REPORT
NATIONAL WEATHER SERVICE NEWPORT/MOREHEAD CITY NC
132 AM EDT FRI MAY 6 2016


...................................

...THE CAPE HATTERAS NC CLIMATE SUMMARY FOR MAY 5 2016...

CLIMATE NORMAL PERIOD 1981 TO 2010
CLIMATE RECORD PERIOD 1874 TO 2016


WEATHER ITEM   OBSERVED TIME   RECORD YEAR NORMAL DEPARTURE LAST
                VALUE   (LST)  VALUE       VALUE  FROM      YEAR
                                                  NORMAL
..................................................................
TEMPERATURE (F)
 YESTERDAY
  MAXIMUM         60        MM  84    1938  71    -11       75
  MINIMUM         53        MM  41    1976  58     -5       54
  AVERAGE         57                        64     -7       65

PRECIPITATION (IN)
  YESTERDAY        0.17          1.38 2005   0.11   0.06     0.00
  MONTH TO DATE    1.62                      0.59   1.03     0.14
  SINCE MAR 1      9.90                      9.00   0.90     4.61
  SINCE JAN 1     23.01                     18.26   4.75    16.56

SNOWFALL (IN)
  YESTERDAY        0.0
  MONTH TO DATE    0.0
  SINCE NOV 1      T
  SINCE JUL 1      T
  SNOW DEPTH       0

DEGREE DAYS
 HEATING
  YESTERDAY        8                         3      5        0
  MONTH TO DATE    8                        15     -7       36
  SINCE MAR 1    374                       625   -251      613
  SINCE JUL 1   1687                      2549   -862     2786

 COOLING
  YESTERDAY        0                         2     -2        0
  MONTH TO DATE   13                        10      3        0
  SINCE MAR 1     67                        38     29       17
  SINCE JAN 1     68                        38     30       19
..................................................................


WIND (MPH)
  HIGHEST WIND SPEED    14   HIGHEST WIND DIRECTION    NE (30)
  HIGHEST GUST SPEED    25   HIGHEST GUST DIRECTION    NE (40)
  AVERAGE WIND SPEED    10.4


SKY COVER
  POSSIBLE SUNSHINE  MM
  AVERAGE SKY COVER 0.9


WEATHER CONDITIONS
 THE FOLLOWING WEATHER WAS RECORDED YESTERDAY.
  RAIN
  LIGHT RAIN
  FOG


RELATIVE HUMIDITY (PERCENT)
 HIGHEST   100           600 AM
 LOWEST     84          1100 AM
 AVERAGE    92

..........................................................


THE CAPE HATTERAS NC CLIMATE NORMALS FOR TODAY
                         NORMAL    RECORD    YEAR
 MAXIMUM TEMPERATURE (F)   71        84      1977
 MINIMUM TEMPERATURE (F)   58        40      1987


SUNRISE AND SUNSET
MAY  6 2016...........SUNRISE   606 AM EDT   SUNSET   753 PM EDT
MAY  7 2016...........SUNRISE   605 AM EDT   SUNSET   754 PM EDT


-  INDICATES NEGATIVE NUMBERS.
R  INDICATES RECORD WAS SET OR TIED.
MM INDICATES DATA IS MISSING.
T  INDICATES TRACE AMOUNT.




$$
