000
CDUS42 KMHX 292128
CLIHSE


CLIMATE REPORT
NATIONAL WEATHER SERVICE NEWPORT/MOREHEAD CITY NC
528 PM EDT MON JUN 29 2015


...................................

...THE CAPE HATTERAS NC CLIMATE SUMMARY FOR JUNE 29 2015...
VALID TODAY AS OF 0500 PM LOCAL TIME.

CLIMATE NORMAL PERIOD 1981 TO 2010
CLIMATE RECORD PERIOD 1874 TO 2015


WEATHER ITEM   OBSERVED TIME   RECORD YEAR NORMAL DEPARTURE LAST
                VALUE   (LST)  VALUE       VALUE  FROM      YEAR
                                                  NORMAL
..................................................................
TEMPERATURE (F)
 TODAY
  MAXIMUM         83    104 PM  92    1959  83      0       75
  MINIMUM         68    217 AM  59    1918  73     -5       64
  AVERAGE         76                        78     -2       70

PRECIPITATION (IN)
  TODAY            0.00          6.13 1962   0.16  -0.16    MM
  MONTH TO DATE    5.73                      3.88   1.85     1.71
  SINCE JUN 1      5.73                      3.88   1.85     1.71
  SINCE JAN 1     25.36                     25.12   0.24    24.50

SNOWFALL (IN)
  TODAY            0.0
  MONTH TO DATE    0.0
  SINCE NOV 1      2.0
  SINCE JUL 1      2.0
  SNOW DEPTH       0

DEGREE DAYS
 HEATING
  TODAY            0                         0      0        0
  MONTH TO DATE    0                         0      0        0
  SINCE JUN 1      0                         0      0        0
  SINCE JUL 1   2806                      2584    222     2534

 COOLING
  TODAY           11                        13     -2        5
  MONTH TO DATE  413                       296    117      268
  SINCE JUN 1    413                       296    117      268
  SINCE JAN 1    580                       439    141      504
..................................................................


WIND (MPH)
  HIGHEST WIND SPEED    14   HIGHEST WIND DIRECTION     S (160)
  HIGHEST GUST SPEED    19   HIGHEST GUST DIRECTION    SE (140)
  AVERAGE WIND SPEED     6.0


SKY COVER
  POSSIBLE SUNSHINE  MM
  AVERAGE SKY COVER 0.3


WEATHER CONDITIONS
 THE FOLLOWING WEATHER WAS RECORDED TODAY.
  NO SIGNIFICANT WEATHER WAS OBSERVED.


RELATIVE HUMIDITY (PERCENT)
 HIGHEST    97           400 AM
 LOWEST     62          1100 AM
 AVERAGE    80

..........................................................


THE CAPE HATTERAS NC CLIMATE NORMALS FOR TOMORROW
                         NORMAL    RECORD    YEAR
 MAXIMUM TEMPERATURE (F)   84        94      1959
 MINIMUM TEMPERATURE (F)   73        58      1964


SUNRISE AND SUNSET
JUNE 29 2015..........SUNRISE   551 AM EDT   SUNSET   821 PM EDT
JUNE 30 2015..........SUNRISE   551 AM EDT   SUNSET   821 PM EDT


-  INDICATES NEGATIVE NUMBERS.
R  INDICATES RECORD WAS SET OR TIED.
MM INDICATES DATA IS MISSING.
T  INDICATES TRACE AMOUNT.




$$
