000
CDUS42 KMHX 290528
CLIHSE


CLIMATE REPORT
NATIONAL WEATHER SERVICE NEWPORT/MOREHEAD CITY NC
127 AM EDT WED JUL 29 2015


...................................

...THE CAPE HATTERAS NC CLIMATE SUMMARY FOR JULY 28 2015...

CLIMATE NORMAL PERIOD 1981 TO 2010
CLIMATE RECORD PERIOD 1874 TO 2015


WEATHER ITEM   OBSERVED TIME   RECORD YEAR NORMAL DEPARTURE LAST
                VALUE   (LST)  VALUE       VALUE  FROM      YEAR
                                                  NORMAL
..................................................................
TEMPERATURE (F)
 YESTERDAY
  MAXIMUM         89    156 PM  92    1936  85      4       87
  MINIMUM         72    431 AM  57    1962  74     -2       79
  AVERAGE         81                        79      2       83

PRECIPITATION (IN)
  YESTERDAY        0.00          4.63 1965   0.17  -0.17      T
  MONTH TO DATE    5.16                      4.44   0.72     6.50
  SINCE JUN 1     10.89                      8.47   2.42     8.21
  SINCE JAN 1     30.52                     29.71   0.81    31.00

SNOWFALL (IN)
  YESTERDAY        0.0
  MONTH TO DATE    0.0
  SINCE NOV 1      2.0
  SINCE JUL 1      0.0
  SNOW DEPTH       0

DEGREE DAYS
 HEATING
  YESTERDAY        0                         0      0        0
  MONTH TO DATE    0                         0      0        0
  SINCE JUN 1      0                         3     -3        0
  SINCE JUL 1      0                         0      0        0

 COOLING
  YESTERDAY       16                        14      2       18
  MONTH TO DATE  435                       389     46      395
  SINCE JUN 1    863                       697    166      670
  SINCE JAN 1   1030                       840    190      906
..................................................................


WIND (MPH)
  HIGHEST WIND SPEED    12   HIGHEST WIND DIRECTION     E (110)
  HIGHEST GUST SPEED    16   HIGHEST GUST DIRECTION     E (100)
  AVERAGE WIND SPEED     6.1


SKY COVER
  POSSIBLE SUNSHINE  MM
  AVERAGE SKY COVER 0.0


WEATHER CONDITIONS
 THE FOLLOWING WEATHER WAS RECORDED YESTERDAY.
  NO SIGNIFICANT WEATHER WAS OBSERVED.


RELATIVE HUMIDITY (PERCENT)
 HIGHEST    93           400 AM
 LOWEST     55          1100 AM
 AVERAGE    74

..........................................................


THE CAPE HATTERAS NC CLIMATE NORMALS FOR TODAY
                         NORMAL    RECORD    YEAR
 MAXIMUM TEMPERATURE (F)   85        90      2011
                                             1993
                                             1941
 MINIMUM TEMPERATURE (F)   74        65      1992
                                             1957


SUNRISE AND SUNSET
JULY 29 2015..........SUNRISE   609 AM EDT   SUNSET   808 PM EDT
JULY 30 2015..........SUNRISE   610 AM EDT   SUNSET   808 PM EDT


-  INDICATES NEGATIVE NUMBERS.
R  INDICATES RECORD WAS SET OR TIED.
MM INDICATES DATA IS MISSING.
T  INDICATES TRACE AMOUNT.




$$
