000
CDUS42 KMHX 210526
CLIHSE


CLIMATE REPORT
NATIONAL WEATHER SERVICE NEWPORT/MOREHEAD CITY NC
126 AM EDT SUN SEP 21 2014


...................................

...THE CAPE HATTERAS NC CLIMATE SUMMARY FOR SEPTEMBER 20 2014...

CLIMATE NORMAL PERIOD 1981 TO 2010
CLIMATE RECORD PERIOD 1874 TO 2014


WEATHER ITEM   OBSERVED TIME   RECORD YEAR NORMAL DEPARTURE LAST
                VALUE   (LST)  VALUE       VALUE  FROM      YEAR
                                                  NORMAL
..................................................................
TEMPERATURE (F)
 YESTERDAY
  MAXIMUM         73    739 PM  87    1942  79     -6       78
  MINIMUM         67    443 PM  53    1984  68     -1       65
  AVERAGE         70                        74     -4       72

PRECIPITATION (IN)
  YESTERDAY        2.95          4.06 1922   0.19   2.76     0.00
  MONTH TO DATE    6.26                      4.36   1.90     2.62
  SINCE SEP 1      6.26                      4.36   1.90     2.62
  SINCE JAN 1     47.31                     41.55   5.76    33.82

SNOWFALL (IN)
  YESTERDAY        0.0
  MONTH TO DATE    0.0
  SINCE NOV 1      5.7
  SINCE JUL 1      0.0
  SNOW DEPTH       0

DEGREE DAYS
 HEATING
  YESTERDAY        0                         0      0        0
  MONTH TO DATE    0                         0      0        0
  SINCE SEP 1      0                         0      0        0
  SINCE JUL 1      0                         0      0        0

 COOLING
  YESTERDAY        5                         9     -4        7
  MONTH TO DATE  229                       213     16      234
  SINCE SEP 1    229                       213     16      234
  SINCE JAN 1   1605                      1519     86     1778
..................................................................


WIND (MPH)
  HIGHEST WIND SPEED    23   HIGHEST WIND DIRECTION     E (100)
  HIGHEST GUST SPEED    28   HIGHEST GUST DIRECTION    SE (120)
  AVERAGE WIND SPEED     8.8


SKY COVER
  POSSIBLE SUNSHINE  MM
  AVERAGE SKY COVER 0.6


WEATHER CONDITIONS
 THE FOLLOWING WEATHER WAS RECORDED YESTERDAY.
  HEAVY RAIN
  RAIN
  LIGHT RAIN
  FOG
  FOG W/VISIBILITY <= 1/4 MILE


RELATIVE HUMIDITY (PERCENT)
 HIGHEST   100           500 AM
 LOWEST     79          1200 AM
 AVERAGE    90

..........................................................


THE CAPE HATTERAS NC CLIMATE NORMALS FOR TODAY
                         NORMAL    RECORD    YEAR
 MAXIMUM TEMPERATURE (F)   79        90      1895
 MINIMUM TEMPERATURE (F)   68        55      1918


SUNRISE AND SUNSET
SEPTEMBER 21 2014.....SUNRISE   650 AM EDT   SUNSET   701 PM EDT
SEPTEMBER 22 2014.....SUNRISE   650 AM EDT   SUNSET   659 PM EDT


-  INDICATES NEGATIVE NUMBERS.
R  INDICATES RECORD WAS SET OR TIED.
MM INDICATES DATA IS MISSING.
T  INDICATES TRACE AMOUNT.




$$
