000
CDUS42 KMHX 020526
CLIHSE


CLIMATE REPORT
NATIONAL WEATHER SERVICE NEWPORT/MOREHEAD CITY NC
126 AM EDT SAT AUG 2 2014


...................................

...THE CAPE HATTERAS NC CLIMATE SUMMARY FOR AUGUST 1 2014...

CLIMATE NORMAL PERIOD 1981 TO 2010
CLIMATE RECORD PERIOD 1874 TO 2014


WEATHER ITEM   OBSERVED TIME   RECORD YEAR NORMAL DEPARTURE LAST
                VALUE   (LST)  VALUE       VALUE  FROM      YEAR
                                                  NORMAL
..................................................................
TEMPERATURE (F)
 YESTERDAY
  MAXIMUM         80   1122 AM  91    2002  85     -5       82
  MINIMUM         74    644 PM  61    1966  74      0       73
  AVERAGE         77                        79     -2       78

PRECIPITATION (IN)
  YESTERDAY        1.02          2.02 1989   0.19   0.83     0.41
  MONTH TO DATE    1.02                      0.19   0.83     0.41
  SINCE JUN 1      9.23                      9.21   0.02     8.64
  SINCE JAN 1     32.02                     30.45   1.57    27.83

SNOWFALL (IN)
  YESTERDAY        0.0
  MONTH TO DATE    0.0
  SINCE NOV 1      5.7
  SINCE JUL 1      0.0
  SNOW DEPTH       0

DEGREE DAYS
 HEATING
  YESTERDAY        0                         0      0        0
  MONTH TO DATE    0                         0      0        0
  SINCE JUN 1      0                         3     -3        0
  SINCE JUL 1      0                         0      0        0

 COOLING
  YESTERDAY       12                        14     -2       13
  MONTH TO DATE   12                        14     -2       13
  SINCE JUN 1    723                       759    -36      923
  SINCE JAN 1    959                       902     57     1085
..................................................................


WIND (MPH)
  HIGHEST WIND SPEED    21   HIGHEST WIND DIRECTION     S (180)
  HIGHEST GUST SPEED    26   HIGHEST GUST DIRECTION     S (180)
  AVERAGE WIND SPEED     9.5


SKY COVER
  POSSIBLE SUNSHINE  MM
  AVERAGE SKY COVER 0.4


WEATHER CONDITIONS
 THE FOLLOWING WEATHER WAS RECORDED YESTERDAY.
  HEAVY RAIN
  RAIN
  LIGHT RAIN
  FOG


RELATIVE HUMIDITY (PERCENT)
 HIGHEST   100           400 PM
 LOWEST     67          1200 AM
 AVERAGE    84

..........................................................


THE CAPE HATTERAS NC CLIMATE NORMALS FOR TODAY
                         NORMAL    RECORD    YEAR
 MAXIMUM TEMPERATURE (F)   85        92      2011
                                             1970
 MINIMUM TEMPERATURE (F)   74        58      1964


SUNRISE AND SUNSET
AUGUST  2 2014........SUNRISE   612 AM EDT   SUNSET   805 PM EDT
AUGUST  3 2014........SUNRISE   613 AM EDT   SUNSET   804 PM EDT


-  INDICATES NEGATIVE NUMBERS.
R  INDICATES RECORD WAS SET OR TIED.
MM INDICATES DATA IS MISSING.
T  INDICATES TRACE AMOUNT.




$$
