000
CDUS42 KMHX 260531
CLIHSE


CLIMATE REPORT
NATIONAL WEATHER SERVICE NEWPORT/MOREHEAD CITY NC
130 AM EDT SAT JUL 26 2014


...................................

...THE CAPE HATTERAS NC CLIMATE SUMMARY FOR JULY 25 2014...

CLIMATE NORMAL PERIOD 1981 TO 2010
CLIMATE RECORD PERIOD 1874 TO 2014


WEATHER ITEM   OBSERVED TIME   RECORD YEAR NORMAL DEPARTURE LAST
                VALUE   (LST)  VALUE       VALUE  FROM      YEAR
                                                  NORMAL
..................................................................
TEMPERATURE (F)
 YESTERDAY
  MAXIMUM         84    207 PM  92    1914  85     -1       84
  MINIMUM         72    254 AM  66    1980  74     -2       74
  AVERAGE         78                        79     -1       79

PRECIPITATION (IN)
  YESTERDAY        0.20          2.40 2003   0.18   0.02     0.21
  MONTH TO DATE    6.50                      3.91   2.59     1.49
  SINCE JUN 1      8.21                      7.94   0.27     7.85
  SINCE JAN 1     31.00                     29.18   1.82    27.04

SNOWFALL (IN)
  YESTERDAY        0.0
  MONTH TO DATE    0.0
  SINCE NOV 1      5.7
  SINCE JUL 1      0.0
  SNOW DEPTH       0

DEGREE DAYS
 HEATING
  YESTERDAY        0                         0      0        0
  MONTH TO DATE    0                         0      0        0
  SINCE JUN 1      0                         3     -3        0
  SINCE JUL 1      0                         0      0        0

 COOLING
  YESTERDAY       13                        14     -1       14
  MONTH TO DATE  343                       347     -4      417
  SINCE JUN 1    618                       655    -37      817
  SINCE JAN 1    854                       798     56      979
..................................................................


WIND (MPH)
  HIGHEST WIND SPEED    10   HIGHEST WIND DIRECTION     E (70)
  HIGHEST GUST SPEED    18   HIGHEST GUST DIRECTION     N (340)
  AVERAGE WIND SPEED     5.6


SKY COVER
  POSSIBLE SUNSHINE  MM
  AVERAGE SKY COVER 0.4


WEATHER CONDITIONS
 THE FOLLOWING WEATHER WAS RECORDED YESTERDAY.
  RAIN
  LIGHT RAIN
  FOG


RELATIVE HUMIDITY (PERCENT)
 HIGHEST   100          1200 AM
 LOWEST     65          1200 PM
 AVERAGE    83

..........................................................


THE CAPE HATTERAS NC CLIMATE NORMALS FOR TODAY
                         NORMAL    RECORD    YEAR
 MAXIMUM TEMPERATURE (F)   85        93      1949
 MINIMUM TEMPERATURE (F)   74        62      1976


SUNRISE AND SUNSET
JULY 26 2014..........SUNRISE   607 AM EDT   SUNSET   811 PM EDT
JULY 27 2014..........SUNRISE   608 AM EDT   SUNSET   810 PM EDT


-  INDICATES NEGATIVE NUMBERS.
R  INDICATES RECORD WAS SET OR TIED.
MM INDICATES DATA IS MISSING.
T  INDICATES TRACE AMOUNT.




$$
