000
CDUS42 KMHX 282145
CLIHSE


CLIMATE REPORT
NATIONAL WEATHER SERVICE NEWPORT/MOREHEAD CITY NC
545 PM EDT FRI APR 28 2017


...................................

...THE CAPE HATTERAS NC CLIMATE SUMMARY FOR APRIL 28 2017...
VALID TODAY AS OF 0500 PM LOCAL TIME.

CLIMATE NORMAL PERIOD 1981 TO 2010
CLIMATE RECORD PERIOD 1874 TO 2017


WEATHER ITEM   OBSERVED TIME   RECORD YEAR NORMAL DEPARTURE LAST
                VALUE   (LST)  VALUE       VALUE  FROM      YEAR
                                                  NORMAL
..................................................................
TEMPERATURE (F)
 TODAY
  MAXIMUM         81    159 PM  82    1994  69     12       77
                                      1990
                                      1957
  MINIMUM         72   1224 AM  42    1976  56     16       66
  AVERAGE         77                        63     14       72

PRECIPITATION (IN)
  TODAY            0.00          2.73 1997   0.10  -0.10     0.01
  MONTH TO DATE    8.03                      3.43   4.60     2.18
  SINCE MAR 1     13.31                      8.20   5.11     8.15
  SINCE JAN 1     19.62                     17.46   2.16    21.26

SNOWFALL (IN)
  TODAY            0.0
  MONTH TO DATE    0.0
  SINCE NOV 1      T
  SINCE JUL 1      T
  SNOW DEPTH       0

DEGREE DAYS
 HEATING
  TODAY            0                         4     -4        0
  MONTH TO DATE   48                       184   -136      163
  SINCE MAR 1    403                       603   -200      360
  SINCE JUL 1   1725                      2527   -802     1673

 COOLING
  TODAY           12                         1     11        7
  MONTH TO DATE  130                        19    111       28
  SINCE MAR 1    154                        22    132       54
  SINCE JAN 1    162                        22    140       55
..................................................................


WIND (MPH)
  HIGHEST WIND SPEED    15   HIGHEST WIND DIRECTION    SW (210)
  HIGHEST GUST SPEED    20   HIGHEST GUST DIRECTION    SW (210)
  AVERAGE WIND SPEED    10.7


SKY COVER
  POSSIBLE SUNSHINE  MM
  AVERAGE SKY COVER 0.7


WEATHER CONDITIONS
 THE FOLLOWING WEATHER WAS RECORDED TODAY.
  FOG
  HAZE


RELATIVE HUMIDITY (PERCENT)
 HIGHEST    87          1200 AM
 LOWEST     74           100 PM
 AVERAGE    81

..........................................................


THE CAPE HATTERAS NC CLIMATE NORMALS FOR TOMORROW
                         NORMAL    RECORD    YEAR
 MAXIMUM TEMPERATURE (F)   70        84      1994
 MINIMUM TEMPERATURE (F)   56        40      2010
                                             1967


SUNRISE AND SUNSET
APRIL 28 2017.........SUNRISE   614 AM EDT   SUNSET   746 PM EDT
APRIL 29 2017.........SUNRISE   613 AM EDT   SUNSET   747 PM EDT


-  INDICATES NEGATIVE NUMBERS.
R  INDICATES RECORD WAS SET OR TIED.
MM INDICATES DATA IS MISSING.
T  INDICATES TRACE AMOUNT.




$$
