000
CDUS42 KMHX 292145
CLIHSE


CLIMATE REPORT
NATIONAL WEATHER SERVICE NEWPORT/MOREHEAD CITY NC
545 PM EDT FRI AUG 29 2014


...................................

...THE CAPE HATTERAS NC CLIMATE SUMMARY FOR AUGUST 29 2014...
VALID TODAY AS OF 0500 PM LOCAL TIME.

CLIMATE NORMAL PERIOD 1981 TO 2010
CLIMATE RECORD PERIOD 1874 TO 2014


WEATHER ITEM   OBSERVED TIME   RECORD YEAR NORMAL DEPARTURE LAST
                VALUE   (LST)  VALUE       VALUE  FROM      YEAR
                                                  NORMAL
..................................................................
TEMPERATURE (F)
 TODAY
  MAXIMUM         83    114 PM  92    1993  83      0       86
  MINIMUM         74    533 AM  61    1966  72      2       75
  AVERAGE         79                        78      1       81

PRECIPITATION (IN)
  TODAY            0.00          1.66 2000   0.25  -0.25     0.03
  MONTH TO DATE   10.05                      6.44   3.61     3.78
  SINCE JUN 1     18.26                     15.46   2.80    12.01
  SINCE JAN 1     41.05                     36.70   4.35    31.20

SNOWFALL (IN)
  TODAY            0.0
  MONTH TO DATE    0.0
  SINCE NOV 1      5.7
  SINCE JUL 1      0.0
  SNOW DEPTH       0

DEGREE DAYS
 HEATING
  TODAY            0                         0      0        0
  MONTH TO DATE    0                         0      0        0
  SINCE JUN 1      0                         3     -3        0
  SINCE JUL 1      0                         0      0        0

 COOLING
  TODAY           14                        13      1       16
  MONTH TO DATE  395                       394      1      442
  SINCE JUN 1   1106                      1139    -33     1352
  SINCE JAN 1   1342                      1282     60     1514
..................................................................


WIND (MPH)
  HIGHEST WIND SPEED    12   HIGHEST WIND DIRECTION     E (80)
  HIGHEST GUST SPEED    17   HIGHEST GUST DIRECTION    NE (50)
  AVERAGE WIND SPEED     5.5


SKY COVER
  POSSIBLE SUNSHINE  MM
  AVERAGE SKY COVER 0.7


WEATHER CONDITIONS
 THE FOLLOWING WEATHER WAS RECORDED TODAY.
  FOG


RELATIVE HUMIDITY (PERCENT)
 HIGHEST   100          1200 AM
 LOWEST     74          1000 AM
 AVERAGE    87

..........................................................


THE CAPE HATTERAS NC CLIMATE NORMALS FOR TOMORROW
                         NORMAL    RECORD    YEAR
 MAXIMUM TEMPERATURE (F)   83        92      1932
 MINIMUM TEMPERATURE (F)   72        60      1897


SUNRISE AND SUNSET
AUGUST 29 2014........SUNRISE   633 AM EDT   SUNSET   733 PM EDT
AUGUST 30 2014........SUNRISE   633 AM EDT   SUNSET   732 PM EDT


-  INDICATES NEGATIVE NUMBERS.
R  INDICATES RECORD WAS SET OR TIED.
MM INDICATES DATA IS MISSING.
T  INDICATES TRACE AMOUNT.




$$
