606
CDUS42 KMHX 210526
CLIHSE


CLIMATE REPORT
NATIONAL WEATHER SERVICE NEWPORT/MOREHEAD CITY NC
126 AM EDT MON AUG 21 2017


...................................

...THE CAPE HATTERAS NC CLIMATE SUMMARY FOR AUGUST 20 2017...

CLIMATE NORMAL PERIOD 1981 TO 2010
CLIMATE RECORD PERIOD 1874 TO 2017


WEATHER ITEM   OBSERVED TIME   RECORD YEAR NORMAL DEPARTURE LAST
                VALUE   (LST)  VALUE       VALUE  FROM      YEAR
                                                  NORMAL
..................................................................
TEMPERATURE (F)
 YESTERDAY
  MAXIMUM         88    303 PM  91    2005  84      4       87
                                      1983
                                      1978
  MINIMUM         77   1127 PM  63    1993  73      4       74
                                      1960
  AVERAGE         83                        78      5       81

PRECIPITATION (IN)
  YESTERDAY        0.00          3.71 1893   0.23  -0.23     1.13
  MONTH TO DATE    4.45                      4.24   0.21     3.82
  SINCE JUN 1     11.10                     13.26  -2.16    16.38
  SINCE JAN 1     37.83                     34.50   3.33    50.44

SNOWFALL (IN)
  YESTERDAY        0.0
  MONTH TO DATE    0.0
  SINCE NOV 1      T
  SINCE JUL 1      0.0
  SNOW DEPTH       0

DEGREE DAYS
 HEATING
  YESTERDAY        0                         0      0        0
  MONTH TO DATE    0                         0      0        0
  SINCE JUN 1      0                         3     -3        0
  SINCE JUL 1      0                         0      0        0

 COOLING
  YESTERDAY       18                        13      5       16
  MONTH TO DATE  298                       277     21      367
  SINCE JUN 1   1176                      1022    154     1251
  SINCE JAN 1   1603                      1165    438     1460
..................................................................


WIND (MPH)
  HIGHEST WIND SPEED    12   HIGHEST WIND DIRECTION    SE (120)
  HIGHEST GUST SPEED    14   HIGHEST GUST DIRECTION    SE (120)
  AVERAGE WIND SPEED     3.7


SKY COVER
  POSSIBLE SUNSHINE  MM
  AVERAGE SKY COVER 0.0


WEATHER CONDITIONS
 THE FOLLOWING WEATHER WAS RECORDED YESTERDAY.
  NO SIGNIFICANT WEATHER WAS OBSERVED.


RELATIVE HUMIDITY (PERCENT)
 HIGHEST   100          1000 PM
 LOWEST     75           100 PM
 AVERAGE    88

..........................................................


THE CAPE HATTERAS NC CLIMATE NORMALS FOR TODAY
                         NORMAL    RECORD    YEAR
 MAXIMUM TEMPERATURE (F)   84        94      1968
 MINIMUM TEMPERATURE (F)   73        62      1995


SUNRISE AND SUNSET
AUGUST 21 2017........SUNRISE   627 AM EDT   SUNSET   744 PM EDT
AUGUST 22 2017........SUNRISE   628 AM EDT   SUNSET   742 PM EDT


-  INDICATES NEGATIVE NUMBERS.
R  INDICATES RECORD WAS SET OR TIED.
MM INDICATES DATA IS MISSING.
T  INDICATES TRACE AMOUNT.




$$
