000
CDUS42 KMHX 280654
CLIHSE


CLIMATE REPORT
NATIONAL WEATHER SERVICE NEWPORT/MOREHEAD CITY NC
151 AM EST TUE FEB 28 2017


...................................

...THE CAPE HATTERAS NC CLIMATE SUMMARY FOR FEBRUARY 27 2017...

CLIMATE NORMAL PERIOD 1981 TO 2010
CLIMATE RECORD PERIOD 1874 TO 2017


WEATHER ITEM   OBSERVED TIME   RECORD YEAR NORMAL DEPARTURE LAST
                VALUE   (LST)  VALUE       VALUE  FROM      YEAR
                                                  NORMAL
..................................................................
TEMPERATURE (F)
 YESTERDAY
  MAXIMUM         69   1159 PM  72    1977  55     14       46
  MINIMUM         36    453 AM  17    1970  41     -5       33
  AVERAGE         53                        48      5       40

PRECIPITATION (IN)
  YESTERDAY        0.00          3.81 1899   0.14  -0.14     0.00
  MONTH TO DATE    1.33                      3.88  -2.55     8.24
  SINCE DEC 1     11.32                     13.39  -2.07    18.08
  SINCE JAN 1      6.31                      9.12  -2.81    13.11

SNOWFALL (IN)
  YESTERDAY        0.0
  MONTH TO DATE    0.0
  SINCE NOV 1      T
  SINCE JUL 1      T
  SNOW DEPTH       0

DEGREE DAYS
 HEATING
  YESTERDAY       12                        17     -5       25
  MONTH TO DATE  264                       494   -230      429
  SINCE DEC 1   1050                      1589   -539     1118
  SINCE JUL 1   1322                      1907   -585     1290

 COOLING
  YESTERDAY        0                         0      0        0
  MONTH TO DATE    6                         0      6        1
  SINCE DEC 1      9                         3      6       65
  SINCE JAN 1      6                         0      6        1
..................................................................


WIND (MPH)
  HIGHEST WIND SPEED    18   HIGHEST WIND DIRECTION     S (180)
  HIGHEST GUST SPEED    24   HIGHEST GUST DIRECTION     S (180)
  AVERAGE WIND SPEED     8.5


SKY COVER
  POSSIBLE SUNSHINE  MM
  AVERAGE SKY COVER 0.3


WEATHER CONDITIONS
 THE FOLLOWING WEATHER WAS RECORDED YESTERDAY.
  HAZE


RELATIVE HUMIDITY (PERCENT)
 HIGHEST    85           100 AM
 LOWEST     43          1000 AM
 AVERAGE    64

..........................................................


THE CAPE HATTERAS NC CLIMATE NORMALS FOR TODAY
                         NORMAL    RECORD    YEAR
 MAXIMUM TEMPERATURE (F)   55        73      1954
 MINIMUM TEMPERATURE (F)   41        24      1906


SUNRISE AND SUNSET
FEBRUARY 28 2017......SUNRISE   633 AM EST   SUNSET   557 PM EST
MARCH  1 2017.........SUNRISE   632 AM EST   SUNSET   558 PM EST


-  INDICATES NEGATIVE NUMBERS.
R  INDICATES RECORD WAS SET OR TIED.
MM INDICATES DATA IS MISSING.
T  INDICATES TRACE AMOUNT.




$$
