400
CDUS42 KMHX 272131
CLIHSE


CLIMATE REPORT
NATIONAL WEATHER SERVICE NEWPORT/MOREHEAD CITY NC
531 PM EDT FRI MAY 27 2016


...................................

...THE CAPE HATTERAS NC CLIMATE SUMMARY FOR MAY 27 2016...
VALID TODAY AS OF 0500 PM LOCAL TIME.

CLIMATE NORMAL PERIOD 1981 TO 2010
CLIMATE RECORD PERIOD 1874 TO 2016


WEATHER ITEM   OBSERVED TIME   RECORD YEAR NORMAL DEPARTURE LAST
                VALUE   (LST)  VALUE       VALUE  FROM      YEAR
                                                  NORMAL
..................................................................
TEMPERATURE (F)
 TODAY
  MAXIMUM         84    239 PM  86    2004  77      7       83
                                      1991
  MINIMUM         66    527 AM  42    1979  64      2       71
  AVERAGE         75                        70      5       77

PRECIPITATION (IN)
  TODAY            0.00          2.19 2003   0.12  -0.12     0.00
  MONTH TO DATE    4.45                      3.13   1.32     3.21
  SINCE MAR 1     12.73                     11.54   1.19     7.68
  SINCE JAN 1     25.84                     20.80   5.04    19.63

SNOWFALL (IN)
  TODAY            0.0
  MONTH TO DATE    0.0
  SINCE NOV 1      T
  SINCE JUL 1      T
  SNOW DEPTH       0

DEGREE DAYS
 HEATING
  TODAY            0                         1     -1        0
  MONTH TO DATE   21                        48    -27       56
  SINCE MAR 1    387                       658   -271      633
  SINCE JUL 1   1700                      2582   -882     2806

 COOLING
  TODAY           10                         6      4       12
  MONTH TO DATE  108                        91     17      102
  SINCE MAR 1    162                       119     43      119
  SINCE JAN 1    163                       119     44      121
..................................................................


WIND (MPH)
  HIGHEST WIND SPEED    12   HIGHEST WIND DIRECTION    SE (140)
  HIGHEST GUST SPEED    14   HIGHEST GUST DIRECTION    SE (130)
  AVERAGE WIND SPEED     5.3


SKY COVER
  POSSIBLE SUNSHINE  MM
  AVERAGE SKY COVER 0.0


WEATHER CONDITIONS
 THE FOLLOWING WEATHER WAS RECORDED TODAY.
  NO SIGNIFICANT WEATHER WAS OBSERVED.


RELATIVE HUMIDITY (PERCENT)
 HIGHEST    84           600 AM
 LOWEST     47          1100 AM
 AVERAGE    66

..........................................................


THE CAPE HATTERAS NC CLIMATE NORMALS FOR TOMORROW
                         NORMAL    RECORD    YEAR
 MAXIMUM TEMPERATURE (F)   77        87      1991
 MINIMUM TEMPERATURE (F)   64        48      1983


SUNRISE AND SUNSET
MAY 27 2016...........SUNRISE   551 AM EDT   SUNSET   809 PM EDT
MAY 28 2016...........SUNRISE   550 AM EDT   SUNSET   810 PM EDT


-  INDICATES NEGATIVE NUMBERS.
R  INDICATES RECORD WAS SET OR TIED.
MM INDICATES DATA IS MISSING.
T  INDICATES TRACE AMOUNT.




$$
