000
CDUS42 KMHX 260526
CLIHSE


CLIMATE REPORT
NATIONAL WEATHER SERVICE NEWPORT/MOREHEAD CITY NC
126 AM EDT MON JUN 26 2017


...................................

...THE CAPE HATTERAS NC CLIMATE SUMMARY FOR JUNE 25 2017...

CLIMATE NORMAL PERIOD 1981 TO 2010
CLIMATE RECORD PERIOD 1874 TO 2017


WEATHER ITEM   OBSERVED TIME   RECORD YEAR NORMAL DEPARTURE LAST
                VALUE   (LST)  VALUE       VALUE  FROM      YEAR
                                                  NORMAL
..................................................................
TEMPERATURE (F)
 YESTERDAY
  MAXIMUM         85    313 PM  96    1952  83      2       80
  MINIMUM         75    100 AM  61    1982  72      3       73
                                      1978
                                      1963
  AVERAGE         80                        77      3       77

PRECIPITATION (IN)
  YESTERDAY        0.12          2.32 1980   0.13  -0.01     0.00
  MONTH TO DATE    2.37                      3.28  -0.91    10.18
  SINCE JUN 1      2.37                      3.28  -0.91    10.18
  SINCE JAN 1     29.10                     24.52   4.58    44.24

SNOWFALL (IN)
  YESTERDAY        0.0
  MONTH TO DATE    0.0
  SINCE NOV 1      T
  SINCE JUL 1      T
  SNOW DEPTH       0

DEGREE DAYS
 HEATING
  YESTERDAY        0                         0      0        0
  MONTH TO DATE    0                         0      0        0
  SINCE JUN 1      0                         0      0        0
  SINCE JUL 1   1728                      2584   -856     1700

 COOLING
  YESTERDAY       15                        12      3       12
  MONTH TO DATE  327                       244     83      290
  SINCE JUN 1    327                       244     83      290
  SINCE JAN 1    754                       387    367      499
..................................................................


WIND (MPH)
  HIGHEST WIND SPEED    15   HIGHEST WIND DIRECTION     W (250)
  HIGHEST GUST SPEED    23   HIGHEST GUST DIRECTION     W (250)
  AVERAGE WIND SPEED     7.3


SKY COVER
  POSSIBLE SUNSHINE  MM
  AVERAGE SKY COVER 0.4


WEATHER CONDITIONS
 THE FOLLOWING WEATHER WAS RECORDED YESTERDAY.
  RAIN
  LIGHT RAIN
  FOG


RELATIVE HUMIDITY (PERCENT)
 HIGHEST    94           300 AM
 LOWEST     74           200 PM
 AVERAGE    84

..........................................................


THE CAPE HATTERAS NC CLIMATE NORMALS FOR TODAY
                         NORMAL    RECORD    YEAR
 MAXIMUM TEMPERATURE (F)   83        95      1952
 MINIMUM TEMPERATURE (F)   72        57      1978
                                             1963


SUNRISE AND SUNSET
JUNE 26 2017..........SUNRISE   550 AM EDT   SUNSET   821 PM EDT
JUNE 27 2017..........SUNRISE   550 AM EDT   SUNSET   821 PM EDT


-  INDICATES NEGATIVE NUMBERS.
R  INDICATES RECORD WAS SET OR TIED.
MM INDICATES DATA IS MISSING.
T  INDICATES TRACE AMOUNT.




$$
