000
CDUS42 KMHX 230529
CLIHSE


CLIMATE REPORT
NATIONAL WEATHER SERVICE NEWPORT/MOREHEAD CITY NC
1228 AM EST TUE JAN 23 2018


...................................

...THE CAPE HATTERAS NC CLIMATE SUMMARY FOR JANUARY 22 2018...

CLIMATE NORMAL PERIOD 1981 TO 2010
CLIMATE RECORD PERIOD 1874 TO 2018


WEATHER ITEM   OBSERVED TIME   RECORD YEAR NORMAL DEPARTURE LAST
                VALUE   (LST)  VALUE       VALUE  FROM      YEAR
                                                  NORMAL
..................................................................
TEMPERATURE (F)
 YESTERDAY
  MAXIMUM         MM        MM  73    1999  52     MM       65
  MINIMUM         MM        MM  12    1970  39     MM       51
  AVERAGE         MM                        45     MM       58

PRECIPITATION (IN)
  YESTERDAY       MM             2.27 1954   0.17  MM        0.18
  MONTH TO DATE    6.00                      3.74   2.26     3.99
  SINCE DEC 1     10.90                      8.01   2.89     9.00
  SINCE JAN 1      6.00                      3.74   2.26     3.99

SNOWFALL (IN)
  YESTERDAY       MM
  MONTH TO DATE    3.5
  SINCE NOV 1      3.5
  SINCE JUL 1      3.5
  SNOW DEPTH      MM

DEGREE DAYS
 HEATING
  YESTERDAY       MM                        20     MM        7
  MONTH TO DATE  517                       433     84      275
  SINCE DEC 1    990                       922     68      661
  SINCE JUL 1   1236                      1240     -4      933

 COOLING
  YESTERDAY       MM                         0     MM        0
  MONTH TO DATE    0                         0      0        0
  SINCE DEC 1      2                         3     -1        3
  SINCE JAN 1      0                         0      0        0
..................................................................


WIND (MPH)
  HIGHEST WIND SPEED    MM   HIGHEST WIND DIRECTION    MM
  HIGHEST GUST SPEED    MM   HIGHEST GUST DIRECTION    MM
  AVERAGE WIND SPEED    MM


SKY COVER
  POSSIBLE SUNSHINE  MM
  AVERAGE SKY COVER  MM


WEATHER CONDITIONS
 THE FOLLOWING WEATHER WAS RECORDED YESTERDAY.
  NO SIGNIFICANT WEATHER WAS OBSERVED.


RELATIVE HUMIDITY (PERCENT)
 HIGHEST    MM
 LOWEST     MM
 AVERAGE    MM

..........................................................


THE CAPE HATTERAS NC CLIMATE NORMALS FOR TODAY
                         NORMAL    RECORD    YEAR
 MAXIMUM TEMPERATURE (F)   52        74      1937
 MINIMUM TEMPERATURE (F)   39        12      1970


SUNRISE AND SUNSET
JANUARY 23 2018.......SUNRISE   707 AM EST   SUNSET   522 PM EST
JANUARY 24 2018.......SUNRISE   707 AM EST   SUNSET   523 PM EST


-  INDICATES NEGATIVE NUMBERS.
R  INDICATES RECORD WAS SET OR TIED.
MM INDICATES DATA IS MISSING.
T  INDICATES TRACE AMOUNT.




$$
