000
CDUS42 KMHX 200634
CLIHSE


CLIMATE REPORT
NATIONAL WEATHER SERVICE NEWPORT/MOREHEAD CITY NC
134 AM EST FRI JAN 20 2017


...................................

...THE CAPE HATTERAS NC CLIMATE SUMMARY FOR JANUARY 19 2017...

CLIMATE NORMAL PERIOD 1981 TO 2010
CLIMATE RECORD PERIOD 1874 TO 2017


WEATHER ITEM   OBSERVED TIME   RECORD YEAR NORMAL DEPARTURE LAST
                VALUE   (LST)  VALUE       VALUE  FROM      YEAR
                                                  NORMAL
..................................................................
TEMPERATURE (F)
 YESTERDAY
  MAXIMUM         55    336 PM  74    1987  52      3       32
  MINIMUM         41   1045 PM  17    1994  39      2       24
  AVERAGE         48                        45      3       28

PRECIPITATION (IN)
  YESTERDAY        0.00          2.77 1986   0.17  -0.17     0.00
  MONTH TO DATE    2.92                      3.23  -0.31     2.96
  SINCE DEC 1      7.93                      7.50   0.43     7.93
  SINCE JAN 1      2.92                      3.23  -0.31     2.96

SNOWFALL (IN)
  YESTERDAY        0.0
  MONTH TO DATE    T
  SINCE NOV 1      T
  SINCE JUL 1      T
  SNOW DEPTH       0

DEGREE DAYS
 HEATING
  YESTERDAY       17                        20     -3       37
  MONTH TO DATE  250                       373   -123      331
  SINCE DEC 1    636                       862   -226      454
  SINCE JUL 1    908                      1180   -272      626

 COOLING
  YESTERDAY        0                         0      0        0
  MONTH TO DATE    0                         0      0        0
  SINCE DEC 1      3                         3      0       64
  SINCE JAN 1      0                         0      0        0
..................................................................


WIND (MPH)
  HIGHEST WIND SPEED    10   HIGHEST WIND DIRECTION    NE (40)
  HIGHEST GUST SPEED    16   HIGHEST GUST DIRECTION     N (20)
  AVERAGE WIND SPEED     4.6


SKY COVER
  POSSIBLE SUNSHINE  MM
  AVERAGE SKY COVER 0.0


WEATHER CONDITIONS
 THE FOLLOWING WEATHER WAS RECORDED YESTERDAY.
  FOG
  HAZE


RELATIVE HUMIDITY (PERCENT)
 HIGHEST    93           400 AM
 LOWEST     66           400 PM
 AVERAGE    80

..........................................................


THE CAPE HATTERAS NC CLIMATE NORMALS FOR TODAY
                         NORMAL    RECORD    YEAR
 MAXIMUM TEMPERATURE (F)   52        72      1907
 MINIMUM TEMPERATURE (F)   39        10      1985


SUNRISE AND SUNSET
JANUARY 20 2017.......SUNRISE   709 AM EST   SUNSET   519 PM EST
JANUARY 21 2017.......SUNRISE   708 AM EST   SUNSET   520 PM EST


-  INDICATES NEGATIVE NUMBERS.
R  INDICATES RECORD WAS SET OR TIED.
MM INDICATES DATA IS MISSING.
T  INDICATES TRACE AMOUNT.




$$
