000
CDUS43 KGID 020624
CLIHSI


CLIMATE REPORT
NATIONAL WEATHER SERVICE HASTINGS NE
123 AM CDT SUN AUG 2 2015


...................................

...THE HASTINGS NE CLIMATE SUMMARY FOR AUGUST 1 2015...

CLIMATE NORMAL PERIOD 1981 TO 2010
CLIMATE RECORD PERIOD 1894 TO 2015


WEATHER ITEM   OBSERVED TIME   RECORD YEAR NORMAL DEPARTURE LAST
                VALUE   (LST)  VALUE       VALUE  FROM      YEAR
                                                  NORMAL
..................................................................
TEMPERATURE (F)
 YESTERDAY
  MAXIMUM         86    217 PM 105    1935  87     -1       84
                                      1930
  MINIMUM         66    630 AM  51    1995  66      0       58
  AVERAGE         76                        77     -1       71

PRECIPITATION (IN)
  YESTERDAY        0.00          2.36 1903   0.06  -0.06     0.00
  MONTH TO DATE    0.00                      0.06  -0.06     0.00
  SINCE JUN 1     12.18                      7.60   4.58    10.17
  SINCE JAN 1     20.90                     17.42   3.48    17.11

SNOWFALL (IN)
  YESTERDAY        0.0                       0.0    0.0      0.0
  MONTH TO DATE    0.0                       0.0    0.0      0.0
  SINCE JUN 1      0.0                       0.0    0.0      0.0
  SINCE JUL 1      0.0                       0.0    0.0      0.0
  SNOW DEPTH       0

DEGREE DAYS
 HEATING
  YESTERDAY        0                         0      0        0
  MONTH TO DATE    0                         0      0        0
  SINCE JUN 1      7                        22    -15       14
  SINCE JUL 1      4                         1      3        6

 COOLING
  YESTERDAY       11                        12     -1        6
  MONTH TO DATE   11                        12     -1        6
  SINCE JUN 1    575                       613    -38      517
  SINCE JAN 1    606                       672    -66      635
..................................................................


WIND (MPH)
  HIGHEST WIND SPEED    28   HIGHEST WIND DIRECTION     N (360)
  HIGHEST GUST SPEED    37   HIGHEST GUST DIRECTION     N (10)
  AVERAGE WIND SPEED     8.5


SKY COVER
  AVERAGE SKY COVER 0.2


WEATHER CONDITIONS
 THE FOLLOWING WEATHER WAS RECORDED YESTERDAY.
  NO SIGNIFICANT WEATHER WAS OBSERVED.


RELATIVE HUMIDITY (PERCENT)
 HIGHEST    87           400 AM
 LOWEST     44           100 PM
 AVERAGE    66

..........................................................


THE HASTINGS NE CLIMATE NORMALS FOR TODAY
                         NORMAL    RECORD    YEAR
 MAXIMUM TEMPERATURE (F)   87       108      1930
 MINIMUM TEMPERATURE (F)   66        51      1927


SUNRISE AND SUNSET
AUGUST  2 2015........SUNRISE   631 AM CDT   SUNSET   848 PM CDT
AUGUST  3 2015........SUNRISE   632 AM CDT   SUNSET   847 PM CDT


-  INDICATES NEGATIVE NUMBERS.
R  INDICATES RECORD WAS SET OR TIED.
MM INDICATES DATA IS MISSING.
T  INDICATES TRACE AMOUNT.




$$
