000
CDUS43 KGID 210629
CLIHSI


CLIMATE REPORT
NATIONAL WEATHER SERVICE HASTINGS NE
1228 AM CST TUE FEB 21 2017


...................................

...THE HASTINGS NE CLIMATE SUMMARY FOR FEBRUARY 20 2017...

CLIMATE NORMAL PERIOD 1981 TO 2010
CLIMATE RECORD PERIOD 1894 TO 2017


WEATHER ITEM   OBSERVED TIME   RECORD YEAR NORMAL DEPARTURE LAST
                VALUE   (LST)  VALUE       VALUE  FROM      YEAR
                                                  NORMAL
..................................................................
TEMPERATURE (F)
 YESTERDAY
  MAXIMUM         65    236 PM  73    1930  41     24       61
  MINIMUM         36   1159 PM -12    1918  21     15       31
  AVERAGE         51                        31     20       46

PRECIPITATION (IN)
  YESTERDAY        0.00          0.67 1953   0.01  -0.01     0.00
  MONTH TO DATE    0.03                      0.32  -0.29     1.57
  SINCE DEC 1      1.47                      1.34   0.13     4.10
  SINCE JAN 1      0.86                      0.73   0.13     1.92

SNOWFALL (IN)
  YESTERDAY        0.0           5.0  1954   0.2   -0.2      0.0
  MONTH TO DATE    1.1                       4.9   -3.8     16.0
  SINCE DEC 1      5.8                      17.0  -11.2     26.1
  SINCE JUL 1      5.9                      20.8  -14.9     30.3
  SNOW DEPTH       0

DEGREE DAYS
 HEATING
  YESTERDAY       14                        34    -20       19
  MONTH TO DATE  521                       722   -201      645
  SINCE DEC 1   2853                      3090   -237     2770
  SINCE JUL 1   3720                      4371   -651     3696

 COOLING
  YESTERDAY        0                         0      0        0
  MONTH TO DATE    0                         0      0        0
  SINCE DEC 1      0                         0      0        0
  SINCE JAN 1      0                         0      0        0
..................................................................


WIND (MPH)
  HIGHEST WIND SPEED    28   HIGHEST WIND DIRECTION     N (340)
  HIGHEST GUST SPEED    35   HIGHEST GUST DIRECTION    NW (330)
  AVERAGE WIND SPEED    11.1


SKY COVER
  AVERAGE SKY COVER 0.3


WEATHER CONDITIONS
 THE FOLLOWING WEATHER WAS RECORDED YESTERDAY.
  FOG


RELATIVE HUMIDITY (PERCENT)
 HIGHEST   100           800 AM
 LOWEST     39           500 PM
 AVERAGE    70

..........................................................


THE HASTINGS NE CLIMATE NORMALS FOR TODAY
                         NORMAL    RECORD    YEAR
 MAXIMUM TEMPERATURE (F)   42        73      1995
 MINIMUM TEMPERATURE (F)   21       -12      1918


SUNRISE AND SUNSET
FEBRUARY 21 2017......SUNRISE   719 AM CST   SUNSET   616 PM CST
FEBRUARY 22 2017......SUNRISE   717 AM CST   SUNSET   617 PM CST


-  INDICATES NEGATIVE NUMBERS.
R  INDICATES RECORD WAS SET OR TIED.
MM INDICATES DATA IS MISSING.
T  INDICATES TRACE AMOUNT.




$$
