000
CDUS43 KGID 110633
CLIHSI


CLIMATE REPORT
NATIONAL WEATHER SERVICE HASTINGS NE
132 AM CDT FRI JUL 11 2014


...................................

...THE HASTINGS NE CLIMATE SUMMARY FOR JULY 10 2014...

CLIMATE NORMAL PERIOD 1981 TO 2010
CLIMATE RECORD PERIOD 1894 TO 2014


WEATHER ITEM   OBSERVED TIME   RECORD YEAR NORMAL DEPARTURE LAST
                VALUE   (LST)  VALUE       VALUE  FROM      YEAR
                                                  NORMAL
..................................................................
TEMPERATURE (F)
 YESTERDAY
  MAXIMUM         86    422 PM 107    1935  88     -2       85
  MINIMUM         66    207 AM  52    1952  66      0       68
  AVERAGE         76                        77     -1       77

PRECIPITATION (IN)
  YESTERDAY        0.01          2.81 1958   0.12  -0.11      T
  MONTH TO DATE    1.45                      1.34   0.11     0.15
  SINCE JUN 1     10.14                      5.14   5.00     1.39
  SINCE JAN 1     17.08                     14.96   2.12    13.19

SNOWFALL (IN)
  YESTERDAY        0.0                       0.0    0.0      0.0
  MONTH TO DATE    0.0                       0.0    0.0      0.0
  SINCE JUN 1      0.0                       0.0    0.0      0.0
  SINCE JUL 1      0.0                       0.0    0.0      0.0
  SNOW DEPTH       0

DEGREE DAYS
 HEATING
  YESTERDAY        0                         0      0        0
  MONTH TO DATE    2                         0      2        0
  SINCE JUN 1     10                        21    -11       27
  SINCE JUL 1      2                         0      2        0

 COOLING
  YESTERDAY       11                        12     -1       12
  MONTH TO DATE   86                       117    -31      127
  SINCE JUN 1    317                       342    -25      363
  SINCE JAN 1    435                       401     34      437
..................................................................


WIND (MPH)
  HIGHEST WIND SPEED    21   HIGHEST WIND DIRECTION     S (160)
  HIGHEST GUST SPEED    27   HIGHEST GUST DIRECTION     S (170)
  AVERAGE WIND SPEED    12.0


SKY COVER
  AVERAGE SKY COVER 0.1


WEATHER CONDITIONS
 THE FOLLOWING WEATHER WAS RECORDED YESTERDAY.
  LIGHT RAIN


RELATIVE HUMIDITY (PERCENT)
 HIGHEST    81           200 AM
 LOWEST     48           300 PM
 AVERAGE    65

..........................................................


THE HASTINGS NE CLIMATE NORMALS FOR TODAY
                         NORMAL    RECORD    YEAR
 MAXIMUM TEMPERATURE (F)   88       110      1954
 MINIMUM TEMPERATURE (F)   66        50      1999
                                             1951


SUNRISE AND SUNSET
JULY 11 2014..........SUNRISE   613 AM CDT   SUNSET   905 PM CDT
JULY 12 2014..........SUNRISE   614 AM CDT   SUNSET   905 PM CDT


-  INDICATES NEGATIVE NUMBERS.
R  INDICATES RECORD WAS SET OR TIED.
MM INDICATES DATA IS MISSING.
T  INDICATES TRACE AMOUNT.




$$
