000
CDUS43 KGID 090632
CLIHSI


CLIMATE REPORT
NATIONAL WEATHER SERVICE HASTINGS NE
1229 AM CST FRI DEC 9 2016


...................................

...THE HASTINGS NE CLIMATE SUMMARY FOR DECEMBER 8 2016...

CLIMATE NORMAL PERIOD 1981 TO 2010
CLIMATE RECORD PERIOD 1894 TO 2016


WEATHER ITEM   OBSERVED TIME   RECORD YEAR NORMAL DEPARTURE LAST
                VALUE   (LST)  VALUE       VALUE  FROM      YEAR
                                                  NORMAL
..................................................................
TEMPERATURE (F)
 YESTERDAY
  MAXIMUM         25    341 PM  65    1984  39    -14       63
  MINIMUM          6   1144 PM -11    1917  20    -14       37
  AVERAGE         16                        29    -13       50

PRECIPITATION (IN)
  YESTERDAY        0.00          0.65 2009   0.03  -0.03     0.00
  MONTH TO DATE    0.08                      0.29  -0.21      T
  SINCE DEC 1      0.08                      0.29  -0.21      T
  SINCE JAN 1     20.13                     26.79  -6.66    27.73

SNOWFALL (IN)
  YESTERDAY        0.0          10.5  2009   0.2   -0.2      0.0
  MONTH TO DATE    0.7                       1.4   -0.7      0.2
  SINCE DEC 1      0.7                       1.4   -0.7      0.2
  SINCE JUL 1      0.8                       5.2   -4.4      4.4
  SNOW DEPTH       0

DEGREE DAYS
 HEATING
  YESTERDAY       49                        36     13       15
  MONTH TO DATE  287                       278      9      204
  SINCE DEC 1    287                       278      9      204
  SINCE JUL 1   1154                      1559   -405     1130

 COOLING
  YESTERDAY        0                         0      0        0
  MONTH TO DATE    0                         0      0        0
  SINCE DEC 1      0                         0      0        0
  SINCE JAN 1   1195                      1077    118     1097
..................................................................


WIND (MPH)
  HIGHEST WIND SPEED    24   HIGHEST WIND DIRECTION    NW (330)
  HIGHEST GUST SPEED    28   HIGHEST GUST DIRECTION    NW (330)
  AVERAGE WIND SPEED    11.3


SKY COVER
  AVERAGE SKY COVER 0.0


WEATHER CONDITIONS
 THE FOLLOWING WEATHER WAS RECORDED YESTERDAY.
  NO SIGNIFICANT WEATHER WAS OBSERVED.


RELATIVE HUMIDITY (PERCENT)
 HIGHEST    80          1100 PM
 LOWEST     40           300 PM
 AVERAGE    60

..........................................................


THE HASTINGS NE CLIMATE NORMALS FOR TODAY
                         NORMAL    RECORD    YEAR
 MAXIMUM TEMPERATURE (F)   38        71      1939
 MINIMUM TEMPERATURE (F)   19       -13      1919


SUNRISE AND SUNSET
DECEMBER  9 2016......SUNRISE   746 AM CST   SUNSET   507 PM CST
DECEMBER 10 2016......SUNRISE   747 AM CST   SUNSET   507 PM CST


-  INDICATES NEGATIVE NUMBERS.
R  INDICATES RECORD WAS SET OR TIED.
MM INDICATES DATA IS MISSING.
T  INDICATES TRACE AMOUNT.

$$

KELLEY
