323
CDUS43 KGID 280625
CLIHSI


CLIMATE REPORT
NATIONAL WEATHER SERVICE HASTINGS NE
124 AM CDT FRI APR 28 2017


...................................

...THE HASTINGS NE CLIMATE SUMMARY FOR APRIL 27 2017...

CLIMATE NORMAL PERIOD 1981 TO 2010
CLIMATE RECORD PERIOD 1894 TO 2017


WEATHER ITEM   OBSERVED TIME   RECORD YEAR NORMAL DEPARTURE LAST
                VALUE   (LST)  VALUE       VALUE  FROM      YEAR
                                                  NORMAL
..................................................................
TEMPERATURE (F)
 YESTERDAY
  MAXIMUM         58    518 PM  95    1989  66     -8       57
  MINIMUM         27    511 AM  25    1950  43    -16       39
  AVERAGE         43                        55    -12       48

PRECIPITATION (IN)
  YESTERDAY        T             1.02 1963   0.12  -0.12     0.82
  MONTH TO DATE    0.92                      2.16  -1.24     4.67
  SINCE MAR 1      2.00                      3.95  -1.95     5.21
  SINCE JAN 1      3.10                      4.85  -1.75     7.13

SNOWFALL (IN)
  YESTERDAY        0.0           T    2008   0.0    0.0      0.0
  MONTH TO DATE    0.0                       1.2   -1.2      0.0
  SINCE MAR 1      1.2                       6.4   -5.2      2.1
  SINCE JUL 1     10.3                      28.8  -18.5     32.4
  SNOW DEPTH       0

DEGREE DAYS
 HEATING
  YESTERDAY       22                        11     11       17
  MONTH TO DATE  310                       403    -93      297
  SINCE MAR 1    973                      1180   -207      867
  SINCE JUL 1   4903                      5810   -907     4777

 COOLING
  YESTERDAY        0                         0      0        0
  MONTH TO DATE    8                         0      8        0
  SINCE MAR 1      8                         0      8        0
  SINCE JAN 1      8                         0      8        0
..................................................................


WIND (MPH)
  HIGHEST WIND SPEED    18   HIGHEST WIND DIRECTION    SE (150)
  HIGHEST GUST SPEED    24   HIGHEST GUST DIRECTION     S (170)
  AVERAGE WIND SPEED     7.9


SKY COVER
  AVERAGE SKY COVER 0.5


WEATHER CONDITIONS
 THE FOLLOWING WEATHER WAS RECORDED YESTERDAY.
  LIGHT RAIN


RELATIVE HUMIDITY (PERCENT)
 HIGHEST    86           900 PM
 LOWEST     43           300 PM
 AVERAGE    65

..........................................................


THE HASTINGS NE CLIMATE NORMALS FOR TODAY
                         NORMAL    RECORD    YEAR
 MAXIMUM TEMPERATURE (F)   67        93      1989
                                             1910
 MINIMUM TEMPERATURE (F)   43        29      1961


SUNRISE AND SUNSET
APRIL 28 2017.........SUNRISE   636 AM CDT   SUNSET   827 PM CDT
APRIL 29 2017.........SUNRISE   635 AM CDT   SUNSET   828 PM CDT


-  INDICATES NEGATIVE NUMBERS.
R  INDICATES RECORD WAS SET OR TIED.
MM INDICATES DATA IS MISSING.
T  INDICATES TRACE AMOUNT.




$$
