554
CDUS43 KGID 252341
CLIHSI


CLIMATE REPORT
NATIONAL WEATHER SERVICE HASTINGS NE
540 PM CST SUN FEB 25 2018


...................................

...THE HASTINGS NE CLIMATE SUMMARY FOR FEBRUARY 25 2018...
VALID TODAY AS OF 0500 PM LOCAL TIME.

CLIMATE NORMAL PERIOD 1981 TO 2010
CLIMATE RECORD PERIOD 1894 TO 2018


WEATHER ITEM   OBSERVED TIME   RECORD YEAR NORMAL DEPARTURE LAST
                VALUE   (LST)  VALUE       VALUE  FROM      YEAR
                                                  NORMAL
..................................................................
TEMPERATURE (F)
 TODAY
  MAXIMUM         49    406 PM  80    1995  43      6       42
  MINIMUM         18    542 AM  -5    1914  22     -4       11
  AVERAGE         34                        33      1       27

PRECIPITATION (IN)
  TODAY            0.00          1.04 1895   0.03  -0.03     0.00
  MONTH TO DATE    0.53                      0.43   0.10     0.27
  SINCE DEC 1      1.30                      1.45  -0.15     1.71
  SINCE JAN 1      1.02                      0.84   0.18     1.10

SNOWFALL (IN)
  TODAY            0.0           5.0  1935   0.1   -0.1      0.0
  MONTH TO DATE    8.0                       5.9    2.1      4.3
  SINCE DEC 1     19.7                      18.0    1.7      9.0
  SINCE JUL 1     19.9                      21.8   -1.9      9.1
  6 AM SNOW DEPTH  T

DEGREE DAYS
 HEATING
  TODAY           31                        32     -1       38
  MONTH TO DATE 1087                       887    200      649
  SINCE DEC 1   3501                      3255    246     2981
  SINCE JUL 1   4644                      4536    108     3848

 COOLING
  TODAY            0                         0      0        0
  MONTH TO DATE    0                         0      0        0
  SINCE DEC 1      0                         0      0        0
  SINCE JAN 1      0                         0      0        0
..................................................................


WIND (MPH)
  HIGHEST WIND SPEED    29   HIGHEST WIND DIRECTION     W (260)
  HIGHEST GUST SPEED    39   HIGHEST GUST DIRECTION     W (260)
  AVERAGE WIND SPEED    12.4


SKY COVER
  AVERAGE SKY COVER 0.0


WEATHER CONDITIONS
 THE FOLLOWING WEATHER WAS RECORDED TODAY.
  NO SIGNIFICANT WEATHER WAS OBSERVED.


RELATIVE HUMIDITY (PERCENT)
 HIGHEST    73           300 AM
 LOWEST     23           300 PM
 AVERAGE    48

..........................................................


THE HASTINGS NE CLIMATE NORMALS FOR TOMORROW
                         NORMAL    RECORD    YEAR
 MAXIMUM TEMPERATURE (F)   43        74      1986
 MINIMUM TEMPERATURE (F)   23        -8      1934


SUNRISE AND SUNSET
FEBRUARY 25 2018......SUNRISE   713 AM CST   SUNSET   621 PM CST
FEBRUARY 26 2018......SUNRISE   712 AM CST   SUNSET   622 PM CST


-  INDICATES NEGATIVE NUMBERS.
R  INDICATES RECORD WAS SET OR TIED.
MM INDICATES DATA IS MISSING.
T  INDICATES TRACE AMOUNT.




$$
