000
CDUS43 KGID 300641
CLIHSI


CLIMATE REPORT
NATIONAL WEATHER SERVICE HASTINGS NE
138 AM CDT SAT AUG 30 2014


...................................

...THE HASTINGS NE CLIMATE SUMMARY FOR AUGUST 29 2014...

CLIMATE NORMAL PERIOD 1981 TO 2010
CLIMATE RECORD PERIOD 1894 TO 2014


WEATHER ITEM   OBSERVED TIME   RECORD YEAR NORMAL DEPARTURE LAST
                VALUE   (LST)  VALUE       VALUE  FROM      YEAR
                                                  NORMAL
..................................................................
TEMPERATURE (F)
 YESTERDAY
  MAXIMUM         79    552 PM 102    1947  83     -4       96
                                      1937
  MINIMUM         64   1159 PM  45    1946  60      4       70
  AVERAGE         72                        72      0       83

PRECIPITATION (IN)
  YESTERDAY        0.25          1.48 1993   0.13   0.12     0.00
  MONTH TO DATE    7.79                      3.02   4.77     3.25
  SINCE JUN 1     17.96                     10.56   7.40     6.26
  SINCE JAN 1     24.90                     20.38   4.52    18.06

SNOWFALL (IN)
  YESTERDAY        0.0                       0.0    0.0      0.0
  MONTH TO DATE    0.0                       0.0    0.0      0.0
  SINCE JUN 1      0.0                       0.0    0.0      0.0
  SINCE JUL 1      0.0                       0.0    0.0      0.0
  SNOW DEPTH       0

DEGREE DAYS
 HEATING
  YESTERDAY        0                         0      0        0
  MONTH TO DATE    0                         0      0        0
  SINCE JUN 1     14                        22     -8       33
  SINCE JUL 1      6                         1      5        6

 COOLING
  YESTERDAY        7                         7      0       18
  MONTH TO DATE  275                       279     -4      283
  SINCE JUN 1    786                       880    -94      852
  SINCE JAN 1    904                       939    -35      926
..................................................................


WIND (MPH)
  HIGHEST WIND SPEED    14   HIGHEST WIND DIRECTION     N (340)
  HIGHEST GUST SPEED    19   HIGHEST GUST DIRECTION     N (360)
  AVERAGE WIND SPEED     3.5


SKY COVER
  AVERAGE SKY COVER 0.4


WEATHER CONDITIONS
 THE FOLLOWING WEATHER WAS RECORDED YESTERDAY.
  THUNDERSTORM
  HEAVY RAIN
  LIGHT RAIN


RELATIVE HUMIDITY (PERCENT)
 HIGHEST    93           600 AM
 LOWEST     54           600 PM
 AVERAGE    74

..........................................................


THE HASTINGS NE CLIMATE NORMALS FOR TODAY
                         NORMAL    RECORD    YEAR
 MAXIMUM TEMPERATURE (F)   83       103      1947
                                             1913
 MINIMUM TEMPERATURE (F)   60        40      1911


SUNRISE AND SUNSET
AUGUST 30 2014........SUNRISE   659 AM CDT   SUNSET   809 PM CDT
AUGUST 31 2014........SUNRISE   700 AM CDT   SUNSET   807 PM CDT


-  INDICATES NEGATIVE NUMBERS.
R  INDICATES RECORD WAS SET OR TIED.
MM INDICATES DATA IS MISSING.
T  INDICATES TRACE AMOUNT.




$$
