000
CDUS43 KGID 232232
CLIHSI


CLIMATE REPORT
NATIONAL WEATHER SERVICE HASTINGS NE
529 PM CDT FRI JUN 23 2017


...................................

...THE HASTINGS NE CLIMATE SUMMARY FOR JUNE 23 2017...
VALID TODAY AS OF 0500 PM LOCAL TIME.

CLIMATE NORMAL PERIOD 1981 TO 2010
CLIMATE RECORD PERIOD 1894 TO 2017


WEATHER ITEM   OBSERVED TIME   RECORD YEAR NORMAL DEPARTURE LAST
                VALUE   (LST)  VALUE       VALUE  FROM      YEAR
                                                  NORMAL
..................................................................
TEMPERATURE (F)
 TODAY
  MAXIMUM         78    345 PM 105    1931  85     -7       87
  MINIMUM         61   1042 AM  49    1958  63     -2       60
  AVERAGE         70                        74     -4       74

PRECIPITATION (IN)
  TODAY            T             2.50 1905   0.12  -0.12     0.00
  MONTH TO DATE    1.70                      3.03  -1.33     0.18
  SINCE JUN 1      1.70                      3.03  -1.33     0.18
  SINCE JAN 1     13.54                     12.85   0.69    12.01

SNOWFALL (IN)
  TODAY            0.0                       0.0    0.0      0.0
  MONTH TO DATE    0.0                       0.0    0.0      0.0
  SINCE JUN 1      0.0                       0.0    0.0      0.0
  SINCE JUL 1     11.1                      28.8  -17.7     32.4
  6 AM SNOW DEPTH  0

DEGREE DAYS
 HEATING
  TODAY            0                         0      0        0
  MONTH TO DATE    0                        19    -19        0
  SINCE JUN 1      0                        19    -19        0
  SINCE JUL 1   5143                      6027   -884     5016

 COOLING
  TODAY            5                         9     -4        9
  MONTH TO DATE  254                       153    101      267
  SINCE JUN 1    254                       153    101      267
  SINCE JAN 1    315                       212    103      296
..................................................................


WIND (MPH)
  HIGHEST WIND SPEED    31   HIGHEST WIND DIRECTION     N (350)
  HIGHEST GUST SPEED    39   HIGHEST GUST DIRECTION     N (350)
  AVERAGE WIND SPEED    15.5


SKY COVER
  AVERAGE SKY COVER 0.1


WEATHER CONDITIONS
 THE FOLLOWING WEATHER WAS RECORDED TODAY.
  NO SIGNIFICANT WEATHER WAS OBSERVED.


RELATIVE HUMIDITY (PERCENT)
 HIGHEST    73          1200 AM
 LOWEST     31           400 PM
 AVERAGE    52

..........................................................


THE HASTINGS NE CLIMATE NORMALS FOR TOMORROW
                         NORMAL    RECORD    YEAR
 MAXIMUM TEMPERATURE (F)   86       105      1973
 MINIMUM TEMPERATURE (F)   63        42      1940


SUNRISE AND SUNSET
JUNE 23 2017..........SUNRISE   604 AM CDT   SUNSET   908 PM CDT
JUNE 24 2017..........SUNRISE   604 AM CDT   SUNSET   908 PM CDT


-  INDICATES NEGATIVE NUMBERS.
R  INDICATES RECORD WAS SET OR TIED.
MM INDICATES DATA IS MISSING.
T  INDICATES TRACE AMOUNT.




$$
