000
CDUS43 KGID 280625
CLIHSI


CLIMATE REPORT
NATIONAL WEATHER SERVICE HASTINGS NE
124 AM CDT SUN AUG 28 2016


...................................

...THE HASTINGS NE CLIMATE SUMMARY FOR AUGUST 27 2016...

CLIMATE NORMAL PERIOD 1981 TO 2010
CLIMATE RECORD PERIOD 1894 TO 2016


WEATHER ITEM   OBSERVED TIME   RECORD YEAR NORMAL DEPARTURE LAST
                VALUE   (LST)  VALUE       VALUE  FROM      YEAR
                                                  NORMAL
..................................................................
TEMPERATURE (F)
 YESTERDAY
  MAXIMUM         85    451 PM 105    1936  84      1       87
  MINIMUM         57    651 AM  46    1967  61     -4       68
                                      1910
  AVERAGE         71                        72     -1       78

PRECIPITATION (IN)
  YESTERDAY        0.00          1.06 1968   0.13  -0.13     0.00
  MONTH TO DATE    1.24                      2.74  -1.50     2.15
  SINCE JUN 1      4.21                     10.28  -6.07    14.33
  SINCE JAN 1     16.04                     20.10  -4.06    23.05

SNOWFALL (IN)
  YESTERDAY        0.0                       0.0    0.0      0.0
  MONTH TO DATE    0.0                       0.0    0.0      0.0
  SINCE JUN 1      0.0                       0.0    0.0      0.0
  SINCE JUL 1      0.0                       0.0    0.0      0.0
  SNOW DEPTH       0

DEGREE DAYS
 HEATING
  YESTERDAY        0                         0      0        0
  MONTH TO DATE    1                         0      1       11
  SINCE JUN 1      4                        22    -18       18
  SINCE JUL 1      4                         1      3       15

 COOLING
  YESTERDAY        6                         7     -1       13
  MONTH TO DATE  255                       265    -10      221
  SINCE JUN 1    983                       866    117      785
  SINCE JAN 1   1012                       925     87      816
..................................................................


WIND (MPH)
  HIGHEST WIND SPEED    15   HIGHEST WIND DIRECTION    SE (150)
  HIGHEST GUST SPEED    18   HIGHEST GUST DIRECTION    SE (140)
  AVERAGE WIND SPEED     5.7


SKY COVER
  AVERAGE SKY COVER 0.3


WEATHER CONDITIONS
 THE FOLLOWING WEATHER WAS RECORDED YESTERDAY.
  LIGHT RAIN
  FOG
  FOG W/VISIBILITY <= 1/4 MILE


RELATIVE HUMIDITY (PERCENT)
 HIGHEST   100           200 AM
 LOWEST     43           200 PM
 AVERAGE    72

..........................................................


THE HASTINGS NE CLIMATE NORMALS FOR TODAY
                         NORMAL    RECORD    YEAR
 MAXIMUM TEMPERATURE (F)   83       103      1984
 MINIMUM TEMPERATURE (F)   61        44      1911


SUNRISE AND SUNSET
AUGUST 28 2016........SUNRISE   657 AM CDT   SUNSET   811 PM CDT
AUGUST 29 2016........SUNRISE   658 AM CDT   SUNSET   810 PM CDT


-  INDICATES NEGATIVE NUMBERS.
R  INDICATES RECORD WAS SET OR TIED.
MM INDICATES DATA IS MISSING.
T  INDICATES TRACE AMOUNT.




$$
