000
CDUS43 KGID 240625
CLIHSI


CLIMATE REPORT
NATIONAL WEATHER SERVICE HASTINGS NE
124 AM CDT SUN MAY 24 2015


...................................

...THE HASTINGS NE CLIMATE SUMMARY FOR MAY 23 2015...

CLIMATE NORMAL PERIOD 1981 TO 2010
CLIMATE RECORD PERIOD 1894 TO 2015


WEATHER ITEM   OBSERVED TIME   RECORD YEAR NORMAL DEPARTURE LAST
                VALUE   (LST)  VALUE       VALUE  FROM      YEAR
                                                  NORMAL
..................................................................
TEMPERATURE (F)
 YESTERDAY
  MAXIMUM         61    459 PM  95    1926  74    -13       79
  MINIMUM         53    817 AM  38    1917  53      0       58
  AVERAGE         57                        64     -7       69

PRECIPITATION (IN)
  YESTERDAY        0.03          3.89 1965   0.14  -0.11     0.08
  MONTH TO DATE    3.45                      3.57  -0.12     1.86
  SINCE MAR 1      7.20                      7.92  -0.72     5.94
  SINCE JAN 1      8.31                      8.82  -0.51     6.65

SNOWFALL (IN)
  YESTERDAY        0.0           T    2008   0.0    0.0      0.0
                                      2006
                                      1995
  MONTH TO DATE    0.0                       0.0    0.0      0.0
  SINCE MAR 1      0.8                       6.4   -5.6      3.4
  SINCE JUL 1     17.0                      28.8  -11.8     21.7
  SNOW DEPTH       0

DEGREE DAYS
 HEATING
  YESTERDAY        8                         4      4        0
  MONTH TO DATE  165                       148     17      174
  SINCE MAR 1   1156                      1357   -201     1437
  SINCE JUL 1   5779                      5987   -208     6317

 COOLING
  YESTERDAY        0                         2     -2        4
  MONTH TO DATE   22                        30     -8       36
  SINCE MAR 1     26                        35     -9       44
  SINCE JAN 1     26                        35     -9       44
..................................................................


WIND (MPH)
  HIGHEST WIND SPEED    18   HIGHEST WIND DIRECTION     E (90)
  HIGHEST GUST SPEED    24   HIGHEST GUST DIRECTION     E (110)
  AVERAGE WIND SPEED    10.7


SKY COVER
  AVERAGE SKY COVER 1.0


WEATHER CONDITIONS
 THE FOLLOWING WEATHER WAS RECORDED YESTERDAY.
  RAIN
  LIGHT RAIN
  FOG


RELATIVE HUMIDITY (PERCENT)
 HIGHEST    93           600 AM
 LOWEST     84           300 PM
 AVERAGE    89

..........................................................


THE HASTINGS NE CLIMATE NORMALS FOR TODAY
                         NORMAL    RECORD    YEAR
 MAXIMUM TEMPERATURE (F)   75        97      1967
                                             1953
 MINIMUM TEMPERATURE (F)   54        32      1924


SUNRISE AND SUNSET
MAY 24 2015...........SUNRISE   610 AM CDT   SUNSET   852 PM CDT
MAY 25 2015...........SUNRISE   609 AM CDT   SUNSET   853 PM CDT


-  INDICATES NEGATIVE NUMBERS.
R  INDICATES RECORD WAS SET OR TIED.
MM INDICATES DATA IS MISSING.
T  INDICATES TRACE AMOUNT.




$$
