000
CDUS44 KHUN 280825
CLIHSV


CLIMATE REPORT
NATIONAL WEATHER SERVICE HUNTSVILLE AL
223 AM CST FRI NOV 28 2014


...................................

...THE HUNTSVILLE CLIMATE SUMMARY FOR NOVEMBER 27 2014...

CLIMATE NORMAL PERIOD 1981 TO 2010
CLIMATE RECORD PERIOD 1894 TO 2014


WEATHER ITEM   OBSERVED TIME   RECORD YEAR NORMAL DEPARTURE LAST
                VALUE   (LST)  VALUE       VALUE  FROM      YEAR
                                                  NORMAL
..................................................................
TEMPERATURE (F)
 YESTERDAY
  MAXIMUM         44    241 PM  80    1990  59    -15       37
  MINIMUM         31   1159 PM  17    1930  39     -8       20
  AVERAGE         38                        49    -11       29

PRECIPITATION (IN)
  YESTERDAY        T             3.33 1973   0.19  -0.19     0.00
  MONTH TO DATE    2.67                      4.35  -1.68     3.08
  SINCE SEP 1      9.59                     11.66  -2.07     8.10
  SINCE JAN 1     47.74                     47.98  -0.24    51.72

SNOWFALL (IN)
  YESTERDAY        T
  MONTH TO DATE    T
  SINCE SEP 1      T
  SINCE JUL 1      T
  SNOW DEPTH       0

DEGREE DAYS
 HEATING
  YESTERDAY       27                        16     11       36
  MONTH TO DATE  475                       325    150      424
  SINCE SEP 1    572                       476     96      555
  SINCE JUL 1    572                       476     96      555

 COOLING
  YESTERDAY        0                         0      0        0
  MONTH TO DATE    0                         7     -7        1
  SINCE SEP 1    480                       352    128      368
  SINCE JAN 1   2032                      1947     85     1834
..................................................................


WIND (MPH)
  HIGHEST WIND SPEED    20   HIGHEST WIND DIRECTION     N (340)
  HIGHEST GUST SPEED    24   HIGHEST GUST DIRECTION     N (350)
  AVERAGE WIND SPEED     8.7


SKY COVER
  POSSIBLE SUNSHINE  MM
  AVERAGE SKY COVER 0.6


WEATHER CONDITIONS
 THE FOLLOWING WEATHER WAS RECORDED YESTERDAY.
  LIGHT RAIN
  SLEET


RELATIVE HUMIDITY (PERCENT)
 HIGHEST    82           600 AM
 LOWEST     53           200 PM
 AVERAGE    68

..........................................................


THE HUNTSVILLE CLIMATE NORMALS FOR TODAY
                         NORMAL    RECORD    YEAR
 MAXIMUM TEMPERATURE (F)   59        74      2001
                                             1970
                                             1960
 MINIMUM TEMPERATURE (F)   38        13      1938


SUNRISE AND SUNSET
NOVEMBER 28 2014......SUNRISE   633 AM CST   SUNSET   437 PM CST
NOVEMBER 29 2014......SUNRISE   634 AM CST   SUNSET   437 PM CST


-  INDICATES NEGATIVE NUMBERS.
R  INDICATES RECORD WAS SET OR TIED.
MM INDICATES DATA IS MISSING.
T  INDICATES TRACE AMOUNT.




$$
