292
CDUS44 KHUN 282127
CLIHSV


CLIMATE REPORT
NATIONAL WEATHER SERVICE HUNTSVILLE AL
427 PM CDT WED SEP 28 2016


...................................

...THE HUNTSVILLE CLIMATE SUMMARY FOR SEPTEMBER 28 2016...
VALID TODAY AS OF 0400 PM LOCAL TIME.

CLIMATE NORMAL PERIOD 1981 TO 2010
CLIMATE RECORD PERIOD 1894 TO 2016


WEATHER ITEM   OBSERVED TIME   RECORD YEAR NORMAL DEPARTURE LAST
                VALUE   (LST)  VALUE       VALUE  FROM      YEAR
                                                  NORMAL
..................................................................
TEMPERATURE (F)
 TODAY
  MAXIMUM         88    240 PM  97    1954  81      7       79
                                      1911
  MINIMUM         51    419 AM  38    1942  58     -7       70
  AVERAGE         70                        69      1       75

PRECIPITATION (IN)
  TODAY            0.00          4.35 1906   0.12  -0.12     0.04
  MONTH TO DATE    0.47                      3.46  -2.99     0.90
  SINCE SEP 1      0.47                      3.46  -2.99     0.90
  SINCE JAN 1     32.98                     39.78  -6.80    42.58

SNOWFALL (IN)
  TODAY            0.0
  MONTH TO DATE    0.0
  SINCE SEP 1      0.0
  SINCE JUL 1      0.0
  SNOW DEPTH       0

DEGREE DAYS
 HEATING
  TODAY            0                         1     -1        0
  MONTH TO DATE    0                         9     -9        3
  SINCE SEP 1      0                         9     -9        3
  SINCE JUL 1      0                         9     -9        3

 COOLING
  TODAY            5                         5      0       10
  MONTH TO DATE  445                       264    181      291
  SINCE SEP 1    445                       264    181      291
  SINCE JAN 1   2350                      1859    491     2136
..................................................................


WIND (MPH)
  HIGHEST WIND SPEED    13   HIGHEST WIND DIRECTION     W (250)
  HIGHEST GUST SPEED    19   HIGHEST GUST DIRECTION     W (260)
  AVERAGE WIND SPEED     2.2


SKY COVER
  POSSIBLE SUNSHINE  MM
  AVERAGE SKY COVER 0.0


WEATHER CONDITIONS
 THE FOLLOWING WEATHER WAS RECORDED TODAY.
  NO SIGNIFICANT WEATHER WAS OBSERVED.


RELATIVE HUMIDITY (PERCENT)
 HIGHEST    89           600 AM
 LOWEST     18           300 PM
 AVERAGE    54

..........................................................


THE HUNTSVILLE CLIMATE NORMALS FOR TOMORROW
                         NORMAL    RECORD    YEAR
 MAXIMUM TEMPERATURE (F)   80        94      1955
                                             1926
 MINIMUM TEMPERATURE (F)   57        37      1942


SUNRISE AND SUNSET
SEPTEMBER 28 2016.....SUNRISE   640 AM CDT   SUNSET   635 PM CDT
SEPTEMBER 29 2016.....SUNRISE   641 AM CDT   SUNSET   633 PM CDT


-  INDICATES NEGATIVE NUMBERS.
R  INDICATES RECORD WAS SET OR TIED.
MM INDICATES DATA IS MISSING.
T  INDICATES TRACE AMOUNT.




$$
