000
CDUS44 KHUN 032125
CLIHSV


CLIMATE REPORT
NATIONAL WEATHER SERVICE HUNTSVILLE AL
425 PM CDT FRI JUL 3 2015


...................................

...THE HUNTSVILLE CLIMATE SUMMARY FOR JULY 3 2015...
VALID TODAY AS OF 0400 PM LOCAL TIME.

CLIMATE NORMAL PERIOD 1981 TO 2010
CLIMATE RECORD PERIOD 1894 TO 2015


WEATHER ITEM   OBSERVED TIME   RECORD YEAR NORMAL DEPARTURE LAST
                VALUE   (LST)  VALUE       VALUE  FROM      YEAR
                                                  NORMAL
..................................................................
TEMPERATURE (F)
 TODAY
  MAXIMUM         79    235 AM 105    1933  90    -11       86
  MINIMUM         71    730 AM  57    1924  70      1       67
                                      1918
  AVERAGE         75                        80     -5       77

PRECIPITATION (IN)
  TODAY            1.65          3.38 1936   0.15   1.50      T
  MONTH TO DATE    2.58                      0.44   2.14      T
  SINCE JUN 1      4.96                      4.73   0.23     7.13
  SINCE JAN 1     30.34                     29.10   1.24    30.60

SNOWFALL (IN)
  TODAY            0.0
  MONTH TO DATE    0.0
  SINCE JUN 1      0.0
  SINCE JUL 1      0.0
  SNOW DEPTH       0

DEGREE DAYS
 HEATING
  TODAY            0                         0      0        0
  MONTH TO DATE    0                         0      0        0
  SINCE JUN 1      0                         1     -1        0
  SINCE JUL 1      0                         0      0        0

 COOLING
  TODAY           10                        15     -5       12
  MONTH TO DATE   37                        45     -8       46
  SINCE JUN 1    534                       425    109      447
  SINCE JAN 1    859                       688    171      718
..................................................................


WIND (MPH)
  HIGHEST WIND SPEED    22   HIGHEST WIND DIRECTION     W (260)
  HIGHEST GUST SPEED    28   HIGHEST GUST DIRECTION     W (260)
  AVERAGE WIND SPEED     9.8


SKY COVER
  POSSIBLE SUNSHINE  MM
  AVERAGE SKY COVER 0.9


WEATHER CONDITIONS
 THE FOLLOWING WEATHER WAS RECORDED TODAY.
  THUNDERSTORM
  HEAVY RAIN
  RAIN
  LIGHT RAIN
  FOG


RELATIVE HUMIDITY (PERCENT)
 HIGHEST   100           700 AM
 LOWEST     79          1200 AM
 AVERAGE    90

..........................................................


THE HUNTSVILLE CLIMATE NORMALS FOR TOMORROW
                         NORMAL    RECORD    YEAR
 MAXIMUM TEMPERATURE (F)   90       102      2012
 MINIMUM TEMPERATURE (F)   70        57      1961
                                             1924


SUNRISE AND SUNSET
JULY  3 2015..........SUNRISE   539 AM CDT   SUNSET   804 PM CDT
JULY  4 2015..........SUNRISE   539 AM CDT   SUNSET   804 PM CDT


-  INDICATES NEGATIVE NUMBERS.
R  INDICATES RECORD WAS SET OR TIED.
MM INDICATES DATA IS MISSING.
T  INDICATES TRACE AMOUNT.




$$
