000
CDUS44 KHUN 082235
CLIHSV


CLIMATE REPORT
NATIONAL WEATHER SERVICE HUNTSVILLE AL
435 PM CST MON FEB 8 2016


...................................

...THE HUNTSVILLE CLIMATE SUMMARY FOR FEBRUARY 8 2016...
VALID TODAY AS OF 0400 PM LOCAL TIME.

CLIMATE NORMAL PERIOD 1981 TO 2010
CLIMATE RECORD PERIOD 1894 TO 2016


WEATHER ITEM   OBSERVED TIME   RECORD YEAR NORMAL DEPARTURE LAST
                VALUE   (LST)  VALUE       VALUE  FROM      YEAR
                                                  NORMAL
..................................................................
TEMPERATURE (F)
 TODAY
  MAXIMUM         49   1122 AM  79    1937  54     -5       67
  MINIMUM         40   1216 AM   9    1933  34      6       47
  AVERAGE         45                        44      1       57

PRECIPITATION (IN)
  TODAY            0.00          2.55 1905   0.17  -0.17     0.03
  MONTH TO DATE    2.27                      1.35   0.92     0.55
  SINCE DEC 1     16.52                     12.01   4.51    10.25
  SINCE JAN 1      5.84                      6.24  -0.40     4.52

SNOWFALL (IN)
  TODAY            0.0
  MONTH TO DATE    0.0
  SINCE DEC 1      0.4
  SINCE JUL 1      0.4
  SNOW DEPTH       0

DEGREE DAYS
 HEATING
  TODAY           20                        21     -1        8
  MONTH TO DATE  133                       173    -40      145
  SINCE DEC 1   1216                      1556   -340     1425
  SINCE JUL 1   1510                      2083   -573     2041

 COOLING
  TODAY            0                         0      0        0
  MONTH TO DATE    1                         0      1        0
  SINCE DEC 1     24                         2     22        0
  SINCE JAN 1      1                         0      1        0
..................................................................


WIND (MPH)
  HIGHEST WIND SPEED    24   HIGHEST WIND DIRECTION     W (260)
  HIGHEST GUST SPEED    31   HIGHEST GUST DIRECTION    NW (300)
  AVERAGE WIND SPEED    12.4


SKY COVER
  POSSIBLE SUNSHINE  MM
  AVERAGE SKY COVER 0.6


WEATHER CONDITIONS
 THE FOLLOWING WEATHER WAS RECORDED TODAY.
  NO SIGNIFICANT WEATHER WAS OBSERVED.


RELATIVE HUMIDITY (PERCENT)
 HIGHEST    62           500 AM
 LOWEST     34          1100 AM
 AVERAGE    48

..........................................................


THE HUNTSVILLE CLIMATE NORMALS FOR TOMORROW
                         NORMAL    RECORD    YEAR
 MAXIMUM TEMPERATURE (F)   54        76      2001
                                             1965
 MINIMUM TEMPERATURE (F)   34         1      1933


SUNRISE AND SUNSET
FEBRUARY  8 2016......SUNRISE   640 AM CST   SUNSET   523 PM CST
FEBRUARY  9 2016......SUNRISE   639 AM CST   SUNSET   524 PM CST


-  INDICATES NEGATIVE NUMBERS.
R  INDICATES RECORD WAS SET OR TIED.
MM INDICATES DATA IS MISSING.
T  INDICATES TRACE AMOUNT.




$$
