000
CDUS44 KHUN 280705
CLIHSV


CLIMATE REPORT
NATIONAL WEATHER SERVICE HUNTSVILLE AL
205 AM CDT SUN MAY 28 2017


...................................

...THE HUNTSVILLE CLIMATE SUMMARY FOR MAY 27 2017...

CLIMATE NORMAL PERIOD 1981 TO 2010
CLIMATE RECORD PERIOD 1894 TO 2017


WEATHER ITEM   OBSERVED TIME   RECORD YEAR NORMAL DEPARTURE LAST
                VALUE   (LST)  VALUE       VALUE  FROM      YEAR
                                                  NORMAL
..................................................................
TEMPERATURE (F)
 YESTERDAY
  MAXIMUM         86    358 PM  99    1926  84      2       90
  MINIMUM         66   1151 PM  41    1961  62      4       68
  AVERAGE         76                        73      3       79

PRECIPITATION (IN)
  YESTERDAY        0.40          3.60 1924   0.15   0.25     0.00
  MONTH TO DATE    4.57                      4.50   0.07     1.62
  SINCE MAR 1     12.45                     14.03  -1.58     8.35
  SINCE JAN 1     21.32                     23.76  -2.44    18.30

SNOWFALL (IN)
  YESTERDAY        0.0
  MONTH TO DATE    0.0
  SINCE MAR 1      T
  SINCE JUL 1      T
  SNOW DEPTH       0

DEGREE DAYS
 HEATING
  YESTERDAY        0                         0      0        0
  MONTH TO DATE   35                        25     10       20
  SINCE MAR 1    400                       547   -147      357
  SINCE JUL 1   1967                      2999  -1032     2253

 COOLING
  YESTERDAY       11                         8      3       14
  MONTH TO DATE  163                       154      9      145
  SINCE MAR 1    341                       225    116      235
  SINCE JAN 1    346                       226    120      236
..................................................................


WIND (MPH)
  HIGHEST WIND SPEED    32   HIGHEST WIND DIRECTION    NE (40)
  HIGHEST GUST SPEED    38   HIGHEST GUST DIRECTION    NE (40)
  AVERAGE WIND SPEED     8.8


SKY COVER
  POSSIBLE SUNSHINE  MM
  AVERAGE SKY COVER 0.7


WEATHER CONDITIONS
 THE FOLLOWING WEATHER WAS RECORDED YESTERDAY.
  THUNDERSTORM
  HEAVY RAIN
  LIGHT RAIN
  FOG


RELATIVE HUMIDITY (PERCENT)
 HIGHEST    93           100 AM
 LOWEST     61           400 PM
 AVERAGE    77

..........................................................


THE HUNTSVILLE CLIMATE NORMALS FOR TODAY
                         NORMAL    RECORD    YEAR
 MAXIMUM TEMPERATURE (F)   84        98      1911
 MINIMUM TEMPERATURE (F)   63        41      1907


SUNRISE AND SUNSET
MAY 28 2017...........SUNRISE   537 AM CDT   SUNSET   753 PM CDT
MAY 29 2017...........SUNRISE   536 AM CDT   SUNSET   753 PM CDT


-  INDICATES NEGATIVE NUMBERS.
R  INDICATES RECORD WAS SET OR TIED.
MM INDICATES DATA IS MISSING.
T  INDICATES TRACE AMOUNT.




$$
