000
CDUS44 KHUN 170821
CLIHSV


CLIMATE REPORT
NATIONAL WEATHER SERVICE HUNTSVILLE AL
221 AM CST SAT FEB 17 2018


...................................

...THE HUNTSVILLE CLIMATE SUMMARY FOR FEBRUARY 16 2018...

CLIMATE NORMAL PERIOD 1981 TO 2010
CLIMATE RECORD PERIOD 1894 TO 2018


WEATHER ITEM   OBSERVED TIME   RECORD YEAR NORMAL DEPARTURE LAST
                VALUE   (LST)  VALUE       VALUE  FROM      YEAR
                                                  NORMAL
..................................................................
TEMPERATURE (F)
 YESTERDAY
  MAXIMUM         68    100 AM  77    1945  56     12       60
                                      1927
  MINIMUM         46   1159 PM   2    1958  36     10       31
  AVERAGE         57                        46     11       46

PRECIPITATION (IN)
  YESTERDAY        0.03          2.63 1903   0.18  -0.15     0.00
  MONTH TO DATE    4.90                      2.71   2.19     0.82
  SINCE DEC 1     10.90                     13.37  -2.47    13.13
  SINCE JAN 1      6.42                      7.60  -1.18     7.22

SNOWFALL (IN)
  YESTERDAY        0.0
  MONTH TO DATE    0.0
  SINCE DEC 1      0.4
  SINCE JUL 1      0.4
  SNOW DEPTH       0

DEGREE DAYS
 HEATING
  YESTERDAY        8                        19    -11       19
  MONTH TO DATE  268                       333    -65      234
  SINCE DEC 1   1753                      1716     37     1215
  SINCE JUL 1   2231                      2243    -12     1479

 COOLING
  YESTERDAY        0                         0      0        0
  MONTH TO DATE    5                         0      5        0
  SINCE DEC 1      5                         2      3        5
  SINCE JAN 1      5                         0      5        1
..................................................................


WIND (MPH)
  HIGHEST WIND SPEED    24   HIGHEST WIND DIRECTION     N (360)
  HIGHEST GUST SPEED    32   HIGHEST GUST DIRECTION     N (360)
  AVERAGE WIND SPEED    11.6


SKY COVER
  POSSIBLE SUNSHINE  MM
  AVERAGE SKY COVER 0.9


WEATHER CONDITIONS
 THE FOLLOWING WEATHER WAS RECORDED YESTERDAY.
  LIGHT RAIN
  FOG


RELATIVE HUMIDITY (PERCENT)
 HIGHEST   100           900 PM
 LOWEST     81          1200 AM
 AVERAGE    91

..........................................................


THE HUNTSVILLE CLIMATE NORMALS FOR TODAY
                         NORMAL    RECORD    YEAR
 MAXIMUM TEMPERATURE (F)   56        80      1927
 MINIMUM TEMPERATURE (F)   36        -8      1958


SUNRISE AND SUNSET
FEBRUARY 17 2018......SUNRISE   630 AM CST   SUNSET   532 PM CST
FEBRUARY 18 2018......SUNRISE   629 AM CST   SUNSET   533 PM CST


-  INDICATES NEGATIVE NUMBERS.
R  INDICATES RECORD WAS SET OR TIED.
MM INDICATES DATA IS MISSING.
T  INDICATES TRACE AMOUNT.




$$
