000
CDUS44 KHUN 232123
CLIHSV


CLIMATE REPORT
NATIONAL WEATHER SERVICE HUNTSVILLE AL
422 PM CDT TUE SEP 23 2014


...................................

...THE HUNTSVILLE CLIMATE SUMMARY FOR SEPTEMBER 23 2014...
VALID TODAY AS OF 0400 PM LOCAL TIME.

CLIMATE NORMAL PERIOD 1981 TO 2010
CLIMATE RECORD PERIOD 1894 TO 2014


WEATHER ITEM   OBSERVED TIME   RECORD YEAR NORMAL DEPARTURE LAST
                VALUE   (LST)  VALUE       VALUE  FROM      YEAR
                                                  NORMAL
..................................................................
TEMPERATURE (F)
 TODAY
  MAXIMUM         85    247 PM 103    1931  82      3       82
  MINIMUM         50    412 AM  40    1913  60    -10       51
  AVERAGE         68                        71     -3       67

PRECIPITATION (IN)
  TODAY            0.00          1.87 1975   0.14  -0.14     0.00
  MONTH TO DATE    0.49                      2.82  -2.33     4.32
  SINCE SEP 1      0.49                      2.82  -2.33     4.32
  SINCE JAN 1     38.64                     39.14  -0.50    47.94

SNOWFALL (IN)
  TODAY            0.0
  MONTH TO DATE    0.0
  SINCE SEP 1      0.0
  SINCE JUL 1      0.0
  SNOW DEPTH       0

DEGREE DAYS
 HEATING
  TODAY            0                         1     -1        0
  MONTH TO DATE    0                         4     -4        0
  SINCE SEP 1      0                         4     -4        0
  SINCE JUL 1      0                         4     -4        0

 COOLING
  TODAY            3                         7     -4        2
  MONTH TO DATE  306                       235     71      234
  SINCE SEP 1    306                       235     71      234
  SINCE JAN 1   1858                      1830     28     1700
..................................................................


WIND (MPH)
  HIGHEST WIND SPEED    10   HIGHEST WIND DIRECTION    NE (40)
  HIGHEST GUST SPEED    15   HIGHEST GUST DIRECTION    NE (40)
  AVERAGE WIND SPEED     4.7


SKY COVER
  POSSIBLE SUNSHINE  MM
  AVERAGE SKY COVER 0.2


WEATHER CONDITIONS
 THE FOLLOWING WEATHER WAS RECORDED TODAY.
  NO SIGNIFICANT WEATHER WAS OBSERVED.


RELATIVE HUMIDITY (PERCENT)
 HIGHEST    83           500 AM
 LOWEST     31           300 PM
 AVERAGE    57

..........................................................


THE HUNTSVILLE CLIMATE NORMALS FOR TOMORROW
                         NORMAL    RECORD    YEAR
 MAXIMUM TEMPERATURE (F)   82        96      1961
                                             1933
                                             1931
 MINIMUM TEMPERATURE (F)   59        41      1983


SUNRISE AND SUNSET
SEPTEMBER 23 2014.....SUNRISE   636 AM CDT   SUNSET   642 PM CDT
SEPTEMBER 24 2014.....SUNRISE   636 AM CDT   SUNSET   641 PM CDT


-  INDICATES NEGATIVE NUMBERS.
R  INDICATES RECORD WAS SET OR TIED.
MM INDICATES DATA IS MISSING.
T  INDICATES TRACE AMOUNT.




$$
