000
CDUS44 KHUN 022221
CLIHSV


CLIMATE REPORT
NATIONAL WEATHER SERVICE HUNTSVILLE AL
421 PM CST FRI DEC 2 2016


...................................

...THE HUNTSVILLE CLIMATE SUMMARY FOR DECEMBER 2 2016...
VALID TODAY AS OF 0400 PM LOCAL TIME.

CLIMATE NORMAL PERIOD 1981 TO 2010
CLIMATE RECORD PERIOD 1894 TO 2016


WEATHER ITEM   OBSERVED TIME   RECORD YEAR NORMAL DEPARTURE LAST
                VALUE   (LST)  VALUE       VALUE  FROM      YEAR
                                                  NORMAL
..................................................................
TEMPERATURE (F)
 TODAY
  MAXIMUM         62    154 PM  76    1982  57      5       55
  MINIMUM         32    641 AM  18    1944  37     -5       40
                                      1924
  AVERAGE         47                        47      0       48

PRECIPITATION (IN)
  TODAY            0.00          3.37 1991   0.20  -0.20     0.01
  MONTH TO DATE    0.00                      0.39  -0.39     1.51
  SINCE DEC 1      0.00                      0.39  -0.39     1.51
  SINCE JAN 1     38.53                     48.96 -10.43    55.40

SNOWFALL (IN)
  TODAY            0.0
  MONTH TO DATE    0.0
  SINCE DEC 1      0.0
  SINCE JUL 1      0.0
  SNOW DEPTH       0

DEGREE DAYS
 HEATING
  TODAY           18                        18      0       17
  MONTH TO DATE   36                        36      0       22
  SINCE DEC 1     36                        36      0       22
  SINCE JUL 1    300                       563   -263      316

 COOLING
  TODAY            0                         0      0        0
  MONTH TO DATE    0                         0      0        0
  SINCE DEC 1      0                         0      0        0
  SINCE JAN 1   2548                      1949    599     2279
..................................................................


WIND (MPH)
  HIGHEST WIND SPEED     8   HIGHEST WIND DIRECTION    NW (300)
  HIGHEST GUST SPEED    10   HIGHEST GUST DIRECTION    NW (300)
  AVERAGE WIND SPEED     0.5


SKY COVER
  POSSIBLE SUNSHINE  MM
  AVERAGE SKY COVER 0.2


WEATHER CONDITIONS
 THE FOLLOWING WEATHER WAS RECORDED TODAY.
  FOG


RELATIVE HUMIDITY (PERCENT)
 HIGHEST    96           400 AM
 LOWEST     34           200 PM
 AVERAGE    65

..........................................................


THE HUNTSVILLE CLIMATE NORMALS FOR TOMORROW
                         NORMAL    RECORD    YEAR
 MAXIMUM TEMPERATURE (F)   57        75      1998
                                             1970
                                             1961
 MINIMUM TEMPERATURE (F)   37         9      1929


SUNRISE AND SUNSET
DECEMBER  2 2016......SUNRISE   637 AM CST   SUNSET   436 PM CST
DECEMBER  3 2016......SUNRISE   638 AM CST   SUNSET   436 PM CST


-  INDICATES NEGATIVE NUMBERS.
R  INDICATES RECORD WAS SET OR TIED.
MM INDICATES DATA IS MISSING.
T  INDICATES TRACE AMOUNT.




$$
