000
CDUS43 KAPX 020528
CLIHTL


CLIMATE REPORT
NATIONAL WEATHER SERVICE GAYLORD MI
127 AM EDT MON MAY 2 2016


...................................

...THE HOUGHTON LAKE MI CLIMATE SUMMARY FOR MAY 1 2016...

CLIMATE NORMAL PERIOD 1981 TO 2010
CLIMATE RECORD PERIOD 1913 TO 2016


WEATHER ITEM   OBSERVED TIME   RECORD YEAR NORMAL DEPARTURE LAST
                VALUE   (LST)  VALUE       VALUE  FROM      YEAR
                                                  NORMAL
..................................................................
TEMPERATURE (F)
 YESTERDAY
  MAXIMUM         55    456 PM  85    1942  61     -6       72
  MINIMUM         38   1125 PM  20    1943  37      1       31
                                      1924
  AVERAGE         47                        49     -2       52

PRECIPITATION (IN)
  YESTERDAY        0.06          0.65 1970   0.08  -0.02     0.00
                                      1956
  MONTH TO DATE    0.06                      0.08  -0.02     0.00
  SINCE MAR 1      6.93                      4.40   2.53     2.73
  SINCE JAN 1     10.05                      7.12   2.93     4.54

SNOWFALL (IN)
  YESTERDAY        0.0           0.4  1984   0.0    0.0      0.0
  MONTH TO DATE    0.0                       0.0    0.0      0.0
  SINCE OCT 1     58.4                      66.5   -8.1     44.2
  SINCE JUL 1     58.4                      66.5   -8.1     44.2
  SNOW DEPTH       0

DEGREE DAYS
 HEATING
  YESTERDAY       18                        16      2       13
  MONTH TO DATE   18                        16      2       13
  SINCE MAR 1   1701                      1805   -104     1867
  SINCE JUL 1   6614                      7677  -1063     8234

 COOLING
  YESTERDAY        0                         0      0        0
  MONTH TO DATE    0                         0      0        0
  SINCE MAR 1      0                         2     -2        0
  SINCE JAN 1      0                         2     -2        0
..................................................................


WIND (MPH)
  HIGHEST WIND SPEED    23   HIGHEST WIND DIRECTION     E (70)
  HIGHEST GUST SPEED    29   HIGHEST GUST DIRECTION     E (80)
  AVERAGE WIND SPEED    10.4




RELATIVE HUMIDITY (PERCENT)
 HIGHEST    86
 LOWEST     50
 AVERAGE    68

..........................................................


THE HOUGHTON LAKE MI CLIMATE NORMALS FOR TODAY
                         NORMAL    RECORD    YEAR
 MAXIMUM TEMPERATURE (F)   62        88      1959
 MINIMUM TEMPERATURE (F)   37        20      1932


SUNRISE AND SUNSET
MAY  2 2016...........SUNRISE   627 AM EDT   SUNSET   845 PM EDT
MAY  3 2016...........SUNRISE   626 AM EDT   SUNSET   846 PM EDT


-  INDICATES NEGATIVE NUMBERS.
R  INDICATES RECORD WAS SET OR TIED.
MM INDICATES DATA IS MISSING.
T  INDICATES TRACE AMOUNT.




$$
