000
CDUS43 KAPX 270538
CLIHTL


CLIMATE REPORT
NATIONAL WEATHER SERVICE GAYLORD MI
137 AM EDT WED MAY 27 2015


...................................

...THE HOUGHTON LAKE MI CLIMATE SUMMARY FOR MAY 26 2015...

CLIMATE NORMAL PERIOD 1981 TO 2010
CLIMATE RECORD PERIOD 1913 TO 2015


WEATHER ITEM   OBSERVED TIME   RECORD YEAR NORMAL DEPARTURE LAST
                VALUE   (LST)  VALUE       VALUE  FROM      YEAR
                                                  NORMAL
..................................................................
TEMPERATURE (F)
 YESTERDAY
  MAXIMUM         80    257 PM  90    1944  69     11       81
  MINIMUM         61    515 AM  26    1930  45     16       56
  AVERAGE         71                        57     14       69

PRECIPITATION (IN)
  YESTERDAY        1.04          1.25 1991   0.10   0.94      T
  MONTH TO DATE    3.45                      2.33   1.12     2.87
  SINCE MAR 1      6.18                      6.65  -0.47     9.68
  SINCE JAN 1      7.99                      9.37  -1.38    12.48

DEGREE DAYS
 HEATING
  YESTERDAY        0                         9     -9        0
  MONTH TO DATE  233                       318    -85      317
  SINCE MAR 1   2087                      2107    -20     2439
  SINCE JUL 1   8454                      7979    475     8887

 COOLING
  YESTERDAY        6                         1      5        4
  MONTH TO DATE   17                         7     10        4
  SINCE MAR 1     17                         9      8        4
  SINCE JAN 1     17                         9      8        4
..................................................................


WIND (MPH)
  HIGHEST WIND SPEED    17   HIGHEST WIND DIRECTION     S (170)
  HIGHEST GUST SPEED    23   HIGHEST GUST DIRECTION     S (170)
  AVERAGE WIND SPEED     9.3




RELATIVE HUMIDITY (PERCENT)
 HIGHEST    93
 LOWEST     54
 AVERAGE    74

..........................................................


THE HOUGHTON LAKE MI CLIMATE NORMALS FOR TODAY
                         NORMAL    RECORD    YEAR
 MAXIMUM TEMPERATURE (F)   70        89      1978
                                             1944
 MINIMUM TEMPERATURE (F)   45        23      1930
                                             1927


SUNRISE AND SUNSET
MAY 27 2015...........SUNRISE   601 AM EDT   SUNSET   911 PM EDT
MAY 28 2015...........SUNRISE   600 AM EDT   SUNSET   912 PM EDT


-  INDICATES NEGATIVE NUMBERS.
R  INDICATES RECORD WAS SET OR TIED.
MM INDICATES DATA IS MISSING.
T  INDICATES TRACE AMOUNT.




$$
