000
CDUS43 KAPX 260544
CLIHTL


CLIMATE REPORT
NATIONAL WEATHER SERVICE GAYLORD MI
143 AM EDT THU MAR 26 2015


...................................

...THE HOUGHTON LAKE MI CLIMATE SUMMARY FOR MARCH 25 2015...

CLIMATE NORMAL PERIOD 1981 TO 2010
CLIMATE RECORD PERIOD 1913 TO 2015


WEATHER ITEM   OBSERVED TIME   RECORD YEAR NORMAL DEPARTURE LAST
                VALUE   (LST)  VALUE       VALUE  FROM      YEAR
                                                  NORMAL
..................................................................
TEMPERATURE (F)
 YESTERDAY
  MAXIMUM         37   1130 PM  75    1945  44     -7       22
  MINIMUM         25    210 AM -16    1974  22      3       -3
  AVERAGE         31                        33     -2       10

PRECIPITATION (IN)
  YESTERDAY        0.24          0.51 1947   0.06   0.18     0.12
  MONTH TO DATE    0.41                      1.43  -1.02     0.58
  SINCE MAR 1      0.41                      1.43  -1.02     0.58
  SINCE JAN 1      2.22                      4.15  -1.93     3.38

SNOWFALL (IN)
  YESTERDAY        T             6.3  1947   0.2   -0.2      2.3
  MONTH TO DATE    1.4                       7.0   -5.6      5.8
  SINCE OCT 1     43.0                      61.5  -18.5     58.1
  SINCE JUL 1     43.0                      61.5  -18.5     58.1
  SNOW DEPTH       T

DEGREE DAYS
 HEATING
  YESTERDAY       34                        32      2       55
  MONTH TO DATE  947                       930     17     1193
  SINCE MAR 1    947                       930     17     1193
  SINCE JUL 1   7314                      6802    512     7641

 COOLING
  YESTERDAY        0                         0      0        0
  MONTH TO DATE    0                         0      0        0
  SINCE MAR 1      0                         0      0        0
  SINCE JAN 1      0                         0      0        0
..................................................................


WIND (MPH)
  HIGHEST WIND SPEED    23   HIGHEST WIND DIRECTION     W (270)
  HIGHEST GUST SPEED    34   HIGHEST GUST DIRECTION     W (260)
  AVERAGE WIND SPEED    12.3




RELATIVE HUMIDITY (PERCENT)
 HIGHEST    92
 LOWEST     58
 AVERAGE    75

..........................................................


THE HOUGHTON LAKE MI CLIMATE NORMALS FOR TODAY
                         NORMAL    RECORD    YEAR
 MAXIMUM TEMPERATURE (F)   44        75      1925
 MINIMUM TEMPERATURE (F)   22       -12      2014
                                             1923


SUNRISE AND SUNSET
MARCH 26 2015.........SUNRISE   731 AM EDT   SUNSET   758 PM EDT
MARCH 27 2015.........SUNRISE   729 AM EDT   SUNSET   800 PM EDT


-  INDICATES NEGATIVE NUMBERS.
R  INDICATES RECORD WAS SET OR TIED.
MM INDICATES DATA IS MISSING.
T  INDICATES TRACE AMOUNT.




$$
