137
CDUS43 KAPX 100528
CLIHTL


CLIMATE REPORT
NATIONAL WEATHER SERVICE GAYLORD MI
1227 AM EST WED FEB 10 2016


...................................

...THE HOUGHTON LAKE MI CLIMATE SUMMARY FOR FEBRUARY 9 2016...

CLIMATE NORMAL PERIOD 1981 TO 2010
CLIMATE RECORD PERIOD 1913 TO 2016


WEATHER ITEM   OBSERVED TIME   RECORD YEAR NORMAL DEPARTURE LAST
                VALUE   (LST)  VALUE       VALUE  FROM      YEAR
                                                  NORMAL
..................................................................
TEMPERATURE (F)
 YESTERDAY
  MAXIMUM         28   1238 AM  51    1925  28      0       23
  MINIMUM         18   1159 PM -28    1951  10      8        2
                                      1934
  AVERAGE         23                        19      4       13

PRECIPITATION (IN)
  YESTERDAY        0.03          0.53 2001   0.04  -0.01      T
  MONTH TO DATE    0.79                      0.34   0.45     0.23
  SINCE DEC 1      6.12                      3.50   2.62     2.85
  SINCE JAN 1      2.55                      1.85   0.70     1.42

SNOWFALL (IN)
  YESTERDAY        0.4           3.0  1929   0.5   -0.1      0.5
                                      1924
  MONTH TO DATE    3.9                       4.4   -0.5      3.1
  SINCE OCT 1     26.8                      46.5  -19.7     33.8
  SINCE JUL 1     26.8                      46.5  -19.7     33.8
  SNOW DEPTH      10

DEGREE DAYS
 HEATING
  YESTERDAY       42                        46     -4       52
  MONTH TO DATE  340                       421    -81      465
  SINCE DEC 1   2580                      3150   -570     3178
  SINCE JUL 1   4059                      5033   -974     5181
..................................................................


WIND (MPH)
  HIGHEST WIND SPEED    21   HIGHEST WIND DIRECTION    NW (300)
  HIGHEST GUST SPEED    30   HIGHEST GUST DIRECTION    NW (310)
  AVERAGE WIND SPEED    13.6




RELATIVE HUMIDITY (PERCENT)
 HIGHEST    92
 LOWEST     73
 AVERAGE    83

..........................................................


THE HOUGHTON LAKE MI CLIMATE NORMALS FOR TODAY
                         NORMAL    RECORD    YEAR
 MAXIMUM TEMPERATURE (F)   28        54      2009
 MINIMUM TEMPERATURE (F)   10       -29      1936


SUNRISE AND SUNSET
FEBRUARY 10 2016......SUNRISE   746 AM EST   SUNSET   600 PM EST
FEBRUARY 11 2016......SUNRISE   745 AM EST   SUNSET   602 PM EST


-  INDICATES NEGATIVE NUMBERS.
R  INDICATES RECORD WAS SET OR TIED.
MM INDICATES DATA IS MISSING.
T  INDICATES TRACE AMOUNT.




$$
