000
CDUS43 KAPX 010543
CLIHTL


CLIMATE REPORT
NATIONAL WEATHER SERVICE GAYLORD MI
141 AM EDT MON MAY 1 2017


...................................

...THE HOUGHTON LAKE MI CLIMATE SUMMARY FOR APRIL 30 2017...

CLIMATE NORMAL PERIOD 1981 TO 2010
CLIMATE RECORD PERIOD 1913 TO 2017


WEATHER ITEM   OBSERVED TIME   RECORD YEAR NORMAL DEPARTURE LAST
                VALUE   (LST)  VALUE       VALUE  FROM      YEAR
                                                  NORMAL
..................................................................
TEMPERATURE (F)
 YESTERDAY
  MAXIMUM         42   1227 AM  84    1942  61    -19       58
  MINIMUM         35    750 AM  11    1931  37     -2       30
  AVERAGE         39                        49    -10       44

PRECIPITATION (IN)
  YESTERDAY        0.65          1.00 1975   0.08   0.57     0.00
  MONTH TO DATE    5.22                      2.48   2.74     2.14
  SINCE MAR 1      7.90                      4.32   3.58     6.87
  SINCE JAN 1     13.38                      7.04   6.34     9.99

SNOWFALL (IN)
  YESTERDAY        0.0           3.1  1994   0.0    0.0      0.0
  MONTH TO DATE    T                         3.7   -3.7     11.9
  SINCE OCT 1     76.1                      66.5    9.6     58.4
  SINCE JUL 1     76.1                      66.5    9.6     58.4
  SNOW DEPTH       0

DEGREE DAYS
 HEATING
  YESTERDAY       26                        16     10       21
  MONTH TO DATE  522                       675   -153      755
  SINCE MAR 1   1619                      1789   -170     1683
  SINCE JUL 1   6469                      7661  -1192     6596

 COOLING
  YESTERDAY        0                         0      0        0
  MONTH TO DATE    1                         2     -1        0
  SINCE MAR 1      1                         2     -1        0
  SINCE JAN 1      1                         2     -1        0
..................................................................


WIND (MPH)
  HIGHEST WIND SPEED    22   HIGHEST WIND DIRECTION     E (70)
  HIGHEST GUST SPEED    29   HIGHEST GUST DIRECTION    NE (60)
  AVERAGE WIND SPEED    15.4




RELATIVE HUMIDITY (PERCENT)
 HIGHEST    92
 LOWEST     85
 AVERAGE    89

..........................................................


THE HOUGHTON LAKE MI CLIMATE NORMALS FOR TODAY
                         NORMAL    RECORD    YEAR
 MAXIMUM TEMPERATURE (F)   61        85      1942
 MINIMUM TEMPERATURE (F)   37        20      1943
                                             1924


SUNRISE AND SUNSET
MAY  1 2017...........SUNRISE   629 AM EDT   SUNSET   843 PM EDT
MAY  2 2017...........SUNRISE   628 AM EDT   SUNSET   844 PM EDT


-  INDICATES NEGATIVE NUMBERS.
R  INDICATES RECORD WAS SET OR TIED.
MM INDICATES DATA IS MISSING.
T  INDICATES TRACE AMOUNT.




$$
