000
CDUS43 KAPX 200528
CLIHTL


CLIMATE REPORT
NATIONAL WEATHER SERVICE GAYLORD MI
128 AM EDT SUN APR 20 2014


...................................

...THE HOUGHTON LAKE MI CLIMATE SUMMARY FOR APRIL 19 2014...

CLIMATE NORMAL PERIOD 1981 TO 2010
CLIMATE RECORD PERIOD 1913 TO 2014


WEATHER ITEM   OBSERVED TIME   RECORD YEAR NORMAL DEPARTURE LAST
                VALUE   (LST)  VALUE       VALUE  FROM      YEAR
                                                  NORMAL
..................................................................
TEMPERATURE (F)
 YESTERDAY
  MAXIMUM         54    328 PM  81    1948  56     -2       57
                                      1927
                                      1914
  MINIMUM         24    506 AM   2    1918  33     -9       27
  AVERAGE         39                        44     -5       42

PRECIPITATION (IN)
  YESTERDAY        0.00          1.30 1925   0.08  -0.08     0.09
  MONTH TO DATE    4.28                      1.62   2.66     4.87
  SINCE MAR 1      5.43                      3.46   1.97     6.13
  SINCE JAN 1      8.23                      6.18   2.05    11.39

SNOWFALL (IN)
  YESTERDAY        0.0           4.0  2011   0.1   -0.1       T
  MONTH TO DATE    3.5                       3.2    0.3      2.5
  SINCE OCT 1     61.9                      66.0   -4.1     59.6
  SINCE JUL 1     61.9                      66.0   -4.1     59.6
  SNOW DEPTH       0

DEGREE DAYS
 HEATING
  YESTERDAY       26                        21      5       23
  MONTH TO DATE  508                       473     35      561
  SINCE MAR 1   1914                      1586    328     1716
  SINCE JUL 1   8362                      7458    904     7090

 COOLING
  YESTERDAY        0                         0      0        0
  MONTH TO DATE    0                         0      0        0
  SINCE MAR 1      0                         0      0        0
  SINCE JAN 1      0                         0      0        0
..................................................................


WIND (MPH)
  HIGHEST WIND SPEED    17   HIGHEST WIND DIRECTION     E (110)
  HIGHEST GUST SPEED    23   HIGHEST GUST DIRECTION     S (170)
  AVERAGE WIND SPEED     7.9




RELATIVE HUMIDITY (PERCENT)
 HIGHEST    92
 LOWEST     32
 AVERAGE    62

..........................................................


THE HOUGHTON LAKE MI CLIMATE NORMALS FOR TODAY
                         NORMAL    RECORD    YEAR
 MAXIMUM TEMPERATURE (F)   56        83      1987
 MINIMUM TEMPERATURE (F)   33         9      1928


SUNRISE AND SUNSET
APRIL 20 2014.........SUNRISE   647 AM EDT   SUNSET   829 PM EDT
APRIL 21 2014.........SUNRISE   645 AM EDT   SUNSET   831 PM EDT


-  INDICATES NEGATIVE NUMBERS.
R  INDICATES RECORD WAS SET OR TIED.
MM INDICATES DATA IS MISSING.
T  INDICATES TRACE AMOUNT.




$$
