000
CDUS43 KAPX 220539
CLIHTL


CLIMATE REPORT
NATIONAL WEATHER SERVICE GAYLORD MI
1239 AM EST MON DEC 22 2014


...................................

...THE HOUGHTON LAKE MI CLIMATE SUMMARY FOR DECEMBER 21 2014...

CLIMATE NORMAL PERIOD 1981 TO 2010
CLIMATE RECORD PERIOD 1913 TO 2014


WEATHER ITEM   OBSERVED TIME   RECORD YEAR NORMAL DEPARTURE LAST
                VALUE   (LST)  VALUE       VALUE  FROM      YEAR
                                                  NORMAL
..................................................................
TEMPERATURE (F)
 YESTERDAY
  MAXIMUM         30    926 PM  55    1967  29      1       28
  MINIMUM         19   1200 AM -10    1989  16      3       24
                                      1914
  AVERAGE         25                        22      3       26

PRECIPITATION (IN)
  YESTERDAY        T             0.50 2008   0.05  -0.05      T
  MONTH TO DATE    0.44                      1.17  -0.73     1.60
  SINCE DEC 1      0.44                      1.17  -0.73     1.60
  SINCE JAN 1     29.80                     28.27   1.53    30.10

SNOWFALL (IN)
  YESTERDAY        T             7.3  2008   0.5   -0.5       T
  MONTH TO DATE    4.6                      10.7   -6.1     12.9
  SINCE OCT 1     17.5                      19.8   -2.3     16.7
  SINCE JUL 1     17.5                      19.8   -2.3     16.7
  SNOW DEPTH       2

DEGREE DAYS
 HEATING
  YESTERDAY       40                        43     -3       39
  MONTH TO DATE  800                       833    -33      956
  SINCE DEC 1    800                       833    -33      956
  SINCE JUL 1   2803                      2716     87     2821
..................................................................


WIND (MPH)
  HIGHEST WIND SPEED    14   HIGHEST WIND DIRECTION    SE (150)
  HIGHEST GUST SPEED    19   HIGHEST GUST DIRECTION    SE (150)
  AVERAGE WIND SPEED     5.4




RELATIVE HUMIDITY (PERCENT)
 HIGHEST   100
 LOWEST     84
 AVERAGE    92

..........................................................


THE HOUGHTON LAKE MI CLIMATE NORMALS FOR TODAY
                         NORMAL    RECORD    YEAR
 MAXIMUM TEMPERATURE (F)   29        50      1941
 MINIMUM TEMPERATURE (F)   15       -11      1921


SUNRISE AND SUNSET
DECEMBER 22 2014......SUNRISE   812 AM EST   SUNSET   503 PM EST
DECEMBER 23 2014......SUNRISE   812 AM EST   SUNSET   503 PM EST


-  INDICATES NEGATIVE NUMBERS.
R  INDICATES RECORD WAS SET OR TIED.
MM INDICATES DATA IS MISSING.
T  INDICATES TRACE AMOUNT.




$$
