000
CDUS43 KAPX 160527
CLIHTL


CLIMATE REPORT
NATIONAL WEATHER SERVICE GAYLORD MI
127 AM EDT WED AUG 16 2017


...................................

...THE HOUGHTON LAKE MI CLIMATE SUMMARY FOR AUGUST 15 2017...

CLIMATE NORMAL PERIOD 1981 TO 2010
CLIMATE RECORD PERIOD 1913 TO 2017


WEATHER ITEM   OBSERVED TIME   RECORD YEAR NORMAL DEPARTURE LAST
                VALUE   (LST)  VALUE       VALUE  FROM      YEAR
                                                  NORMAL
..................................................................
TEMPERATURE (F)
 YESTERDAY
  MAXIMUM         76    514 PM  94    1944  77     -1       81
                                      1922
  MINIMUM         53    226 AM  34    1927  53      0       57
                                      1921
  AVERAGE         65                        65      0       69

PRECIPITATION (IN)
  YESTERDAY        0.07          1.42 1987   0.12  -0.05     0.00
  MONTH TO DATE    1.55                      1.70  -0.15     0.88
  SINCE JUN 1      8.54                      7.56   0.98     6.66
  SINCE JAN 1     24.45                     17.42   7.03    20.73

DEGREE DAYS
 HEATING
  YESTERDAY        0                         2     -2        0
  MONTH TO DATE   22                        30     -8        0
  SINCE JUN 1    102                       201    -99      132
  SINCE JUL 1     34                        77    -43       27

 COOLING
  YESTERDAY        0                         3     -3        4
  MONTH TO DATE   20                        45    -25       96
  SINCE JUN 1    204                       216    -12      306
  SINCE JAN 1    218                       232    -14      335
..................................................................


WIND (MPH)
  HIGHEST WIND SPEED    12   HIGHEST WIND DIRECTION    NW (310)
  HIGHEST GUST SPEED    14   HIGHEST GUST DIRECTION    NW (320)
  AVERAGE WIND SPEED     4.4




RELATIVE HUMIDITY (PERCENT)
 HIGHEST   100
 LOWEST     54
 AVERAGE    77

..........................................................


THE HOUGHTON LAKE MI CLIMATE NORMALS FOR TODAY
                         NORMAL    RECORD    YEAR
 MAXIMUM TEMPERATURE (F)   77        93      1936
                                             1913
 MINIMUM TEMPERATURE (F)   53        31      1927


SUNRISE AND SUNSET
AUGUST 16 2017........SUNRISE   643 AM EDT   SUNSET   842 PM EDT
AUGUST 17 2017........SUNRISE   644 AM EDT   SUNSET   840 PM EDT


-  INDICATES NEGATIVE NUMBERS.
R  INDICATES RECORD WAS SET OR TIED.
MM INDICATES DATA IS MISSING.
T  INDICATES TRACE AMOUNT.




$$
