000
CDUS43 KAPX 190744
CLIHTL


CLIMATE REPORT
NATIONAL WEATHER SERVICE GAYLORD MI
244 AM EST MON FEB 19 2018


...................................

...THE HOUGHTON LAKE MI CLIMATE SUMMARY FOR FEBRUARY 18 2018...

CLIMATE NORMAL PERIOD 1981 TO 2010
CLIMATE RECORD PERIOD 1913 TO 2018


WEATHER ITEM   OBSERVED TIME   RECORD YEAR NORMAL DEPARTURE LAST
                VALUE   (LST)  VALUE       VALUE  FROM      YEAR
                                                  NORMAL
..................................................................
TEMPERATURE (F)
 YESTERDAY
  MAXIMUM         36    247 PM  53    2017  30      6       53
  MINIMUM         23    746 AM -30    1920  11     12       32
  AVERAGE         30                        20     10       43

PRECIPITATION (IN)
  YESTERDAY        0.00          0.45 1976   0.04  -0.04     0.00
  MONTH TO DATE    0.74                      0.71   0.03     0.66
  SINCE DEC 1      3.99                      3.87   0.12     5.85
  SINCE JAN 1      2.51                      2.22   0.29     3.63

SNOWFALL (IN)
  YESTERDAY        0.0           4.0  2008   0.5   -0.5      0.0
  MONTH TO DATE    9.1                       8.3    0.8      2.3
  SINCE OCT 1     34.9                      50.4  -15.5     64.7
  SINCE JUL 1     34.9                      50.4  -15.5     64.7
  SNOW DEPTH       3

DEGREE DAYS
 HEATING
  YESTERDAY       35                        45    -10       22
  MONTH TO DATE  868                       830     38      740
  SINCE DEC 1   3658                      3559     99     3242
  SINCE JUL 1   5259                      5442   -183     4562
..................................................................


WIND (MPH)
  HIGHEST WIND SPEED    20   HIGHEST WIND DIRECTION     S (170)
  HIGHEST GUST SPEED    27   HIGHEST GUST DIRECTION     S (160)
  AVERAGE WIND SPEED    10.7




RELATIVE HUMIDITY (PERCENT)
 HIGHEST    92
 LOWEST     52
 AVERAGE    72

..........................................................


THE HOUGHTON LAKE MI CLIMATE NORMALS FOR TODAY
                         NORMAL    RECORD    YEAR
 MAXIMUM TEMPERATURE (F)   30        61      1930
 MINIMUM TEMPERATURE (F)   11       -24      1920


SUNRISE AND SUNSET
FEBRUARY 19 2018......SUNRISE   732 AM EST   SUNSET   613 PM EST
FEBRUARY 20 2018......SUNRISE   731 AM EST   SUNSET   615 PM EST


-  INDICATES NEGATIVE NUMBERS.
R  INDICATES RECORD WAS SET OR TIED.
MM INDICATES DATA IS MISSING.
T  INDICATES TRACE AMOUNT.




$$
