000
CDUS43 KAPX 050555
CLIHTL


CLIMATE REPORT
NATIONAL WEATHER SERVICE GAYLORD MI
1254 AM EST THU MAR 5 2015


...................................

...THE HOUGHTON LAKE MI CLIMATE SUMMARY FOR MARCH 4 2015...

CLIMATE NORMAL PERIOD 1981 TO 2010
CLIMATE RECORD PERIOD 1913 TO 2015


WEATHER ITEM   OBSERVED TIME   RECORD YEAR NORMAL DEPARTURE LAST
                VALUE   (LST)  VALUE       VALUE  FROM      YEAR
                                                  NORMAL
..................................................................
TEMPERATURE (F)
 YESTERDAY
  MAXIMUM         25    102 AM  53    2000  35    -10       19
  MINIMUM          0   1159 PM  -7    2005  14    -14        7
                                      2002
                                      1988
  AVERAGE         13                        24    -11       13

PRECIPITATION (IN)
  YESTERDAY        0.01          1.92 1976   0.06  -0.05     0.14
  MONTH TO DATE    0.17                      0.22  -0.05     0.23
  SINCE MAR 1      0.17                      0.22  -0.05     0.23
  SINCE JAN 1      1.98                      2.94  -0.96     3.03

SNOWFALL (IN)
  YESTERDAY        T             8.1  1985   0.4   -0.4      2.0
  MONTH TO DATE    1.4                       1.4    0.0      2.5
  SINCE OCT 1     43.0                      55.9  -12.9     54.8
  SINCE JUL 1     43.0                      55.9  -12.9     54.8
  SNOW DEPTH      15

DEGREE DAYS
 HEATING
  YESTERDAY       52                        41     11       52
  MONTH TO DATE  201                       165     36      243
  SINCE MAR 1    201                       165     36      243
  SINCE JUL 1   6568                      6037    531     6691

 COOLING
  YESTERDAY        0                         0      0        0
  MONTH TO DATE    0                         0      0        0
  SINCE MAR 1      0                         0      0        0
  SINCE JAN 1      0                         0      0        0
..................................................................


WIND (MPH)
  HIGHEST WIND SPEED    23   HIGHEST WIND DIRECTION    NW (300)
  HIGHEST GUST SPEED    31   HIGHEST GUST DIRECTION     W (280)
  AVERAGE WIND SPEED    11.8




RELATIVE HUMIDITY (PERCENT)
 HIGHEST    84
 LOWEST     45
 AVERAGE    65

..........................................................


THE HOUGHTON LAKE MI CLIMATE NORMALS FOR TODAY
                         NORMAL    RECORD    YEAR
 MAXIMUM TEMPERATURE (F)   35        56      1983
 MINIMUM TEMPERATURE (F)   15       -24      1948


SUNRISE AND SUNSET
MARCH  5 2015.........SUNRISE   709 AM EST   SUNSET   632 PM EST
MARCH  6 2015.........SUNRISE   708 AM EST   SUNSET   633 PM EST


-  INDICATES NEGATIVE NUMBERS.
R  INDICATES RECORD WAS SET OR TIED.
MM INDICATES DATA IS MISSING.
T  INDICATES TRACE AMOUNT.




$$
