000
CDUS41 KRLX 030721
CLIHTS


CLIMATE REPORT
NATIONAL WEATHER SERVICE CHARLESTON WV
320 AM EDT TUE MAY 3 2016


...................................

...THE HUNTINGTON WV CLIMATE SUMMARY FOR MAY 2 2016...

CLIMATE NORMAL PERIOD 1981 TO 2010
CLIMATE RECORD PERIOD 1897 TO 2016


WEATHER ITEM   OBSERVED TIME   RECORD YEAR NORMAL DEPARTURE LAST
                VALUE   (LST)  VALUE       VALUE  FROM      YEAR
                                                  NORMAL
..................................................................
TEMPERATURE (F)
 YESTERDAY
  MAXIMUM         78    120 PM  94    1899  72      6       74
  MINIMUM         60   1130 PM  32    1963  49     11       41
                                      1943
  AVERAGE         69                        61      8       58

PRECIPITATION (IN)
  YESTERDAY        0.20          3.00 2010   0.13   0.07     0.00
  MONTH TO DATE    2.17                      0.27   1.90     0.00
  SINCE JAN 1     16.54                     13.65   2.89    19.34

SNOWFALL (IN)
  YESTERDAY        0.0
  MONTH TO DATE    0.0
  SINCE SEP 1     23.8
  SNOW DEPTH       0

DEGREE DAYS
 HEATING
  YESTERDAY        0                         6     -6        7
  MONTH TO DATE    0                        12    -12       16
  SINCE MAR 1    626                       899   -273      918
  SINCE JUL 1   3661                      4400   -739     4934

 COOLING
  YESTERDAY        4                         1      3        0
  MONTH TO DATE    8                         2      6        0
  SINCE MAR 1     55                        34     21        9
  SINCE JAN 1     55                        34     21        9
..................................................................


WIND (MPH)
  HIGHEST WIND SPEED    13   HIGHEST WIND DIRECTION     W (280)
  HIGHEST GUST SPEED    21   HIGHEST GUST DIRECTION     W (260)
  AVERAGE WIND SPEED     6.3


SKY COVER
  POSSIBLE SUNSHINE  MM


WEATHER CONDITIONS
 THE FOLLOWING WEATHER WAS RECORDED YESTERDAY.
  RAIN
  LIGHT RAIN
  FOG


RELATIVE HUMIDITY (PERCENT)
 HIGHEST    97           300 AM
 LOWEST     50           100 PM
 AVERAGE    74

..........................................................


THE HUNTINGTON WV CLIMATE NORMALS FOR TODAY
                         NORMAL    RECORD    YEAR
 MAXIMUM TEMPERATURE (F)   73        90      1942
                                             1902
                                             1899
 MINIMUM TEMPERATURE (F)   49        31      1900


SUNRISE AND SUNSET
MAY  3 2016...........SUNRISE   631 AM EDT   SUNSET   824 PM EDT
MAY  4 2016...........SUNRISE   629 AM EDT   SUNSET   825 PM EDT


-  INDICATES NEGATIVE NUMBERS.
R  INDICATES RECORD WAS SET OR TIED.
MM INDICATES DATA IS MISSING.
T  INDICATES TRACE AMOUNT.




$$
