000
CDUS41 KRLX 250718
CLIHTS


CLIMATE REPORT
NATIONAL WEATHER SERVICE CHARLESTON WV
317 AM EDT SAT MAR 25 2017


...................................

...THE HUNTINGTON WV CLIMATE SUMMARY FOR MARCH 24 2017...

CLIMATE NORMAL PERIOD 1981 TO 2010
CLIMATE RECORD PERIOD 1897 TO 2017


WEATHER ITEM   OBSERVED TIME   RECORD YEAR NORMAL DEPARTURE LAST
                VALUE   (LST)  VALUE       VALUE  FROM      YEAR
                                                  NORMAL
..................................................................
TEMPERATURE (F)
 YESTERDAY
  MAXIMUM         77    535 PM  88    1929  60     17       76
  MINIMUM         49   1224 AM  19    2014  38     11       50
  AVERAGE         63                        49     14       63

PRECIPITATION (IN)
  YESTERDAY        0.00          2.15 1899   0.12  -0.12     0.43
  MONTH TO DATE    2.10                      3.03  -0.93     2.35
  SINCE JAN 1      8.90                      9.07  -0.17     9.81

SNOWFALL (IN)
  YESTERDAY        0.0
  MONTH TO DATE    T
  SINCE SEP 1      5.9
  SNOW DEPTH       0

DEGREE DAYS
 HEATING
  YESTERDAY        2                        17    -15        2
  MONTH TO DATE  530                       491     39      309
  SINCE MAR 1    530                       491     39      309
  SINCE JUL 1   3179                      3992   -813     3344

 COOLING
  YESTERDAY        0                         0      0        0
  MONTH TO DATE    0                         0      0        5
  SINCE MAR 1      0                         0      0        5
  SINCE JAN 1      1                         0      1        5
..................................................................


WIND (MPH)
  HIGHEST WIND SPEED    18   HIGHEST WIND DIRECTION    SW (230)
  HIGHEST GUST SPEED    25   HIGHEST GUST DIRECTION     W (250)
  AVERAGE WIND SPEED     8.1


SKY COVER
  POSSIBLE SUNSHINE  MM


WEATHER CONDITIONS
 THE FOLLOWING WEATHER WAS RECORDED YESTERDAY.
  NO SIGNIFICANT WEATHER WAS OBSERVED.


RELATIVE HUMIDITY (PERCENT)
 HIGHEST    54          1200 AM
 LOWEST     36           200 AM
 AVERAGE    45

..........................................................


THE HUNTINGTON WV CLIMATE NORMALS FOR TODAY
                         NORMAL    RECORD    YEAR
 MAXIMUM TEMPERATURE (F)   60        92      1929
 MINIMUM TEMPERATURE (F)   38        15      1960


SUNRISE AND SUNSET
MARCH 25 2017.........SUNRISE   726 AM EDT   SUNSET   747 PM EDT
MARCH 26 2017.........SUNRISE   724 AM EDT   SUNSET   748 PM EDT


-  INDICATES NEGATIVE NUMBERS.
R  INDICATES RECORD WAS SET OR TIED.
MM INDICATES DATA IS MISSING.
T  INDICATES TRACE AMOUNT.




$$
