000
CDUS41 KRLX 290718
CLIHTS


CLIMATE REPORT
NATIONAL WEATHER SERVICE CHARLESTON WV
317 AM EDT WED JUL 29 2015


...................................

...THE HUNTINGTON WV CLIMATE SUMMARY FOR JULY 28 2015...

CLIMATE NORMAL PERIOD 1981 TO 2010
CLIMATE RECORD PERIOD 1897 TO 2015


WEATHER ITEM   OBSERVED TIME   RECORD YEAR NORMAL DEPARTURE LAST
                VALUE   (LST)  VALUE       VALUE  FROM      YEAR
                                                  NORMAL
..................................................................
TEMPERATURE (F)
 YESTERDAY
  MAXIMUM         91    344 PM 108    1930  86      5       72
  MINIMUM         69    422 AM  49    1962  65      4       60
  AVERAGE         80                        76      4       66

PRECIPITATION (IN)
  YESTERDAY        0.00          1.63 1967   0.15  -0.15     0.11
  MONTH TO DATE    7.97                      4.11   3.86     3.77
  SINCE JAN 1     33.60                     26.07   7.53    27.83

SNOWFALL (IN)
  YESTERDAY        0.0
  MONTH TO DATE    0.0
  SINCE SEP 1     36.6
  SNOW DEPTH       0

DEGREE DAYS
 HEATING
  YESTERDAY        0                         0      0        0
  MONTH TO DATE    0                         0      0        1
  SINCE JUN 1     14                        12      2        1
  SINCE JUL 1      0                         0      0        1

 COOLING
  YESTERDAY       15                        11      4        1
  MONTH TO DATE  262                       305    -43      232
  SINCE JUN 1    535                       530      5      477
  SINCE JAN 1    701                       643     58      591
..................................................................


WIND (MPH)
  HIGHEST WIND SPEED     7   HIGHEST WIND DIRECTION     E (100)
  HIGHEST GUST SPEED    10   HIGHEST GUST DIRECTION     N (340)
  AVERAGE WIND SPEED     2.3


SKY COVER
  POSSIBLE SUNSHINE  MM


WEATHER CONDITIONS
 THE FOLLOWING WEATHER WAS RECORDED YESTERDAY.
  FOG
  FOG W/VISIBILITY <= 1/4 MILE
  HAZE


RELATIVE HUMIDITY (PERCENT)
 HIGHEST   100          1200 AM
 LOWEST     56           200 PM
 AVERAGE    78

..........................................................


THE HUNTINGTON WV CLIMATE NORMALS FOR TODAY
                         NORMAL    RECORD    YEAR
 MAXIMUM TEMPERATURE (F)   86       101      1930
 MINIMUM TEMPERATURE (F)   65        52      1925


SUNRISE AND SUNSET
JULY 29 2015..........SUNRISE   630 AM EDT   SUNSET   843 PM EDT
JULY 30 2015..........SUNRISE   630 AM EDT   SUNSET   842 PM EDT


-  INDICATES NEGATIVE NUMBERS.
R  INDICATES RECORD WAS SET OR TIED.
MM INDICATES DATA IS MISSING.
T  INDICATES TRACE AMOUNT.




$$
