088
CDUS41 KRLX 260718
CLIHTS


CLIMATE REPORT
NATIONAL WEATHER SERVICE CHARLESTON WV
318 AM EDT THU MAY 26 2016


...................................

...THE HUNTINGTON WV CLIMATE SUMMARY FOR MAY 25 2016...

CLIMATE NORMAL PERIOD 1981 TO 2010
CLIMATE RECORD PERIOD 1897 TO 2016


WEATHER ITEM   OBSERVED TIME   RECORD YEAR NORMAL DEPARTURE LAST
                VALUE   (LST)  VALUE       VALUE  FROM      YEAR
                                                  NORMAL
..................................................................
TEMPERATURE (F)
 YESTERDAY
  MAXIMUM         86    306 PM  96    1939  77      9       86
  MINIMUM         53    531 AM  37    1956  55     -2       58
  AVERAGE         70                        66      4       72

PRECIPITATION (IN)
  YESTERDAY        0.09          2.03 1902   0.16  -0.07     0.00
  MONTH TO DATE    5.19                      3.73   1.46     0.71
  SINCE JAN 1     19.56                     17.11   2.45    20.05

SNOWFALL (IN)
  YESTERDAY        0.0
  MONTH TO DATE    0.0
  SINCE SEP 1     23.8
  SNOW DEPTH       0

DEGREE DAYS
 HEATING
  YESTERDAY        0                         2     -2        0
  MONTH TO DATE  127                       102     25       64
  SINCE MAR 1    753                       989   -236      966
  SINCE JUL 1   3788                      4490   -702     4982

 COOLING
  YESTERDAY        5                         4      1        7
  MONTH TO DATE   33                        56    -23       98
  SINCE MAR 1     80                        88     -8      107
  SINCE JAN 1     80                        88     -8      107
..................................................................


WIND (MPH)
  HIGHEST WIND SPEED    13   HIGHEST WIND DIRECTION     S (180)
  HIGHEST GUST SPEED    16   HIGHEST GUST DIRECTION     S (180)
  AVERAGE WIND SPEED     3.5


SKY COVER
  POSSIBLE SUNSHINE  MM


WEATHER CONDITIONS
 THE FOLLOWING WEATHER WAS RECORDED YESTERDAY.
  NO SIGNIFICANT WEATHER WAS OBSERVED.


RELATIVE HUMIDITY (PERCENT)
 HIGHEST    93           200 AM
 LOWEST     42          1100 AM
 AVERAGE    68

..........................................................


THE HUNTINGTON WV CLIMATE NORMALS FOR TODAY
                         NORMAL    RECORD    YEAR
 MAXIMUM TEMPERATURE (F)   78        93      1939
 MINIMUM TEMPERATURE (F)   56        38      1988


SUNRISE AND SUNSET
MAY 26 2016...........SUNRISE   611 AM EDT   SUNSET   844 PM EDT
MAY 27 2016...........SUNRISE   610 AM EDT   SUNSET   845 PM EDT


-  INDICATES NEGATIVE NUMBERS.
R  INDICATES RECORD WAS SET OR TIED.
MM INDICATES DATA IS MISSING.
T  INDICATES TRACE AMOUNT.




$$
