000
CDUS41 KRLX 240724
CLIHTS


CLIMATE REPORT
NATIONAL WEATHER SERVICE CHARLESTON WV
321 AM EDT FRI OCT 24 2014


...................................

...THE HUNTINGTON WV CLIMATE SUMMARY FOR OCTOBER 23 2014...

CLIMATE NORMAL PERIOD 1981 TO 2010
CLIMATE RECORD PERIOD 1897 TO 2014


WEATHER ITEM   OBSERVED TIME   RECORD YEAR NORMAL DEPARTURE LAST
                VALUE   (LST)  VALUE       VALUE  FROM      YEAR
                                                  NORMAL
..................................................................
TEMPERATURE (F)
 YESTERDAY
  MAXIMUM         59    447 PM  85    1947  66     -7       48
  MINIMUM         41   1159 PM  22    1952  43     -2       36
  AVERAGE         50                        54     -4       42

PRECIPITATION (IN)
  YESTERDAY        0.00          1.60 2007   0.09  -0.09     0.14
  MONTH TO DATE    3.93                      2.03   1.90     1.79
  SINCE JAN 1     41.53                     35.06   6.47    35.93

SNOWFALL (IN)
  YESTERDAY        0.0
  MONTH TO DATE    0.0
  SINCE SEP 1      0.0
  SNOW DEPTH       0

DEGREE DAYS
 HEATING
  YESTERDAY       15                        11      4       23
  MONTH TO DATE  207                       184     23      143
  SINCE SEP 1    261                       240     21      177
  SINCE JUL 1    264                       242     22      181

 COOLING
  YESTERDAY        0                         0      0        0
  MONTH TO DATE   10                        16     -6       47
  SINCE SEP 1    130                       150    -20      180
  SINCE JAN 1    971                      1127   -156     1212
..................................................................


WIND (MPH)
  HIGHEST WIND SPEED     8   HIGHEST WIND DIRECTION    NW (320)
  HIGHEST GUST SPEED    11   HIGHEST GUST DIRECTION     W (290)
  AVERAGE WIND SPEED     3.0


SKY COVER
  POSSIBLE SUNSHINE  MM


WEATHER CONDITIONS
 THE FOLLOWING WEATHER WAS RECORDED YESTERDAY.
  FOG
  HAZE


RELATIVE HUMIDITY (PERCENT)
 HIGHEST   100          1000 PM
 LOWEST     53           400 PM
 AVERAGE    77

..........................................................


THE HUNTINGTON WV CLIMATE NORMALS FOR TODAY
                         NORMAL    RECORD    YEAR
 MAXIMUM TEMPERATURE (F)   66        84      1991
                                             1963
 MINIMUM TEMPERATURE (F)   43        24      1964


SUNRISE AND SUNSET
OCTOBER 24 2014.......SUNRISE   748 AM EDT   SUNSET   640 PM EDT
OCTOBER 25 2014.......SUNRISE   749 AM EDT   SUNSET   639 PM EDT


-  INDICATES NEGATIVE NUMBERS.
R  INDICATES RECORD WAS SET OR TIED.
MM INDICATES DATA IS MISSING.
T  INDICATES TRACE AMOUNT.




$$
