000
CDUS41 KRLX 190818
CLIHTS


CLIMATE REPORT
NATIONAL WEATHER SERVICE CHARLESTON WV
317 AM EST FRI DEC 19 2014


...................................

...THE HUNTINGTON WV CLIMATE SUMMARY FOR DECEMBER 18 2014...

CLIMATE NORMAL PERIOD 1981 TO 2010
CLIMATE RECORD PERIOD 1897 TO 2014


WEATHER ITEM   OBSERVED TIME   RECORD YEAR NORMAL DEPARTURE LAST
                VALUE   (LST)  VALUE       VALUE  FROM      YEAR
                                                  NORMAL
..................................................................
TEMPERATURE (F)
 YESTERDAY
  MAXIMUM         33    123 PM  72    1924  45    -12       41
  MINIMUM         28    903 AM   4    1953  28      0       28
                                      1914
  AVERAGE         31                        36     -5       35

PRECIPITATION (IN)
  YESTERDAY        0.00          1.90 1915   0.10  -0.10     0.00
  MONTH TO DATE    2.62                      1.97   0.65     3.81
  SINCE JAN 1     47.82                     41.25   6.57    43.17

SNOWFALL (IN)
  YESTERDAY        0.0
  MONTH TO DATE    0.0
  SINCE SEP 1      T
  SNOW DEPTH       0

DEGREE DAYS
 HEATING
  YESTERDAY       34                        29      5       30
  MONTH TO DATE  460                       479    -19      494
  SINCE DEC 1    460                       479    -19      494
  SINCE JUL 1   1539                      1366    173     1445

 COOLING
  YESTERDAY        0                         0      0        0
  MONTH TO DATE    0                         0      0        0
  SINCE DEC 1      0                         0      0        0
  SINCE JAN 1    971                      1134   -163     1215
..................................................................


WIND (MPH)
  HIGHEST WIND SPEED     9   HIGHEST WIND DIRECTION     N (350)
  HIGHEST GUST SPEED    13   HIGHEST GUST DIRECTION    NW (330)
  AVERAGE WIND SPEED     3.3


SKY COVER
  POSSIBLE SUNSHINE  MM


WEATHER CONDITIONS
 THE FOLLOWING WEATHER WAS RECORDED YESTERDAY.
  NO SIGNIFICANT WEATHER WAS OBSERVED.


RELATIVE HUMIDITY (PERCENT)
 HIGHEST    75           600 AM
 LOWEST     63           200 PM
 AVERAGE    69

..........................................................


THE HUNTINGTON WV CLIMATE NORMALS FOR TODAY
                         NORMAL    RECORD    YEAR
 MAXIMUM TEMPERATURE (F)   44        70      1924
 MINIMUM TEMPERATURE (F)   28         0      1963


SUNRISE AND SUNSET
DECEMBER 19 2014......SUNRISE   742 AM EST   SUNSET   512 PM EST
DECEMBER 20 2014......SUNRISE   743 AM EST   SUNSET   513 PM EST


-  INDICATES NEGATIVE NUMBERS.
R  INDICATES RECORD WAS SET OR TIED.
MM INDICATES DATA IS MISSING.
T  INDICATES TRACE AMOUNT.




$$
