000
CDUS41 KRLX 272118
CLIHTS


CLIMATE REPORT
NATIONAL WEATHER SERVICE CHARLESTON WV
517 PM EDT TUE SEP 27 2016


...................................

...THE HUNTINGTON WV CLIMATE SUMMARY FOR SEPTEMBER 27 2016...
VALID TODAY AS OF 0500 PM LOCAL TIME.

CLIMATE NORMAL PERIOD 1981 TO 2010
CLIMATE RECORD PERIOD 1897 TO 2016


WEATHER ITEM   OBSERVED TIME   RECORD YEAR NORMAL DEPARTURE LAST
                VALUE   (LST)  VALUE       VALUE  FROM      YEAR
                                                  NORMAL
..................................................................
TEMPERATURE (F)
 TODAY
  MAXIMUM         78    318 PM  94    1908  74      4       73
  MINIMUM         49    600 AM  32    1918  52     -3       60
  AVERAGE         64                        63      1       67

PRECIPITATION (IN)
  TODAY            0.00          1.45 1976   0.09  -0.09     0.04
  MONTH TO DATE    0.34                      2.52  -2.18     3.94
  SINCE SEP 1      0.34                      2.52  -2.18     3.94
  SINCE JAN 1     36.43                     32.77   3.66    38.74

DEGREE DAYS
 HEATING
  TODAY            1                         4     -3        0
  MONTH TO DATE    1                        41    -40       23
  SINCE SEP 1      1                        41    -40       23
  SINCE JUL 1      1                        43    -42       23

 COOLING
  TODAY            0                         2     -2        2
  MONTH TO DATE  275                       127    148      150
  SINCE SEP 1    275                       127    148      150
  SINCE JAN 1   1525                      1104    421     1118
..................................................................


WIND (MPH)
  HIGHEST WIND SPEED    14   HIGHEST WIND DIRECTION    SW (240)
  HIGHEST GUST SPEED    19   HIGHEST GUST DIRECTION     W (250)
  AVERAGE WIND SPEED     5.1


SKY COVER
  POSSIBLE SUNSHINE  MM
  AVERAGE SKY COVER 0.2


WEATHER CONDITIONS
 THE FOLLOWING WEATHER WAS RECORDED TODAY.
  FOG
  FOG W/VISIBILITY <= 1/4 MILE


RELATIVE HUMIDITY (PERCENT)
 HIGHEST    96           300 AM
 LOWEST     25           200 PM
 AVERAGE    61

..........................................................


THE HUNTINGTON WV CLIMATE NORMALS FOR TOMORROW
                         NORMAL    RECORD    YEAR
 MAXIMUM TEMPERATURE (F)   74        94      1929
 MINIMUM TEMPERATURE (F)   51        31      1947


SUNRISE AND SUNSET
SEPTEMBER 27 2016.....SUNRISE   723 AM EDT   SUNSET   719 PM EDT
SEPTEMBER 28 2016.....SUNRISE   724 AM EDT   SUNSET   717 PM EDT


-  INDICATES NEGATIVE NUMBERS.
R  INDICATES RECORD WAS SET OR TIED.
MM INDICATES DATA IS MISSING.
T  INDICATES TRACE AMOUNT.




$$
