000
CDUS41 KRLX 250721
CLIHTS


CLIMATE REPORT
NATIONAL WEATHER SERVICE CHARLESTON WV
321 AM EDT FRI APR 25 2014


...................................

...THE HUNTINGTON WV CLIMATE SUMMARY FOR APRIL 24 2014...

CLIMATE NORMAL PERIOD 1981 TO 2010
CLIMATE RECORD PERIOD 1897 TO 2014


WEATHER ITEM   OBSERVED TIME   RECORD YEAR NORMAL DEPARTURE LAST
                VALUE   (LST)  VALUE       VALUE  FROM      YEAR
                                                  NORMAL
..................................................................
TEMPERATURE (F)
 YESTERDAY
  MAXIMUM         68    424 PM  91    1921  71     -3       70
  MINIMUM         42    533 AM  29    1986  47     -5       42
  AVERAGE         55                        59     -4       56

PRECIPITATION (IN)
  YESTERDAY        0.00          1.42 1975   0.12  -0.12     0.11
  MONTH TO DATE    1.34                      2.70  -1.36     2.18
  SINCE JAN 1     11.81                     12.64  -0.83    11.75

SNOWFALL (IN)
  YESTERDAY        0.0
  MONTH TO DATE    T
  SINCE SEP 1     36.8
  SNOW DEPTH       0

DEGREE DAYS
 HEATING
  YESTERDAY       10                         7      3        9
  MONTH TO DATE  187                       252    -65      209
  SINCE MAR 1    927                       848     79      970
  SINCE JUL 1   4688                      4349    339     4385

 COOLING
  YESTERDAY        0                         1     -1        0
  MONTH TO DATE   14                        23     -9       43
  SINCE MAR 1     14                        28    -14       43
  SINCE JAN 1     14                        28    -14       43
..................................................................


WIND (MPH)
  HIGHEST WIND SPEED    13   HIGHEST WIND DIRECTION     E (70)
  HIGHEST GUST SPEED    17   HIGHEST GUST DIRECTION     E (90)
  AVERAGE WIND SPEED     6.1


SKY COVER
  POSSIBLE SUNSHINE  MM


WEATHER CONDITIONS
 THE FOLLOWING WEATHER WAS RECORDED YESTERDAY.
  NO SIGNIFICANT WEATHER WAS OBSERVED.


RELATIVE HUMIDITY (PERCENT)
 HIGHEST    67           500 AM
 LOWEST     17           300 PM
 AVERAGE    42

..........................................................


THE HUNTINGTON WV CLIMATE NORMALS FOR TODAY
                         NORMAL    RECORD    YEAR
 MAXIMUM TEMPERATURE (F)   71        91      1960
 MINIMUM TEMPERATURE (F)   47        28      1967


SUNRISE AND SUNSET
APRIL 25 2014.........SUNRISE   641 AM EDT   SUNSET   816 PM EDT
APRIL 26 2014.........SUNRISE   640 AM EDT   SUNSET   817 PM EDT


-  INDICATES NEGATIVE NUMBERS.
R  INDICATES RECORD WAS SET OR TIED.
MM INDICATES DATA IS MISSING.
T  INDICATES TRACE AMOUNT.




$$
