000
CDUS41 KRLX 270824
CLIHTS


CLIMATE REPORT
NATIONAL WEATHER SERVICE CHARLESTON WV
322 AM EST THU NOV 27 2014


...................................

...THE HUNTINGTON WV CLIMATE SUMMARY FOR NOVEMBER 26 2014...

CLIMATE NORMAL PERIOD 1981 TO 2010
CLIMATE RECORD PERIOD 1897 TO 2014


WEATHER ITEM   OBSERVED TIME   RECORD YEAR NORMAL DEPARTURE LAST
                VALUE   (LST)  VALUE       VALUE  FROM      YEAR
                                                  NORMAL
..................................................................
TEMPERATURE (F)
 YESTERDAY
  MAXIMUM         46    334 PM  75    1908  52     -6       37
  MINIMUM         34    829 AM  13    1903  34      0       32
  AVERAGE         40                        43     -3       35

PRECIPITATION (IN)
  YESTERDAY        0.00          1.90 1919   0.12  -0.12     0.89
  MONTH TO DATE    2.08                      2.97  -0.89     3.02
  SINCE JAN 1     44.97                     38.81   6.16    39.26

SNOWFALL (IN)
  YESTERDAY        0.0
  MONTH TO DATE    T
  SINCE SEP 1      T
  SNOW DEPTH       0

DEGREE DAYS
 HEATING
  YESTERDAY       25                        22      3       30
  MONTH TO DATE  625                       457    168      511
  SINCE SEP 1    982                       794    188      810
  SINCE JUL 1    985                       796    189      814

 COOLING
  YESTERDAY        0                         0      0        0
  MONTH TO DATE    0                         0      0        1
  SINCE SEP 1    130                       155    -25      183
  SINCE JAN 1    971                      1132   -161     1215
..................................................................


WIND (MPH)
  HIGHEST WIND SPEED    10   HIGHEST WIND DIRECTION    NE (50)
  HIGHEST GUST SPEED    13   HIGHEST GUST DIRECTION     N (360)
  AVERAGE WIND SPEED     3.8


SKY COVER
  POSSIBLE SUNSHINE  MM


WEATHER CONDITIONS
 THE FOLLOWING WEATHER WAS RECORDED YESTERDAY.
  NO SIGNIFICANT WEATHER WAS OBSERVED.


RELATIVE HUMIDITY (PERCENT)
 HIGHEST    92          1000 PM
 LOWEST     58           200 PM
 AVERAGE    75

..........................................................


THE HUNTINGTON WV CLIMATE NORMALS FOR TODAY
                         NORMAL    RECORD    YEAR
 MAXIMUM TEMPERATURE (F)   52        81      1990
 MINIMUM TEMPERATURE (F)   34         8      1930


SUNRISE AND SUNSET
NOVEMBER 27 2014......SUNRISE   724 AM EST   SUNSET   511 PM EST
NOVEMBER 28 2014......SUNRISE   725 AM EST   SUNSET   511 PM EST


-  INDICATES NEGATIVE NUMBERS.
R  INDICATES RECORD WAS SET OR TIED.
MM INDICATES DATA IS MISSING.
T  INDICATES TRACE AMOUNT.




$$
