000
CDUS41 KRLX 102227
CLIHTS


CLIMATE REPORT
NATIONAL WEATHER SERVICE CHARLESTON WV
525 PM EST SUN DEC 10 2017


...................................

...THE HUNTINGTON WV CLIMATE SUMMARY FOR DECEMBER 10 2017...
VALID TODAY AS OF 0500 PM LOCAL TIME.

CLIMATE NORMAL PERIOD 1981 TO 2010
CLIMATE RECORD PERIOD 1897 TO 2017


WEATHER ITEM   OBSERVED TIME   RECORD YEAR NORMAL DEPARTURE LAST
                VALUE   (LST)  VALUE       VALUE  FROM      YEAR
                                                  NORMAL
..................................................................
TEMPERATURE (F)
 TODAY
  MAXIMUM         37    359 PM  76    1971  47    -10       32
  MINIMUM         28    805 AM   0    1917  30     -2       23
  AVERAGE         33                        38     -5       28

PRECIPITATION (IN)
  TODAY            T             1.26 1952   0.11  -0.11     0.00
  MONTH TO DATE    0.58                      1.11  -0.53     0.58
  SINCE DEC 1      0.58                      1.11  -0.53     0.58
  SINCE JAN 1     43.73                     40.39   3.34    42.87

DEGREE DAYS
 HEATING
  TODAY           32                        27      5       37
  MONTH TO DATE  262                       255      7      273
  SINCE DEC 1    262                       255      7      273
  SINCE JUL 1   1034                      1142   -108      871

 COOLING
  TODAY            0                         0      0        0
  MONTH TO DATE    0                         0      0        0
  SINCE DEC 1      0                         0      0        0
  SINCE JAN 1   1191                      1134     57     1589
..................................................................


WIND (MPH)
  HIGHEST WIND SPEED    16   HIGHEST WIND DIRECTION     W (260)
  HIGHEST GUST SPEED    25   HIGHEST GUST DIRECTION     W (270)
  AVERAGE WIND SPEED     9.7


SKY COVER
  POSSIBLE SUNSHINE  MM
  AVERAGE SKY COVER 0.9


WEATHER CONDITIONS
 THE FOLLOWING WEATHER WAS RECORDED TODAY.
  LIGHT SNOW


RELATIVE HUMIDITY (PERCENT)
 HIGHEST    78          1200 AM
 LOWEST     37           400 PM
 AVERAGE    58

..........................................................


THE HUNTINGTON WV CLIMATE NORMALS FOR TOMORROW
                         NORMAL    RECORD    YEAR
 MAXIMUM TEMPERATURE (F)   46        73      2007
 MINIMUM TEMPERATURE (F)   30        -1      1917


SUNRISE AND SUNSET
DECEMBER 10 2017......SUNRISE   736 AM EST   SUNSET   510 PM EST
DECEMBER 11 2017......SUNRISE   737 AM EST   SUNSET   510 PM EST


-  INDICATES NEGATIVE NUMBERS.
R  INDICATES RECORD WAS SET OR TIED.
MM INDICATES DATA IS MISSING.
T  INDICATES TRACE AMOUNT.




$$
