000
CDUS41 KRLX 012217
CLIHTS


CLIMATE REPORT
NATIONAL WEATHER SERVICE CHARLESTON WV
516 PM EST SUN MAR 1 2015


...................................

...THE HUNTINGTON WV CLIMATE SUMMARY FOR MARCH 1 2015...
VALID TODAY AS OF 0500 PM LOCAL TIME.

CLIMATE NORMAL PERIOD 1981 TO 2010
CLIMATE RECORD PERIOD 1897 TO 2015


WEATHER ITEM   OBSERVED TIME   RECORD YEAR NORMAL DEPARTURE LAST
                VALUE   (LST)  VALUE       VALUE  FROM      YEAR
                                                  NORMAL
..................................................................
TEMPERATURE (F)
 TODAY
  MAXIMUM         38    359 PM  75    1976  51    -13       52
  MINIMUM         29    832 AM   0    2014  31     -2       22
  AVERAGE         34                        41     -7       37

PRECIPITATION (IN)
  TODAY            0.37          3.17 1997   0.12   0.25     0.00
  MONTH TO DATE    0.37                      0.12   0.25     0.00
  SINCE MAR 1      0.37                      0.12   0.25     0.00
  SINCE JAN 1      5.81                      6.16  -0.35     7.36

DEGREE DAYS
 HEATING
  TODAY           31                        24      7       28
  MONTH TO DATE   31                        24      7       28
  SINCE MAR 1     31                        24      7       28
  SINCE JUL 1   4047                      3525    522     3789

 COOLING
  TODAY            0                         0      0        0
  MONTH TO DATE    0                         0      0        0
  SINCE MAR 1      0                         0      0        0
  SINCE JAN 1      0                         0      0        0
..................................................................


WIND (MPH)
  HIGHEST WIND SPEED     8   HIGHEST WIND DIRECTION     S (190)
  HIGHEST GUST SPEED    12   HIGHEST GUST DIRECTION     S (190)
  AVERAGE WIND SPEED     2.3


SKY COVER
  POSSIBLE SUNSHINE  MM
  AVERAGE SKY COVER 1.0


WEATHER CONDITIONS
 THE FOLLOWING WEATHER WAS RECORDED TODAY.
  RAIN
  LIGHT RAIN
  FREEZING RAIN
  LT FREEZING RAIN
  FOG


RELATIVE HUMIDITY (PERCENT)
 HIGHEST   100          1000 AM
 LOWEST     49           200 AM
 AVERAGE    75

..........................................................


THE HUNTINGTON WV CLIMATE NORMALS FOR TOMORROW
                         NORMAL    RECORD    YEAR
 MAXIMUM TEMPERATURE (F)   51        79      1991
 MINIMUM TEMPERATURE (F)   31         5      1980


SUNRISE AND SUNSET
MARCH  1 2015.........SUNRISE   703 AM EST   SUNSET   623 PM EST
MARCH  2 2015.........SUNRISE   701 AM EST   SUNSET   624 PM EST


-  INDICATES NEGATIVE NUMBERS.
R  INDICATES RECORD WAS SET OR TIED.
MM INDICATES DATA IS MISSING.
T  INDICATES TRACE AMOUNT.




$$
