000
CDUS41 KRLX 220717
CLIHTS


CLIMATE REPORT
NATIONAL WEATHER SERVICE CHARLESTON WV
316 AM EDT MON SEP 22 2014


...................................

...THE HUNTINGTON WV CLIMATE SUMMARY FOR SEPTEMBER 21 2014...

CLIMATE NORMAL PERIOD 1981 TO 2010
CLIMATE RECORD PERIOD 1897 TO 2014


WEATHER ITEM   OBSERVED TIME   RECORD YEAR NORMAL DEPARTURE LAST
                VALUE   (LST)  VALUE       VALUE  FROM      YEAR
                                                  NORMAL
..................................................................
TEMPERATURE (F)
 YESTERDAY
  MAXIMUM         79    113 PM  96    1940  77      2       70
                                      1931
  MINIMUM         58   1159 PM  36    1962  54      4       57
                                      1956
  AVERAGE         69                        66      3       64

PRECIPITATION (IN)
  YESTERDAY        0.04          2.16 1950   0.09  -0.05     0.94
  MONTH TO DATE    3.26                      2.00   1.26     1.70
  SINCE JAN 1     37.60                     32.25   5.35    34.12

SNOWFALL (IN)
  YESTERDAY        0.0
  MONTH TO DATE    0.0
  SINCE SEP 1      0.0
  SNOW DEPTH       0

DEGREE DAYS
 HEATING
  YESTERDAY        0                         3     -3        1
  MONTH TO DATE   35                        20     15       17
  SINCE SEP 1     35                        20     15       17
  SINCE JUL 1     38                        22     16       21

 COOLING
  YESTERDAY        4                         3      1        0
  MONTH TO DATE  108                       112     -4      126
  SINCE SEP 1    108                       112     -4      126
  SINCE JAN 1    949                      1089   -140     1158
..................................................................


WIND (MPH)
  HIGHEST WIND SPEED    17   HIGHEST WIND DIRECTION     W (290)
  HIGHEST GUST SPEED    28   HIGHEST GUST DIRECTION     W (280)
  AVERAGE WIND SPEED     8.2


SKY COVER
  POSSIBLE SUNSHINE  MM


WEATHER CONDITIONS
 THE FOLLOWING WEATHER WAS RECORDED YESTERDAY.
  LIGHT RAIN


RELATIVE HUMIDITY (PERCENT)
 HIGHEST   100          1200 AM
 LOWEST     35           600 PM
 AVERAGE    68

..........................................................


THE HUNTINGTON WV CLIMATE NORMALS FOR TODAY
                         NORMAL    RECORD    YEAR
 MAXIMUM TEMPERATURE (F)   76        96      1936
                                             1931
 MINIMUM TEMPERATURE (F)   54        38      1983


SUNRISE AND SUNSET
SEPTEMBER 22 2014.....SUNRISE   718 AM EDT   SUNSET   727 PM EDT
SEPTEMBER 23 2014.....SUNRISE   719 AM EDT   SUNSET   726 PM EDT


-  INDICATES NEGATIVE NUMBERS.
R  INDICATES RECORD WAS SET OR TIED.
MM INDICATES DATA IS MISSING.
T  INDICATES TRACE AMOUNT.




$$
