000
CDUS43 KIND 260532
CLIHUF


CLIMATE REPORT
NATIONAL WEATHER SERVICE INDIANAPOLIS IN
132 AM EDT SAT JUL 26 2014


...................................

...THE TERRE HAUTE IN CLIMATE SUMMARY FOR JULY 25 2014...

CLIMATE NORMAL PERIOD 1981 TO 2010
CLIMATE RECORD PERIOD 9999 TO 9999


WEATHER ITEM   OBSERVED TIME   NORMAL DEPARTURE LAST
                VALUE   (LST)  VALUE  FROM      YEAR
                                      NORMAL
......................................................
TEMPERATURE (F)
 YESTERDAY
  MAXIMUM         74    538 PM  85    -11       79
  MINIMUM         50    529 AM  64    -14       54
  AVERAGE         62            74    -12       67

PRECIPITATION (IN)
  YESTERDAY        T             0.14  -0.14     0.00
  MONTH TO DATE    1.89          4.03  -2.14     1.86
  SINCE JUN 1      9.81          8.47   1.34    10.65
  SINCE JAN 1     24.82         26.91  -2.09    31.68

DEGREE DAYS
 HEATING
  YESTERDAY        3             0      3        0
  MONTH TO DATE    6             0      6        0
  SINCE JUN 1      8            13     -5        7
  SINCE JUL 1      6             0      6        0

 COOLING
  YESTERDAY        0             9     -9        2
  MONTH TO DATE  137           256   -119      256
  SINCE JUN 1    424           491    -67      485
  SINCE JAN 1    551           577    -26      599
......................................................


WIND (MPH)
  HIGHEST WIND SPEED    23   HIGHEST WIND DIRECTION     S (170)
  HIGHEST GUST SPEED    29   HIGHEST GUST DIRECTION     S (180)
  AVERAGE WIND SPEED     4.7


SKY COVER
  AVERAGE SKY COVER 0.1


WEATHER CONDITIONS
 THE FOLLOWING WEATHER WAS RECORDED YESTERDAY.
  LIGHT RAIN
  FOG
  FOG W/VISIBILITY <= 1/4 MILE


RELATIVE HUMIDITY (PERCENT)
 HIGHEST    96           300 AM
 LOWEST     53          1200 PM
 AVERAGE    75

..........................................................


THE TERRE HAUTE IN CLIMATE NORMALS FOR TODAY
                         NORMAL
 MAXIMUM TEMPERATURE (F)   85
 MINIMUM TEMPERATURE (F)   64


SUNRISE AND SUNSET
JULY 26 2014..........SUNRISE   644 AM EDT   SUNSET   907 PM EDT
JULY 27 2014..........SUNRISE   644 AM EDT   SUNSET   906 PM EDT


-  INDICATES NEGATIVE NUMBERS.
R  INDICATES RECORD WAS SET OR TIED.
MM INDICATES DATA IS MISSING.
T  INDICATES TRACE AMOUNT.




$$
