000
CDUS43 KIND 230534
CLIHUF


CLIMATE REPORT
NATIONAL WEATHER SERVICE INDIANAPOLIS IN
1231 AM EST TUE JAN 23 2018


...................................

...THE TERRE HAUTE IN CLIMATE SUMMARY FOR JANUARY 22 2018...

CLIMATE NORMAL PERIOD 1981 TO 2010
CLIMATE RECORD PERIOD 9999 TO 9999


WEATHER ITEM   OBSERVED TIME   NORMAL DEPARTURE LAST
                VALUE   (LST)  VALUE  FROM      YEAR
                                      NORMAL
......................................................
TEMPERATURE (F)
 YESTERDAY
  MAXIMUM         55    533 PM  36     19       61
  MINIMUM         40   1128 PM  20     20       40
  AVERAGE         48            28     20       51

PRECIPITATION (IN)
  YESTERDAY        0.33          0.05   0.28     0.00
  MONTH TO DATE    0.91          1.88  -0.97     3.48
  SINCE DEC 1      1.88          4.93  -3.05     5.12
  SINCE JAN 1      0.91          1.88  -0.97     3.48

DEGREE DAYS
 HEATING
  YESTERDAY       17            37    -20       14
  MONTH TO DATE  982           814    168      651
  SINCE DEC 1   2031          1847    184     1721
  SINCE JUL 1   2968          2925     43     2447

 COOLING
  YESTERDAY        0             0      0        0
  MONTH TO DATE    0             0      0        0
  SINCE DEC 1      0             0      0        0
  SINCE JAN 1      0             0      0        0
......................................................


WIND (MPH)
  HIGHEST WIND SPEED    28   HIGHEST WIND DIRECTION     W (260)
  HIGHEST GUST SPEED    38   HIGHEST GUST DIRECTION     W (250)
  AVERAGE WIND SPEED    12.8


SKY COVER
  AVERAGE SKY COVER 0.7


WEATHER CONDITIONS
 THE FOLLOWING WEATHER WAS RECORDED YESTERDAY.
  THUNDERSTORM
  HEAVY RAIN
  RAIN
  LIGHT RAIN
  FOG


RELATIVE HUMIDITY (PERCENT)
 HIGHEST    93          1200 AM
 LOWEST     70           900 PM
 AVERAGE    82

..........................................................


THE TERRE HAUTE IN CLIMATE NORMALS FOR TODAY
                         NORMAL
 MAXIMUM TEMPERATURE (F)   36
 MINIMUM TEMPERATURE (F)   20


SUNRISE AND SUNSET
JANUARY 23 2018.......SUNRISE   804 AM EST   SUNSET   559 PM EST
JANUARY 24 2018.......SUNRISE   803 AM EST   SUNSET   600 PM EST


-  INDICATES NEGATIVE NUMBERS.
R  INDICATES RECORD WAS SET OR TIED.
MM INDICATES DATA IS MISSING.
T  INDICATES TRACE AMOUNT.




$$
