000
CDUS43 KIND 010533
CLIHUF


CLIMATE REPORT
NATIONAL WEATHER SERVICE INDIANAPOLIS IN
131 AM EDT SAT NOV 1 2014


...................................

...THE TERRE HAUTE IN CLIMATE SUMMARY FOR OCTOBER 31 2014...

CLIMATE NORMAL PERIOD 1981 TO 2010
CLIMATE RECORD PERIOD 9999 TO 9999


WEATHER ITEM   OBSERVED TIME   NORMAL DEPARTURE LAST
                VALUE   (LST)  VALUE  FROM      YEAR
                                      NORMAL
......................................................
TEMPERATURE (F)
 YESTERDAY
  MAXIMUM         47    130 AM  60    -13       66
  MINIMUM         35   1101 PM  39     -4       52
  AVERAGE         41            49     -8       59

PRECIPITATION (IN)
  YESTERDAY        0.03          0.10  -0.07     2.42
  MONTH TO DATE    7.25          3.57   3.68     4.33
  SINCE SEP 1     10.24          6.99   3.25     5.53
  SINCE JAN 1     38.37         38.27   0.10    38.56

DEGREE DAYS
 HEATING
  YESTERDAY       24            16      8        6
  MONTH TO DATE  338           349    -11      346
  SINCE SEP 1    432           422     10      399
  SINCE JUL 1    443           427     16      409

 COOLING
  YESTERDAY        0             0      0        0
  MONTH TO DATE   12            15     -3       33
  SINCE SEP 1     88           114    -26      181
  SINCE JAN 1    939           993    -54     1056
......................................................


WIND (MPH)
  HIGHEST WIND SPEED    32   HIGHEST WIND DIRECTION     N (350)
  HIGHEST GUST SPEED    43   HIGHEST GUST DIRECTION     N (340)
  AVERAGE WIND SPEED    13.3


SKY COVER
  AVERAGE SKY COVER 0.9


WEATHER CONDITIONS
 THE FOLLOWING WEATHER WAS RECORDED YESTERDAY.
  LIGHT RAIN
  LIGHT SNOW
  FOG


RELATIVE HUMIDITY (PERCENT)
 HIGHEST    96           300 AM
 LOWEST     59           600 PM
 AVERAGE    78

..........................................................


THE TERRE HAUTE IN CLIMATE NORMALS FOR TODAY
                         NORMAL
 MAXIMUM TEMPERATURE (F)   60
 MINIMUM TEMPERATURE (F)   39


SUNRISE AND SUNSET
NOVEMBER  1 2014......SUNRISE   817 AM EDT   SUNSET   648 PM EDT
NOVEMBER  2 2014......SUNRISE   718 AM EST   SUNSET   547 PM EST


-  INDICATES NEGATIVE NUMBERS.
R  INDICATES RECORD WAS SET OR TIED.
MM INDICATES DATA IS MISSING.
T  INDICATES TRACE AMOUNT.




$$
