000
CDUS43 KIND 030534
CLIHUF


CLIMATE REPORT
NATIONAL WEATHER SERVICE INDIANAPOLIS IN
1233 AM EST TUE MAR 3 2015


...................................

...THE TERRE HAUTE IN CLIMATE SUMMARY FOR MARCH 2 2015...

CLIMATE NORMAL PERIOD 1981 TO 2010
CLIMATE RECORD PERIOD 9999 TO 9999


WEATHER ITEM   OBSERVED TIME   NORMAL DEPARTURE LAST
                VALUE   (LST)  VALUE  FROM      YEAR
                                      NORMAL
......................................................
TEMPERATURE (F)
 YESTERDAY
  MAXIMUM         35    332 PM  47    -12       27
  MINIMUM          9    824 AM  28    -19       11
  AVERAGE         22            37    -15       19

PRECIPITATION (IN)
  YESTERDAY        0.00          0.08  -0.08     0.23
  MONTH TO DATE    0.40          0.15   0.25     0.23
  SINCE MAR 1      0.40          0.15   0.25     0.23
  SINCE JAN 1      3.30          4.44  -1.14     4.26

DEGREE DAYS
 HEATING
  YESTERDAY       43            28     15       46
  MONTH TO DATE   81            56     25       73
  SINCE MAR 1     81            56     25       73
  SINCE JUL 1   4715          4219    496     4808

 COOLING
  YESTERDAY        0             0      0        0
  MONTH TO DATE    0             0      0        0
  SINCE MAR 1      0             0      0        0
  SINCE JAN 1      0             0      0        0
......................................................


WIND (MPH)
  HIGHEST WIND SPEED    10   HIGHEST WIND DIRECTION    NW (310)
  HIGHEST GUST SPEED    15   HIGHEST GUST DIRECTION    NW (310)
  AVERAGE WIND SPEED     3.2


SKY COVER
  AVERAGE SKY COVER 0.0


WEATHER CONDITIONS
 THE FOLLOWING WEATHER WAS RECORDED YESTERDAY.
  FOG


RELATIVE HUMIDITY (PERCENT)
 HIGHEST    84           800 AM
 LOWEST     47           300 PM
 AVERAGE    66

..........................................................


THE TERRE HAUTE IN CLIMATE NORMALS FOR TODAY
                         NORMAL
 MAXIMUM TEMPERATURE (F)   48
 MINIMUM TEMPERATURE (F)   28


SUNRISE AND SUNSET
MARCH  3 2015.........SUNRISE   719 AM EST   SUNSET   643 PM EST
MARCH  4 2015.........SUNRISE   718 AM EST   SUNSET   644 PM EST


-  INDICATES NEGATIVE NUMBERS.
R  INDICATES RECORD WAS SET OR TIED.
MM INDICATES DATA IS MISSING.
T  INDICATES TRACE AMOUNT.




$$
