000
CDUS43 KIND 220531
CLIHUF


CLIMATE REPORT
NATIONAL WEATHER SERVICE INDIANAPOLIS IN
131 AM EDT SAT JUL 22 2017


...................................

...THE TERRE HAUTE IN CLIMATE SUMMARY FOR JULY 21 2017...

CLIMATE NORMAL PERIOD 1981 TO 2010
CLIMATE RECORD PERIOD 9999 TO 9999


WEATHER ITEM   OBSERVED TIME   NORMAL DEPARTURE LAST
                VALUE   (LST)  VALUE  FROM      YEAR
                                      NORMAL
......................................................
TEMPERATURE (F)
 YESTERDAY
  MAXIMUM         94    307 PM  86      8       91
  MINIMUM         76    647 AM  64     12       71
  AVERAGE         85            75     10       81

PRECIPITATION (IN)
  YESTERDAY        0.05          0.18  -0.13     0.00
  MONTH TO DATE    3.26          3.38  -0.12     5.99
  SINCE JUN 1      9.14          7.82   1.32    10.48
  SINCE JAN 1     32.06         26.26   5.80    24.26

DEGREE DAYS
 HEATING
  YESTERDAY        0             0      0        0
  MONTH TO DATE    0             0      0        4
  SINCE JUN 1      6            13     -7        5
  SINCE JUL 1      0             0      0        4

 COOLING
  YESTERDAY       20            10     10       16
  MONTH TO DATE  254           217     37      215
  SINCE JUN 1    498           452     46      533
  SINCE JAN 1    614           538     76      621
......................................................


WIND (MPH)
  HIGHEST WIND SPEED    15   HIGHEST WIND DIRECTION    SW (230)
  HIGHEST GUST SPEED    20   HIGHEST GUST DIRECTION    SW (240)
  AVERAGE WIND SPEED     5.6


SKY COVER
  AVERAGE SKY COVER 0.2


WEATHER CONDITIONS
 THE FOLLOWING WEATHER WAS RECORDED YESTERDAY.
  THUNDERSTORM
  LIGHT RAIN


RELATIVE HUMIDITY (PERCENT)
 HIGHEST    94          1000 PM
 LOWEST     56           200 PM
 AVERAGE    75

..........................................................


THE TERRE HAUTE IN CLIMATE NORMALS FOR TODAY
                         NORMAL
 MAXIMUM TEMPERATURE (F)   85
 MINIMUM TEMPERATURE (F)   64


SUNRISE AND SUNSET
JULY 22 2017..........SUNRISE   640 AM EDT   SUNSET   910 PM EDT
JULY 23 2017..........SUNRISE   641 AM EDT   SUNSET   910 PM EDT


-  INDICATES NEGATIVE NUMBERS.
R  INDICATES RECORD WAS SET OR TIED.
MM INDICATES DATA IS MISSING.
T  INDICATES TRACE AMOUNT.




$$
