000
CDUS43 KIND 260535
CLIHUF


CLIMATE REPORT
NATIONAL WEATHER SERVICE INDIANAPOLIS IN
135 AM EDT WED APR 26 2017


...................................

...THE TERRE HAUTE IN CLIMATE SUMMARY FOR APRIL 25 2017...

CLIMATE NORMAL PERIOD 1981 TO 2010
CLIMATE RECORD PERIOD 9999 TO 9999


WEATHER ITEM   OBSERVED TIME   NORMAL DEPARTURE LAST
                VALUE   (LST)  VALUE  FROM      YEAR
                                      NORMAL
......................................................
TEMPERATURE (F)
 YESTERDAY
  MAXIMUM         78    420 PM  67     11       80
  MINIMUM         48    545 AM  45      3       53
  AVERAGE         63            56      7       67

PRECIPITATION (IN)
  YESTERDAY        0.00          0.18  -0.18     0.00
  MONTH TO DATE    2.66          3.00  -0.34     2.75
  SINCE MAR 1      6.23          6.37  -0.14     6.75
  SINCE JAN 1     10.57         10.66  -0.09     9.20

DEGREE DAYS
 HEATING
  YESTERDAY        2             9     -7        0
  MONTH TO DATE  189           324   -135      306
  SINCE MAR 1    760          1015   -255      794
  SINCE JUL 1   4095          5178  -1083     4256

 COOLING
  YESTERDAY        0             1     -1        2
  MONTH TO DATE   19            11      8        4
  SINCE MAR 1     21            12      9        4
  SINCE JAN 1     21            12      9        4
......................................................


WIND (MPH)
  HIGHEST WIND SPEED    21   HIGHEST WIND DIRECTION     S (180)
  HIGHEST GUST SPEED    26   HIGHEST GUST DIRECTION    SE (150)
  AVERAGE WIND SPEED     8.5


SKY COVER
  AVERAGE SKY COVER 0.0


WEATHER CONDITIONS
 THE FOLLOWING WEATHER WAS RECORDED YESTERDAY.
  NO SIGNIFICANT WEATHER WAS OBSERVED.


RELATIVE HUMIDITY (PERCENT)
 HIGHEST    89           500 AM
 LOWEST     43           300 PM
 AVERAGE    66

..........................................................


THE TERRE HAUTE IN CLIMATE NORMALS FOR TODAY
                         NORMAL
 MAXIMUM TEMPERATURE (F)   68
 MINIMUM TEMPERATURE (F)   46


SUNRISE AND SUNSET
APRIL 26 2017.........SUNRISE   656 AM EDT   SUNSET   838 PM EDT
APRIL 27 2017.........SUNRISE   655 AM EDT   SUNSET   839 PM EDT


-  INDICATES NEGATIVE NUMBERS.
R  INDICATES RECORD WAS SET OR TIED.
MM INDICATES DATA IS MISSING.
T  INDICATES TRACE AMOUNT.




$$
