000
CDUS43 KIND 220547
CLIHUF


CLIMATE REPORT
NATIONAL WEATHER SERVICE INDIANAPOLIS IN
1246 AM EST WED FEB 22 2017


...................................

...THE TERRE HAUTE IN CLIMATE SUMMARY FOR FEBRUARY 21 2017...

CLIMATE NORMAL PERIOD 1981 TO 2010
CLIMATE RECORD PERIOD 9999 TO 9999


WEATHER ITEM   OBSERVED TIME   NORMAL DEPARTURE LAST
                VALUE   (LST)  VALUE  FROM      YEAR
                                      NORMAL
......................................................
TEMPERATURE (F)
 YESTERDAY
  MAXIMUM         64    441 PM  43     21       58
  MINIMUM         48    439 AM  25     23       36
  AVERAGE         56            34     22       47

PRECIPITATION (IN)
  YESTERDAY        T             0.06  -0.06     0.06
  MONTH TO DATE    0.18          1.49  -1.31     0.46
  SINCE DEC 1      5.30          6.90  -1.60     7.63
  SINCE JAN 1      3.66          3.85  -0.19     1.14

DEGREE DAYS
 HEATING
  YESTERDAY        9            31    -22       18
  MONTH TO DATE  511           707   -196      674
  SINCE DEC 1   2501          2879   -378     2440
  SINCE JUL 1   3227          3957   -730     3268

 COOLING
  YESTERDAY        0             0      0        0
  MONTH TO DATE    0             0      0        0
  SINCE DEC 1      0             0      0        0
  SINCE JAN 1      0             0      0        0
......................................................


WIND (MPH)
  HIGHEST WIND SPEED    14   HIGHEST WIND DIRECTION     S (160)
  HIGHEST GUST SPEED    15   HIGHEST GUST DIRECTION     S (160)
  AVERAGE WIND SPEED     3.9


SKY COVER
  AVERAGE SKY COVER 0.6


WEATHER CONDITIONS
 THE FOLLOWING WEATHER WAS RECORDED YESTERDAY.
  LIGHT RAIN
  FOG


RELATIVE HUMIDITY (PERCENT)
 HIGHEST    89          1100 PM
 LOWEST     56           400 PM
 AVERAGE    73

..........................................................


THE TERRE HAUTE IN CLIMATE NORMALS FOR TODAY
                         NORMAL
 MAXIMUM TEMPERATURE (F)   44
 MINIMUM TEMPERATURE (F)   25


SUNRISE AND SUNSET
FEBRUARY 22 2017......SUNRISE   732 AM EST   SUNSET   634 PM EST
FEBRUARY 23 2017......SUNRISE   730 AM EST   SUNSET   635 PM EST


-  INDICATES NEGATIVE NUMBERS.
R  INDICATES RECORD WAS SET OR TIED.
MM INDICATES DATA IS MISSING.
T  INDICATES TRACE AMOUNT.




$$
