000
CDUS43 KIND 290533
CLIHUF


CLIMATE REPORT
NATIONAL WEATHER SERVICE INDIANAPOLIS IN
132 AM EDT SUN MAR 29 2015


...................................

...THE TERRE HAUTE IN CLIMATE SUMMARY FOR MARCH 28 2015...

CLIMATE NORMAL PERIOD 1981 TO 2010
CLIMATE RECORD PERIOD 9999 TO 9999


WEATHER ITEM   OBSERVED TIME   NORMAL DEPARTURE LAST
                VALUE   (LST)  VALUE  FROM      YEAR
                                      NORMAL
......................................................
TEMPERATURE (F)
 YESTERDAY
  MAXIMUM         41    602 PM  58    -17       53
  MINIMUM         20    659 AM  36    -16       42
  AVERAGE         31            47    -16       48

PRECIPITATION (IN)
  YESTERDAY        0.00          0.12  -0.12     0.21
  MONTH TO DATE    3.38          2.99   0.39     1.39
  SINCE MAR 1      3.38          2.99   0.39     1.39
  SINCE JAN 1      6.28          7.28  -1.00     5.42

DEGREE DAYS
 HEATING
  YESTERDAY       34            18     16       17
  MONTH TO DATE  751           639    112      796
  SINCE MAR 1    751           639    112      796
  SINCE JUL 1   5385          4802    583     5531

 COOLING
  YESTERDAY        0             0      0        0
  MONTH TO DATE    0             0      0        0
  SINCE MAR 1      0             0      0        0
  SINCE JAN 1      0             0      0        0
......................................................


WIND (MPH)
  HIGHEST WIND SPEED    10   HIGHEST WIND DIRECTION    NE (30)
  HIGHEST GUST SPEED    14   HIGHEST GUST DIRECTION     N (10)
  AVERAGE WIND SPEED     3.7


SKY COVER
  AVERAGE SKY COVER 0.0


WEATHER CONDITIONS
 THE FOLLOWING WEATHER WAS RECORDED YESTERDAY.
  NO SIGNIFICANT WEATHER WAS OBSERVED.


RELATIVE HUMIDITY (PERCENT)
 HIGHEST    77           600 AM
 LOWEST     27           600 PM
 AVERAGE    52

..........................................................


THE TERRE HAUTE IN CLIMATE NORMALS FOR TODAY
                         NORMAL
 MAXIMUM TEMPERATURE (F)   59
 MINIMUM TEMPERATURE (F)   37


SUNRISE AND SUNSET
MARCH 29 2015.........SUNRISE   739 AM EDT   SUNSET   810 PM EDT
MARCH 30 2015.........SUNRISE   737 AM EDT   SUNSET   811 PM EDT


-  INDICATES NEGATIVE NUMBERS.
R  INDICATES RECORD WAS SET OR TIED.
MM INDICATES DATA IS MISSING.
T  INDICATES TRACE AMOUNT.




$$
