000
CDUS41 KCAR 160527
CLIHUL


CLIMATE REPORT
NATIONAL WEATHER SERVICE CARIBOU, ME
127 AM EDT TUE SEP 16 2014


...................................

...THE HOULTON ME CLIMATE SUMMARY FOR SEPTEMBER 15 2014...

CLIMATE NORMAL PERIOD 1981 TO 2010
CLIMATE RECORD PERIOD 1948 TO 2014


WEATHER ITEM   OBSERVED TIME   RECORD YEAR NORMAL DEPARTURE LAST
                VALUE   (LST)  VALUE       VALUE  FROM      YEAR
                                                  NORMAL
..................................................................
TEMPERATURE (F)
 YESTERDAY
  MAXIMUM         60    413 PM  87    1947  67     -7       67
  MINIMUM         35   1209 AM  27    1959  44     -9       44
  AVERAGE         48                        55     -7       56

PRECIPITATION (IN)
  YESTERDAY        0.00          2.12 1949   0.11  -0.11     0.00
  MONTH TO DATE    1.25                      1.61  -0.36     4.80
  SINCE SEP 1      1.25                      1.61  -0.36     4.80
  SINCE JAN 1     28.91                     27.23   1.68    32.33

SNOWFALL (IN)
  YESTERDAY       MM             0.0  2003   0.0   MM       MM
  MONTH TO DATE   MM                         0.0   MM       MM
  SINCE SEP 1     MM                         0.0   MM       MM
  SINCE JUL 1     MM                         0.0   MM       MM
  SNOW DEPTH      MM

DEGREE DAYS
 HEATING
  YESTERDAY       17                        10      7        9
  MONTH TO DATE  120                       116      4      101
  SINCE SEP 1    120                       116      4      101
  SINCE JUL 1    205                       272    -67      234

 COOLING
  YESTERDAY        0                         0      0        0
  MONTH TO DATE   27                        12     15       19
  SINCE SEP 1     27                        12     15       19
  SINCE JAN 1    230                       190     40      198
..................................................................


WIND (MPH)
  HIGHEST WIND SPEED    14   HIGHEST WIND DIRECTION     W (290)
  HIGHEST GUST SPEED    19   HIGHEST GUST DIRECTION     W (290)
  AVERAGE WIND SPEED     2.9


SKY COVER
  POSSIBLE SUNSHINE  MM
  AVERAGE SKY COVER 0.7


WEATHER CONDITIONS
 THE FOLLOWING WEATHER WAS RECORDED YESTERDAY.
  NO SIGNIFICANT WEATHER WAS OBSERVED.


RELATIVE HUMIDITY (PERCENT)
 HIGHEST    96           300 AM
 LOWEST     44           200 PM
 AVERAGE    70

..........................................................


THE HOULTON ME CLIMATE NORMALS FOR TODAY
                         NORMAL    RECORD    YEAR
 MAXIMUM TEMPERATURE (F)   67        91      1939
 MINIMUM TEMPERATURE (F)   43        25      1959


SUNRISE AND SUNSET
SEPTEMBER 16 2014.....SUNRISE   610 AM EDT   SUNSET   641 PM EDT
SEPTEMBER 17 2014.....SUNRISE   612 AM EDT   SUNSET   639 PM EDT


-  INDICATES NEGATIVE NUMBERS.
R  INDICATES RECORD WAS SET OR TIED.
MM INDICATES DATA IS MISSING.
T  INDICATES TRACE AMOUNT.




$$
