000
CDUS41 KCAR 030534
CLIHUL


CLIMATE REPORT
NATIONAL WEATHER SERVICE CARIBOU, ME
1232 AM EST TUE MAR 3 2015


...................................

...THE HOULTON ME CLIMATE SUMMARY FOR MARCH 2 2015...

CLIMATE NORMAL PERIOD 1981 TO 2010
CLIMATE RECORD PERIOD 1948 TO 2015


WEATHER ITEM   OBSERVED TIME   RECORD YEAR NORMAL DEPARTURE LAST
                VALUE   (LST)  VALUE       VALUE  FROM      YEAR
                                                  NORMAL
..................................................................
TEMPERATURE (F)
 YESTERDAY
  MAXIMUM         28    229 PM  52    1991  31     -3       25
  MINIMUM         10   1159 PM -31    2001   9      1       -8
  AVERAGE         19                        20     -1        9

PRECIPITATION (IN)
  YESTERDAY        0.06          0.69 1983   0.08  -0.02      T
  MONTH TO DATE    0.06                      0.16  -0.10      T
  SINCE MAR 1      0.06                      0.16  -0.10      T
  SINCE JAN 1      2.16                      5.02  -2.86     5.58

SNOWFALL (IN)
  YESTERDAY       MM             4.7  1996   0.7   MM       MM
  MONTH TO DATE   MM                         1.4   MM       MM
  SINCE MAR 1     MM                         1.4   MM       MM
  SINCE JUL 1     MM                        67.0   MM       MM
  SNOW DEPTH      MM

DEGREE DAYS
 HEATING
  YESTERDAY       46                        45      1       56
  MONTH TO DATE  104                        90     14      116
  SINCE MAR 1    104                        90     14      116
  SINCE JUL 1   6672                      6663      9     6706

 COOLING
  YESTERDAY        0                         0      0        0
  MONTH TO DATE    0                         0      0        0
  SINCE MAR 1      0                         0      0        0
  SINCE JAN 1      0                         0      0        0
..................................................................


WIND (MPH)
  HIGHEST WIND SPEED    26   HIGHEST WIND DIRECTION    NW (310)
  HIGHEST GUST SPEED    37   HIGHEST GUST DIRECTION    NW (310)
  AVERAGE WIND SPEED    10.0


SKY COVER
  POSSIBLE SUNSHINE  MM
  AVERAGE SKY COVER 0.8


WEATHER CONDITIONS
 THE FOLLOWING WEATHER WAS RECORDED YESTERDAY.
  LIGHT SNOW
  FOG
  FOG W/VISIBILITY <= 1/4 MILE
  HAZE
  BLOWING SNOW


RELATIVE HUMIDITY (PERCENT)
 HIGHEST    91           600 AM
 LOWEST     50           600 PM
 AVERAGE    71

..........................................................


THE HOULTON ME CLIMATE NORMALS FOR TODAY
                         NORMAL    RECORD    YEAR
 MAXIMUM TEMPERATURE (F)   32        52      1964
 MINIMUM TEMPERATURE (F)    9       -26      2001


SUNRISE AND SUNSET
MARCH  3 2015.........SUNRISE   607 AM EST   SUNSET   520 PM EST
MARCH  4 2015.........SUNRISE   605 AM EST   SUNSET   521 PM EST


-  INDICATES NEGATIVE NUMBERS.
R  INDICATES RECORD WAS SET OR TIED.
MM INDICATES DATA IS MISSING.
T  INDICATES TRACE AMOUNT.




$$
