000
CDUS41 KCAR 200548
CLIHUL


CLIMATE REPORT
NATIONAL WEATHER SERVICE CARIBOU, ME
148 AM EDT SUN APR 20 2014


...................................

...THE HOULTON ME CLIMATE SUMMARY FOR APRIL 19 2014...

CLIMATE NORMAL PERIOD 1981 TO 2010
CLIMATE RECORD PERIOD 1948 TO 2014


WEATHER ITEM   OBSERVED TIME   RECORD YEAR NORMAL DEPARTURE LAST
                VALUE   (LST)  VALUE       VALUE  FROM      YEAR
                                                  NORMAL
..................................................................
TEMPERATURE (F)
 YESTERDAY
  MAXIMUM         47    316 PM  76    1976  52     -5       71
  MINIMUM         31    557 AM  18    1990  30      1       42
  AVERAGE         39                        41     -2       57

PRECIPITATION (IN)
  YESTERDAY        T             0.50 1969   0.13  -0.13     0.00
  MONTH TO DATE    2.29                      2.43  -0.14     0.92
  SINCE MAR 1      4.77                      5.02  -0.25     2.69
  SINCE JAN 1     10.35                      9.88   0.47     5.09

SNOWFALL (IN)
  YESTERDAY       MM             4.0  1969   0.2   MM       MM
  MONTH TO DATE    0.0                       4.9   -4.9     MM
  SINCE MAR 1      0.0                      22.7  -22.7     MM
  SINCE JUL 1      0.0                      88.3  -88.3     MM
  SNOW DEPTH      MM

DEGREE DAYS
 HEATING
  YESTERDAY       26                        24      2        8
  MONTH TO DATE  533                       541     -8      567
  SINCE MAR 1   2034                      1764    270     1642
  SINCE JUL 1   8624                      8337    287     7747

 COOLING
  YESTERDAY        0                         0      0        0
  MONTH TO DATE    0                         0      0        0
  SINCE MAR 1      0                         0      0        0
  SINCE JAN 1      0                         0      0        0
..................................................................


WIND (MPH)
  HIGHEST WIND SPEED    22   HIGHEST WIND DIRECTION     N (340)
  HIGHEST GUST SPEED    32   HIGHEST GUST DIRECTION     N (350)
  AVERAGE WIND SPEED     9.3


SKY COVER
  POSSIBLE SUNSHINE  MM
  AVERAGE SKY COVER 0.8


WEATHER CONDITIONS
 THE FOLLOWING WEATHER WAS RECORDED YESTERDAY.
  NO SIGNIFICANT WEATHER WAS OBSERVED.


RELATIVE HUMIDITY (PERCENT)
 HIGHEST    92           600 AM
 LOWEST     45           500 PM
 AVERAGE    69

..........................................................


THE HOULTON ME CLIMATE NORMALS FOR TODAY
                         NORMAL    RECORD    YEAR
 MAXIMUM TEMPERATURE (F)   52        75      1941
 MINIMUM TEMPERATURE (F)   30        16      1974


SUNRISE AND SUNSET
APRIL 20 2014.........SUNRISE   536 AM EDT   SUNSET   725 PM EDT
APRIL 21 2014.........SUNRISE   534 AM EDT   SUNSET   726 PM EDT


-  INDICATES NEGATIVE NUMBERS.
R  INDICATES RECORD WAS SET OR TIED.
MM INDICATES DATA IS MISSING.
T  INDICATES TRACE AMOUNT.




$$
