000
CDUS41 KCAR 220528
CLIHUL


CLIMATE REPORT
NATIONAL WEATHER SERVICE CARIBOU, ME
1228 AM EST WED NOV 22 2017


...................................

...THE HOULTON ME CLIMATE SUMMARY FOR NOVEMBER 21 2017...

CLIMATE NORMAL PERIOD 1981 TO 2010
CLIMATE RECORD PERIOD 1948 TO 2017


WEATHER ITEM   OBSERVED TIME   RECORD YEAR NORMAL DEPARTURE LAST
                VALUE   (LST)  VALUE       VALUE  FROM      YEAR
                                                  NORMAL
..................................................................
TEMPERATURE (F)
 YESTERDAY
  MAXIMUM         41   1023 PM  61    1991  38      3       40
  MINIMUM         11    507 AM  -2    1978  23    -12       29
  AVERAGE         26                        30     -4       35

PRECIPITATION (IN)
  YESTERDAY        0.00          2.29 1950   0.14  -0.14     0.09
  MONTH TO DATE    3.24                      2.84   0.40     1.28
  SINCE SEP 1     11.52                      9.90   1.62     4.71
  SINCE JAN 1     33.86                     35.52  -1.66    31.57

SNOWFALL (IN)
  YESTERDAY       MM             9.0  1989   0.4   MM       MM
  MONTH TO DATE   MM                         3.7   MM       MM
  SINCE SEP 1     MM                         4.4   MM       MM
  SINCE JUL 1     MM                         4.4   MM       MM
  SNOW DEPTH      MM

DEGREE DAYS
 HEATING
  YESTERDAY       39                        35      4       30
  MONTH TO DATE  676                       641     35      533
  SINCE SEP 1   1254                      1621   -367     1349
  SINCE JUL 1   1402                      1777   -375     1443

 COOLING
  YESTERDAY        0                         0      0        0
  MONTH TO DATE    0                         0      0        0
  SINCE SEP 1     35                        13     22       23
  SINCE JAN 1    211                       191     20      229
..................................................................


WIND (MPH)
  HIGHEST WIND SPEED    13   HIGHEST WIND DIRECTION     S (170)
  HIGHEST GUST SPEED    19   HIGHEST GUST DIRECTION     S (200)
  AVERAGE WIND SPEED     5.8


SKY COVER
  POSSIBLE SUNSHINE  MM
  AVERAGE SKY COVER 0.0


WEATHER CONDITIONS
 THE FOLLOWING WEATHER WAS RECORDED YESTERDAY.
  NO SIGNIFICANT WEATHER WAS OBSERVED.


RELATIVE HUMIDITY (PERCENT)
 HIGHEST    85          1000 PM
 LOWEST     52           100 PM
 AVERAGE    69

..........................................................


THE HOULTON ME CLIMATE NORMALS FOR TODAY
                         NORMAL    RECORD    YEAR
 MAXIMUM TEMPERATURE (F)   38        57      2005
 MINIMUM TEMPERATURE (F)   22        -5      1978


SUNRISE AND SUNSET
NOVEMBER 22 2017......SUNRISE   642 AM EST   SUNSET   352 PM EST
NOVEMBER 23 2017......SUNRISE   643 AM EST   SUNSET   352 PM EST


-  INDICATES NEGATIVE NUMBERS.
R  INDICATES RECORD WAS SET OR TIED.
MM INDICATES DATA IS MISSING.
T  INDICATES TRACE AMOUNT.




$$
