547
CDUS41 KCAR 290529
CLIHUL


CLIMATE REPORT
NATIONAL WEATHER SERVICE CARIBOU, ME
129 AM EDT THU SEP 29 2016


...................................

...THE HOULTON ME CLIMATE SUMMARY FOR SEPTEMBER 28 2016...

CLIMATE NORMAL PERIOD 1981 TO 2010
CLIMATE RECORD PERIOD 1948 TO 2016


WEATHER ITEM   OBSERVED TIME   RECORD YEAR NORMAL DEPARTURE LAST
                VALUE   (LST)  VALUE       VALUE  FROM      YEAR
                                                  NORMAL
..................................................................
TEMPERATURE (F)
 YESTERDAY
  MAXIMUM         61    135 PM  84    2014  62     -1       74
  MINIMUM         37   1159 PM  23    1965  38     -1       47
  AVERAGE         49                        50     -1       61

PRECIPITATION (IN)
  YESTERDAY        0.00          2.30 2008   0.13  -0.13     0.00
  MONTH TO DATE    0.99                      3.15  -2.16     3.11
  SINCE SEP 1      0.99                      3.15  -2.16     3.11
  SINCE JAN 1     27.85                     28.77  -0.92    21.87

SNOWFALL (IN)
  YESTERDAY       MM             0.0  2003   0.0   MM       MM
  MONTH TO DATE   MM                         0.1   MM       MM
  SINCE SEP 1     MM                         0.1   MM       MM
  SINCE JUL 1     MM                         0.1   MM       MM
  SNOW DEPTH      MM

DEGREE DAYS
 HEATING
  YESTERDAY       16                        15      1        4
  MONTH TO DATE  205                       281    -76      158
  SINCE SEP 1    205                       281    -76      158
  SINCE JUL 1    299                       437   -138      245

 COOLING
  YESTERDAY        0                         0      0        0
  MONTH TO DATE   23                        12     11       46
  SINCE SEP 1     23                        12     11       46
  SINCE JAN 1    229                       190     39      236
..................................................................


WIND (MPH)
  HIGHEST WIND SPEED    17   HIGHEST WIND DIRECTION    NE (60)
  HIGHEST GUST SPEED    21   HIGHEST GUST DIRECTION     N (20)
  AVERAGE WIND SPEED     6.1


SKY COVER
  POSSIBLE SUNSHINE  MM
  AVERAGE SKY COVER 0.7


WEATHER CONDITIONS
 THE FOLLOWING WEATHER WAS RECORDED YESTERDAY.
  FOG


RELATIVE HUMIDITY (PERCENT)
 HIGHEST   100           600 AM
 LOWEST     51           200 PM
 AVERAGE    76

..........................................................


THE HOULTON ME CLIMATE NORMALS FOR TODAY
                         NORMAL    RECORD    YEAR
 MAXIMUM TEMPERATURE (F)   61        80      1987
 MINIMUM TEMPERATURE (F)   38        20      1980


SUNRISE AND SUNSET
SEPTEMBER 29 2016.....SUNRISE   628 AM EDT   SUNSET   614 PM EDT
SEPTEMBER 30 2016.....SUNRISE   629 AM EDT   SUNSET   612 PM EDT


-  INDICATES NEGATIVE NUMBERS.
R  INDICATES RECORD WAS SET OR TIED.
MM INDICATES DATA IS MISSING.
T  INDICATES TRACE AMOUNT.




$$
