000
CDUS41 KCAR 020527
CLIHUL


CLIMATE REPORT
NATIONAL WEATHER SERVICE CARIBOU, ME
127 AM EDT THU OCT 2 2014


...................................

...THE HOULTON ME CLIMATE SUMMARY FOR OCTOBER 1 2014...

CLIMATE NORMAL PERIOD 1981 TO 2010
CLIMATE RECORD PERIOD 1948 TO 2014


WEATHER ITEM   OBSERVED TIME   RECORD YEAR NORMAL DEPARTURE LAST
                VALUE   (LST)  VALUE       VALUE  FROM      YEAR
                                                  NORMAL
..................................................................
TEMPERATURE (F)
 YESTERDAY
  MAXIMUM         57    148 PM  78    1988  60     -3       72
  MINIMUM         37   1157 PM  22    1993  37      0       43
  AVERAGE         47                        49     -2       58

PRECIPITATION (IN)
  YESTERDAY        0.00          1.11 1998   0.12  -0.12     0.00
  MONTH TO DATE    0.00                      0.12  -0.12     0.00
  SINCE SEP 1      1.30                      3.52  -2.22     6.06
  SINCE JAN 1     28.96                     29.14  -0.18    33.59

SNOWFALL (IN)
  YESTERDAY       MM             T    1991   0.0   MM       MM
  MONTH TO DATE   MM                         0.0   MM       MM
  SINCE SEP 1     MM                         0.1   MM       MM
  SINCE JUL 1     MM                         0.1   MM       MM
  SNOW DEPTH      MM

DEGREE DAYS
 HEATING
  YESTERDAY       18                        16      2        7
  MONTH TO DATE   18                        16      2        7
  SINCE SEP 1    309                       328    -19      284
  SINCE JUL 1    394                       484    -90      417

 COOLING
  YESTERDAY        0                         0      0        0
  MONTH TO DATE    0                         0      0        0
  SINCE SEP 1     27                        13     14       19
  SINCE JAN 1    230                       191     39      198
..................................................................


WIND (MPH)
  HIGHEST WIND SPEED    10   HIGHEST WIND DIRECTION     N (10)
  HIGHEST GUST SPEED    16   HIGHEST GUST DIRECTION    NE (30)
  AVERAGE WIND SPEED     5.0


SKY COVER
  POSSIBLE SUNSHINE  MM
  AVERAGE SKY COVER 0.9


WEATHER CONDITIONS
 THE FOLLOWING WEATHER WAS RECORDED YESTERDAY.
  FOG


RELATIVE HUMIDITY (PERCENT)
 HIGHEST   100          1100 PM
 LOWEST     72           100 PM
 AVERAGE    86

..........................................................


THE HOULTON ME CLIMATE NORMALS FOR TODAY
                         NORMAL    RECORD    YEAR
 MAXIMUM TEMPERATURE (F)   60        79      2002
 MINIMUM TEMPERATURE (F)   37        24      1949


SUNRISE AND SUNSET
OCTOBER  2 2014.......SUNRISE   631 AM EDT   SUNSET   609 PM EDT
OCTOBER  3 2014.......SUNRISE   632 AM EDT   SUNSET   607 PM EDT


-  INDICATES NEGATIVE NUMBERS.
R  INDICATES RECORD WAS SET OR TIED.
MM INDICATES DATA IS MISSING.
T  INDICATES TRACE AMOUNT.




$$
