011
CDUS41 KCAR 270529
CLIHUL


CLIMATE REPORT
NATIONAL WEATHER SERVICE CARIBOU, ME
129 AM EDT THU JUL 27 2017


...................................

...THE HOULTON ME CLIMATE SUMMARY FOR JULY 26 2017...

CLIMATE NORMAL PERIOD 1981 TO 2010
CLIMATE RECORD PERIOD 1948 TO 2017


WEATHER ITEM   OBSERVED TIME   RECORD YEAR NORMAL DEPARTURE LAST
                VALUE   (LST)  VALUE       VALUE  FROM      YEAR
                                                  NORMAL
..................................................................
TEMPERATURE (F)
 YESTERDAY
  MAXIMUM         83    319 PM  93    1939  78      5       84
  MINIMUM         44    428 AM  40    1993  54    -10       61
  AVERAGE         64                        66     -2       73

PRECIPITATION (IN)
  YESTERDAY        0.00          1.80 2013   0.12  -0.12     0.09
  MONTH TO DATE    1.28                      3.05  -1.77     3.50
  SINCE JUN 1      4.20                      6.70  -2.50     6.16
  SINCE JAN 1     18.95                     21.33  -2.38    20.54

SNOWFALL (IN)
  YESTERDAY       MM             0.0  2003   0.0   MM       MM
  MONTH TO DATE   MM                         0.0   MM       MM
  SINCE JUN 1     MM                         0.0   MM       MM
  SINCE JUL 1     MM                         0.0   MM       MM
  SNOW DEPTH      MM

DEGREE DAYS
 HEATING
  YESTERDAY        1                         2     -1        0
  MONTH TO DATE   40                        55    -15       41
  SINCE JUN 1    200                       236    -36      216
  SINCE JUL 1     40                        55    -15       41

 COOLING
  YESTERDAY        0                         3     -3        8
  MONTH TO DATE   73                        76     -3       82
  SINCE JUN 1    116                       111      5      112
  SINCE JAN 1    122                       115      7      119
..................................................................


WIND (MPH)
  HIGHEST WIND SPEED    15   HIGHEST WIND DIRECTION    SW (240)
  HIGHEST GUST SPEED    19   HIGHEST GUST DIRECTION    SW (240)
  AVERAGE WIND SPEED     4.3


SKY COVER
  POSSIBLE SUNSHINE  MM
  AVERAGE SKY COVER 0.0


WEATHER CONDITIONS
 THE FOLLOWING WEATHER WAS RECORDED YESTERDAY.
  NO SIGNIFICANT WEATHER WAS OBSERVED.


RELATIVE HUMIDITY (PERCENT)
 HIGHEST   100           100 AM
 LOWEST     28           100 PM
 AVERAGE    64

..........................................................


THE HOULTON ME CLIMATE NORMALS FOR TODAY
                         NORMAL    RECORD    YEAR
 MAXIMUM TEMPERATURE (F)   78        93      1989
 MINIMUM TEMPERATURE (F)   54        41      1946


SUNRISE AND SUNSET
JULY 27 2017..........SUNRISE   508 AM EDT   SUNSET   807 PM EDT
JULY 28 2017..........SUNRISE   509 AM EDT   SUNSET   806 PM EDT


-  INDICATES NEGATIVE NUMBERS.
R  INDICATES RECORD WAS SET OR TIED.
MM INDICATES DATA IS MISSING.
T  INDICATES TRACE AMOUNT.




$$
