000
CDUS41 KCAR 240551
CLIHUL


CLIMATE REPORT
NATIONAL WEATHER SERVICE CARIBOU, ME
1250 AM EST SAT FEB 24 2018


...................................

...THE HOULTON ME CLIMATE SUMMARY FOR FEBRUARY 23 2018...

CLIMATE NORMAL PERIOD 1981 TO 2010
CLIMATE RECORD PERIOD 1948 TO 2018


WEATHER ITEM   OBSERVED TIME   RECORD YEAR NORMAL DEPARTURE LAST
                VALUE   (LST)  VALUE       VALUE  FROM      YEAR
                                                  NORMAL
..................................................................
TEMPERATURE (F)
 YESTERDAY
  MAXIMUM         29   1159 PM  58    1981  29      0       53
  MINIMUM         -5    635 AM -24    1972   6    -11       16
  AVERAGE         12                        18     -6       35

PRECIPITATION (IN)
  YESTERDAY        0.06          1.05 1950   0.08  -0.02     0.00
  MONTH TO DATE    2.34                      1.63   0.71     1.00
  SINCE DEC 1      8.88                      7.78   1.10     6.75
  SINCE JAN 1      5.64                      4.49   1.15     3.83

SNOWFALL (IN)
  YESTERDAY       MM             5.6  1950   0.6   MM       MM
  MONTH TO DATE    0.0                      14.6  -14.6     MM
  SINCE DEC 1      0.0                      54.3  -54.3     MM
  SINCE JUL 1      0.0                      62.4  -62.4     MM
  SNOW DEPTH      MM

DEGREE DAYS
 HEATING
  YESTERDAY       53                        47      6       30
  MONTH TO DATE 1065                      1165   -100     1181
  SINCE DEC 1   4188                      4232    -44     4063
  SINCE JUL 1   5894                      6340   -446     5806

 COOLING
  YESTERDAY        0                         0      0        0
  MONTH TO DATE    0                         0      0        0
  SINCE DEC 1      0                         0      0        0
  SINCE JAN 1      0                         0      0        0
..................................................................


WIND (MPH)
  HIGHEST WIND SPEED    15   HIGHEST WIND DIRECTION     S (190)
  HIGHEST GUST SPEED    24   HIGHEST GUST DIRECTION     S (180)
  AVERAGE WIND SPEED     5.7


SKY COVER
  POSSIBLE SUNSHINE  MM
  AVERAGE SKY COVER 0.4


WEATHER CONDITIONS
 THE FOLLOWING WEATHER WAS RECORDED YESTERDAY.
  LT FREEZING RAIN
  SNOW
  LIGHT SNOW
  FOG


RELATIVE HUMIDITY (PERCENT)
 HIGHEST    96           800 PM
 LOWEST     39           200 PM
 AVERAGE    68

..........................................................


THE HOULTON ME CLIMATE NORMALS FOR TODAY
                         NORMAL    RECORD    YEAR
 MAXIMUM TEMPERATURE (F)   29        52      2017
                                             2000
 MINIMUM TEMPERATURE (F)    6       -18      1939


SUNRISE AND SUNSET
FEBRUARY 24 2018......SUNRISE   619 AM EST   SUNSET   510 PM EST
FEBRUARY 25 2018......SUNRISE   617 AM EST   SUNSET   512 PM EST


-  INDICATES NEGATIVE NUMBERS.
R  INDICATES RECORD WAS SET OR TIED.
MM INDICATES DATA IS MISSING.
T  INDICATES TRACE AMOUNT.




$$
