000
CDUS41 KCAR 280541
CLIHUL


CLIMATE REPORT
NATIONAL WEATHER SERVICE CARIBOU, ME
138 AM EDT SUN AUG 28 2016


...................................

...THE HOULTON ME CLIMATE SUMMARY FOR AUGUST 27 2016...

CLIMATE NORMAL PERIOD 1981 TO 2010
CLIMATE RECORD PERIOD 1948 TO 2016


WEATHER ITEM   OBSERVED TIME   RECORD YEAR NORMAL DEPARTURE LAST
                VALUE   (LST)  VALUE       VALUE  FROM      YEAR
                                                  NORMAL
..................................................................
TEMPERATURE (F)
 YESTERDAY
  MAXIMUM         77    233 PM  93    1952  74      3       76
  MINIMUM         49   1144 PM  32    1987  50     -1       53
  AVERAGE         63                        62      1       65

PRECIPITATION (IN)
  YESTERDAY        0.00          2.46 1990   0.11  -0.11     0.00
  MONTH TO DATE    6.18                      3.29   2.89     3.79
  SINCE JUN 1     12.46                     10.60   1.86     9.41
  SINCE JAN 1     26.84                     25.23   1.61    18.76

SNOWFALL (IN)
  YESTERDAY       MM             0.0  2003   0.0   MM       MM
  MONTH TO DATE   MM                         0.0   MM       MM
  SINCE JUN 1     MM                         0.0   MM       MM
  SINCE JUL 1     MM                         0.0   MM       MM
  SNOW DEPTH      MM

DEGREE DAYS
 HEATING
  YESTERDAY        2                         5     -3        0
  MONTH TO DATE   43                        76    -33       16
  SINCE JUN 1    261                       317    -56      316
  SINCE JUL 1     86                       136    -50       79

 COOLING
  YESTERDAY        0                         1     -1        0
  MONTH TO DATE   65                        51     14      106
  SINCE JUN 1    197                       167     30      159
  SINCE JAN 1    204                       171     33      184
..................................................................


WIND (MPH)
  HIGHEST WIND SPEED    18   HIGHEST WIND DIRECTION     N (350)
  HIGHEST GUST SPEED    26   HIGHEST GUST DIRECTION     N (20)
  AVERAGE WIND SPEED     5.2


SKY COVER
  POSSIBLE SUNSHINE  MM
  AVERAGE SKY COVER 0.1


WEATHER CONDITIONS
 THE FOLLOWING WEATHER WAS RECORDED YESTERDAY.
  NO SIGNIFICANT WEATHER WAS OBSERVED.


RELATIVE HUMIDITY (PERCENT)
 HIGHEST   100           500 AM
 LOWEST     46           300 PM
 AVERAGE    73

..........................................................


THE HOULTON ME CLIMATE NORMALS FOR TODAY
                         NORMAL    RECORD    YEAR
 MAXIMUM TEMPERATURE (F)   74        94      1952
 MINIMUM TEMPERATURE (F)   49        30      1978


SUNRISE AND SUNSET
AUGUST 28 2016........SUNRISE   547 AM EDT   SUNSET   716 PM EDT
AUGUST 29 2016........SUNRISE   549 AM EDT   SUNSET   714 PM EDT


-  INDICATES NEGATIVE NUMBERS.
R  INDICATES RECORD WAS SET OR TIED.
MM INDICATES DATA IS MISSING.
T  INDICATES TRACE AMOUNT.




$$
