926
CDUS41 KCAR 300539
CLIHUL


CLIMATE REPORT
NATIONAL WEATHER SERVICE CARIBOU, ME
134 AM EDT SAT JUL 30 2016


...................................

...THE HOULTON ME CLIMATE SUMMARY FOR JULY 29 2016...

CLIMATE NORMAL PERIOD 1981 TO 2010
CLIMATE RECORD PERIOD 1948 TO 2016


WEATHER ITEM   OBSERVED TIME   RECORD YEAR NORMAL DEPARTURE LAST
                VALUE   (LST)  VALUE       VALUE  FROM      YEAR
                                                  NORMAL
..................................................................
TEMPERATURE (F)
 YESTERDAY
  MAXIMUM         82    416 PM  92    1970  78      4       82
  MINIMUM         58   1153 PM  42    1987  54      4       50
  AVERAGE         70                        66      4       66

PRECIPITATION (IN)
  YESTERDAY        0.00          2.12 1958   0.12  -0.12     0.00
  MONTH TO DATE    3.62                      3.41   0.21     1.50
  SINCE JUN 1      6.28                      7.06  -0.78     5.52
  SINCE JAN 1     20.66                     21.69  -1.03    14.87

SNOWFALL (IN)
  YESTERDAY       MM             0.0  2003   0.0   MM       MM
  MONTH TO DATE   MM                         0.0   MM       MM
  SINCE JUN 1     MM                         0.0   MM       MM
  SINCE JUL 1     MM                         0.0   MM       MM
  SNOW DEPTH      MM

DEGREE DAYS
 HEATING
  YESTERDAY        0                         2     -2        0
  MONTH TO DATE   41                        61    -20       63
  SINCE JUN 1    216                       242    -26      300
  SINCE JUL 1     41                        61    -20       63

 COOLING
  YESTERDAY        5                         3      2        1
  MONTH TO DATE  102                        85     17       34
  SINCE JUN 1    132                       120     12       46
  SINCE JAN 1    139                       124     15       71
..................................................................


WIND (MPH)
  HIGHEST WIND SPEED     8   HIGHEST WIND DIRECTION     W (260)
  HIGHEST GUST SPEED    11   HIGHEST GUST DIRECTION    SW (230)
  AVERAGE WIND SPEED     2.0


SKY COVER
  POSSIBLE SUNSHINE  MM
  AVERAGE SKY COVER 0.7


WEATHER CONDITIONS
 THE FOLLOWING WEATHER WAS RECORDED YESTERDAY.
  FOG
  FOG W/VISIBILITY <= 1/4 MILE


RELATIVE HUMIDITY (PERCENT)
 HIGHEST   100          1200 AM
 LOWEST     42           200 PM
 AVERAGE    71

..........................................................


THE HOULTON ME CLIMATE NORMALS FOR TODAY
                         NORMAL    RECORD    YEAR
 MAXIMUM TEMPERATURE (F)   78        92      1970
 MINIMUM TEMPERATURE (F)   54        38      1952


SUNRISE AND SUNSET
JULY 30 2016..........SUNRISE   511 AM EDT   SUNSET   803 PM EDT
JULY 31 2016..........SUNRISE   513 AM EDT   SUNSET   802 PM EDT


-  INDICATES NEGATIVE NUMBERS.
R  INDICATES RECORD WAS SET OR TIED.
MM INDICATES DATA IS MISSING.
T  INDICATES TRACE AMOUNT.




$$
