000
CDUS45 KTFX 020949
CLIHVR


CLIMATE REPORT
NATIONAL WEATHER SERVICE GREAT FALLS MT
249 AM MST MON MAR 2 2015


...................................

...THE HAVRE MT CLIMATE SUMMARY FOR MARCH 1 2015...

CLIMATE NORMAL PERIOD 1981 TO 2010
CLIMATE RECORD PERIOD 1880 TO 2015


WEATHER ITEM   OBSERVED TIME   RECORD YEAR NORMAL DEPARTURE LAST
                VALUE   (LST)  VALUE       VALUE  FROM      YEAR
                                                  NORMAL
..................................................................
TEMPERATURE (F)
 YESTERDAY
  MAXIMUM         36    314 PM  66    1905  38     -2       -3
  MINIMUM          8    515 AM -26    1919  15     -7      -18
  AVERAGE         22                        26     -4      -10

PRECIPITATION (IN)
  YESTERDAY        0.00          0.23 1896   0.01  -0.01     0.00
  MONTH TO DATE    0.00                      0.01  -0.01     0.00
  SINCE OCT 1      3.20                      2.03   1.17     2.67
  SINCE JAN 1      1.63                      0.62   1.01     0.66

SNOWFALL (IN)
  YESTERDAY        0.0           3.0  2011   0.2   -0.2      0.0
                                      1979
  MONTH TO DATE    0.0                       0.2   -0.2      0.0
  SINCE MAR 1      0.0                       0.2   -0.2      0.0
  SINCE JUL 1     20.6                      28.1   -7.5     37.4
  SNOW DEPTH       0

DEGREE DAYS
 HEATING
  YESTERDAY       43                        39      4       75
  MONTH TO DATE   43                        39      4       75
  SINCE MAR 1     43                        39      4       75
  SINCE JUL 1   5711                      6159   -448     6316

 COOLING
  YESTERDAY        0                         0      0        0
  MONTH TO DATE    0                         0      0        0
  SINCE MAR 1      0                         0      0        0
  SINCE JAN 1      0                         0      0        0
..................................................................


WIND (MPH)
  HIGHEST WIND SPEED    18   HIGHEST WIND DIRECTION    SW (210)
  HIGHEST GUST SPEED    24   HIGHEST GUST DIRECTION    SW (220)
  AVERAGE WIND SPEED     9.1


SKY COVER
  AVERAGE SKY COVER 0.2


WEATHER CONDITIONS
 THE FOLLOWING WEATHER WAS RECORDED YESTERDAY.
  NO SIGNIFICANT WEATHER WAS OBSERVED.


RELATIVE HUMIDITY (PERCENT)
 HIGHEST    92           100 AM
 LOWEST     32           300 PM
 AVERAGE    62

..........................................................


THE HAVRE MT CLIMATE NORMALS FOR TODAY
                         NORMAL    RECORD    YEAR
 MAXIMUM TEMPERATURE (F)   38        71      1905
 MINIMUM TEMPERATURE (F)   15       -23      2002


SUNRISE AND SUNSET
MARCH  2 2015.........SUNRISE   659 AM MST   SUNSET   604 PM MST
MARCH  3 2015.........SUNRISE   657 AM MST   SUNSET   606 PM MST


-  INDICATES NEGATIVE NUMBERS.
R  INDICATES RECORD WAS SET OR TIED.
MM INDICATES DATA IS MISSING.
T  INDICATES TRACE AMOUNT.




$$
