000
CDUS45 KTFX 281011
CLIHVR


CLIMATE REPORT
NATIONAL WEATHER SERVICE GREAT FALLS MT
409 AM MDT MON JUL 28 2014


...................................

...THE HAVRE MT CLIMATE SUMMARY FOR JULY 27 2014...

CLIMATE NORMAL PERIOD 1981 TO 2010
CLIMATE RECORD PERIOD 1880 TO 2014


WEATHER ITEM   OBSERVED TIME   RECORD YEAR NORMAL DEPARTURE LAST
                VALUE   (LST)  VALUE       VALUE  FROM      YEAR
                                                  NORMAL
..................................................................
TEMPERATURE (F)
 YESTERDAY
  MAXIMUM         87    433 PM 106    1975  87      0       90
  MINIMUM         46    509 AM  40    1913  55     -9       53
  AVERAGE         67                        71     -4       72

PRECIPITATION (IN)
  YESTERDAY        0.00          1.31 1909   0.04  -0.04     0.51
  MONTH TO DATE    0.26                      1.50  -1.24     2.04
  SINCE OCT 1      8.65                      8.83  -0.18    15.73
  SINCE JAN 1      6.64                      7.42  -0.78    13.25

SNOWFALL (IN)
  YESTERDAY        0.0           0.0  1999   0.0    0.0      0.0
                                      1998
  MONTH TO DATE    0.0                       0.0    0.0      0.0
  SINCE JUN 1      0.0                       0.0    0.0      0.0
  SINCE JUL 1      0.0                       0.0    0.0      0.0
  SNOW DEPTH       0

DEGREE DAYS
 HEATING
  YESTERDAY        0                         0      0        0
  MONTH TO DATE    0                        29    -29        5
  SINCE JUN 1    175                       162     13      118
  SINCE JUL 1      0                        29    -29        5

 COOLING
  YESTERDAY        2                         7     -5        7
  MONTH TO DATE  152                       135     17      144
  SINCE JUN 1    158                       183    -25      187
  SINCE JAN 1    165                       194    -29      194
..................................................................


WIND (MPH)
  HIGHEST WIND SPEED    14   HIGHEST WIND DIRECTION     E (80)
  HIGHEST GUST SPEED    19   HIGHEST GUST DIRECTION    NE (50)
  AVERAGE WIND SPEED     7.1


SKY COVER
  AVERAGE SKY COVER 0.0


WEATHER CONDITIONS
 THE FOLLOWING WEATHER WAS RECORDED YESTERDAY.
  NO SIGNIFICANT WEATHER WAS OBSERVED.


RELATIVE HUMIDITY (PERCENT)
 HIGHEST    86           500 AM
 LOWEST     21           200 PM
 AVERAGE    54

..........................................................


THE HAVRE MT CLIMATE NORMALS FOR TODAY
                         NORMAL    RECORD    YEAR
 MAXIMUM TEMPERATURE (F)   87       103      2007
                                             1939
 MINIMUM TEMPERATURE (F)   55        31      1892


SUNRISE AND SUNSET
JULY 28 2014..........SUNRISE   548 AM MDT   SUNSET   902 PM MDT
JULY 29 2014..........SUNRISE   550 AM MDT   SUNSET   901 PM MDT


-  INDICATES NEGATIVE NUMBERS.
R  INDICATES RECORD WAS SET OR TIED.
MM INDICATES DATA IS MISSING.
T  INDICATES TRACE AMOUNT.




$$
