000
CDUS45 KTFX 180925
CLIHVR


CLIMATE REPORT
NATIONAL WEATHER SERVICE GREAT FALLS MT
324 AM MDT THU SEP 18 2014


...................................

...THE HAVRE MT CLIMATE SUMMARY FOR SEPTEMBER 17 2014...

CLIMATE NORMAL PERIOD 1981 TO 2010
CLIMATE RECORD PERIOD 1880 TO 2014


WEATHER ITEM   OBSERVED TIME   RECORD YEAR NORMAL DEPARTURE LAST
                VALUE   (LST)  VALUE       VALUE  FROM      YEAR
                                                  NORMAL
..................................................................
TEMPERATURE (F)
 YESTERDAY
  MAXIMUM         83    427 PM  99    2009  71     12       77
  MINIMUM         45    602 AM  26    1912  41      4       50
  AVERAGE         64                        56      8       64

PRECIPITATION (IN)
  YESTERDAY        0.00          0.56 1986   0.04  -0.04      T
  MONTH TO DATE    0.73                      0.65   0.08     0.80
  SINCE OCT 1     13.06                     10.73   2.33    18.38
  SINCE JAN 1     11.05                      9.32   1.73    15.90

SNOWFALL (IN)
  YESTERDAY        0.0           T    2010   0.0    0.0      0.0
                                      2006
                                      1998
  MONTH TO DATE    T                         0.0    0.0      0.0
  SINCE SEP 1      T                         0.0    0.0      0.0
  SINCE JUL 1      T                         0.0    0.0      0.0
  SNOW DEPTH       0

DEGREE DAYS
 HEATING
  YESTERDAY        1                        10     -9        1
  MONTH TO DATE  179                       119     60        8
  SINCE SEP 1    179                       119     60        8
  SINCE JUL 1    223                       202     21       26

 COOLING
  YESTERDAY        0                         0      0        0
  MONTH TO DATE    0                        17    -17       70
  SINCE SEP 1      0                        17    -17       70
  SINCE JAN 1    390                       384      6      445
..................................................................


WIND (MPH)
  HIGHEST WIND SPEED    14   HIGHEST WIND DIRECTION    NW (300)
  HIGHEST GUST SPEED    17   HIGHEST GUST DIRECTION    NW (300)
  AVERAGE WIND SPEED     5.5


SKY COVER
  AVERAGE SKY COVER 0.0


WEATHER CONDITIONS
 THE FOLLOWING WEATHER WAS RECORDED YESTERDAY.
  NO SIGNIFICANT WEATHER WAS OBSERVED.


RELATIVE HUMIDITY (PERCENT)
 HIGHEST   100           600 AM
 LOWEST     33           200 PM
 AVERAGE    67

..........................................................


THE HAVRE MT CLIMATE NORMALS FOR TODAY
                         NORMAL    RECORD    YEAR
 MAXIMUM TEMPERATURE (F)   70        94      1981
 MINIMUM TEMPERATURE (F)   41        23      1991


SUNRISE AND SUNSET
SEPTEMBER 18 2014.....SUNRISE   700 AM MDT   SUNSET   725 PM MDT
SEPTEMBER 19 2014.....SUNRISE   702 AM MDT   SUNSET   723 PM MDT


-  INDICATES NEGATIVE NUMBERS.
R  INDICATES RECORD WAS SET OR TIED.
MM INDICATES DATA IS MISSING.
T  INDICATES TRACE AMOUNT.




$$
