000
CDUS45 KTFX 252230
CLIHVR


CLIMATE REPORT
NATIONAL WEATHER SERVICE GREAT FALLS MT
430 PM MDT SAT MAR 25 2017


...................................

...THE HAVRE MT CLIMATE SUMMARY FOR MARCH 25 2017...
VALID TODAY AS OF 0400 PM LOCAL TIME.

CLIMATE NORMAL PERIOD 1981 TO 2010
CLIMATE RECORD PERIOD 1880 TO 2017


WEATHER ITEM   OBSERVED TIME   RECORD YEAR NORMAL DEPARTURE LAST
                VALUE   (LST)  VALUE       VALUE  FROM      YEAR
                                                  NORMAL
..................................................................
TEMPERATURE (F)
 TODAY
  MAXIMUM         59    259 PM  77    1999  49     10       44
  MINIMUM         38    340 AM -18    1913  25     13       24
  AVERAGE         49                        37     12       34

PRECIPITATION (IN)
  TODAY            0.00          0.60 1972   0.02  -0.02      T
  MONTH TO DATE    0.15                      0.41  -0.26     0.22
  SINCE OCT 1      5.52                      2.43   3.09     2.61
  SINCE JAN 1      1.53                      1.02   0.51     0.68

SNOWFALL (IN)
  TODAY            0.0           4.6  1975   0.2   -0.2       T
  MONTH TO DATE    1.0                       5.1   -4.1       T
  SINCE MAR 1      1.0                       5.1   -4.1       T
  SINCE JUL 1     31.9                      33.0   -1.1     14.3

DEGREE DAYS
 HEATING
  TODAY           16                        28    -12       31
  MONTH TO DATE  800                       838    -38      620
  SINCE MAR 1    800                       838    -38      620
  SINCE JUL 1   6799                      6958   -159     6045

 COOLING
  TODAY            0                         0      0        0
  MONTH TO DATE    0                         0      0        0
  SINCE MAR 1      0                         0      0        0
  SINCE JAN 1      0                         0      0        0
..................................................................


WIND (MPH)
  HIGHEST WIND SPEED    29   HIGHEST WIND DIRECTION     W (270)
  HIGHEST GUST SPEED    33   HIGHEST GUST DIRECTION     W (270)
  AVERAGE WIND SPEED    16.0


SKY COVER
  AVERAGE SKY COVER 0.1


WEATHER CONDITIONS
 THE FOLLOWING WEATHER WAS RECORDED TODAY.
  NO SIGNIFICANT WEATHER WAS OBSERVED.


RELATIVE HUMIDITY (PERCENT)
 HIGHEST    73           400 AM
 LOWEST     21           300 PM
 AVERAGE    47

..........................................................


THE HAVRE MT CLIMATE NORMALS FOR TOMORROW
                         NORMAL    RECORD    YEAR
 MAXIMUM TEMPERATURE (F)   49        76      1946
 MINIMUM TEMPERATURE (F)   25       -22      1913


SUNRISE AND SUNSET
MARCH 25 2017.........SUNRISE   711 AM MDT   SUNSET   740 PM MDT
MARCH 26 2017.........SUNRISE   709 AM MDT   SUNSET   741 PM MDT


-  INDICATES NEGATIVE NUMBERS.
R  INDICATES RECORD WAS SET OR TIED.
MM INDICATES DATA IS MISSING.
T  INDICATES TRACE AMOUNT.




$$
