000
CDUS45 KTFX 242230
CLIHVR


CLIMATE REPORT
NATIONAL WEATHER SERVICE GREAT FALLS MT
430 PM MDT SUN SEP 24 2017


...................................

...THE HAVRE MT CLIMATE SUMMARY FOR SEPTEMBER 24 2017...
VALID TODAY AS OF 0400 PM LOCAL TIME.

CLIMATE NORMAL PERIOD 1981 TO 2010
CLIMATE RECORD PERIOD 1880 TO 2017


WEATHER ITEM   OBSERVED TIME   RECORD YEAR NORMAL DEPARTURE LAST
                VALUE   (LST)  VALUE       VALUE  FROM      YEAR
                                                  NORMAL
..................................................................
TEMPERATURE (F)
 TODAY
  MAXIMUM         60    229 PM  94    2009  68     -8       65
  MINIMUM         36    452 AM  18    1926  39     -3       40
  AVERAGE         48                        53     -5       53

PRECIPITATION (IN)
  TODAY            0.00          2.30 1917   0.03  -0.03     0.00
  MONTH TO DATE    0.97                      0.91   0.06     1.80
  SINCE OCT 1      8.55                     10.99  -2.44    17.22
  SINCE JAN 1      4.56                      9.58  -5.02    15.29

SNOWFALL (IN)
  TODAY            0.0           5.6  1917   0.0    0.0      0.0
  MONTH TO DATE    0.0                       0.1   -0.1      0.0
  SINCE SEP 1      0.0                       0.1   -0.1      0.0
  SINCE JUL 1      0.0                       0.1   -0.1      0.0

DEGREE DAYS
 HEATING
  TODAY           17                        12      5       12
  MONTH TO DATE  204                       196      8      217
  SINCE SEP 1    204                       196      8      217
  SINCE JUL 1    216                       279    -63      278

 COOLING
  TODAY            0                         0      0        0
  MONTH TO DATE   39                        17     22       17
  SINCE SEP 1     39                        17     22       17
  SINCE JAN 1    526                       384    142      341
..................................................................


WIND (MPH)
  HIGHEST WIND SPEED    12   HIGHEST WIND DIRECTION     S (190)
  HIGHEST GUST SPEED    14   HIGHEST GUST DIRECTION     S (190)
  AVERAGE WIND SPEED     2.9


SKY COVER
  AVERAGE SKY COVER 0.9


WEATHER CONDITIONS
 THE FOLLOWING WEATHER WAS RECORDED TODAY.
  NO SIGNIFICANT WEATHER WAS OBSERVED.


RELATIVE HUMIDITY (PERCENT)
 HIGHEST    93           800 AM
 LOWEST     39           300 PM
 AVERAGE    66

..........................................................


THE HAVRE MT CLIMATE NORMALS FOR TOMORROW
                         NORMAL    RECORD    YEAR
 MAXIMUM TEMPERATURE (F)   67        96      2001
 MINIMUM TEMPERATURE (F)   38        20      1934


SUNRISE AND SUNSET
SEPTEMBER 24 2017.....SUNRISE   709 AM MDT   SUNSET   712 PM MDT
SEPTEMBER 25 2017.....SUNRISE   710 AM MDT   SUNSET   710 PM MDT


-  INDICATES NEGATIVE NUMBERS.
R  INDICATES RECORD WAS SET OR TIED.
MM INDICATES DATA IS MISSING.
T  INDICATES TRACE AMOUNT.




$$
