000
CDUS45 KTFX 192330
CLIHVR


CLIMATE REPORT
NATIONAL WEATHER SERVICE GREAT FALLS MT
430 PM MST MON FEB 19 2018


...................................

...THE HAVRE MT CLIMATE SUMMARY FOR FEBRUARY 19 2018...
VALID TODAY AS OF 0400 PM LOCAL TIME.

CLIMATE NORMAL PERIOD 1981 TO 2010
CLIMATE RECORD PERIOD 1880 TO 2018


WEATHER ITEM   OBSERVED TIME   RECORD YEAR NORMAL DEPARTURE LAST
                VALUE   (LST)  VALUE       VALUE  FROM      YEAR
                                                  NORMAL
..................................................................
TEMPERATURE (F)
 TODAY
  MAXIMUM          0    257 PM  68    1981  35    -35       49
  MINIMUM        -10   1208 AM -33    1884  12    -22       28
  AVERAGE         -5                        23    -28       39

PRECIPITATION (IN)
  TODAY            0.03          0.15 1974   0.01   0.02     0.01
  MONTH TO DATE    1.66                      0.18   1.48     0.34
  SINCE OCT 1      5.66                      1.92   3.74     5.02
  SINCE JAN 1      2.14                      0.51   1.63     1.03

DEGREE DAYS
 HEATING
  TODAY           70                        42     28       26
  MONTH TO DATE 1238                       832    406      780
  SINCE DEC 1   4202                      3712    490     3910
  SINCE JUL 1   6260                      5755    505     5657

 COOLING
  TODAY            0                         0      0        0
  MONTH TO DATE    0                         0      0        0
  SINCE DEC 1      0                         0      0        0
  SINCE JAN 1      0                         0      0        0
..................................................................


WIND (MPH)
  HIGHEST WIND SPEED     9   HIGHEST WIND DIRECTION    SW (210)
  HIGHEST GUST SPEED    10   HIGHEST GUST DIRECTION    SW (210)
  AVERAGE WIND SPEED     5.2


SKY COVER
  AVERAGE SKY COVER 1.0


WEATHER CONDITIONS
 THE FOLLOWING WEATHER WAS RECORDED TODAY.
  LIGHT SNOW
  FOG
  HAZE


RELATIVE HUMIDITY (PERCENT)
 HIGHEST    83          1200 AM
 LOWEST     78          1100 AM
 AVERAGE    81

..........................................................


THE HAVRE MT CLIMATE NORMALS FOR TOMORROW
                         NORMAL    RECORD    YEAR
 MAXIMUM TEMPERATURE (F)   35        67      1995
 MINIMUM TEMPERATURE (F)   12       -39      1918


SUNRISE AND SUNSET
FEBRUARY 19 2018......SUNRISE   719 AM MST   SUNSET   547 PM MST
FEBRUARY 20 2018......SUNRISE   717 AM MST   SUNSET   549 PM MST


-  INDICATES NEGATIVE NUMBERS.
R  INDICATES RECORD WAS SET OR TIED.
MM INDICATES DATA IS MISSING.
T  INDICATES TRACE AMOUNT.




$$
