000
CDUS45 KTFX 281055
CLIHVR


CLIMATE REPORT
NATIONAL WEATHER SERVICE GREAT FALLS MT
454 AM MDT WED SEP 28 2016


...................................

...THE HAVRE MT CLIMATE SUMMARY FOR SEPTEMBER 27 2016...

CLIMATE NORMAL PERIOD 1981 TO 2010
CLIMATE RECORD PERIOD 1880 TO 2016


WEATHER ITEM   OBSERVED TIME   RECORD YEAR NORMAL DEPARTURE LAST
                VALUE   (LST)  VALUE       VALUE  FROM      YEAR
                                                  NORMAL
..................................................................
TEMPERATURE (F)
 YESTERDAY
  MAXIMUM         88    255 PM  92    1922  67     21       68
  MINIMUM         48    314 AM  18    1928  37     11       36
  AVERAGE         68                        52     16       52

PRECIPITATION (IN)
  YESTERDAY        0.00          0.46 1982   0.04  -0.04     0.00
  MONTH TO DATE    1.80                      1.02   0.78     1.67
  SINCE OCT 1     17.22                     11.10   6.12    11.81
  SINCE JAN 1     15.29                      9.69   5.60    10.24

SNOWFALL (IN)
  YESTERDAY        0.0           1.1  1925   0.0    0.0      0.0
  MONTH TO DATE    0.0                       0.2   -0.2      0.0
  SINCE SEP 1      0.0                       0.2   -0.2      0.0
  SINCE JUL 1      0.0                       0.2   -0.2       T
  SNOW DEPTH       0

DEGREE DAYS
 HEATING
  YESTERDAY        0                        13    -13       13
  MONTH TO DATE  235                       234      1      206
  SINCE SEP 1    235                       234      1      206
  SINCE JUL 1    296                       317    -21      281

 COOLING
  YESTERDAY        3                         0      3        0
  MONTH TO DATE   20                        17      3        6
  SINCE SEP 1     20                        17      3        6
  SINCE JAN 1    344                       384    -40      416
..................................................................


WIND (MPH)
  HIGHEST WIND SPEED    25   HIGHEST WIND DIRECTION     N (10)
  HIGHEST GUST SPEED    34   HIGHEST GUST DIRECTION     N (10)
  AVERAGE WIND SPEED    11.5


SKY COVER
  AVERAGE SKY COVER 0.0


WEATHER CONDITIONS
 THE FOLLOWING WEATHER WAS RECORDED YESTERDAY.
  NO SIGNIFICANT WEATHER WAS OBSERVED.


RELATIVE HUMIDITY (PERCENT)
 HIGHEST    86           100 AM
 LOWEST     20           200 PM
 AVERAGE    53

..........................................................


THE HAVRE MT CLIMATE NORMALS FOR TODAY
                         NORMAL    RECORD    YEAR
 MAXIMUM TEMPERATURE (F)   66        92      1892
 MINIMUM TEMPERATURE (F)   37        18      1984


SUNRISE AND SUNSET
SEPTEMBER 28 2016.....SUNRISE   715 AM MDT   SUNSET   703 PM MDT
SEPTEMBER 29 2016.....SUNRISE   716 AM MDT   SUNSET   701 PM MDT


-  INDICATES NEGATIVE NUMBERS.
R  INDICATES RECORD WAS SET OR TIED.
MM INDICATES DATA IS MISSING.
T  INDICATES TRACE AMOUNT.




$$
