000
CDUS43 KUNR 180831
CLIICR


CLIMATE REPORT
NATIONAL WEATHER SERVICE RAPID CITY SD
131 AM MST SAT NOV 18 2017


...................................

...THE WINNER REGIONAL AIRPORT SD CLIMATE SUMMARY FOR NOVEMBER 17 2017...

CLIMATE NORMAL PERIOD 1981 TO 2010
CLIMATE RECORD PERIOD 9999 TO 9999


WEATHER ITEM   OBSERVED TIME   NORMAL DEPARTURE LAST
                VALUE   (LST)  VALUE  FROM      YEAR
                                      NORMAL
......................................................
TEMPERATURE (F)
 YESTERDAY
  MAXIMUM         54    240 AM  45      9       45
  MINIMUM         36    613 AM  25     11       32
  AVERAGE         45            35     10       39

PRECIPITATION (IN)
  YESTERDAY        0.01          0.02  -0.01     0.05
  MONTH TO DATE    0.33          0.41  -0.08     0.05
  SINCE SEP 1      3.68          4.04  -0.36     3.37
  SINCE JAN 1     19.20         21.04  -1.84    18.23

DEGREE DAYS
 HEATING
  YESTERDAY       20            30    -10       26
  MONTH TO DATE  452           435     17      167
  SINCE SEP 1    977          1019    -42      481
  SINCE JUL 1    979          1033    -54      489

 COOLING
  YESTERDAY        0             0      0        0
  MONTH TO DATE    0             0      0        0
  SINCE SEP 1    137           110     27      149
  SINCE JAN 1   1113           916    197     1193
......................................................


WIND (MPH)
  HIGHEST WIND SPEED    23   HIGHEST WIND DIRECTION    SW (210)
  HIGHEST GUST SPEED    30   HIGHEST GUST DIRECTION    SW (210)
  AVERAGE WIND SPEED     8.8


SKY COVER
  AVERAGE SKY COVER 0.6


WEATHER CONDITIONS
 THE FOLLOWING WEATHER WAS RECORDED YESTERDAY.
  LIGHT RAIN


RELATIVE HUMIDITY (PERCENT)
 HIGHEST    85           900 PM
 LOWEST     50          1200 AM
 AVERAGE    68

..........................................................




SUNRISE AND SUNSET
NOVEMBER 18 2017......SUNRISE   737 AM CST   SUNSET   512 PM CST
NOVEMBER 19 2017......SUNRISE   738 AM CST   SUNSET   511 PM CST


-  INDICATES NEGATIVE NUMBERS.
R  INDICATES RECORD WAS SET OR TIED.
MM INDICATES DATA IS MISSING.
T  INDICATES TRACE AMOUNT.




$$
