000
CDUS43 KUNR 240834
CLIICR


CLIMATE REPORT
NATIONAL WEATHER SERVICE RAPID CITY SD
233 AM MDT SAT SEP 24 2016


...................................

...THE WINNER REGIONAL AIRPORT SD CLIMATE SUMMARY FOR SEPTEMBER 23 2016...

CLIMATE NORMAL PERIOD 1981 TO 2010
CLIMATE RECORD PERIOD 9999 TO 9999


WEATHER ITEM   OBSERVED TIME   NORMAL DEPARTURE LAST
                VALUE   (LST)  VALUE  FROM      YEAR
                                      NORMAL
......................................................
TEMPERATURE (F)
 YESTERDAY
  MAXIMUM         95    150 PM  74     21       MM
  MINIMUM         63   1206 AM  48     15       MM
  AVERAGE         79            61     18       MM

PRECIPITATION (IN)
  YESTERDAY        T             0.07  -0.07    MM
  MONTH TO DATE    2.03          1.56   0.47     0.84
  SINCE SEP 1      2.03          1.56   0.47     0.84
  SINCE JAN 1     16.89         18.56  -1.67    13.64

DEGREE DAYS
 HEATING
  YESTERDAY        0             6     -6       MM
  MONTH TO DATE   38            77    -39       24
  SINCE SEP 1     38            77    -39       24
  SINCE JUL 1     46            91    -45       38

 COOLING
  YESTERDAY       14             2     12       MM
  MONTH TO DATE  114            93     21      175
  SINCE SEP 1    114            93     21      175
  SINCE JAN 1   1158           899    259     1115
......................................................


WIND (MPH)
  HIGHEST WIND SPEED    30   HIGHEST WIND DIRECTION     S (170)
  HIGHEST GUST SPEED    39   HIGHEST GUST DIRECTION     S (160)
  AVERAGE WIND SPEED    18.4


SKY COVER
  AVERAGE SKY COVER 0.4


WEATHER CONDITIONS
 THE FOLLOWING WEATHER WAS RECORDED YESTERDAY.
  THUNDERSTORM
  LIGHT RAIN
  FOG


RELATIVE HUMIDITY (PERCENT)
 HIGHEST   100           700 AM
 LOWEST     28           400 PM
 AVERAGE    64

..........................................................




SUNRISE AND SUNSET
SEPTEMBER 24 2016.....SUNRISE   729 AM CDT   SUNSET   732 PM CDT
SEPTEMBER 25 2016.....SUNRISE   731 AM CDT   SUNSET   730 PM CDT


-  INDICATES NEGATIVE NUMBERS.
R  INDICATES RECORD WAS SET OR TIED.
MM INDICATES DATA IS MISSING.
T  INDICATES TRACE AMOUNT.




$$
