000
CDUS43 KUNR 310839
CLIICR


CLIMATE REPORT
NATIONAL WEATHER SERVICE RAPID CITY SD
238 AM MDT MON AUG 31 2015


...................................

...THE WINNER REGIONAL AIRPORT SD CLIMATE SUMMARY FOR AUGUST 30 2015...

CLIMATE NORMAL PERIOD 1981 TO 2010
CLIMATE RECORD PERIOD 9999 TO 9999


WEATHER ITEM   OBSERVED TIME   NORMAL DEPARTURE LAST
                VALUE   (LST)  VALUE  FROM      YEAR
                                      NORMAL
......................................................
TEMPERATURE (F)
 YESTERDAY
  MAXIMUM         96    324 PM  84     12       82
  MINIMUM         69    657 AM  58     11       52
  AVERAGE         83            71     12       67

PRECIPITATION (IN)
  YESTERDAY        0.00          0.06  -0.06      T
  MONTH TO DATE    3.09          2.26   0.83     3.44
  SINCE JUN 1      9.13          8.87   0.26     7.85
  SINCE JAN 1     12.80         16.94  -4.14    12.64

DEGREE DAYS
 HEATING
  YESTERDAY        0             1     -1        0
  MONTH TO DATE   14             4     10        1
  SINCE JUN 1     17            63    -46       50
  SINCE JUL 1     14             9      5       13

 COOLING
  YESTERDAY       18             7     11        2
  MONTH TO DATE  299           293      6      242
  SINCE JUN 1    892           769    123      645
  SINCE JAN 1    927           799    128      726
......................................................


WIND (MPH)
  HIGHEST WIND SPEED    28   HIGHEST WIND DIRECTION     S (180)
  HIGHEST GUST SPEED    36   HIGHEST GUST DIRECTION     S (180)
  AVERAGE WIND SPEED    20.4


SKY COVER
  AVERAGE SKY COVER 0.1


WEATHER CONDITIONS
 THE FOLLOWING WEATHER WAS RECORDED YESTERDAY.
  HAZE


RELATIVE HUMIDITY (PERCENT)
 HIGHEST    66           500 AM
 LOWEST     19           400 PM
 AVERAGE    43

..........................................................




SUNRISE AND SUNSET
AUGUST 31 2015........SUNRISE   702 AM CDT   SUNSET   817 PM CDT
SEPTEMBER  1 2015.....SUNRISE   703 AM CDT   SUNSET   815 PM CDT


-  INDICATES NEGATIVE NUMBERS.
R  INDICATES RECORD WAS SET OR TIED.
MM INDICATES DATA IS MISSING.
T  INDICATES TRACE AMOUNT.




$$
