000
CDUS43 KUNR 260832
CLIICR


CLIMATE REPORT
NATIONAL WEATHER SERVICE RAPID CITY SD
132 AM MST WED NOV 26 2014


...................................

...THE WINNER REGIONAL AIRPORT SD CLIMATE SUMMARY FOR NOVEMBER 25 2014...

CLIMATE NORMAL PERIOD 1981 TO 2010
CLIMATE RECORD PERIOD 9999 TO 9999


WEATHER ITEM   OBSERVED TIME   NORMAL DEPARTURE LAST
                VALUE   (LST)  VALUE  FROM      YEAR
                                      NORMAL
......................................................
TEMPERATURE (F)
 YESTERDAY
  MAXIMUM         44    410 PM  41      3       44
  MINIMUM         25    742 AM  21      4       24
  AVERAGE         35            31      4       34

PRECIPITATION (IN)
  YESTERDAY        T             0.01  -0.01     0.00
  MONTH TO DATE    0.18          0.54  -0.36     0.12
  SINCE SEP 1      1.51          4.17  -2.66     4.86
  SINCE JAN 1     14.58         21.17  -6.59    20.85

DEGREE DAYS
 HEATING
  YESTERDAY       30            34     -4       31
  MONTH TO DATE  851           695    156      674
  SINCE SEP 1   1275          1279     -4     1264
  SINCE JUL 1   1288          1293     -5     1271

 COOLING
  YESTERDAY        0             0      0        0
  MONTH TO DATE    0             0      0        0
  SINCE SEP 1    133           110     23      223
  SINCE JAN 1    863           916    -53     1014
......................................................


WIND (MPH)
  HIGHEST WIND SPEED    25   HIGHEST WIND DIRECTION    NW (310)
  HIGHEST GUST SPEED    32   HIGHEST GUST DIRECTION    NW (310)
  AVERAGE WIND SPEED    10.9


SKY COVER
  AVERAGE SKY COVER 0.6


WEATHER CONDITIONS
 THE FOLLOWING WEATHER WAS RECORDED YESTERDAY.
  LIGHT RAIN


RELATIVE HUMIDITY (PERCENT)
 HIGHEST    85           800 PM
 LOWEST     41           400 PM
 AVERAGE    63

..........................................................




SUNRISE AND SUNSET
NOVEMBER 26 2014......SUNRISE   746 AM CST   SUNSET   507 PM CST
NOVEMBER 27 2014......SUNRISE   748 AM CST   SUNSET   506 PM CST


-  INDICATES NEGATIVE NUMBERS.
R  INDICATES RECORD WAS SET OR TIED.
MM INDICATES DATA IS MISSING.
T  INDICATES TRACE AMOUNT.




$$
