000
CDUS43 KUNR 040832
CLIICR


CLIMATE REPORT
NATIONAL WEATHER SERVICE RAPID CITY SD
132 AM MST SUN DEC 4 2016


...................................

...THE WINNER REGIONAL AIRPORT SD CLIMATE SUMMARY FOR DECEMBER 3 2016...

CLIMATE NORMAL PERIOD 1981 TO 2010
CLIMATE RECORD PERIOD 9999 TO 9999


WEATHER ITEM   OBSERVED TIME   NORMAL DEPARTURE LAST
                VALUE   (LST)  VALUE  FROM      YEAR
                                      NORMAL
......................................................
TEMPERATURE (F)
 YESTERDAY
  MAXIMUM         49    328 PM  37     12       37
  MINIMUM         22    137 AM  18      4       13
  AVERAGE         36            27      9       25

PRECIPITATION (IN)
  YESTERDAY        0.00          0.02  -0.02     0.00
  MONTH TO DATE    0.00          0.06  -0.06     0.53
  SINCE DEC 1      0.00          0.06  -0.06     0.53
  SINCE JAN 1     18.47         21.31  -2.84    17.93

DEGREE DAYS
 HEATING
  YESTERDAY       29            38     -9       40
  MONTH TO DATE  101           112    -11      113
  SINCE DEC 1    101           112    -11      113
  SINCE JUL 1    971          1583   -612     1208

 COOLING
  YESTERDAY        0             0      0        0
  MONTH TO DATE    0             0      0        0
  SINCE DEC 1      0             0      0        0
  SINCE JAN 1   1193           916    277     1145
......................................................


WIND (MPH)
  HIGHEST WIND SPEED    21   HIGHEST WIND DIRECTION     S (170)
  HIGHEST GUST SPEED    29   HIGHEST GUST DIRECTION     S (160)
  AVERAGE WIND SPEED     9.5


SKY COVER
  AVERAGE SKY COVER 0.3


WEATHER CONDITIONS
 THE FOLLOWING WEATHER WAS RECORDED YESTERDAY.
  NO SIGNIFICANT WEATHER WAS OBSERVED.


RELATIVE HUMIDITY (PERCENT)
 HIGHEST    81          1200 AM
 LOWEST     39           300 PM
 AVERAGE    60

..........................................................




SUNRISE AND SUNSET
DECEMBER  4 2016......SUNRISE   756 AM CST   SUNSET   504 PM CST
DECEMBER  5 2016......SUNRISE   757 AM CST   SUNSET   503 PM CST


-  INDICATES NEGATIVE NUMBERS.
R  INDICATES RECORD WAS SET OR TIED.
MM INDICATES DATA IS MISSING.
T  INDICATES TRACE AMOUNT.




$$
