000
CDUS43 KUNR 260834
CLIICR


CLIMATE REPORT
NATIONAL WEATHER SERVICE RAPID CITY SD
132 AM MST FRI DEC 26 2014


...................................

...THE WINNER REGIONAL AIRPORT SD CLIMATE SUMMARY FOR DECEMBER 25 2014...

CLIMATE NORMAL PERIOD 1981 TO 2010
CLIMATE RECORD PERIOD 9999 TO 9999


WEATHER ITEM   OBSERVED TIME   NORMAL DEPARTURE LAST
                VALUE   (LST)  VALUE  FROM      YEAR
                                      NORMAL
......................................................
TEMPERATURE (F)
 YESTERDAY
  MAXIMUM         36    257 AM  34      2       35
  MINIMUM         25   1039 PM  14     11       27
  AVERAGE         31            24      7       31

PRECIPITATION (IN)
  YESTERDAY        T             0.01  -0.01     0.00
  MONTH TO DATE    0.19          0.29  -0.10     0.04
  SINCE DEC 1      0.19          0.29  -0.10     0.04
  SINCE JAN 1     14.77         21.54  -6.77    20.89

DEGREE DAYS
 HEATING
  YESTERDAY       34            41     -7       34
  MONTH TO DATE  703           993   -290     1170
  SINCE DEC 1    703           993   -290     1170
  SINCE JUL 1   2159          2464   -305     2607

 COOLING
  YESTERDAY        0             0      0        0
  MONTH TO DATE    0             0      0        0
  SINCE DEC 1      0             0      0        0
  SINCE JAN 1    863           916    -53     1014
......................................................


WIND (MPH)
  HIGHEST WIND SPEED    24   HIGHEST WIND DIRECTION     N (360)
  HIGHEST GUST SPEED    29   HIGHEST GUST DIRECTION     N (10)
  AVERAGE WIND SPEED    13.8


SKY COVER
  AVERAGE SKY COVER 0.7


WEATHER CONDITIONS
 THE FOLLOWING WEATHER WAS RECORDED YESTERDAY.
  LIGHT SNOW
  FOG


RELATIVE HUMIDITY (PERCENT)
 HIGHEST    92          1000 AM
 LOWEST     64          1200 AM
 AVERAGE    78

..........................................................




SUNRISE AND SUNSET
DECEMBER 26 2014......SUNRISE   811 AM CST   SUNSET   509 PM CST
DECEMBER 27 2014......SUNRISE   811 AM CST   SUNSET   510 PM CST


-  INDICATES NEGATIVE NUMBERS.
R  INDICATES RECORD WAS SET OR TIED.
MM INDICATES DATA IS MISSING.
T  INDICATES TRACE AMOUNT.




$$
