708
CDUS43 KUNR 250832
CLIICR


CLIMATE REPORT
NATIONAL WEATHER SERVICE RAPID CITY SD
131 AM MST SAT FEB 25 2017


...................................

...THE WINNER REGIONAL AIRPORT SD CLIMATE SUMMARY FOR FEBRUARY 24 2017...

CLIMATE NORMAL PERIOD 1981 TO 2010
CLIMATE RECORD PERIOD 9999 TO 9999


WEATHER ITEM   OBSERVED TIME   NORMAL DEPARTURE LAST
                VALUE   (LST)  VALUE  FROM      YEAR
                                      NORMAL
......................................................
TEMPERATURE (F)
 YESTERDAY
  MAXIMUM         29    450 PM  40    -11       41
  MINIMUM         14   1159 PM  19     -5       20
  AVERAGE         22            30     -8       31

PRECIPITATION (IN)
  YESTERDAY       MM             0.02  MM         T
  MONTH TO DATE    0.09          0.45  -0.36     0.26
  SINCE DEC 1      1.72          1.04   0.68     1.78
  SINCE JAN 1      1.17          0.70   0.47     0.33

DEGREE DAYS
 HEATING
  YESTERDAY       43            35      8       34
  MONTH TO DATE  692           916   -224      709
  SINCE DEC 1   3144          3400   -256     3084
  SINCE JUL 1   4014          4871   -857     4179

 COOLING
  YESTERDAY        0             0      0        0
  MONTH TO DATE    0             0      0        0
  SINCE DEC 1      0             0      0        0
  SINCE JAN 1      0             0      0        0
......................................................


WIND (MPH)
  HIGHEST WIND SPEED    25   HIGHEST WIND DIRECTION     N (10)
  HIGHEST GUST SPEED    30   HIGHEST GUST DIRECTION     N (10)
  AVERAGE WIND SPEED    14.7


SKY COVER
  AVERAGE SKY COVER 0.6


WEATHER CONDITIONS
 THE FOLLOWING WEATHER WAS RECORDED YESTERDAY.
  LIGHT SNOW
  FOG


RELATIVE HUMIDITY (PERCENT)
 HIGHEST    84          1200 AM
 LOWEST     57           100 PM
 AVERAGE    71

..........................................................




SUNRISE AND SUNSET
FEBRUARY 25 2017......SUNRISE   722 AM CST   SUNSET   624 PM CST
FEBRUARY 26 2017......SUNRISE   720 AM CST   SUNSET   625 PM CST


-  INDICATES NEGATIVE NUMBERS.
R  INDICATES RECORD WAS SET OR TIED.
MM INDICATES DATA IS MISSING.
T  INDICATES TRACE AMOUNT.




$$
