000
CDUS43 KUNR 280831
CLIICR


CLIMATE REPORT
NATIONAL WEATHER SERVICE RAPID CITY SD
231 AM MDT SUN AUG 28 2016


...................................

...THE WINNER REGIONAL AIRPORT SD CLIMATE SUMMARY FOR AUGUST 27 2016...

CLIMATE NORMAL PERIOD 1981 TO 2010
CLIMATE RECORD PERIOD 9999 TO 9999


WEATHER ITEM   OBSERVED TIME   NORMAL DEPARTURE LAST
                VALUE   (LST)  VALUE  FROM      YEAR
                                      NORMAL
......................................................
TEMPERATURE (F)
 YESTERDAY
  MAXIMUM         88    428 PM  85      3       86
  MINIMUM         54   1248 AM  59     -5       67
  AVERAGE         71            72     -1       77

PRECIPITATION (IN)
  YESTERDAY        0.00          0.06  -0.06     0.10
  MONTH TO DATE    1.99          2.10  -0.11     2.59
  SINCE JUN 1      5.51          8.71  -3.20     8.63
  SINCE JAN 1     14.86         16.78  -1.92    12.30

DEGREE DAYS
 HEATING
  YESTERDAY        0             1     -1        0
  MONTH TO DATE    7             1      6       14
  SINCE JUN 1     11            60    -49       17
  SINCE JUL 1      8             6      2       14

 COOLING
  YESTERDAY        6             8     -2       12
  MONTH TO DATE  266           271     -5      261
  SINCE JUN 1    938           747    191      854
  SINCE JAN 1    985           777    208      889
......................................................


WIND (MPH)
  HIGHEST WIND SPEED    20   HIGHEST WIND DIRECTION     S (190)
  HIGHEST GUST SPEED    26   HIGHEST GUST DIRECTION     S (190)
  AVERAGE WIND SPEED     9.1


SKY COVER
  AVERAGE SKY COVER 0.0


WEATHER CONDITIONS
 THE FOLLOWING WEATHER WAS RECORDED YESTERDAY.
  NO SIGNIFICANT WEATHER WAS OBSERVED.


RELATIVE HUMIDITY (PERCENT)
 HIGHEST    90           300 AM
 LOWEST     31          1200 PM
 AVERAGE    61

..........................................................




SUNRISE AND SUNSET
AUGUST 28 2016........SUNRISE   659 AM CDT   SUNSET   820 PM CDT
AUGUST 29 2016........SUNRISE   701 AM CDT   SUNSET   819 PM CDT


-  INDICATES NEGATIVE NUMBERS.
R  INDICATES RECORD WAS SET OR TIED.
MM INDICATES DATA IS MISSING.
T  INDICATES TRACE AMOUNT.




$$
