000
CDUS43 KUNR 200836
CLIICR


CLIMATE REPORT
NATIONAL WEATHER SERVICE RAPID CITY SD
135 AM MST SAT JAN 20 2018


...................................

...THE WINNER REGIONAL AIRPORT SD CLIMATE SUMMARY FOR JANUARY 19 2018...

CLIMATE NORMAL PERIOD 1981 TO 2010
CLIMATE RECORD PERIOD 9999 TO 9999


WEATHER ITEM   OBSERVED TIME   NORMAL DEPARTURE LAST
                VALUE   (LST)  VALUE  FROM      YEAR
                                      NORMAL
......................................................
TEMPERATURE (F)
 YESTERDAY
  MAXIMUM         55   1044 AM  36     19       50
  MINIMUM         33   1159 PM  14     19       33
  AVERAGE         44            25     19       42

PRECIPITATION (IN)
  YESTERDAY        0.00          0.01  -0.01     0.00
  MONTH TO DATE    0.01          0.14  -0.13     0.01
  SINCE DEC 1      0.18          0.48  -0.30     0.56
  SINCE JAN 1      0.01          0.14  -0.13     0.01

DEGREE DAYS
 HEATING
  YESTERDAY       21            40    -19       23
  MONTH TO DATE  760           765     -5      866
  SINCE DEC 1   1950          2000    -50     2050
  SINCE JUL 1   3174          3471   -297     2920

 COOLING
  YESTERDAY        0             0      0        0
  MONTH TO DATE    0             0      0        0
  SINCE DEC 1      0             0      0        0
  SINCE JAN 1      0             0      0        0
......................................................


WIND (MPH)
  HIGHEST WIND SPEED    20   HIGHEST WIND DIRECTION    NW (320)
  HIGHEST GUST SPEED    24   HIGHEST GUST DIRECTION    NW (310)
  AVERAGE WIND SPEED    10.0


SKY COVER
  AVERAGE SKY COVER 0.0


WEATHER CONDITIONS
 THE FOLLOWING WEATHER WAS RECORDED YESTERDAY.
  NO SIGNIFICANT WEATHER WAS OBSERVED.


RELATIVE HUMIDITY (PERCENT)
 HIGHEST    82           900 PM
 LOWEST     46          1000 AM
 AVERAGE    64

..........................................................




SUNRISE AND SUNSET
JANUARY 20 2018.......SUNRISE   806 AM CST   SUNSET   535 PM CST
JANUARY 21 2018.......SUNRISE   805 AM CST   SUNSET   537 PM CST


-  INDICATES NEGATIVE NUMBERS.
R  INDICATES RECORD WAS SET OR TIED.
MM INDICATES DATA IS MISSING.
T  INDICATES TRACE AMOUNT.




$$
