000
CDUS43 KUNR 270834
CLIICR


CLIMATE REPORT
NATIONAL WEATHER SERVICE RAPID CITY SD
233 AM MDT SAT MAY 27 2017


...................................

...THE WINNER REGIONAL AIRPORT SD CLIMATE SUMMARY FOR MAY 26 2017...

CLIMATE NORMAL PERIOD 1981 TO 2010
CLIMATE RECORD PERIOD 9999 TO 9999


WEATHER ITEM   OBSERVED TIME   NORMAL DEPARTURE LAST
                VALUE   (LST)  VALUE  FROM      YEAR
                                      NORMAL
......................................................
TEMPERATURE (F)
 YESTERDAY
  MAXIMUM         74    437 PM  73      1       79
  MINIMUM         49    452 AM  50     -1       51
  AVERAGE         62            61      1       65

PRECIPITATION (IN)
  YESTERDAY        T             0.13  -0.13     0.34
  MONTH TO DATE    2.97          2.78   0.19     2.36
  SINCE MAR 1      5.39          6.65  -1.26     8.50
  SINCE JAN 1      7.03          7.41  -0.38     8.89

DEGREE DAYS
 HEATING
  YESTERDAY        3             5     -2        0
  MONTH TO DATE  184           219    -35      175
  SINCE MAR 1   1375          1614   -239     1274
  SINCE JUL 1   5527          6623  -1096     5567

 COOLING
  YESTERDAY        0             1     -1        0
  MONTH TO DATE   26            21      5       29
  SINCE MAR 1     28            23      5       38
  SINCE JAN 1     28            23      5       38
......................................................


WIND (MPH)
  HIGHEST WIND SPEED    22   HIGHEST WIND DIRECTION    NW (310)
  HIGHEST GUST SPEED    28   HIGHEST GUST DIRECTION    NW (320)
  AVERAGE WIND SPEED     9.6


SKY COVER
  AVERAGE SKY COVER 0.1


WEATHER CONDITIONS
 THE FOLLOWING WEATHER WAS RECORDED YESTERDAY.
  LIGHT RAIN


RELATIVE HUMIDITY (PERCENT)
 HIGHEST    74           500 AM
 LOWEST     29           400 PM
 AVERAGE    52

..........................................................




SUNRISE AND SUNSET
MAY 27 2017...........SUNRISE   604 AM CDT   SUNSET   909 PM CDT
MAY 28 2017...........SUNRISE   604 AM CDT   SUNSET   910 PM CDT


-  INDICATES NEGATIVE NUMBERS.
R  INDICATES RECORD WAS SET OR TIED.
MM INDICATES DATA IS MISSING.
T  INDICATES TRACE AMOUNT.




$$
