000
CDUS45 KPIH 270736
CLIIDA


CLIMATE REPORT
NATIONAL WEATHER SERVICE POCATELLO ID
134 AM MDT SAT MAY 27 2017


...................................

...THE IDAHO FALLS ID CLIMATE SUMMARY FOR MAY 26 2017...

CLIMATE NORMAL PERIOD 1981 TO 2010
CLIMATE RECORD PERIOD 1948 TO 2017


WEATHER ITEM   OBSERVED TIME   RECORD YEAR NORMAL DEPARTURE LAST
                VALUE   (LST)  VALUE       VALUE  FROM      YEAR
                                                  NORMAL
..................................................................
TEMPERATURE (F)
 YESTERDAY
  MAXIMUM         47    658 PM  85    2014  70    -23       68
                                      1988
  MINIMUM         37    300 AM  25    1975  42     -5       36
  AVERAGE         42                        56    -14       52

PRECIPITATION (IN)
  YESTERDAY        0.16          0.97 1981   0.05   0.11     0.00
  MONTH TO DATE    0.50                      1.25  -0.75     1.84
  SINCE OCT 1      8.29                      7.17   1.12     7.43
  SINCE JAN 1      4.01                      4.60  -0.59     5.11

SNOWFALL (IN)
  YESTERDAY       MM
  MONTH TO DATE   MM
  SINCE MAR 1     MM
  SINCE JUL 1     MM
  SNOW DEPTH      MM

DEGREE DAYS
 HEATING
  YESTERDAY       23                        10     13       13
  MONTH TO DATE  335                       334      1      312
  SINCE MAR 1   1703                      1845   -142     1604
  SINCE JUL 1   7500                      7647   -147     7186

 COOLING
  YESTERDAY        0                         0      0        0
  MONTH TO DATE    0                         0      0        0
  SINCE MAR 1      0                         0      0        0
  SINCE JAN 1      0                         0      0        0
..................................................................


WIND (MPH)
  HIGHEST WIND SPEED    17   HIGHEST WIND DIRECTION     N (340)
  HIGHEST GUST SPEED    23   HIGHEST GUST DIRECTION     N (360)
  AVERAGE WIND SPEED     5.1


SKY COVER
  POSSIBLE SUNSHINE  MM
  AVERAGE SKY COVER 0.8


WEATHER CONDITIONS
 THE FOLLOWING WEATHER WAS RECORDED YESTERDAY.
  RAIN
  LIGHT RAIN
  FOG


RELATIVE HUMIDITY (PERCENT)
 HIGHEST    96           700 AM
 LOWEST     76          1200 AM
 AVERAGE    86

..........................................................


THE IDAHO FALLS ID CLIMATE NORMALS FOR TODAY
                         NORMAL    RECORD    YEAR
 MAXIMUM TEMPERATURE (F)   70        88      1966
 MINIMUM TEMPERATURE (F)   42        29      1973


SUNRISE AND SUNSET
MAY 27 2017...........SUNRISE   553 AM MDT   SUNSET   859 PM MDT
MAY 28 2017...........SUNRISE   552 AM MDT   SUNSET   859 PM MDT


-  INDICATES NEGATIVE NUMBERS.
R  INDICATES RECORD WAS SET OR TIED.
MM INDICATES DATA IS MISSING.
T  INDICATES TRACE AMOUNT.




$$
