000
CDUS45 KPIH 260734
CLIIDA


CLIMATE REPORT
NATIONAL WEATHER SERVICE POCATELLO ID
1233 AM MST FRI DEC 26 2014


...................................

...THE IDAHO FALLS ID CLIMATE SUMMARY FOR DECEMBER 25 2014...

CLIMATE NORMAL PERIOD 1981 TO 2010
CLIMATE RECORD PERIOD 1948 TO 2014


WEATHER ITEM   OBSERVED TIME   RECORD YEAR NORMAL DEPARTURE LAST
                VALUE   (LST)  VALUE       VALUE  FROM      YEAR
                                                  NORMAL
..................................................................
TEMPERATURE (F)
 YESTERDAY
  MAXIMUM         32   1235 AM  46    1955  28      4       22
  MINIMUM         17   1159 PM -15    1990  11      6        3
  AVERAGE         25                        19      6       13

PRECIPITATION (IN)
  YESTERDAY        0.12          0.42 1968   0.02   0.10     0.00
  MONTH TO DATE    0.77                      0.71   0.06     0.13
  SINCE OCT 1      1.33                      2.41  -1.08     1.28
  SINCE JAN 1     10.16                     10.23  -0.07     6.30

SNOWFALL (IN)
  YESTERDAY       MM
  MONTH TO DATE   MM
  SINCE DEC 1     MM
  SINCE JUL 1     MM
  SNOW DEPTH      MM

DEGREE DAYS
 HEATING
  YESTERDAY       40                        46     -6       52
  MONTH TO DATE  775                      1096   -321     1254
  SINCE DEC 1    775                      1096   -321     1254
  SINCE JUL 1   2464                      2999   -535     2978

 COOLING
  YESTERDAY        0                         0      0        0
  MONTH TO DATE    0                         0      0        0
  SINCE DEC 1      0                         0      0        0
  SINCE JAN 1    303                       264     39      510
..................................................................


WIND (MPH)
  HIGHEST WIND SPEED    30   HIGHEST WIND DIRECTION     N (360)
  HIGHEST GUST SPEED    37   HIGHEST GUST DIRECTION     N (360)
  AVERAGE WIND SPEED    18.4


SKY COVER
  POSSIBLE SUNSHINE  MM
  AVERAGE SKY COVER 1.0


WEATHER CONDITIONS
 THE FOLLOWING WEATHER WAS RECORDED YESTERDAY.
  SNOW
  LIGHT SNOW
  FOG
  BLOWING SNOW


RELATIVE HUMIDITY (PERCENT)
 HIGHEST    92          1200 AM
 LOWEST     67          1100 PM
 AVERAGE    80

..........................................................


THE IDAHO FALLS ID CLIMATE NORMALS FOR TODAY
                         NORMAL    RECORD    YEAR
 MAXIMUM TEMPERATURE (F)   28        53      1980
 MINIMUM TEMPERATURE (F)   11       -13      1988


SUNRISE AND SUNSET
DECEMBER 26 2014......SUNRISE   800 AM MST   SUNSET   458 PM MST
DECEMBER 27 2014......SUNRISE   800 AM MST   SUNSET   458 PM MST


-  INDICATES NEGATIVE NUMBERS.
R  INDICATES RECORD WAS SET OR TIED.
MM INDICATES DATA IS MISSING.
T  INDICATES TRACE AMOUNT.




$$
