000
CDUS45 KPIH 280730
CLIIDA


CLIMATE REPORT
NATIONAL WEATHER SERVICE POCATELLO ID
1230 AM MST SAT FEB 28 2015


...................................

...THE IDAHO FALLS ID CLIMATE SUMMARY FOR FEBRUARY 27 2015...

CLIMATE NORMAL PERIOD 1981 TO 2010
CLIMATE RECORD PERIOD 1948 TO 2015


WEATHER ITEM   OBSERVED TIME   RECORD YEAR NORMAL DEPARTURE LAST
                VALUE   (LST)  VALUE       VALUE  FROM      YEAR
                                                  NORMAL
..................................................................
TEMPERATURE (F)
 YESTERDAY
  MAXIMUM         35    524 PM  58    1980  39     -4       51
  MINIMUM         22   1145 PM -18    1960  19      3       28
  AVERAGE         29                        29      0       40

PRECIPITATION (IN)
  YESTERDAY        T             0.16 1973   0.02  -0.02     0.08
  MONTH TO DATE    0.17                      0.63  -0.46     0.34
  SINCE OCT 1      1.91                      3.89  -1.98     2.15
  SINCE JAN 1      0.45                      1.32  -0.87     0.85

SNOWFALL (IN)
  YESTERDAY       MM
  MONTH TO DATE   MM
  SINCE DEC 1     MM
  SINCE JUL 1     MM
  SNOW DEPTH      MM

DEGREE DAYS
 HEATING
  YESTERDAY       36                        36      0       25
  MONTH TO DATE  749                      1104   -355      960
  SINCE DEC 1   3096                      3864   -768     3772
  SINCE JUL 1   4785                      5767   -982     5496

 COOLING
  YESTERDAY        0                         0      0        0
  MONTH TO DATE    0                         0      0        0
  SINCE DEC 1      0                         0      0        0
  SINCE JAN 1      0                         0      0        0
..................................................................


WIND (MPH)
  HIGHEST WIND SPEED    12   HIGHEST WIND DIRECTION     N (360)
  HIGHEST GUST SPEED    15   HIGHEST GUST DIRECTION     N (360)
  AVERAGE WIND SPEED     5.7


SKY COVER
  POSSIBLE SUNSHINE  MM
  AVERAGE SKY COVER 0.8


WEATHER CONDITIONS
 THE FOLLOWING WEATHER WAS RECORDED YESTERDAY.
  LIGHT SNOW
  FOG


RELATIVE HUMIDITY (PERCENT)
 HIGHEST    88           900 PM
 LOWEST     55           100 AM
 AVERAGE    72

..........................................................


THE IDAHO FALLS ID CLIMATE NORMALS FOR TODAY
                         NORMAL    RECORD    YEAR
 MAXIMUM TEMPERATURE (F)   39        59      1992
 MINIMUM TEMPERATURE (F)   19       -20      1960


SUNRISE AND SUNSET
FEBRUARY 28 2015......SUNRISE   707 AM MST   SUNSET   616 PM MST
MARCH  1 2015.........SUNRISE   705 AM MST   SUNSET   617 PM MST


-  INDICATES NEGATIVE NUMBERS.
R  INDICATES RECORD WAS SET OR TIED.
MM INDICATES DATA IS MISSING.
T  INDICATES TRACE AMOUNT.




$$
