000
CDUS45 KPIH 250733
CLIIDA


CLIMATE REPORT
NATIONAL WEATHER SERVICE POCATELLO ID
131 AM MDT SAT OCT 25 2014


...................................

...THE IDAHO FALLS ID CLIMATE SUMMARY FOR OCTOBER 24 2014...

CLIMATE NORMAL PERIOD 1981 TO 2010
CLIMATE RECORD PERIOD 1948 TO 2014


WEATHER ITEM   OBSERVED TIME   RECORD YEAR NORMAL DEPARTURE LAST
                VALUE   (LST)  VALUE       VALUE  FROM      YEAR
                                                  NORMAL
..................................................................
TEMPERATURE (F)
 YESTERDAY
  MAXIMUM         71    335 PM  74    1992  56     15       69
  MINIMUM         36   1137 PM  16    1980  29      7       29
  AVERAGE         54                        42     12       49

PRECIPITATION (IN)
  YESTERDAY        0.00          0.36 2010   0.03  -0.03     0.00
  MONTH TO DATE    0.03                      0.65  -0.62     0.51
  SINCE OCT 1      0.03                      0.65  -0.62     0.51
  SINCE JAN 1      8.86                      8.47   0.39     5.53

SNOWFALL (IN)
  YESTERDAY       MM
  MONTH TO DATE   MM
  SINCE SEP 1     MM
  SINCE JUL 1     MM
  SNOW DEPTH      MM

DEGREE DAYS
 HEATING
  YESTERDAY       11                        23    -12       16
  MONTH TO DATE  327                       445   -118      512
  SINCE SEP 1    484                       688   -204      671
  SINCE JUL 1    539                       753   -214      671

 COOLING
  YESTERDAY        0                         0      0        0
  MONTH TO DATE    0                         0      0        0
  SINCE SEP 1     21                        12      9       50
  SINCE JAN 1    303                       264     39      510
..................................................................


WIND (MPH)
  HIGHEST WIND SPEED    21   HIGHEST WIND DIRECTION    SW (210)
  HIGHEST GUST SPEED    26   HIGHEST GUST DIRECTION    SW (220)
  AVERAGE WIND SPEED     8.7


SKY COVER
  POSSIBLE SUNSHINE  MM
  AVERAGE SKY COVER 0.4


WEATHER CONDITIONS
 THE FOLLOWING WEATHER WAS RECORDED YESTERDAY.
  NO SIGNIFICANT WEATHER WAS OBSERVED.


RELATIVE HUMIDITY (PERCENT)
 HIGHEST    70          1000 PM
 LOWEST     23           400 PM
 AVERAGE    47

..........................................................


THE IDAHO FALLS ID CLIMATE NORMALS FOR TODAY
                         NORMAL    RECORD    YEAR
 MAXIMUM TEMPERATURE (F)   55        71      2005
                                             1990
 MINIMUM TEMPERATURE (F)   29        17      2003


SUNRISE AND SUNSET
OCTOBER 25 2014.......SUNRISE   755 AM MDT   SUNSET   629 PM MDT
OCTOBER 26 2014.......SUNRISE   756 AM MDT   SUNSET   628 PM MDT


-  INDICATES NEGATIVE NUMBERS.
R  INDICATES RECORD WAS SET OR TIED.
MM INDICATES DATA IS MISSING.
T  INDICATES TRACE AMOUNT.




$$
