000
CDUS45 KPIH 232329
CLIIDA


CLIMATE REPORT
NATIONAL WEATHER SERVICE POCATELLO ID
528 PM MDT SAT SEP 23 2017


...................................

...THE IDAHO FALLS ID CLIMATE SUMMARY FOR SEPTEMBER 23 2017...
VALID TODAY AS OF 0500 PM LOCAL TIME.

CLIMATE NORMAL PERIOD 1981 TO 2010
CLIMATE RECORD PERIOD 1948 TO 2017


WEATHER ITEM   OBSERVED TIME   RECORD YEAR NORMAL DEPARTURE LAST
                VALUE   (LST)  VALUE       VALUE  FROM      YEAR
                                                  NORMAL
..................................................................
TEMPERATURE (F)
 TODAY
  MAXIMUM         55    345 PM  88    1987  71    -16       52
  MINIMUM         28    554 AM  23    1985  38    -10       44
  AVERAGE         42                        54    -12       48

PRECIPITATION (IN)
  TODAY            0.00          1.01 2016   0.03  -0.03     1.01
  MONTH TO DATE    2.30                      0.63   1.67     1.77
  SINCE OCT 1     12.67                     10.18   2.49     9.53
  SINCE JAN 1      8.39                      7.61   0.78     7.21

SNOWFALL (IN)
  TODAY           MM
  MONTH TO DATE   MM
  SINCE SEP 1     MM
  SINCE JUL 1     MM
  SNOW DEPTH      MM

DEGREE DAYS
 HEATING
  TODAY           23                        11     12       17
  MONTH TO DATE  159                       154      5      185
  SINCE SEP 1    159                       154      5      185
  SINCE JUL 1    168                       219    -51      262

 COOLING
  TODAY            0                         0      0        0
  MONTH TO DATE   40                        10     30       16
  SINCE SEP 1     40                        10     30       16
  SINCE JAN 1    362                       262    100      260
..................................................................


WIND (MPH)
  HIGHEST WIND SPEED    14   HIGHEST WIND DIRECTION     N (340)
  HIGHEST GUST SPEED    18   HIGHEST GUST DIRECTION     N (340)
  AVERAGE WIND SPEED     3.3


SKY COVER
  POSSIBLE SUNSHINE  MM
  AVERAGE SKY COVER 0.3


WEATHER CONDITIONS
 THE FOLLOWING WEATHER WAS RECORDED TODAY.
  NO SIGNIFICANT WEATHER WAS OBSERVED.


RELATIVE HUMIDITY (PERCENT)
 HIGHEST   100           600 AM
 LOWEST     50           200 PM
 AVERAGE    75

..........................................................


THE IDAHO FALLS ID CLIMATE NORMALS FOR TOMORROW
                         NORMAL    RECORD    YEAR
 MAXIMUM TEMPERATURE (F)   70        88      2014
                                             1987
 MINIMUM TEMPERATURE (F)   37        18      2000


SUNRISE AND SUNSET
SEPTEMBER 23 2017.....SUNRISE   717 AM MDT   SUNSET   723 PM MDT
SEPTEMBER 24 2017.....SUNRISE   718 AM MDT   SUNSET   721 PM MDT


-  INDICATES NEGATIVE NUMBERS.
R  INDICATES RECORD WAS SET OR TIED.
MM INDICATES DATA IS MISSING.
T  INDICATES TRACE AMOUNT.




$$
