000
CDUS45 KPIH 012322
CLIIDA


CLIMATE REPORT
NATIONAL WEATHER SERVICE POCATELLO ID
421 PM MST SUN FEB 1 2015


...................................

...THE IDAHO FALLS ID CLIMATE SUMMARY FOR FEBRUARY 1 2015...
VALID TODAY AS OF 0400 PM LOCAL TIME.

CLIMATE NORMAL PERIOD 1981 TO 2010
CLIMATE RECORD PERIOD 1948 TO 2015


WEATHER ITEM   OBSERVED TIME   RECORD YEAR NORMAL DEPARTURE LAST
                VALUE   (LST)  VALUE       VALUE  FROM      YEAR
                                                  NORMAL
..................................................................
TEMPERATURE (F)
 TODAY
  MAXIMUM         33    313 PM  50    1992  30      3       27
  MINIMUM         28    744 AM -38    1985  12     16        8
  AVERAGE         31                        21     10       18

PRECIPITATION (IN)
  TODAY            0.00          0.45 1952   0.02  -0.02     0.00
  MONTH TO DATE    0.00                      0.02  -0.02     0.00
  SINCE OCT 1      1.74                      3.28  -1.54     1.81
  SINCE JAN 1      0.28                      0.71  -0.43     0.51

SNOWFALL (IN)
  TODAY           MM
  MONTH TO DATE   MM
  SINCE DEC 1     MM
  SINCE JUL 1     MM
  SNOW DEPTH      MM

DEGREE DAYS
 HEATING
  TODAY           34                        44    -10       47
  MONTH TO DATE   34                        44    -10       47
  SINCE DEC 1   2381                      2804   -423     2859
  SINCE JUL 1   4070                      4707   -637     4583

 COOLING
  TODAY            0                         0      0        0
  MONTH TO DATE    0                         0      0        0
  SINCE DEC 1      0                         0      0        0
  SINCE JAN 1      0                         0      0        0
..................................................................


WIND (MPH)
  HIGHEST WIND SPEED     8   HIGHEST WIND DIRECTION     N (360)
  HIGHEST GUST SPEED     9   HIGHEST GUST DIRECTION     N (360)
  AVERAGE WIND SPEED     3.8


SKY COVER
  POSSIBLE SUNSHINE  MM
  AVERAGE SKY COVER 1.0


WEATHER CONDITIONS
 THE FOLLOWING WEATHER WAS RECORDED TODAY.
  NO SIGNIFICANT WEATHER WAS OBSERVED.


RELATIVE HUMIDITY (PERCENT)
 HIGHEST    92           400 AM
 LOWEST     78          1200 PM
 AVERAGE    85

..........................................................


THE IDAHO FALLS ID CLIMATE NORMALS FOR TOMORROW
                         NORMAL    RECORD    YEAR
 MAXIMUM TEMPERATURE (F)   30        46      1987
 MINIMUM TEMPERATURE (F)   12       -21      2011
                                             1956


SUNRISE AND SUNSET
FEBRUARY  1 2015......SUNRISE   745 AM MST   SUNSET   540 PM MST
FEBRUARY  2 2015......SUNRISE   744 AM MST   SUNSET   541 PM MST


-  INDICATES NEGATIVE NUMBERS.
R  INDICATES RECORD WAS SET OR TIED.
MM INDICATES DATA IS MISSING.
T  INDICATES TRACE AMOUNT.




$$
