000
CDUS45 KPIH 190742
CLIIDA


CLIMATE REPORT
NATIONAL WEATHER SERVICE POCATELLO ID
141 AM MDT SAT APR 19 2014


...................................

...THE IDAHO FALLS ID CLIMATE SUMMARY FOR APRIL 18 2014...

CLIMATE NORMAL PERIOD 1981 TO 2010
CLIMATE RECORD PERIOD 1948 TO 2014


WEATHER ITEM   OBSERVED TIME   RECORD YEAR NORMAL DEPARTURE LAST
                VALUE   (LST)  VALUE       VALUE  FROM      YEAR
                                                  NORMAL
..................................................................
TEMPERATURE (F)
 YESTERDAY
  MAXIMUM         60    428 PM  79    1962  59      1       52
  MINIMUM         42   1156 PM  14    2013  32     10       14
  AVERAGE         51                        45      6       33

PRECIPITATION (IN)
  YESTERDAY        0.09          1.10 2000   0.04   0.05     0.00
  MONTH TO DATE    0.18                      0.61  -0.43     0.20
  SINCE OCT 1      3.77                      5.39  -1.62     3.73
  SINCE JAN 1      2.47                      2.82  -0.35     1.04

SNOWFALL (IN)
  YESTERDAY       MM
  MONTH TO DATE   MM
  SINCE MAR 1     MM
  SINCE JUL 1     MM
  SNOW DEPTH      MM

DEGREE DAYS
 HEATING
  YESTERDAY       14                        20     -6       32
  MONTH TO DATE  374                       393    -19      413
  SINCE MAR 1   1166                      1295   -129     1309
  SINCE JUL 1   6683                      7097   -414     6872

 COOLING
  YESTERDAY        0                         0      0        0
  MONTH TO DATE    0                         0      0        0
  SINCE MAR 1      0                         0      0        0
  SINCE JAN 1      0                         0      0        0
..................................................................


WIND (MPH)
  HIGHEST WIND SPEED    39   HIGHEST WIND DIRECTION     S (200)
  HIGHEST GUST SPEED    48   HIGHEST GUST DIRECTION     S (200)
  AVERAGE WIND SPEED    22.9


SKY COVER
  POSSIBLE SUNSHINE  MM
  AVERAGE SKY COVER 0.5


WEATHER CONDITIONS
 THE FOLLOWING WEATHER WAS RECORDED YESTERDAY.
  RAIN
  LIGHT RAIN
  FOG
  HAZE


RELATIVE HUMIDITY (PERCENT)
 HIGHEST    89           700 AM
 LOWEST     23           500 PM
 AVERAGE    56

..........................................................


THE IDAHO FALLS ID CLIMATE NORMALS FOR TODAY
                         NORMAL    RECORD    YEAR
 MAXIMUM TEMPERATURE (F)   59        84      1962
 MINIMUM TEMPERATURE (F)   32        15      1982


SUNRISE AND SUNSET
APRIL 19 2014.........SUNRISE   639 AM MDT   SUNSET   816 PM MDT
APRIL 20 2014.........SUNRISE   637 AM MDT   SUNSET   818 PM MDT


-  INDICATES NEGATIVE NUMBERS.
R  INDICATES RECORD WAS SET OR TIED.
MM INDICATES DATA IS MISSING.
T  INDICATES TRACE AMOUNT.




$$
