000
CDUS45 KPIH 250745
CLIIDA


CLIMATE REPORT
NATIONAL WEATHER SERVICE POCATELLO ID
143 AM MDT FRI JUL 25 2014


...................................

...THE IDAHO FALLS ID CLIMATE SUMMARY FOR JULY 24 2014...

CLIMATE NORMAL PERIOD 1981 TO 2010
CLIMATE RECORD PERIOD 1948 TO 2014


WEATHER ITEM   OBSERVED TIME   RECORD YEAR NORMAL DEPARTURE LAST
                VALUE   (LST)  VALUE       VALUE  FROM      YEAR
                                                  NORMAL
..................................................................
TEMPERATURE (F)
 YESTERDAY
  MAXIMUM         84    218 PM  97    1978  88     -4       90
  MINIMUM         59   1156 PM  43    2010  51      8       49
                                      1981
  AVERAGE         72                        69      3       70

PRECIPITATION (IN)
  YESTERDAY        0.00          0.29 1977   0.01  -0.01     0.00
  MONTH TO DATE    T                         0.39  -0.39     0.30
  SINCE OCT 1      5.14                      8.90  -3.76     4.93
  SINCE JAN 1      3.84                      6.33  -2.49     2.24

SNOWFALL (IN)
  YESTERDAY       MM
  MONTH TO DATE   MM
  SINCE JUN 1     MM
  SINCE JUL 1     MM
  SNOW DEPTH      MM

DEGREE DAYS
 HEATING
  YESTERDAY        0                         0      0        0
  MONTH TO DATE    2                        25    -23        0
  SINCE JUN 1    130                       178    -48      100
  SINCE JUL 1      2                        25    -23        0

 COOLING
  YESTERDAY        7                         5      2        5
  MONTH TO DATE  171                        93     78      180
  SINCE JUN 1    180                       123     57      249
  SINCE JAN 1    181                       125     56      253
..................................................................


WIND (MPH)
  HIGHEST WIND SPEED    32   HIGHEST WIND DIRECTION    SW (210)
  HIGHEST GUST SPEED    44   HIGHEST GUST DIRECTION     S (200)
  AVERAGE WIND SPEED    19.8


SKY COVER
  POSSIBLE SUNSHINE  MM
  AVERAGE SKY COVER 0.0


WEATHER CONDITIONS
 THE FOLLOWING WEATHER WAS RECORDED YESTERDAY.
  HAZE
  SANDSTORM


RELATIVE HUMIDITY (PERCENT)
 HIGHEST    45           200 AM
 LOWEST     16           500 PM
 AVERAGE    31

..........................................................


THE IDAHO FALLS ID CLIMATE NORMALS FOR TODAY
                         NORMAL    RECORD    YEAR
 MAXIMUM TEMPERATURE (F)   88        98      1954
 MINIMUM TEMPERATURE (F)   51        41      2000


SUNRISE AND SUNSET
JULY 25 2014..........SUNRISE   611 AM MDT   SUNSET   858 PM MDT
JULY 26 2014..........SUNRISE   612 AM MDT   SUNSET   857 PM MDT


-  INDICATES NEGATIVE NUMBERS.
R  INDICATES RECORD WAS SET OR TIED.
MM INDICATES DATA IS MISSING.
T  INDICATES TRACE AMOUNT.




$$
