000
CDUS45 KPIH 300733
CLIIDA


CLIMATE REPORT
NATIONAL WEATHER SERVICE POCATELLO ID
131 AM MDT SAT JUL 30 2016


...................................

...THE IDAHO FALLS ID CLIMATE SUMMARY FOR JULY 29 2016...

CLIMATE NORMAL PERIOD 1981 TO 2010
CLIMATE RECORD PERIOD 1948 TO 2016


WEATHER ITEM   OBSERVED TIME   RECORD YEAR NORMAL DEPARTURE LAST
                VALUE   (LST)  VALUE       VALUE  FROM      YEAR
                                                  NORMAL
..................................................................
TEMPERATURE (F)
 YESTERDAY
  MAXIMUM         93    439 PM  96    2007  88      5       81
                                      2000
  MINIMUM         49    519 AM  38    2015  51     -2       38
  AVERAGE         71                        69      2       60

PRECIPITATION (IN)
  YESTERDAY        0.00          0.24 1975   0.02  -0.02     0.00
  MONTH TO DATE    0.19                      0.47  -0.28     0.94
  SINCE OCT 1      7.67                      8.98  -1.31     7.81
  SINCE JAN 1      5.35                      6.41  -1.06     6.35

SNOWFALL (IN)
  YESTERDAY       MM
  MONTH TO DATE   MM
  SINCE JUN 1     MM
  SINCE JUL 1     MM
  SNOW DEPTH      MM

DEGREE DAYS
 HEATING
  YESTERDAY        0                         0      0        5
  MONTH TO DATE   33                        25      8       42
  SINCE JUN 1    107                       178    -71       88
  SINCE JUL 1     33                        25      8       42

 COOLING
  YESTERDAY        6                         5      1        0
  MONTH TO DATE   96                       118    -22       96
  SINCE JUN 1    156                       148      8      192
  SINCE JAN 1    156                       150      6      193
..................................................................


WIND (MPH)
  HIGHEST WIND SPEED    15   HIGHEST WIND DIRECTION     S (180)
  HIGHEST GUST SPEED    20   HIGHEST GUST DIRECTION    SE (150)
  AVERAGE WIND SPEED     6.3


SKY COVER
  POSSIBLE SUNSHINE  MM
  AVERAGE SKY COVER 0.0


WEATHER CONDITIONS
 THE FOLLOWING WEATHER WAS RECORDED YESTERDAY.
  NO SIGNIFICANT WEATHER WAS OBSERVED.


RELATIVE HUMIDITY (PERCENT)
 HIGHEST    77           400 AM
 LOWEST     13           500 PM
 AVERAGE    45

..........................................................


THE IDAHO FALLS ID CLIMATE NORMALS FOR TODAY
                         NORMAL    RECORD    YEAR
 MAXIMUM TEMPERATURE (F)   88       100      1966
 MINIMUM TEMPERATURE (F)   50        41      2015
                                             1950


SUNRISE AND SUNSET
JULY 30 2016..........SUNRISE   616 AM MDT   SUNSET   852 PM MDT
JULY 31 2016..........SUNRISE   617 AM MDT   SUNSET   851 PM MDT


-  INDICATES NEGATIVE NUMBERS.
R  INDICATES RECORD WAS SET OR TIED.
MM INDICATES DATA IS MISSING.
T  INDICATES TRACE AMOUNT.




$$
