000
CDUS43 KUNR 210832
CLIIEN


CLIMATE REPORT
NATIONAL WEATHER SERVICE RAPID CITY SD
231 AM MDT SAT OCT 21 2017


...................................

...THE PINE RIDGE SD CLIMATE SUMMARY FOR OCTOBER 20 2017...

CLIMATE NORMAL PERIOD 1981 TO 2010
CLIMATE RECORD PERIOD 9999 TO 9999


WEATHER ITEM   OBSERVED TIME   NORMAL DEPARTURE LAST
                VALUE   (LST)  VALUE  FROM      YEAR
                                      NORMAL
......................................................
TEMPERATURE (F)
 YESTERDAY
  MAXIMUM         83    121 PM  62     21       59
  MINIMUM         52    639 AM  31     21       31
  AVERAGE         68            46     22       45

PRECIPITATION (IN)
  YESTERDAY        T             0.04  -0.04     0.00
  MONTH TO DATE    0.81          0.82  -0.01     0.49
  SINCE SEP 1      1.62          2.43  -0.81     1.17
  SINCE JAN 1     14.79         16.22  -1.43    14.09

DEGREE DAYS
 HEATING
  YESTERDAY        0            19    -19       20
  MONTH TO DATE  281           300    -19      211
  SINCE SEP 1    449           485    -36      342
  SINCE JUL 1    461           522    -61      375

 COOLING
  YESTERDAY        3             0      3        0
  MONTH TO DATE    6             0      6        8
  SINCE SEP 1    107            66     41       62
  SINCE JAN 1    780           714     66      774
......................................................


WIND (MPH)
  HIGHEST WIND SPEED    33   HIGHEST WIND DIRECTION     W (270)
  HIGHEST GUST SPEED    43   HIGHEST GUST DIRECTION     W (260)
  AVERAGE WIND SPEED    12.7


SKY COVER
  AVERAGE SKY COVER 0.1


WEATHER CONDITIONS
 THE FOLLOWING WEATHER WAS RECORDED YESTERDAY.
  LIGHT RAIN


RELATIVE HUMIDITY (PERCENT)
 HIGHEST    71           500 AM
 LOWEST     20           200 PM
 AVERAGE    46

..........................................................




SUNRISE AND SUNSET
OCTOBER 21 2017.......SUNRISE   711 AM MDT   SUNSET   557 PM MDT
OCTOBER 22 2017.......SUNRISE   712 AM MDT   SUNSET   556 PM MDT


-  INDICATES NEGATIVE NUMBERS.
R  INDICATES RECORD WAS SET OR TIED.
MM INDICATES DATA IS MISSING.
T  INDICATES TRACE AMOUNT.




$$
