000
CDUS43 KUNR 040842
CLIIEN


CLIMATE REPORT
NATIONAL WEATHER SERVICE RAPID CITY SD
140 AM MST WED MAR 4 2015


...................................

...THE PINE RIDGE SD CLIMATE SUMMARY FOR MARCH 3 2015...

CLIMATE NORMAL PERIOD 1981 TO 2010
CLIMATE RECORD PERIOD 9999 TO 9999


WEATHER ITEM   OBSERVED TIME   NORMAL DEPARTURE LAST
                VALUE   (LST)  VALUE  FROM      YEAR
                                      NORMAL
......................................................
TEMPERATURE (F)
 YESTERDAY
  MAXIMUM         30    155 AM  45    -15       38
  MINIMUM         -1   1143 PM  18    -19        4
  AVERAGE         15            32    -17       21

PRECIPITATION (IN)
  YESTERDAY        0.05          0.02   0.03     0.00
  MONTH TO DATE    0.17          0.05   0.12     0.14
  SINCE MAR 1      0.17          0.05   0.12     0.14
  SINCE JAN 1      0.63          0.84  -0.21     0.41

DEGREE DAYS
 HEATING
  YESTERDAY       50            33     17       44
  MONTH TO DATE  121           101     20      175
  SINCE MAR 1    121           101     20      175
  SINCE JUL 1   5331          5451   -120     5657

 COOLING
  YESTERDAY        0             0      0        0
  MONTH TO DATE    0             0      0        0
  SINCE MAR 1      0             0      0        0
  SINCE JAN 1      0             0      0        0
......................................................


WIND (MPH)
  HIGHEST WIND SPEED    29   HIGHEST WIND DIRECTION     N (360)
  HIGHEST GUST SPEED    39   HIGHEST GUST DIRECTION     N (350)
  AVERAGE WIND SPEED    11.5


SKY COVER
  AVERAGE SKY COVER 1.0


WEATHER CONDITIONS
 THE FOLLOWING WEATHER WAS RECORDED YESTERDAY.
  SNOW
  LIGHT SNOW
  FOG
  HAZE


RELATIVE HUMIDITY (PERCENT)
 HIGHEST    92          1200 AM
 LOWEST     49          1200 PM
 AVERAGE    71

..........................................................




SUNRISE AND SUNSET
MARCH  4 2015.........SUNRISE   621 AM MST   SUNSET   543 PM MST
MARCH  5 2015.........SUNRISE   620 AM MST   SUNSET   544 PM MST


-  INDICATES NEGATIVE NUMBERS.
R  INDICATES RECORD WAS SET OR TIED.
MM INDICATES DATA IS MISSING.
T  INDICATES TRACE AMOUNT.




$$
