464
CDUS43 KUNR 100838
CLIIEN


CLIMATE REPORT
NATIONAL WEATHER SERVICE RAPID CITY SD
138 AM MST SUN DEC 10 2017


...................................

...THE PINE RIDGE SD CLIMATE SUMMARY FOR DECEMBER 9 2017...

CLIMATE NORMAL PERIOD 1981 TO 2010
CLIMATE RECORD PERIOD 9999 TO 9999


WEATHER ITEM   OBSERVED TIME   NORMAL DEPARTURE LAST
                VALUE   (LST)  VALUE  FROM      YEAR
                                      NORMAL
......................................................
TEMPERATURE (F)
 YESTERDAY
  MAXIMUM         51    236 PM  37     14        9
  MINIMUM         17    640 AM  11      6        1
  AVERAGE         34            24     10        5

PRECIPITATION (IN)
  YESTERDAY        0.00          0.01  -0.01     0.07
  MONTH TO DATE    0.19          0.09   0.10     0.11
  SINCE DEC 1      0.19          0.09   0.10     0.11
  SINCE JAN 1     15.38         17.26  -1.88    14.67

DEGREE DAYS
 HEATING
  YESTERDAY       31            41    -10       60
  MONTH TO DATE  304           362    -58      440
  SINCE DEC 1    304           362    -58      440
  SINCE JUL 1   1801          2052   -251     1613

 COOLING
  YESTERDAY        0             0      0        0
  MONTH TO DATE    0             0      0        0
  SINCE DEC 1      0             0      0        0
  SINCE JAN 1    780           717     63      774
......................................................


WIND (MPH)
  HIGHEST WIND SPEED    15   HIGHEST WIND DIRECTION    NW (310)
  HIGHEST GUST SPEED    22   HIGHEST GUST DIRECTION     W (290)
  AVERAGE WIND SPEED     6.3


SKY COVER
  AVERAGE SKY COVER 0.0


WEATHER CONDITIONS
 THE FOLLOWING WEATHER WAS RECORDED YESTERDAY.
  NO SIGNIFICANT WEATHER WAS OBSERVED.


RELATIVE HUMIDITY (PERCENT)
 HIGHEST    84           100 AM
 LOWEST     31           400 PM
 AVERAGE    58

..........................................................




SUNRISE AND SUNSET
DECEMBER 10 2017......SUNRISE   711 AM MST   SUNSET   415 PM MST
DECEMBER 11 2017......SUNRISE   712 AM MST   SUNSET   415 PM MST


-  INDICATES NEGATIVE NUMBERS.
R  INDICATES RECORD WAS SET OR TIED.
MM INDICATES DATA IS MISSING.
T  INDICATES TRACE AMOUNT.




$$
