000
CDUS43 KUNR 240833
CLIIEN


CLIMATE REPORT
NATIONAL WEATHER SERVICE RAPID CITY SD
233 AM MDT SUN JUL 24 2016


...................................

...THE PINE RIDGE SD CLIMATE SUMMARY FOR JULY 23 2016...

CLIMATE NORMAL PERIOD 1981 TO 2010
CLIMATE RECORD PERIOD 9999 TO 9999


WEATHER ITEM   OBSERVED TIME   NORMAL DEPARTURE LAST
                VALUE   (LST)  VALUE  FROM      YEAR
                                      NORMAL
......................................................
TEMPERATURE (F)
 YESTERDAY
  MAXIMUM         93    244 PM  91      2       96
  MINIMUM         61   1157 PM  59      2       58
  AVERAGE         77            75      2       77

PRECIPITATION (IN)
  YESTERDAY        T             0.06  -0.06     0.00
  MONTH TO DATE    2.22          1.62   0.60     2.64
  SINCE JUN 1      3.72          5.05  -1.33     6.41
  SINCE JAN 1      9.80         11.29  -1.49    16.09

DEGREE DAYS
 HEATING
  YESTERDAY        0             0      0        0
  MONTH TO DATE    2             4     -2        3
  SINCE JUN 1     28            91    -63       13
  SINCE JUL 1      2             4     -2        3

 COOLING
  YESTERDAY       12            10      2       12
  MONTH TO DATE  221           199     22      141
  SINCE JUN 1    438           309    129      262
  SINCE JAN 1    446           326    120      262
......................................................


WIND (MPH)
  HIGHEST WIND SPEED    22   HIGHEST WIND DIRECTION     N (10)
  HIGHEST GUST SPEED    28   HIGHEST GUST DIRECTION     N (360)
  AVERAGE WIND SPEED    10.1


SKY COVER
  AVERAGE SKY COVER 0.1


WEATHER CONDITIONS
 THE FOLLOWING WEATHER WAS RECORDED YESTERDAY.
  THUNDERSTORM
  LIGHT RAIN


RELATIVE HUMIDITY (PERCENT)
 HIGHEST    84           600 AM
 LOWEST     21           400 PM
 AVERAGE    53

..........................................................




SUNRISE AND SUNSET
JULY 24 2016..........SUNRISE   533 AM MDT   SUNSET   819 PM MDT
JULY 25 2016..........SUNRISE   534 AM MDT   SUNSET   818 PM MDT


-  INDICATES NEGATIVE NUMBERS.
R  INDICATES RECORD WAS SET OR TIED.
MM INDICATES DATA IS MISSING.
T  INDICATES TRACE AMOUNT.




$$
