000
CDUS43 KUNR 300831
CLIIEN


CLIMATE REPORT
NATIONAL WEATHER SERVICE RAPID CITY SD
231 AM MDT TUE SEP 30 2014


...................................

...THE PINE RIDGE SD CLIMATE SUMMARY FOR SEPTEMBER 29 2014...

CLIMATE NORMAL PERIOD 1981 TO 2010
CLIMATE RECORD PERIOD 9999 TO 9999


WEATHER ITEM   OBSERVED TIME   NORMAL DEPARTURE LAST
                VALUE   (LST)  VALUE  FROM      YEAR
                                      NORMAL
......................................................
TEMPERATURE (F)
 YESTERDAY
  MAXIMUM         62    446 PM  71     -9       84
  MINIMUM         51    858 AM  39     12       42
  AVERAGE         57            55      2       63

PRECIPITATION (IN)
  YESTERDAY        2.15          0.04   2.11     0.00
  MONTH TO DATE    2.56          1.56   1.00     1.56
  SINCE SEP 1      2.56          1.56   1.00     1.56
  SINCE JAN 1     20.79         15.35   5.44    15.83

DEGREE DAYS
 HEATING
  YESTERDAY        8            11     -3        2
  MONTH TO DATE  172           174     -2      105
  SINCE SEP 1    172           174     -2      105
  SINCE JUL 1    216           211      5      107

 COOLING
  YESTERDAY        0             0      0        0
  MONTH TO DATE   61            67     -6      152
  SINCE SEP 1     61            67     -6      152
  SINCE JAN 1    479           715   -236      804
......................................................


WIND (MPH)
  HIGHEST WIND SPEED    21   HIGHEST WIND DIRECTION     N (20)
  HIGHEST GUST SPEED    28   HIGHEST GUST DIRECTION     E (90)
  AVERAGE WIND SPEED    10.1


SKY COVER
  AVERAGE SKY COVER 1.0


WEATHER CONDITIONS
 THE FOLLOWING WEATHER WAS RECORDED YESTERDAY.
  THUNDERSTORM
  HEAVY RAIN
  RAIN
  LIGHT RAIN
  FOG


RELATIVE HUMIDITY (PERCENT)
 HIGHEST   100           600 AM
 LOWEST     84           300 PM
 AVERAGE    92

..........................................................




SUNRISE AND SUNSET
SEPTEMBER 30 2014.....SUNRISE   646 AM MDT   SUNSET   633 PM MDT
OCTOBER  1 2014.......SUNRISE   647 AM MDT   SUNSET   631 PM MDT


-  INDICATES NEGATIVE NUMBERS.
R  INDICATES RECORD WAS SET OR TIED.
MM INDICATES DATA IS MISSING.
T  INDICATES TRACE AMOUNT.




$$
