000
CDUS43 KUNR 230831
CLIIEN


CLIMATE REPORT
NATIONAL WEATHER SERVICE RAPID CITY SD
131 AM MST THU FEB 23 2017


...................................

...THE PINE RIDGE SD CLIMATE SUMMARY FOR FEBRUARY 22 2017...

CLIMATE NORMAL PERIOD 1981 TO 2010
CLIMATE RECORD PERIOD 9999 TO 9999


WEATHER ITEM   OBSERVED TIME   NORMAL DEPARTURE LAST
                VALUE   (LST)  VALUE  FROM      YEAR
                                      NORMAL
......................................................
TEMPERATURE (F)
 YESTERDAY
  MAXIMUM         58    222 PM  42     16       51
  MINIMUM         32   1159 PM  15     17       22
  AVERAGE         45            28     17       37

PRECIPITATION (IN)
  YESTERDAY        T             0.02  -0.02     0.00
  MONTH TO DATE    0.41          0.36   0.05     0.21
  SINCE DEC 1      1.65          1.03   0.62     1.44
  SINCE JAN 1      0.82          0.68   0.14     0.42

DEGREE DAYS
 HEATING
  YESTERDAY       20            37    -17       28
  MONTH TO DATE  697           861   -164      650
  SINCE DEC 1   3724          3448    276     3193
  SINCE JUL 1   4897          5138   -241     4681

 COOLING
  YESTERDAY        0             0      0        0
  MONTH TO DATE    0             0      0        0
  SINCE DEC 1      0             0      0        0
  SINCE JAN 1      0             0      0        0
......................................................


WIND (MPH)
  HIGHEST WIND SPEED    24   HIGHEST WIND DIRECTION     N (20)
  HIGHEST GUST SPEED    33   HIGHEST GUST DIRECTION     W (290)
  AVERAGE WIND SPEED    12.0


SKY COVER
  AVERAGE SKY COVER 0.4


WEATHER CONDITIONS
 THE FOLLOWING WEATHER WAS RECORDED YESTERDAY.
  LIGHT RAIN
  LIGHT SNOW
  FOG


RELATIVE HUMIDITY (PERCENT)
 HIGHEST    92           400 AM
 LOWEST     23           300 PM
 AVERAGE    58

..........................................................




SUNRISE AND SUNSET
FEBRUARY 23 2017......SUNRISE   635 AM MST   SUNSET   532 PM MST
FEBRUARY 24 2017......SUNRISE   634 AM MST   SUNSET   533 PM MST


-  INDICATES NEGATIVE NUMBERS.
R  INDICATES RECORD WAS SET OR TIED.
MM INDICATES DATA IS MISSING.
T  INDICATES TRACE AMOUNT.




$$
