000
CDUS43 KUNR 060831
CLIIEN


CLIMATE REPORT
NATIONAL WEATHER SERVICE RAPID CITY SD
231 AM MDT MON JUL 6 2015


...................................

...THE PINE RIDGE SD CLIMATE SUMMARY FOR JULY 5 2015...

CLIMATE NORMAL PERIOD 1981 TO 2010
CLIMATE RECORD PERIOD 9999 TO 9999


WEATHER ITEM   OBSERVED TIME   NORMAL DEPARTURE LAST
                VALUE   (LST)  VALUE  FROM      YEAR
                                      NORMAL
......................................................
TEMPERATURE (F)
 YESTERDAY
  MAXIMUM         89    116 PM  87      2       96
  MINIMUM         61   1159 PM  57      4       53
  AVERAGE         75            72      3       75

PRECIPITATION (IN)
  YESTERDAY        1.10          0.07   1.03     0.00
  MONTH TO DATE    2.20          0.43   1.77      T
  SINCE JUN 1      5.97          3.86   2.11     4.54
  SINCE JAN 1     15.65         10.10   5.55    12.14

DEGREE DAYS
 HEATING
  YESTERDAY        0             0      0        0
  MONTH TO DATE    0             4     -4       11
  SINCE JUN 1     10            91    -81      119
  SINCE JUL 1      0             4     -4       11

 COOLING
  YESTERDAY       10             7      3       10
  MONTH TO DATE   42            35      7       27
  SINCE JUN 1    163           145     18       84
  SINCE JAN 1    163           162      1      109
......................................................


WIND (MPH)
  HIGHEST WIND SPEED    29   HIGHEST WIND DIRECTION     N (360)
  HIGHEST GUST SPEED    40   HIGHEST GUST DIRECTION     N (10)
  AVERAGE WIND SPEED     9.1


SKY COVER
  AVERAGE SKY COVER 0.4


WEATHER CONDITIONS
 THE FOLLOWING WEATHER WAS RECORDED YESTERDAY.
  THUNDERSTORM
  HEAVY RAIN
  RAIN
  LIGHT RAIN
  FOG


RELATIVE HUMIDITY (PERCENT)
 HIGHEST    93          1000 PM
 LOWEST     53          1000 AM
 AVERAGE    73

..........................................................




SUNRISE AND SUNSET
JULY  6 2015..........SUNRISE   517 AM MDT   SUNSET   832 PM MDT
JULY  7 2015..........SUNRISE   518 AM MDT   SUNSET   831 PM MDT


-  INDICATES NEGATIVE NUMBERS.
R  INDICATES RECORD WAS SET OR TIED.
MM INDICATES DATA IS MISSING.
T  INDICATES TRACE AMOUNT.




$$
