000
CDUS43 KUNR 300838
CLIIEN


CLIMATE REPORT
NATIONAL WEATHER SERVICE RAPID CITY SD
235 AM MDT MON MAR 30 2015


...................................

...THE PINE RIDGE SD CLIMATE SUMMARY FOR MARCH 29 2015...

CLIMATE NORMAL PERIOD 1981 TO 2010
CLIMATE RECORD PERIOD 9999 TO 9999


WEATHER ITEM   OBSERVED TIME   NORMAL DEPARTURE LAST
                VALUE   (LST)  VALUE  FROM      YEAR
                                      NORMAL
......................................................
TEMPERATURE (F)
 YESTERDAY
  MAXIMUM         64    422 PM  55      9       71
  MINIMUM         35   1148 PM  27      8       28
  AVERAGE         50            41      9       50

PRECIPITATION (IN)
  YESTERDAY        0.00          0.03  -0.03     0.00
  MONTH TO DATE    0.18          0.79  -0.61     0.25
  SINCE MAR 1      0.18          0.79  -0.61     0.25
  SINCE JAN 1      0.64          1.58  -0.94     0.52

DEGREE DAYS
 HEATING
  YESTERDAY       15            24     -9       15
  MONTH TO DATE  682           839   -157      880
  SINCE MAR 1    682           839   -157      880
  SINCE JUL 1   5892          6189   -297     6362

 COOLING
  YESTERDAY        0             0      0        0
  MONTH TO DATE    0             0      0        0
  SINCE MAR 1      0             0      0        0
  SINCE JAN 1      0             0      0        0
......................................................


WIND (MPH)
  HIGHEST WIND SPEED    24   HIGHEST WIND DIRECTION     N (350)
  HIGHEST GUST SPEED    33   HIGHEST GUST DIRECTION    NW (330)
  AVERAGE WIND SPEED     8.7


SKY COVER
  AVERAGE SKY COVER 0.0


WEATHER CONDITIONS
 THE FOLLOWING WEATHER WAS RECORDED YESTERDAY.
  HAZE


RELATIVE HUMIDITY (PERCENT)
 HIGHEST    59           900 PM
 LOWEST     21           400 PM
 AVERAGE    40

..........................................................




SUNRISE AND SUNSET
MARCH 30 2015.........SUNRISE   636 AM MDT   SUNSET   714 PM MDT
MARCH 31 2015.........SUNRISE   634 AM MDT   SUNSET   715 PM MDT


-  INDICATES NEGATIVE NUMBERS.
R  INDICATES RECORD WAS SET OR TIED.
MM INDICATES DATA IS MISSING.
T  INDICATES TRACE AMOUNT.




$$
