000
CDUS43 KUNR 250848
CLIIEN


CLIMATE REPORT
NATIONAL WEATHER SERVICE RAPID CITY SD
244 AM MDT WED MAY 25 2016


...................................

...THE PINE RIDGE SD CLIMATE SUMMARY FOR MAY 24 2016...

CLIMATE NORMAL PERIOD 1981 TO 2010
CLIMATE RECORD PERIOD 9999 TO 9999


WEATHER ITEM   OBSERVED TIME   NORMAL DEPARTURE LAST
                VALUE   (LST)  VALUE  FROM      YEAR
                                      NORMAL
......................................................
TEMPERATURE (F)
 YESTERDAY
  MAXIMUM         79    424 PM  72      7       66
  MINIMUM         35    431 AM  45    -10       52
  AVERAGE         57            58     -1       59

PRECIPITATION (IN)
  YESTERDAY        0.09          0.08   0.01     0.37
  MONTH TO DATE    0.53          1.96  -1.43     6.36
  SINCE MAR 1      5.38          4.74   0.64     8.42
  SINCE JAN 1      5.88          5.53   0.35     8.88

DEGREE DAYS
 HEATING
  YESTERDAY        8             7      1        6
  MONTH TO DATE  296           261     35      344
  SINCE MAR 1   1559          1731   -172     1604
  SINCE JUL 1   6428          7081   -653     6814

 COOLING
  YESTERDAY        0             1     -1        0
  MONTH TO DATE    6             7     -1        0
  SINCE MAR 1      7             7      0        0
  SINCE JAN 1      7             7      0        0
......................................................


WIND (MPH)
  HIGHEST WIND SPEED    41   HIGHEST WIND DIRECTION    NW (310)
  HIGHEST GUST SPEED    52   HIGHEST GUST DIRECTION    NW (310)
  AVERAGE WIND SPEED     8.5


SKY COVER
  AVERAGE SKY COVER 0.3


WEATHER CONDITIONS
 THE FOLLOWING WEATHER WAS RECORDED YESTERDAY.
  THUNDERSTORM
  LIGHT RAIN
  HAZE


RELATIVE HUMIDITY (PERCENT)
 HIGHEST    89           500 AM
 LOWEST     27          1100 AM
 AVERAGE    58

..........................................................




SUNRISE AND SUNSET
MAY 25 2016...........SUNRISE   518 AM MDT   SUNSET   817 PM MDT
MAY 26 2016...........SUNRISE   517 AM MDT   SUNSET   818 PM MDT


-  INDICATES NEGATIVE NUMBERS.
R  INDICATES RECORD WAS SET OR TIED.
MM INDICATES DATA IS MISSING.
T  INDICATES TRACE AMOUNT.




$$
