000
CDUS43 KUNR 290830
CLIIEN


CLIMATE REPORT
NATIONAL WEATHER SERVICE RAPID CITY SD
230 AM MDT SAT AUG 29 2015


...................................

...THE PINE RIDGE SD CLIMATE SUMMARY FOR AUGUST 28 2015...

CLIMATE NORMAL PERIOD 1981 TO 2010
CLIMATE RECORD PERIOD 9999 TO 9999


WEATHER ITEM   OBSERVED TIME   NORMAL DEPARTURE LAST
                VALUE   (LST)  VALUE  FROM      YEAR
                                      NORMAL
......................................................
TEMPERATURE (F)
 YESTERDAY
  MAXIMUM         87    344 PM  85      2       73
  MINIMUM         47    532 AM  52     -5       51
  AVERAGE         67            69     -2       62

PRECIPITATION (IN)
  YESTERDAY        0.00          0.04  -0.04     0.01
  MONTH TO DATE    0.22          1.70  -1.48     3.31
  SINCE JUN 1      6.63          7.40  -0.77    10.41
  SINCE JAN 1     16.31         13.64   2.67    18.01

DEGREE DAYS
 HEATING
  YESTERDAY        0             2     -2        3
  MONTH TO DATE   42            17     25       10
  SINCE JUN 1     60           116    -56      146
  SINCE JUL 1     50            29     21       38

 COOLING
  YESTERDAY        2             5     -3        0
  MONTH TO DATE  157           226    -69      157
  SINCE JUN 1    474           617   -143      390
  SINCE JAN 1    474           634   -160      415
......................................................


WIND (MPH)
  HIGHEST WIND SPEED    10   HIGHEST WIND DIRECTION    NW (320)
  HIGHEST GUST SPEED    19   HIGHEST GUST DIRECTION    NW (300)
  AVERAGE WIND SPEED     2.9


SKY COVER
  AVERAGE SKY COVER 0.0


WEATHER CONDITIONS
 THE FOLLOWING WEATHER WAS RECORDED YESTERDAY.
  FOG
  HAZE


RELATIVE HUMIDITY (PERCENT)
 HIGHEST    96          1200 AM
 LOWEST     29           200 PM
 AVERAGE    63

..........................................................




SUNRISE AND SUNSET
AUGUST 29 2015........SUNRISE   611 AM MDT   SUNSET   730 PM MDT
AUGUST 30 2015........SUNRISE   612 AM MDT   SUNSET   729 PM MDT


-  INDICATES NEGATIVE NUMBERS.
R  INDICATES RECORD WAS SET OR TIED.
MM INDICATES DATA IS MISSING.
T  INDICATES TRACE AMOUNT.




$$
