000
CDUS45 KVEF 220826
CLIIGM


CLIMATE REPORT
NATIONAL WEATHER SERVICE LAS VEGAS, NV
126 AM PDT SAT JUL 22 2017


...................................

...THE KINGMAN AZ CLIMATE SUMMARY FOR JULY 21 2017...

CLIMATE NORMAL PERIOD 1981 TO 2010
CLIMATE RECORD PERIOD 1901 TO 2017


WEATHER ITEM   OBSERVED TIME   RECORD YEAR NORMAL DEPARTURE LAST
                VALUE   (LST)  VALUE       VALUE  FROM      YEAR
                                                  NORMAL
..................................................................
TEMPERATURE (F)
 YESTERDAY
  MAXIMUM         98    410 PM 110    1910  98      0      104
  MINIMUM         73    608 AM  56    1958  71      2       73
  AVERAGE         86                        84      2       89

PRECIPITATION (IN)
  YESTERDAY        0.00          0.66 1971   0.03  -0.03     0.00
  MONTH TO DATE    0.46                      0.46   0.00     0.32
  SINCE OCT 1      6.91                      6.11   0.80     5.48
  SINCE JAN 1      3.35                      4.01  -0.66     3.96

DEGREE DAYS
 HEATING
  YESTERDAY        0                         0      0        0
  MONTH TO DATE    0                         0      0        0
  SINCE JUN 1      0                         3     -3        0
  SINCE JUL 1      0                         0      0        0

 COOLING
  YESTERDAY       21                        19      2       24
  MONTH TO DATE  465                       385     80      417
  SINCE JUN 1    980                       770    210      979
  SINCE JAN 1   1140                       968    172     1119
..................................................................


WIND (MPH)
  RESULTANT WIND SPEED   7   RESULTANT WIND DIRECTION   S (190)
  HIGHEST WIND SPEED    21   HIGHEST WIND DIRECTION    SW (240)
  HIGHEST GUST SPEED    28   HIGHEST GUST DIRECTION    SW (230)
  AVERAGE WIND SPEED    10.4


SKY COVER
  POSSIBLE SUNSHINE  MM
  AVERAGE SKY COVER 0.1


WEATHER CONDITIONS
 THE FOLLOWING WEATHER WAS RECORDED YESTERDAY.
  THUNDERSTORM


RELATIVE HUMIDITY (PERCENT)
 HIGHEST    64           200 AM
 LOWEST     24           100 PM
 AVERAGE    44

..........................................................


THE KINGMAN AZ CLIMATE NORMALS FOR TODAY
                         NORMAL    RECORD    YEAR
 MAXIMUM TEMPERATURE (F)   98       106      2016
 MINIMUM TEMPERATURE (F)   71        57      1958


SUNRISE AND SUNSET
JULY 22 2017..........SUNRISE   538 AM MST   SUNSET   747 PM MST
JULY 23 2017..........SUNRISE   538 AM MST   SUNSET   746 PM MST


-  INDICATES NEGATIVE NUMBERS.
R  INDICATES RECORD WAS SET OR TIED.
MM INDICATES DATA IS MISSING.
T  INDICATES TRACE AMOUNT.




$$
