000
CDUS45 KVEF 210836
CLIIGM


CLIMATE REPORT
NATIONAL WEATHER SERVICE LAS VEGAS, NV
1235 AM PST TUE FEB 21 2017


...................................

...THE KINGMAN AZ CLIMATE SUMMARY FOR FEBRUARY 20 2017...

CLIMATE NORMAL PERIOD 1981 TO 2010
CLIMATE RECORD PERIOD 1901 TO 2017


WEATHER ITEM   OBSERVED TIME   RECORD YEAR NORMAL DEPARTURE LAST
                VALUE   (LST)  VALUE       VALUE  FROM      YEAR
                                                  NORMAL
..................................................................
TEMPERATURE (F)
 YESTERDAY
  MAXIMUM         60    359 PM  79    1943  60      0       73
  MINIMUM         39    325 AM  20    1955  35      4       37
  AVERAGE         50                        48      2       55

PRECIPITATION (IN)
  YESTERDAY        0.00          0.67 1993   0.04  -0.04     0.00
  MONTH TO DATE    0.16                      0.85  -0.69      T
  SINCE OCT 1      5.50                      3.97   1.53     2.70
  SINCE JAN 1      1.94                      1.87   0.07     1.18

DEGREE DAYS
 HEATING
  YESTERDAY       15                        18     -3       10
  MONTH TO DATE  228                       375   -147      300
  SINCE DEC 1   1515                      1714   -199     1682
  SINCE JUL 1   1837                      2280   -443     2258

 COOLING
  YESTERDAY        0                         0      0        0
  MONTH TO DATE    0                         0      0        0
  SINCE DEC 1      0                         0      0        0
  SINCE JAN 1      0                         0      0        0
..................................................................


WIND (MPH)
  RESULTANT WIND SPEED   4   RESULTANT WIND DIRECTION   S (190)
  HIGHEST WIND SPEED    18   HIGHEST WIND DIRECTION    SW (240)
  HIGHEST GUST SPEED    24   HIGHEST GUST DIRECTION    SW (240)
  AVERAGE WIND SPEED     7.0


SKY COVER
  POSSIBLE SUNSHINE  MM
  AVERAGE SKY COVER 0.5


WEATHER CONDITIONS
 THE FOLLOWING WEATHER WAS RECORDED YESTERDAY.
  NO SIGNIFICANT WEATHER WAS OBSERVED.


RELATIVE HUMIDITY (PERCENT)
 HIGHEST    86           200 AM
 LOWEST     37           300 PM
 AVERAGE    62

..........................................................


THE KINGMAN AZ CLIMATE NORMALS FOR TODAY
                         NORMAL    RECORD    YEAR
 MAXIMUM TEMPERATURE (F)   61        75      1935
 MINIMUM TEMPERATURE (F)   35        16      1955


SUNRISE AND SUNSET
FEBRUARY 21 2017......SUNRISE   715 AM MST   SUNSET   624 PM MST
FEBRUARY 22 2017......SUNRISE   714 AM MST   SUNSET   625 PM MST


-  INDICATES NEGATIVE NUMBERS.
R  INDICATES RECORD WAS SET OR TIED.
MM INDICATES DATA IS MISSING.
T  INDICATES TRACE AMOUNT.




$$
