000
CDUS45 KVEF 250045
CLIIGM


CLIMATE REPORT
NATIONAL WEATHER SERVICE LAS VEGAS, NV
445 PM PST SAT FEB 24 2018


...................................

...THE KINGMAN AZ CLIMATE SUMMARY FOR FEBRUARY 24 2018...
VALID TODAY AS OF 0400 PM LOCAL TIME.

CLIMATE NORMAL PERIOD 1981 TO 2010
CLIMATE RECORD PERIOD 1901 TO 2018


WEATHER ITEM   OBSERVED TIME   RECORD YEAR NORMAL DEPARTURE LAST
                VALUE   (LST)  VALUE       VALUE  FROM      YEAR
                                                  NORMAL
..................................................................
TEMPERATURE (F)
 TODAY
  MAXIMUM         50    404 PM  80    1904  61    -11       51
  MINIMUM         21    722 AM  17    1912  35    -14       24
  AVERAGE         36                        48    -12       38

PRECIPITATION (IN)
  TODAY            0.00          1.02 1941   0.04  -0.04     0.00
  MONTH TO DATE    0.21                      1.01  -0.80     0.18
  SINCE OCT 1      0.80                      4.13  -3.33     5.52
  SINCE JAN 1      0.80                      2.03  -1.23     1.96

DEGREE DAYS
 HEATING
  TODAY           29                        17     12       27
  MONTH TO DATE  413                       443    -30      301
  SINCE DEC 1   1386                      1782   -396     1588
  SINCE JUL 1   1677                      2348   -671     1910

 COOLING
  TODAY            0                         0      0        0
  MONTH TO DATE    0                         0      0        0
  SINCE DEC 1      0                         0      0        0
  SINCE JAN 1      0                         0      0        0
..................................................................


WIND (MPH)
  RESULTANT WIND SPEED   2   RESULTANT WIND DIRECTION  SE (130)
  HIGHEST WIND SPEED    21   HIGHEST WIND DIRECTION    SW (230)
  HIGHEST GUST SPEED    26   HIGHEST GUST DIRECTION    SW (240)
  AVERAGE WIND SPEED     6.4


SKY COVER
  POSSIBLE SUNSHINE  MM
  AVERAGE SKY COVER 0.0


WEATHER CONDITIONS
 THE FOLLOWING WEATHER WAS RECORDED TODAY.
  NO SIGNIFICANT WEATHER WAS OBSERVED.


RELATIVE HUMIDITY (PERCENT)
 HIGHEST    92           500 AM
 LOWEST     10           400 PM
 AVERAGE    51

..........................................................


THE KINGMAN AZ CLIMATE NORMALS FOR TOMORROW
                         NORMAL    RECORD    YEAR
 MAXIMUM TEMPERATURE (F)   61        81      1986
 MINIMUM TEMPERATURE (F)   35        22      1960


SUNRISE AND SUNSET
FEBRUARY 24 2018......SUNRISE   712 AM MST   SUNSET   627 PM MST
FEBRUARY 25 2018......SUNRISE   710 AM MST   SUNSET   628 PM MST


-  INDICATES NEGATIVE NUMBERS.
R  INDICATES RECORD WAS SET OR TIED.
MM INDICATES DATA IS MISSING.
T  INDICATES TRACE AMOUNT.




$$
