000
CDUS45 KVEF 290833
CLIIGM


CLIMATE REPORT
NATIONAL WEATHER SERVICE LAS VEGAS, NV
133 AM PDT SAT AUG 29 2015


...................................

...THE KINGMAN AZ CLIMATE SUMMARY FOR AUGUST 28 2015...

CLIMATE NORMAL PERIOD 1981 TO 2010
CLIMATE RECORD PERIOD 1901 TO 2015


WEATHER ITEM   OBSERVED TIME   RECORD YEAR NORMAL DEPARTURE LAST
                VALUE   (LST)  VALUE       VALUE  FROM      YEAR
                                                  NORMAL
..................................................................
TEMPERATURE (F)
 YESTERDAY
  MAXIMUM        101    131 PM 107    2009  95      6       95
  MINIMUM         68    556 AM  50    1920  68      0       59
  AVERAGE         85                        81      4       77

PRECIPITATION (IN)
  YESTERDAY        0.00          0.62 1971   0.06  -0.06     0.00
  MONTH TO DATE    1.08                      0.81   0.27     2.05
  SINCE OCT 1      8.61                      7.21   1.40     4.97
  SINCE JAN 1      6.48                      5.11   1.37     4.09

DEGREE DAYS
 HEATING
  YESTERDAY        0                         0      0        0
  MONTH TO DATE    0                         0      0        0
  SINCE JUN 1      0                         3     -3        0
  SINCE JUL 1      0                         0      0        0

 COOLING
  YESTERDAY       20                        16      4       12
  MONTH TO DATE  529                       496     33      379
  SINCE JUN 1   1519                      1457     62     1404
  SINCE JAN 1   1625                      1655    -30     1629
..................................................................


WIND (MPH)
  RESULTANT WIND SPEED   1   RESULTANT WIND DIRECTION   S (170)
  HIGHEST WIND SPEED    14   HIGHEST WIND DIRECTION    SE (130)
  HIGHEST GUST SPEED    17   HIGHEST GUST DIRECTION    SE (130)
  AVERAGE WIND SPEED     5.9


SKY COVER
  POSSIBLE SUNSHINE  MM
  AVERAGE SKY COVER 0.0


WEATHER CONDITIONS
 THE FOLLOWING WEATHER WAS RECORDED YESTERDAY.
  THUNDERSTORM


RELATIVE HUMIDITY (PERCENT)
 HIGHEST    61           600 AM
 LOWEST     17           200 PM
 AVERAGE    39

..........................................................


THE KINGMAN AZ CLIMATE NORMALS FOR TODAY
                         NORMAL    RECORD    YEAR
 MAXIMUM TEMPERATURE (F)   94       105      1915
 MINIMUM TEMPERATURE (F)   67        49      1920


SUNRISE AND SUNSET
AUGUST 29 2015........SUNRISE   606 AM MST   SUNSET   707 PM MST
AUGUST 30 2015........SUNRISE   607 AM MST   SUNSET   706 PM MST


-  INDICATES NEGATIVE NUMBERS.
R  INDICATES RECORD WAS SET OR TIED.
MM INDICATES DATA IS MISSING.
T  INDICATES TRACE AMOUNT.




$$
