000
CDUS45 KVEF 060830
CLIIGM


CLIMATE REPORT
NATIONAL WEATHER SERVICE LAS VEGAS, NV
128 AM PDT MON JUL 6 2015


...................................

...THE KINGMAN AZ CLIMATE SUMMARY FOR JULY 5 2015...

CLIMATE NORMAL PERIOD 1981 TO 2010
CLIMATE RECORD PERIOD 1901 TO 2015


WEATHER ITEM   OBSERVED TIME   RECORD YEAR NORMAL DEPARTURE LAST
                VALUE   (LST)  VALUE       VALUE  FROM      YEAR
                                                  NORMAL
..................................................................
TEMPERATURE (F)
 YESTERDAY
  MAXIMUM         98    414 PM 109    2007  97      1       96
  MINIMUM         72    534 AM  50    1956  69      3       71
  AVERAGE         85                        83      2       84

PRECIPITATION (IN)
  YESTERDAY        T             0.10 1949   0.02  -0.02      T
  MONTH TO DATE    0.01                      0.07  -0.06      T
  SINCE OCT 1      6.62                      5.72   0.90     1.67
  SINCE JAN 1      4.49                      3.62   0.87     0.79

DEGREE DAYS
 HEATING
  YESTERDAY        0                         0      0        0
  MONTH TO DATE    0                         0      0        0
  SINCE JUN 1      0                         3     -3        0
  SINCE JUL 1      0                         0      0        0

 COOLING
  YESTERDAY       20                        18      2       19
  MONTH TO DATE  100                        86     14      104
  SINCE JUN 1    577                       471    106      544
  SINCE JAN 1    683                       669     14      769
..................................................................


WIND (MPH)
  RESULTANT WIND SPEED   6   RESULTANT WIND DIRECTION   S (200)
  HIGHEST WIND SPEED    32   HIGHEST WIND DIRECTION    NE (60)
  HIGHEST GUST SPEED    38   HIGHEST GUST DIRECTION    NE (50)
  AVERAGE WIND SPEED    12.7


SKY COVER
  POSSIBLE SUNSHINE  MM
  AVERAGE SKY COVER 0.1


WEATHER CONDITIONS
 THE FOLLOWING WEATHER WAS RECORDED YESTERDAY.
  THUNDERSTORM
  LIGHT RAIN


RELATIVE HUMIDITY (PERCENT)
 HIGHEST    48          1100 PM
 LOWEST     18           200 PM
 AVERAGE    33

..........................................................


THE KINGMAN AZ CLIMATE NORMALS FOR TODAY
                         NORMAL    RECORD    YEAR
 MAXIMUM TEMPERATURE (F)   97       108      1905
 MINIMUM TEMPERATURE (F)   69        47      1934


SUNRISE AND SUNSET
JULY  6 2015..........SUNRISE   527 AM MST   SUNSET   754 PM MST
JULY  7 2015..........SUNRISE   528 AM MST   SUNSET   754 PM MST


-  INDICATES NEGATIVE NUMBERS.
R  INDICATES RECORD WAS SET OR TIED.
MM INDICATES DATA IS MISSING.
T  INDICATES TRACE AMOUNT.




$$
