065
CDUS45 KVEF 090827
CLIIGM


CLIMATE REPORT
NATIONAL WEATHER SERVICE LAS VEGAS, NV
1227 AM PST FRI DEC 9 2016


...................................

...THE KINGMAN AZ CLIMATE SUMMARY FOR DECEMBER 8 2016...

CLIMATE NORMAL PERIOD 1981 TO 2010
CLIMATE RECORD PERIOD 1901 TO 2016


WEATHER ITEM   OBSERVED TIME   RECORD YEAR NORMAL DEPARTURE LAST
                VALUE   (LST)  VALUE       VALUE  FROM      YEAR
                                                  NORMAL
..................................................................
TEMPERATURE (F)
 YESTERDAY
  MAXIMUM         57    237 PM  74    1940  55      2       68
  MINIMUM         26    649 AM   8    1978  32     -6       32
  AVERAGE         42                        44     -2       50

PRECIPITATION (IN)
  YESTERDAY        0.00          0.44 1926   0.02  -0.02     0.00
  MONTH TO DATE    0.00                      0.18  -0.18     0.00
  SINCE OCT 1      0.93                      1.54  -0.61     1.28
  SINCE JAN 1      8.36                      7.83   0.53     7.96

DEGREE DAYS
 HEATING
  YESTERDAY       23                        21      2       15
  MONTH TO DATE  172                       164      8      155
  SINCE DEC 1    172                       164      8      155
  SINCE JUL 1    494                       730   -236      731

 COOLING
  YESTERDAY        0                         0      0        0
  MONTH TO DATE    0                         0      0        0
  SINCE DEC 1      0                         0      0        0
  SINCE JAN 1   2244                      2093    151     2235
..................................................................


WIND (MPH)
  RESULTANT WIND SPEED   3   RESULTANT WIND DIRECTION   S (170)
  HIGHEST WIND SPEED    16   HIGHEST WIND DIRECTION    SW (240)
  HIGHEST GUST SPEED    20   HIGHEST GUST DIRECTION    SW (230)
  AVERAGE WIND SPEED     5.6


SKY COVER
  POSSIBLE SUNSHINE  MM
  AVERAGE SKY COVER 0.1


WEATHER CONDITIONS
 THE FOLLOWING WEATHER WAS RECORDED YESTERDAY.
  HAZE


RELATIVE HUMIDITY (PERCENT)
 HIGHEST    46           700 AM
 LOWEST     20          1200 PM
 AVERAGE    33

..........................................................


THE KINGMAN AZ CLIMATE NORMALS FOR TODAY
                         NORMAL    RECORD    YEAR
 MAXIMUM TEMPERATURE (F)   55        73      1981
 MINIMUM TEMPERATURE (F)   32         6      1978


SUNRISE AND SUNSET
DECEMBER  9 2016......SUNRISE   733 AM MST   SUNSET   524 PM MST
DECEMBER 10 2016......SUNRISE   734 AM MST   SUNSET   524 PM MST


-  INDICATES NEGATIVE NUMBERS.
R  INDICATES RECORD WAS SET OR TIED.
MM INDICATES DATA IS MISSING.
T  INDICATES TRACE AMOUNT.




$$
