000
CDUS45 KVEF 250830
CLIIGM


CLIMATE REPORT
NATIONAL WEATHER SERVICE LAS VEGAS, NV
129 AM PDT WED MAY 25 2016


...................................

...THE KINGMAN AZ CLIMATE SUMMARY FOR MAY 24 2016...

CLIMATE NORMAL PERIOD 1981 TO 2010
CLIMATE RECORD PERIOD 1901 TO 2016


WEATHER ITEM   OBSERVED TIME   RECORD YEAR NORMAL DEPARTURE LAST
                VALUE   (LST)  VALUE       VALUE  FROM      YEAR
                                                  NORMAL
..................................................................
TEMPERATURE (F)
 YESTERDAY
  MAXIMUM         75   1258 PM 101    2001  88    -13       77
  MINIMUM         53    142 AM  34    1909  55     -2       50
  AVERAGE         64                        71     -7       64

PRECIPITATION (IN)
  YESTERDAY        0.00          0.45 1917   0.00   0.00      T
  MONTH TO DATE    0.38                      0.11   0.27     0.18
  SINCE OCT 1      4.61                      5.54  -0.93     5.12
  SINCE JAN 1      3.09                      3.44  -0.35     2.99

DEGREE DAYS
 HEATING
  YESTERDAY        1                         1      0        1
  MONTH TO DATE   41                        49     -8       88
  SINCE MAR 1    470                       682   -212      550
  SINCE JUL 1   2822                      3095   -273     2530

 COOLING
  YESTERDAY        0                         7     -7        0
  MONTH TO DATE   83                       112    -29       27
  SINCE MAR 1    103                       143    -40       45
  SINCE JAN 1    103                       143    -40       45
..................................................................


WIND (MPH)
  RESULTANT WIND SPEED  11   RESULTANT WIND DIRECTION   S (200)
  HIGHEST WIND SPEED    30   HIGHEST WIND DIRECTION    SW (210)
  HIGHEST GUST SPEED    39   HIGHEST GUST DIRECTION    SW (230)
  AVERAGE WIND SPEED    13.0


SKY COVER
  POSSIBLE SUNSHINE  MM
  AVERAGE SKY COVER 0.0


WEATHER CONDITIONS
 THE FOLLOWING WEATHER WAS RECORDED YESTERDAY.
  NO SIGNIFICANT WEATHER WAS OBSERVED.


RELATIVE HUMIDITY (PERCENT)
 HIGHEST    35           500 AM
 LOWEST     17           600 PM
 AVERAGE    26

..........................................................


THE KINGMAN AZ CLIMATE NORMALS FOR TODAY
                         NORMAL    RECORD    YEAR
 MAXIMUM TEMPERATURE (F)   88        99      2001
 MINIMUM TEMPERATURE (F)   55        36      2010


SUNRISE AND SUNSET
MAY 25 2016...........SUNRISE   525 AM MST   SUNSET   741 PM MST
MAY 26 2016...........SUNRISE   524 AM MST   SUNSET   742 PM MST


-  INDICATES NEGATIVE NUMBERS.
R  INDICATES RECORD WAS SET OR TIED.
MM INDICATES DATA IS MISSING.
T  INDICATES TRACE AMOUNT.




$$
