000
CDUS45 KVEF 240039
CLIIGM


CLIMATE REPORT
NATIONAL WEATHER SERVICE LAS VEGAS, NV
439 PM PST MON JAN 23 2017


...................................

...THE KINGMAN AZ CLIMATE SUMMARY FOR JANUARY 23 2017...
VALID TODAY AS OF 0400 PM LOCAL TIME.

CLIMATE NORMAL PERIOD 1981 TO 2010
CLIMATE RECORD PERIOD 1901 TO 2017


WEATHER ITEM   OBSERVED TIME   RECORD YEAR NORMAL DEPARTURE LAST
                VALUE   (LST)  VALUE       VALUE  FROM      YEAR
                                                  NORMAL
..................................................................
TEMPERATURE (F)
 TODAY
  MAXIMUM         51    150 AM  71    1919  57     -6       63
  MINIMUM         37    459 PM  18    1929  32      5       37
  AVERAGE         44                        44      0       50

PRECIPITATION (IN)
  TODAY            0.26          1.45 1943   0.03   0.23     0.00
  MONTH TO DATE    1.58                      0.72   0.86     0.67
  SINCE OCT 1      5.14                      2.82   2.32     2.19
  SINCE JAN 1      1.58                      0.72   0.86     0.67

DEGREE DAYS
 HEATING
  TODAY           21                        20      1       15
  MONTH TO DATE  452                       495    -43      502
  SINCE DEC 1   1093                      1178    -85     1232
  SINCE JUL 1   1415                      1744   -329     1808

 COOLING
  TODAY            0                         0      0        0
  MONTH TO DATE    0                         0      0        0
  SINCE DEC 1      0                         0      0        0
  SINCE JAN 1      0                         0      0        0
..................................................................


WIND (MPH)
  RESULTANT WIND SPEED  23   RESULTANT WIND DIRECTION   S (200)
  HIGHEST WIND SPEED    39   HIGHEST WIND DIRECTION     S (200)
  HIGHEST GUST SPEED    52   HIGHEST GUST DIRECTION     S (200)
  AVERAGE WIND SPEED    25.2


SKY COVER
  POSSIBLE SUNSHINE  MM
  AVERAGE SKY COVER 0.8


WEATHER CONDITIONS
 THE FOLLOWING WEATHER WAS RECORDED TODAY.
  HEAVY RAIN
  RAIN
  LIGHT RAIN
  FOG


RELATIVE HUMIDITY (PERCENT)
 HIGHEST    76           400 AM
 LOWEST     44           100 AM
 AVERAGE    60

..........................................................


THE KINGMAN AZ CLIMATE NORMALS FOR TOMORROW
                         NORMAL    RECORD    YEAR
 MAXIMUM TEMPERATURE (F)   58        73      1953
 MINIMUM TEMPERATURE (F)   32        16      1933


SUNRISE AND SUNSET
JANUARY 23 2017.......SUNRISE   741 AM MST   SUNSET   555 PM MST
JANUARY 24 2017.......SUNRISE   740 AM MST   SUNSET   556 PM MST


-  INDICATES NEGATIVE NUMBERS.
R  INDICATES RECORD WAS SET OR TIED.
MM INDICATES DATA IS MISSING.
T  INDICATES TRACE AMOUNT.




$$
