000
CDUS45 KVEF 260827
CLIIGM


CLIMATE REPORT
NATIONAL WEATHER SERVICE LAS VEGAS, NV
127 AM PDT THU MAR 26 2015


...................................

...THE KINGMAN AZ CLIMATE SUMMARY FOR MARCH 25 2015...

CLIMATE NORMAL PERIOD 1981 TO 2010
CLIMATE RECORD PERIOD 1901 TO 2015


WEATHER ITEM   OBSERVED TIME   RECORD YEAR NORMAL DEPARTURE LAST
                VALUE   (LST)  VALUE       VALUE  FROM      YEAR
                                                  NORMAL
..................................................................
TEMPERATURE (F)
 YESTERDAY
  MAXIMUM         72    320 PM  82    1956  68      4       79
  MINIMUM         44    307 AM  24    1902  39      5       44
  AVERAGE         58                        53      5       62

PRECIPITATION (IN)
  YESTERDAY        0.00          0.59 1950   0.03  -0.03     0.00
  MONTH TO DATE    1.27                      0.65   0.62     0.11
  SINCE OCT 1      4.83                      4.91  -0.08     1.43
  SINCE JAN 1      2.70                      2.81  -0.11     0.55

DEGREE DAYS
 HEATING
  YESTERDAY        7                        12     -5        3
  MONTH TO DATE  240                       351   -111      246
  SINCE MAR 1    240                       351   -111      246
  SINCE JUL 1   2220                      2764   -544     2568

 COOLING
  YESTERDAY        0                         0      0        0
  MONTH TO DATE    0                         0      0        0
  SINCE MAR 1      0                         0      0        0
  SINCE JAN 1      0                         0      0        0
..................................................................


WIND (MPH)
  RESULTANT WIND SPEED  10   RESULTANT WIND DIRECTION   N (360)
  HIGHEST WIND SPEED    26   HIGHEST WIND DIRECTION    NW (330)
  HIGHEST GUST SPEED    33   HIGHEST GUST DIRECTION    NW (330)
  AVERAGE WIND SPEED    13.3


SKY COVER
  POSSIBLE SUNSHINE  MM
  AVERAGE SKY COVER 0.0


WEATHER CONDITIONS
 THE FOLLOWING WEATHER WAS RECORDED YESTERDAY.
  NO SIGNIFICANT WEATHER WAS OBSERVED.


RELATIVE HUMIDITY (PERCENT)
 HIGHEST    58          1200 AM
 LOWEST     19           200 PM
 AVERAGE    39

..........................................................


THE KINGMAN AZ CLIMATE NORMALS FOR TODAY
                         NORMAL    RECORD    YEAR
 MAXIMUM TEMPERATURE (F)   68        83      1988
 MINIMUM TEMPERATURE (F)   39        21      1913


SUNRISE AND SUNSET
MARCH 26 2015.........SUNRISE   631 AM MST   SUNSET   652 PM MST
MARCH 27 2015.........SUNRISE   630 AM MST   SUNSET   653 PM MST


-  INDICATES NEGATIVE NUMBERS.
R  INDICATES RECORD WAS SET OR TIED.
MM INDICATES DATA IS MISSING.
T  INDICATES TRACE AMOUNT.




$$
