000
CDUS45 KVEF 040829
CLIIGM


CLIMATE REPORT
NATIONAL WEATHER SERVICE LAS VEGAS, NV
127 AM PDT TUE AUG 4 2015


...................................

...THE KINGMAN AZ CLIMATE SUMMARY FOR AUGUST 3 2015...

CLIMATE NORMAL PERIOD 1981 TO 2010
CLIMATE RECORD PERIOD 1901 TO 2015


WEATHER ITEM   OBSERVED TIME   RECORD YEAR NORMAL DEPARTURE LAST
                VALUE   (LST)  VALUE       VALUE  FROM      YEAR
                                                  NORMAL
..................................................................
TEMPERATURE (F)
 YESTERDAY
  MAXIMUM        100    320 PM 105    1915  97      3       81
  MINIMUM         70    446 AM  51    1920  71     -1       63
  AVERAGE         85                        84      1       72

PRECIPITATION (IN)
  YESTERDAY        0.00          0.89 1926   0.02  -0.02     0.54
  MONTH TO DATE    0.01                      0.08  -0.07     0.79
  SINCE OCT 1      7.54                      6.48   1.06     3.71
  SINCE JAN 1      5.41                      4.38   1.03     2.83

DEGREE DAYS
 HEATING
  YESTERDAY        0                         0      0        0
  MONTH TO DATE    0                         0      0        0
  SINCE JUN 1      0                         3     -3        0
  SINCE JUL 1      0                         0      0        0

 COOLING
  YESTERDAY       20                        19      1        7
  MONTH TO DATE   52                        57     -5       43
  SINCE JUN 1   1042                      1018     24     1068
  SINCE JAN 1   1148                      1216    -68     1293
..................................................................


WIND (MPH)
  RESULTANT WIND SPEED   8   RESULTANT WIND DIRECTION   S (190)
  HIGHEST WIND SPEED    28   HIGHEST WIND DIRECTION    SW (220)
  HIGHEST GUST SPEED    37   HIGHEST GUST DIRECTION    SW (220)
  AVERAGE WIND SPEED    11.0


SKY COVER
  POSSIBLE SUNSHINE  MM
  AVERAGE SKY COVER 0.0


WEATHER CONDITIONS
 THE FOLLOWING WEATHER WAS RECORDED YESTERDAY.
  NO SIGNIFICANT WEATHER WAS OBSERVED.


RELATIVE HUMIDITY (PERCENT)
 HIGHEST    35          1200 AM
 LOWEST     10           600 PM
 AVERAGE    23

..........................................................


THE KINGMAN AZ CLIMATE NORMALS FOR TODAY
                         NORMAL    RECORD    YEAR
 MAXIMUM TEMPERATURE (F)   97       105      1998
 MINIMUM TEMPERATURE (F)   71        52      1964


SUNRISE AND SUNSET
AUGUST  4 2015........SUNRISE   547 AM MST   SUNSET   736 PM MST
AUGUST  5 2015........SUNRISE   548 AM MST   SUNSET   735 PM MST


-  INDICATES NEGATIVE NUMBERS.
R  INDICATES RECORD WAS SET OR TIED.
MM INDICATES DATA IS MISSING.
T  INDICATES TRACE AMOUNT.




$$
