000
CDUS45 KVEF 300826
CLIIGM


CLIMATE REPORT
NATIONAL WEATHER SERVICE LAS VEGAS, NV
126 AM PDT THU OCT 30 2014


...................................

...THE KINGMAN AZ CLIMATE SUMMARY FOR OCTOBER 29 2014...

CLIMATE NORMAL PERIOD 1981 TO 2010
CLIMATE RECORD PERIOD 1901 TO 2014


WEATHER ITEM   OBSERVED TIME   RECORD YEAR NORMAL DEPARTURE LAST
                VALUE   (LST)  VALUE       VALUE  FROM      YEAR
                                                  NORMAL
..................................................................
TEMPERATURE (F)
 YESTERDAY
  MAXIMUM         81    400 PM  88    1937  72      9       59
  MINIMUM         43    619 AM  23    1971  43      0       37
  AVERAGE         62                        58      4       48

PRECIPITATION (IN)
  YESTERDAY        0.00          0.65 1946   0.03  -0.03     0.00
  MONTH TO DATE    0.76                      0.65   0.11     0.12
  SINCE OCT 1      0.76                      0.65   0.11     0.12
  SINCE JAN 1      7.25                      6.94   0.31     5.96

DEGREE DAYS
 HEATING
  YESTERDAY        3                         8     -5       17
  MONTH TO DATE   23                       115    -92      179
  SINCE SEP 1     27                       121    -94      205
  SINCE JUL 1     27                       121    -94      205

 COOLING
  YESTERDAY        0                         0      0        0
  MONTH TO DATE   47                        66    -19        7
  SINCE SEP 1    385                       391     -6      232
  SINCE JAN 1   2067                      2092    -25     2106
..................................................................


WIND (MPH)
  RESULTANT WIND SPEED   4   RESULTANT WIND DIRECTION  NE (40)
  HIGHEST WIND SPEED    15   HIGHEST WIND DIRECTION     N (20)
  HIGHEST GUST SPEED    18   HIGHEST GUST DIRECTION     N (20)
  AVERAGE WIND SPEED     6.1


SKY COVER
  POSSIBLE SUNSHINE  MM
  AVERAGE SKY COVER 0.0


WEATHER CONDITIONS
 THE FOLLOWING WEATHER WAS RECORDED YESTERDAY.
  NO SIGNIFICANT WEATHER WAS OBSERVED.


RELATIVE HUMIDITY (PERCENT)
 HIGHEST    49           400 AM
 LOWEST     13           100 PM
 AVERAGE    31

..........................................................


THE KINGMAN AZ CLIMATE NORMALS FOR TODAY
                         NORMAL    RECORD    YEAR
 MAXIMUM TEMPERATURE (F)   72        87      1934
 MINIMUM TEMPERATURE (F)   43        23      1971


SUNRISE AND SUNSET
OCTOBER 30 2014.......SUNRISE   655 AM MST   SUNSET   543 PM MST
OCTOBER 31 2014.......SUNRISE   656 AM MST   SUNSET   542 PM MST


-  INDICATES NEGATIVE NUMBERS.
R  INDICATES RECORD WAS SET OR TIED.
MM INDICATES DATA IS MISSING.
T  INDICATES TRACE AMOUNT.




$$
