000
CDUS45 KVEF 050830
CLIIGM


CLIMATE REPORT
NATIONAL WEATHER SERVICE LAS VEGAS, NV
128 AM PDT THU MAY 5 2016


...................................

...THE KINGMAN AZ CLIMATE SUMMARY FOR MAY 4 2016...

CLIMATE NORMAL PERIOD 1981 TO 2010
CLIMATE RECORD PERIOD 1901 TO 2016


WEATHER ITEM   OBSERVED TIME   RECORD YEAR NORMAL DEPARTURE LAST
                VALUE   (LST)  VALUE       VALUE  FROM      YEAR
                                                  NORMAL
..................................................................
TEMPERATURE (F)
 YESTERDAY
  MAXIMUM         90    324 PM 102    1947  80     10       72
  MINIMUM         57    457 AM  30    1908  49      8       54
  AVERAGE         74                        65      9       63

PRECIPITATION (IN)
  YESTERDAY        0.00          0.63 1992   0.01  -0.01     0.03
  MONTH TO DATE    0.00                      0.04  -0.04     0.03
  SINCE OCT 1      4.23                      5.47  -1.24     4.97
  SINCE JAN 1      2.71                      3.37  -0.66     2.84

DEGREE DAYS
 HEATING
  YESTERDAY        0                         3     -3        2
  MONTH TO DATE    9                        13     -4        2
  SINCE MAR 1    438                       646   -208      464
  SINCE JUL 1   2790                      3059   -269     2444

 COOLING
  YESTERDAY        9                         3      6        0
  MONTH TO DATE   11                        11      0       20
  SINCE MAR 1     31                        42    -11       38
  SINCE JAN 1     31                        42    -11       38
..................................................................


WIND (MPH)
  RESULTANT WIND SPEED  10   RESULTANT WIND DIRECTION   S (160)
  HIGHEST WIND SPEED    25   HIGHEST WIND DIRECTION     S (200)
  HIGHEST GUST SPEED    37   HIGHEST GUST DIRECTION    SE (150)
  AVERAGE WIND SPEED    12.9


SKY COVER
  POSSIBLE SUNSHINE  MM
  AVERAGE SKY COVER 0.0


WEATHER CONDITIONS
 THE FOLLOWING WEATHER WAS RECORDED YESTERDAY.
  NO SIGNIFICANT WEATHER WAS OBSERVED.


RELATIVE HUMIDITY (PERCENT)
 HIGHEST    43           600 AM
 LOWEST      8           500 PM
 AVERAGE    26

..........................................................


THE KINGMAN AZ CLIMATE NORMALS FOR TODAY
                         NORMAL    RECORD    YEAR
 MAXIMUM TEMPERATURE (F)   81       100      1947
 MINIMUM TEMPERATURE (F)   50        33      1915


SUNRISE AND SUNSET
MAY  5 2016...........SUNRISE   540 AM MST   SUNSET   725 PM MST
MAY  6 2016...........SUNRISE   539 AM MST   SUNSET   726 PM MST


-  INDICATES NEGATIVE NUMBERS.
R  INDICATES RECORD WAS SET OR TIED.
MM INDICATES DATA IS MISSING.
T  INDICATES TRACE AMOUNT.




$$
