000
CDUS45 KIGM 260825
CLIIGM


CLIMATE REPORT
NATIONAL WEATHER SERVICE LAS VEGAS, NV
125 AM PDT SAT JUL 26 2014


...................................

...THE KINGMAN AZ CLIMATE SUMMARY FOR JULY 25 2014...

CLIMATE NORMAL PERIOD 1981 TO 2010
CLIMATE RECORD PERIOD 1901 TO 2014


WEATHER ITEM   OBSERVED TIME   RECORD YEAR NORMAL DEPARTURE LAST
                VALUE   (LST)  VALUE       VALUE  FROM      YEAR
                                                  NORMAL
..................................................................
TEMPERATURE (F)
 YESTERDAY
  MAXIMUM        100    320 PM 107    1943  97      3      100
  MINIMUM         71   1050 PM  53    1918  71      0       79
  AVERAGE         86                        84      2       90

PRECIPITATION (IN)
  YESTERDAY        0.04          1.78 1956   0.03   0.01     0.00
  MONTH TO DATE    1.14                      0.58   0.56     0.23
  SINCE OCT 1      2.81                      6.23  -3.42     2.59
  SINCE JAN 1      1.93                      4.13  -2.20     1.42

DEGREE DAYS
 HEATING
  YESTERDAY        0                         0      0        0
  MONTH TO DATE    0                         0      0        0
  SINCE JUN 1      0                         3     -3        0
  SINCE JUL 1      0                         0      0        0

 COOLING
  YESTERDAY       21                        19      2       25
  MONTH TO DATE  467                       461      6      525
  SINCE JUN 1    907                       846     61     1025
  SINCE JAN 1   1132                      1044     88     1247
..................................................................


WIND (MPH)
  RESULTANT WIND SPEED   7   RESULTANT WIND DIRECTION   S (160)
  HIGHEST WIND SPEED    35   HIGHEST WIND DIRECTION    SE (120)
  HIGHEST GUST SPEED    41   HIGHEST GUST DIRECTION    SE (130)
  AVERAGE WIND SPEED    16.2


SKY COVER
  POSSIBLE SUNSHINE  MM
  AVERAGE SKY COVER 0.3


WEATHER CONDITIONS
 THE FOLLOWING WEATHER WAS RECORDED YESTERDAY.
  THUNDERSTORM
  LIGHT RAIN


RELATIVE HUMIDITY (PERCENT)
 HIGHEST    47           900 PM
 LOWEST     21           100 PM
 AVERAGE    34

..........................................................


THE KINGMAN AZ CLIMATE NORMALS FOR TODAY
                         NORMAL    RECORD    YEAR
 MAXIMUM TEMPERATURE (F)   97       108      1934
 MINIMUM TEMPERATURE (F)   71        55      1918


SUNRISE AND SUNSET
JULY 26 2014..........SUNRISE   540 AM MST   SUNSET   744 PM MST
JULY 27 2014..........SUNRISE   541 AM MST   SUNSET   743 PM MST


-  INDICATES NEGATIVE NUMBERS.
R  INDICATES RECORD WAS SET OR TIED.
MM INDICATES DATA IS MISSING.
T  INDICATES TRACE AMOUNT.




$$
