000
CDUS45 KVEF 190826
CLIIGM


CLIMATE REPORT
NATIONAL WEATHER SERVICE LAS VEGAS, NV
126 AM PDT TUE SEP 19 2017


...................................

...THE KINGMAN AZ CLIMATE SUMMARY FOR SEPTEMBER 18 2017...

CLIMATE NORMAL PERIOD 1981 TO 2010
CLIMATE RECORD PERIOD 1901 TO 2017


WEATHER ITEM   OBSERVED TIME   RECORD YEAR NORMAL DEPARTURE LAST
                VALUE   (LST)  VALUE       VALUE  FROM      YEAR
                                                  NORMAL
..................................................................
TEMPERATURE (F)
 YESTERDAY
  MAXIMUM         86    317 PM 105    1922  89     -3       96
  MINIMUM         58    621 AM  42    1908  61     -3       54
  AVERAGE         72                        75     -3       75

PRECIPITATION (IN)
  YESTERDAY        0.00          1.60 1963   0.03  -0.03     0.00
  MONTH TO DATE    1.65                      0.78   0.87      T
  SINCE OCT 1     11.53                      8.15   3.38     8.66
  SINCE JAN 1      7.97                      6.05   1.92     7.14

DEGREE DAYS
 HEATING
  YESTERDAY        0                         0      0        0
  MONTH TO DATE    0                         0      0        0
  SINCE SEP 1      0                         0      0        0
  SINCE JUL 1      0                         0      0        0

 COOLING
  YESTERDAY        7                        10     -3       10
  MONTH TO DATE  239                       233      6      193
  SINCE SEP 1    239                       233      6      193
  SINCE JAN 1   2109                      1934    175     2069
..................................................................


WIND (MPH)
  RESULTANT WIND SPEED   9   RESULTANT WIND DIRECTION   S (190)
  HIGHEST WIND SPEED    26   HIGHEST WIND DIRECTION    SW (210)
  HIGHEST GUST SPEED    33   HIGHEST GUST DIRECTION    SW (220)
  AVERAGE WIND SPEED    11.4


SKY COVER
  POSSIBLE SUNSHINE  MM
  AVERAGE SKY COVER 0.0


WEATHER CONDITIONS
 THE FOLLOWING WEATHER WAS RECORDED YESTERDAY.
  NO SIGNIFICANT WEATHER WAS OBSERVED.


RELATIVE HUMIDITY (PERCENT)
 HIGHEST    46           100 AM
 LOWEST     16           300 PM
 AVERAGE    31

..........................................................


THE KINGMAN AZ CLIMATE NORMALS FOR TODAY
                         NORMAL    RECORD    YEAR
 MAXIMUM TEMPERATURE (F)   89       104      1922
 MINIMUM TEMPERATURE (F)   60        40      1955


SUNRISE AND SUNSET
SEPTEMBER 19 2017.....SUNRISE   622 AM MST   SUNSET   636 PM MST
SEPTEMBER 20 2017.....SUNRISE   623 AM MST   SUNSET   635 PM MST


-  INDICATES NEGATIVE NUMBERS.
R  INDICATES RECORD WAS SET OR TIED.
MM INDICATES DATA IS MISSING.
T  INDICATES TRACE AMOUNT.




$$
