000
CDUS41 KPHI 232127
CLIILG


CLIMATE REPORT
NATIONAL WEATHER SERVICE MOUNT HOLLY NJ
526 PM EDT FRI JUN 23 2017


...................................

...THE WILMINGTON DE CLIMATE SUMMARY FOR JUNE 23 2017...
VALID TODAY AS OF 0500 PM LOCAL TIME.

CLIMATE NORMAL PERIOD 1981 TO 2010
CLIMATE RECORD PERIOD 1894 TO 2017


WEATHER ITEM   OBSERVED TIME   RECORD YEAR NORMAL DEPARTURE LAST
                VALUE   (LST)  VALUE       VALUE  FROM      YEAR
                                                  NORMAL
..................................................................
TEMPERATURE (F)
 TODAY
  MAXIMUM         88    333 PM 100    1894  84      4       83
  MINIMUM         74    955 AM  47    1992  65      9       66
  AVERAGE         81                        74      7       75

PRECIPITATION (IN)
  TODAY            0.05          1.77 1938   0.14  -0.09     0.58
  MONTH TO DATE    3.10                      2.97   0.13     3.28
  SINCE JUN 1      3.10                      2.97   0.13     3.28
  SINCE JAN 1     20.28                     20.03   0.25    20.95

SNOWFALL (IN)
  TODAY            0.0           0.0  1894   0.0    0.0      0.0
  MONTH TO DATE    0.0                       0.0    0.0      0.0
  SINCE JUN 1      0.0                       0.0    0.0      0.0
  SINCE JUL 1      9.0                      20.2  -11.2     25.4
  SNOW DEPTH       0

DEGREE DAYS
 HEATING
  TODAY            0                         0      0        0
  MONTH TO DATE   10                        13     -3        5
  SINCE JUN 1     10                        13     -3        5
  SINCE JUL 1   4087                      4817   -730     4065

 COOLING
  TODAY           16                         9      7       10
  MONTH TO DATE  197                       159     38      165
  SINCE JUN 1    197                       159     38      165
  SINCE JAN 1    288                       238     50      257
..................................................................


WIND (MPH)
  HIGHEST WIND SPEED    22   HIGHEST WIND DIRECTION     S (200)
  HIGHEST GUST SPEED    29   HIGHEST GUST DIRECTION     S (200)
  AVERAGE WIND SPEED     9.3


SKY COVER
  POSSIBLE SUNSHINE  MM
  AVERAGE SKY COVER 0.2


WEATHER CONDITIONS
 THE FOLLOWING WEATHER WAS RECORDED TODAY.
  RAIN
  LIGHT RAIN
  FOG


RELATIVE HUMIDITY (PERCENT)
 HIGHEST   100           500 AM
 LOWEST     65           200 PM
 AVERAGE    83

..........................................................


THE WILMINGTON DE CLIMATE NORMALS FOR TOMORROW
                         NORMAL    RECORD    YEAR
 MAXIMUM TEMPERATURE (F)   84       102      1894
 MINIMUM TEMPERATURE (F)   65        49      1947


SUNRISE AND SUNSET
JUNE 23 2017..........SUNRISE   535 AM EDT   SUNSET   834 PM EDT
JUNE 24 2017..........SUNRISE   536 AM EDT   SUNSET   834 PM EDT


-  INDICATES NEGATIVE NUMBERS.
R  INDICATES RECORD WAS SET OR TIED.
MM INDICATES DATA IS MISSING.
T  INDICATES TRACE AMOUNT.




$$
