000
CDUS41 KPHI 040628
CLIILG


CLIMATE REPORT
NATIONAL WEATHER SERVICE MOUNT HOLLY NJ
228 AM EDT TUE AUG 4 2015


...................................

...THE WILMINGTON DE CLIMATE SUMMARY FOR AUGUST 3 2015...

CLIMATE NORMAL PERIOD 1981 TO 2010
CLIMATE RECORD PERIOD 1894 TO 2015


WEATHER ITEM   OBSERVED TIME   RECORD YEAR NORMAL DEPARTURE LAST
                VALUE   (LST)  VALUE       VALUE  FROM      YEAR
                                                  NORMAL
..................................................................
TEMPERATURE (F)
 YESTERDAY
  MAXIMUM         90    257 PM  97    1957  85      5       76
  MINIMUM         67    442 AM  52    1920  68     -1       67
  AVERAGE         79                        76      3       72

PRECIPITATION (IN)
  YESTERDAY        0.00          2.08 1967   0.12  -0.12     0.23
  MONTH TO DATE    0.00                      0.36  -0.36     0.88
  SINCE JUN 1     14.84                      8.81   6.03    11.85
  SINCE JAN 1     33.52                     25.87   7.65    34.18

SNOWFALL (IN)
  YESTERDAY        0.0           0.0  1894   0.0    0.0      0.0
  MONTH TO DATE    0.0                       0.0    0.0      0.0
  SINCE JUN 1      0.0                       0.0    0.0      0.0
  SINCE JUL 1      0.0                       0.0    0.0      0.0
  SNOW DEPTH       0

DEGREE DAYS
 HEATING
  YESTERDAY        0                         0      0        0
  MONTH TO DATE    0                         0      0        0
  SINCE JUN 1     18                        15      3        2
  SINCE JUL 1      0                         0      0        0

 COOLING
  YESTERDAY       14                        11      3        7
  MONTH TO DATE   38                        35      3       24
  SINCE JUN 1    679                       633     46      616
  SINCE JAN 1    847                       712    135      683
..................................................................


WIND (MPH)
  HIGHEST WIND SPEED    20   HIGHEST WIND DIRECTION     S (190)
  HIGHEST GUST SPEED    25   HIGHEST GUST DIRECTION    SW (210)
  AVERAGE WIND SPEED     8.6


SKY COVER
  POSSIBLE SUNSHINE  MM
  AVERAGE SKY COVER 0.1


WEATHER CONDITIONS
 THE FOLLOWING WEATHER WAS RECORDED YESTERDAY.
  NO SIGNIFICANT WEATHER WAS OBSERVED.


RELATIVE HUMIDITY (PERCENT)
 HIGHEST    84           600 AM
 LOWEST     38           200 PM
 AVERAGE    61

..........................................................


THE WILMINGTON DE CLIMATE NORMALS FOR TODAY
                         NORMAL    RECORD    YEAR
 MAXIMUM TEMPERATURE (F)   85        96      1995
 MINIMUM TEMPERATURE (F)   67        53      1964


SUNRISE AND SUNSET
AUGUST  4 2015........SUNRISE   604 AM EDT   SUNSET   812 PM EDT
AUGUST  5 2015........SUNRISE   605 AM EDT   SUNSET   811 PM EDT


-  INDICATES NEGATIVE NUMBERS.
R  INDICATES RECORD WAS SET OR TIED.
MM INDICATES DATA IS MISSING.
T  INDICATES TRACE AMOUNT.




$$
