000
CDUS41 KPHI 282127
CLIILG


CLIMATE REPORT
NATIONAL WEATHER SERVICE MOUNT HOLLY NJ
527 PM EDT MON JUL 28 2014


...................................

...THE WILMINGTON DE CLIMATE SUMMARY FOR JULY 28 2014...
VALID TODAY AS OF 0500 PM LOCAL TIME.

CLIMATE NORMAL PERIOD 1981 TO 2010
CLIMATE RECORD PERIOD 1894 TO 2014


WEATHER ITEM   OBSERVED TIME   RECORD YEAR NORMAL DEPARTURE LAST
                VALUE   (LST)  VALUE       VALUE  FROM      YEAR
                                                  NORMAL
..................................................................
TEMPERATURE (F)
 TODAY
  MAXIMUM         84    211 PM 101    1894  86     -2       81
  MINIMUM         67    506 AM  53    1962  68     -1       69
  AVERAGE         76                        77     -1       75

PRECIPITATION (IN)
  TODAY            0.32          2.34 1914   0.14   0.18     1.50
  MONTH TO DATE    5.94                      4.15   1.79     3.83
  SINCE JUN 1     10.97                      8.03   2.94    17.49
  SINCE JAN 1     33.30                     25.09   8.21    30.89

SNOWFALL (IN)
  TODAY            0.0           0.0  1894   0.0    0.0      0.0
  MONTH TO DATE    0.0                       0.0    0.0      0.0
  SINCE JUN 1      0.0                       0.0    0.0      0.0
  SINCE JUL 1      0.0                       0.0    0.0      0.0
  SNOW DEPTH       0

DEGREE DAYS
 HEATING
  TODAY            0                         0      0        0
  MONTH TO DATE    0                         0      0        0
  SINCE JUN 1      2                        15    -13        0
  SINCE JUL 1      0                         0      0        0

 COOLING
  TODAY           11                        12     -1       10
  MONTH TO DATE  339                       332      7      434
  SINCE JUN 1    579                       563     16      687
  SINCE JAN 1    646                       642      4      794
..................................................................


WIND (MPH)
  HIGHEST WIND SPEED    25   HIGHEST WIND DIRECTION     W (280)
  HIGHEST GUST SPEED    32   HIGHEST GUST DIRECTION     W (270)
  AVERAGE WIND SPEED    11.4


SKY COVER
  POSSIBLE SUNSHINE  MM
  AVERAGE SKY COVER 0.2


WEATHER CONDITIONS
 THE FOLLOWING WEATHER WAS RECORDED TODAY.
  THUNDERSTORM
  HEAVY RAIN
  RAIN
  LIGHT RAIN
  FOG


RELATIVE HUMIDITY (PERCENT)
 HIGHEST    97           600 AM
 LOWEST     45           400 PM
 AVERAGE    71

..........................................................


THE WILMINGTON DE CLIMATE NORMALS FOR TOMORROW
                         NORMAL    RECORD    YEAR
 MAXIMUM TEMPERATURE (F)   86        99      1896
                                             1894
 MINIMUM TEMPERATURE (F)   68        57      1920


SUNRISE AND SUNSET
JULY 28 2014..........SUNRISE   558 AM EDT   SUNSET   819 PM EDT
JULY 29 2014..........SUNRISE   559 AM EDT   SUNSET   818 PM EDT


-  INDICATES NEGATIVE NUMBERS.
R  INDICATES RECORD WAS SET OR TIED.
MM INDICATES DATA IS MISSING.
T  INDICATES TRACE AMOUNT.




$$
