000
CDUS41 KPHI 220630
CLIILG


CLIMATE REPORT
NATIONAL WEATHER SERVICE MOUNT HOLLY NJ
229 AM EDT MON SEP 22 2014


...................................

...THE WILMINGTON DE CLIMATE SUMMARY FOR SEPTEMBER 21 2014...

CLIMATE NORMAL PERIOD 1981 TO 2010
CLIMATE RECORD PERIOD 1894 TO 2014


WEATHER ITEM   OBSERVED TIME   RECORD YEAR NORMAL DEPARTURE LAST
                VALUE   (LST)  VALUE       VALUE  FROM      YEAR
                                                  NORMAL
..................................................................
TEMPERATURE (F)
 YESTERDAY
  MAXIMUM         80    143 PM  97    1895  76      4       79
  MINIMUM         61    432 AM  37    1956  56      5       52
  AVERAGE         71                        66      5       66

PRECIPITATION (IN)
  YESTERDAY        0.00          2.76 1983   0.16  -0.16     1.44
  MONTH TO DATE    1.57                      2.91  -1.34     1.90
  SINCE SEP 1      1.57                      2.91  -1.34     1.90
  SINCE JAN 1     39.64                     31.67   7.97    38.23

SNOWFALL (IN)
  YESTERDAY        0.0           0.0  1894   0.0    0.0      0.0
  MONTH TO DATE    0.0                       0.0    0.0      0.0
  SINCE SEP 1      0.0                       0.0    0.0      0.0
  SINCE JUL 1      0.0                       0.0    0.0      0.0
  SNOW DEPTH       0

DEGREE DAYS
 HEATING
  YESTERDAY        0                         2     -2        0
  MONTH TO DATE   19                        19      0       34
  SINCE SEP 1     19                        19      0       34
  SINCE JUL 1     19                        21     -2       34

 COOLING
  YESTERDAY        6                         3      3        1
  MONTH TO DATE  135                       114     21      106
  SINCE SEP 1    135                       114     21      106
  SINCE JAN 1   1041                      1107    -66     1191
..................................................................


WIND (MPH)
  HIGHEST WIND SPEED    20   HIGHEST WIND DIRECTION    NW (310)
  HIGHEST GUST SPEED    24   HIGHEST GUST DIRECTION    NW (310)
  AVERAGE WIND SPEED     4.5


SKY COVER
  POSSIBLE SUNSHINE  MM
  AVERAGE SKY COVER 0.5


WEATHER CONDITIONS
 THE FOLLOWING WEATHER WAS RECORDED YESTERDAY.
  FOG


RELATIVE HUMIDITY (PERCENT)
 HIGHEST   100           400 AM
 LOWEST     58           300 PM
 AVERAGE    79

..........................................................


THE WILMINGTON DE CLIMATE NORMALS FOR TODAY
                         NORMAL    RECORD    YEAR
 MAXIMUM TEMPERATURE (F)   75        99      1895
 MINIMUM TEMPERATURE (F)   56        40      1962


SUNRISE AND SUNSET
SEPTEMBER 22 2014.....SUNRISE   650 AM EDT   SUNSET   659 PM EDT
SEPTEMBER 23 2014.....SUNRISE   651 AM EDT   SUNSET   658 PM EDT


-  INDICATES NEGATIVE NUMBERS.
R  INDICATES RECORD WAS SET OR TIED.
MM INDICATES DATA IS MISSING.
T  INDICATES TRACE AMOUNT.




$$
