000
CDUS41 KPHI 162129
CLIILG


CLIMATE REPORT
NATIONAL WEATHER SERVICE MOUNT HOLLY NJ
427 PM EST SAT DEC 16 2017


...................................

...THE WILMINGTON DE CLIMATE SUMMARY FOR DECEMBER 16 2017...
VALID TODAY AS OF 0400 PM LOCAL TIME.

CLIMATE NORMAL PERIOD 1981 TO 2010
CLIMATE RECORD PERIOD 1894 TO 2017


WEATHER ITEM   OBSERVED TIME   RECORD YEAR NORMAL DEPARTURE LAST
                VALUE   (LST)  VALUE       VALUE  FROM      YEAR
                                                  NORMAL
..................................................................
TEMPERATURE (F)
 TODAY
  MAXIMUM         43    343 PM  69    1971  44     -1       27
  MINIMUM         17   1235 AM   5    1910  28    -11       14
  AVERAGE         30                        36     -6       21

PRECIPITATION (IN)
  TODAY            0.00          1.50 1901   0.11  -0.11     0.00
  MONTH TO DATE    0.73                      1.95  -1.22     1.12
  SINCE DEC 1      0.73                      1.95  -1.22     1.12
  SINCE JAN 1     39.40                     41.55  -2.15    39.31

SNOWFALL (IN)
  TODAY            0.0           3.5  1896   0.1   -0.1      0.0
  MONTH TO DATE    7.0                       1.6    5.4       T
  SINCE DEC 1      7.0                       1.6    5.4       T
  SINCE JUL 1      7.0                       2.0    5.0       T
  SNOW DEPTH       2

DEGREE DAYS
 HEATING
  TODAY           35                        29      6       44
  MONTH TO DATE  445                       421     24      430
  SINCE DEC 1    445                       421     24      430
  SINCE JUL 1   1173                      1319   -146     1154

 COOLING
  TODAY            0                         0      0        0
  MONTH TO DATE    0                         0      0        0
  SINCE DEC 1      0                         0      0        0
  SINCE JAN 1   1304                      1145    159     1489
..................................................................


WIND (MPH)
  HIGHEST WIND SPEED    24   HIGHEST WIND DIRECTION    SW (230)
  HIGHEST GUST SPEED    33   HIGHEST GUST DIRECTION    SW (240)
  AVERAGE WIND SPEED     9.1


SKY COVER
  POSSIBLE SUNSHINE  MM
  AVERAGE SKY COVER 0.4


WEATHER CONDITIONS
 THE FOLLOWING WEATHER WAS RECORDED TODAY.
  FOG


RELATIVE HUMIDITY (PERCENT)
 HIGHEST    92           300 AM
 LOWEST     49           200 PM
 AVERAGE    71

..........................................................


THE WILMINGTON DE CLIMATE NORMALS FOR TOMORROW
                         NORMAL    RECORD    YEAR
 MAXIMUM TEMPERATURE (F)   44        62      2000
 MINIMUM TEMPERATURE (F)   28         6      1951


SUNRISE AND SUNSET
DECEMBER 16 2017......SUNRISE   717 AM EST   SUNSET   439 PM EST
DECEMBER 17 2017......SUNRISE   718 AM EST   SUNSET   440 PM EST


-  INDICATES NEGATIVE NUMBERS.
R  INDICATES RECORD WAS SET OR TIED.
MM INDICATES DATA IS MISSING.
T  INDICATES TRACE AMOUNT.




$$
