000
CDUS41 KPHI 192129
CLIILG


CLIMATE REPORT
NATIONAL WEATHER SERVICE MOUNT HOLLY NJ
529 PM EDT THU OCT 19 2017


...................................

...THE WILMINGTON DE CLIMATE SUMMARY FOR OCTOBER 19 2017...
VALID TODAY AS OF 0500 PM LOCAL TIME.

CLIMATE NORMAL PERIOD 1981 TO 2010
CLIMATE RECORD PERIOD 1894 TO 2017


WEATHER ITEM   OBSERVED TIME   RECORD YEAR NORMAL DEPARTURE LAST
                VALUE   (LST)  VALUE       VALUE  FROM      YEAR
                                                  NORMAL
..................................................................
TEMPERATURE (F)
 TODAY
  MAXIMUM         72    147 PM  87    2016  65      7       87
  MINIMUM         45    659 AM  28    1976  45      0       63
  AVERAGE         59                        55      4       75

PRECIPITATION (IN)
  TODAY            0.00          3.69 1966   0.10  -0.10     0.00
  MONTH TO DATE    1.43                      2.19  -0.76     1.32
  SINCE SEP 1      2.55                      6.51  -3.96     6.12
  SINCE JAN 1     34.69                     35.27  -0.58    35.38

SNOWFALL (IN)
  TODAY           MM             T    1972   0.0   MM        0.0
  MONTH TO DATE    0.0                       0.0    0.0      0.0
  SINCE SEP 1      0.0                       0.0    0.0      0.0
  SINCE JUL 1      0.0                       0.0    0.0      0.0
  SNOW DEPTH       0

DEGREE DAYS
 HEATING
  TODAY            6                        10     -4        0
  MONTH TO DATE   60                       144    -84       88
  SINCE SEP 1     85                       194   -109      108
  SINCE JUL 1     85                       196   -111      108

 COOLING
  TODAY            0                         0      0       10
  MONTH TO DATE   70                        15     55       23
  SINCE SEP 1    253                       149    104      258
  SINCE JAN 1   1299                      1142    157     1479
..................................................................


WIND (MPH)
  HIGHEST WIND SPEED    16   HIGHEST WIND DIRECTION     W (260)
  HIGHEST GUST SPEED    20   HIGHEST GUST DIRECTION    SW (230)
  AVERAGE WIND SPEED     4.3


SKY COVER
  POSSIBLE SUNSHINE  MM
  AVERAGE SKY COVER 0.0


WEATHER CONDITIONS
 THE FOLLOWING WEATHER WAS RECORDED TODAY.
  FOG


RELATIVE HUMIDITY (PERCENT)
 HIGHEST   100           500 AM
 LOWEST     38           100 PM
 AVERAGE    69

..........................................................


THE WILMINGTON DE CLIMATE NORMALS FOR TOMORROW
                         NORMAL    RECORD    YEAR
 MAXIMUM TEMPERATURE (F)   65        82      1969
 MINIMUM TEMPERATURE (F)   45        27      1974
                                             1940


SUNRISE AND SUNSET
OCTOBER 19 2017.......SUNRISE   717 AM EDT   SUNSET   617 PM EDT
OCTOBER 20 2017.......SUNRISE   718 AM EDT   SUNSET   616 PM EDT


-  INDICATES NEGATIVE NUMBERS.
R  INDICATES RECORD WAS SET OR TIED.
MM INDICATES DATA IS MISSING.
T  INDICATES TRACE AMOUNT.




$$
