000
CDUS41 KPHI 280630
CLIILG


CLIMATE REPORT
NATIONAL WEATHER SERVICE MOUNT HOLLY NJ
228 AM EDT THU MAY 28 2015


...................................

...THE WILMINGTON DE CLIMATE SUMMARY FOR MAY 27 2015...

CLIMATE NORMAL PERIOD 1981 TO 2010
CLIMATE RECORD PERIOD 1894 TO 2015


WEATHER ITEM   OBSERVED TIME   RECORD YEAR NORMAL DEPARTURE LAST
                VALUE   (LST)  VALUE       VALUE  FROM      YEAR
                                                  NORMAL
..................................................................
TEMPERATURE (F)
 YESTERDAY
  MAXIMUM         87    304 PM  93    1965  76     11       88
  MINIMUM         70    347 AM  39    1925  56     14       63
  AVERAGE         79                        66     13       76

PRECIPITATION (IN)
  YESTERDAY        0.00          1.37 1946   0.13  -0.13     0.34
  MONTH TO DATE    1.84                      3.41  -1.57     2.97
  SINCE MAR 1     11.52                     10.83   0.69    13.63
  SINCE JAN 1     18.13                     16.52   1.61    22.21

SNOWFALL (IN)
  YESTERDAY        0.0           0.0  1894   0.0    0.0      0.0
  MONTH TO DATE    0.0                       0.0    0.0      0.0
  SINCE MAR 1      8.6                       2.2    6.4      7.7
  SINCE JUL 1     23.4                      20.2    3.2     56.1
  SNOW DEPTH       0

DEGREE DAYS
 HEATING
  YESTERDAY        0                         2     -2        0
  MONTH TO DATE   56                       126    -70       67
  SINCE MAR 1   1218                      1172     46     1261
  SINCE JUL 1   5057                      4795    262     5116

 COOLING
  YESTERDAY       14                         4     10       11
  MONTH TO DATE  116                        51     65       57
  SINCE MAR 1    120                        63     57       64
  SINCE JAN 1    120                        63     57       64
..................................................................


WIND (MPH)
  HIGHEST WIND SPEED    23   HIGHEST WIND DIRECTION     W (290)
  HIGHEST GUST SPEED    31   HIGHEST GUST DIRECTION     W (270)
  AVERAGE WIND SPEED     9.2


SKY COVER
  POSSIBLE SUNSHINE  MM
  AVERAGE SKY COVER 0.7


WEATHER CONDITIONS
 THE FOLLOWING WEATHER WAS RECORDED YESTERDAY.
  THUNDERSTORM


RELATIVE HUMIDITY (PERCENT)
 HIGHEST    90           600 AM
 LOWEST     51           400 PM
 AVERAGE    71

..........................................................


THE WILMINGTON DE CLIMATE NORMALS FOR TODAY
                         NORMAL    RECORD    YEAR
 MAXIMUM TEMPERATURE (F)   76        93      1941
 MINIMUM TEMPERATURE (F)   57        41      1997


SUNRISE AND SUNSET
MAY 28 2015...........SUNRISE   539 AM EDT   SUNSET   821 PM EDT
MAY 29 2015...........SUNRISE   538 AM EDT   SUNSET   822 PM EDT


-  INDICATES NEGATIVE NUMBERS.
R  INDICATES RECORD WAS SET OR TIED.
MM INDICATES DATA IS MISSING.
T  INDICATES TRACE AMOUNT.




$$
