000
CDUS42 KILM 222040
CLIILM


CLIMATE REPORT
NATIONAL WEATHER SERVICE WILMINGTON NC
440 PM EDT WED OCT 22 2014


...................................

...THE WILMINGTON NC CLIMATE SUMMARY FOR OCTOBER 22 2014...
VALID TODAY AS OF 0400 PM LOCAL TIME.

CLIMATE NORMAL PERIOD 1981 TO 2010
CLIMATE RECORD PERIOD 1871 TO 2014


WEATHER ITEM   OBSERVED TIME   RECORD YEAR NORMAL DEPARTURE LAST
                VALUE   (LST)  VALUE       VALUE  FROM      YEAR
                                                  NORMAL
..................................................................
TEMPERATURE (F)
 TODAY
  MAXIMUM         69    248 PM  86    1919  74     -5       69
  MINIMUM         50    647 AM  32    1974  52     -2       58
  AVERAGE         60                        63     -3       64

PRECIPITATION (IN)
  TODAY            0.00          3.12 1878   0.11  -0.11     0.06
  MONTH TO DATE    1.36                      3.07  -1.71     2.11
  SINCE SEP 1      7.36                     10.91  -3.55     3.09
  SINCE JAN 1     49.87                     49.88  -0.01    45.58

DEGREE DAYS
 HEATING
  TODAY            5                         4      1        1
  MONTH TO DATE   32                        49    -17       13
  SINCE SEP 1     34                        54    -20       13
  SINCE JUL 1     34                        54    -20       13

 COOLING
  TODAY            0                         2     -2        0
  MONTH TO DATE   99                        81     18       99
  SINCE SEP 1    409                       375     34      377
  SINCE JAN 1   2166                      1998    168     1867
..................................................................


WIND (MPH)
  HIGHEST WIND SPEED    20   HIGHEST WIND DIRECTION    NW (330)
  HIGHEST GUST SPEED    24   HIGHEST GUST DIRECTION    NW (330)
  AVERAGE WIND SPEED    11.6


SKY COVER
  POSSIBLE SUNSHINE  MM
  AVERAGE SKY COVER 0.3


WEATHER CONDITIONS
 THE FOLLOWING WEATHER WAS RECORDED TODAY.
  NO SIGNIFICANT WEATHER WAS OBSERVED.


RELATIVE HUMIDITY (PERCENT)
 HIGHEST    72          1200 AM
 LOWEST     42           200 PM
 AVERAGE    57

..........................................................


THE WILMINGTON NC CLIMATE NORMALS FOR TOMORROW
                         NORMAL    RECORD    YEAR
 MAXIMUM TEMPERATURE (F)   74        86      2007
 MINIMUM TEMPERATURE (F)   52        37      1998
                                             1974


SUNRISE AND SUNSET
OCTOBER 22 2014.......SUNRISE   723 AM EDT   SUNSET   629 PM EDT
OCTOBER 23 2014.......SUNRISE   724 AM EDT   SUNSET   628 PM EDT


-  INDICATES NEGATIVE NUMBERS.
R  INDICATES RECORD WAS SET OR TIED.
MM INDICATES DATA IS MISSING.
T  INDICATES TRACE AMOUNT.




$$
