000
CDUS42 KILM 020941
CLIILM


CLIMATE REPORT
NATIONAL WEATHER SERVICE WILMINGTON NC
441 AM EST MON MAR 2 2015


...................................

...THE WILMINGTON NC CLIMATE SUMMARY FOR MARCH 1 2015...

CLIMATE NORMAL PERIOD 1981 TO 2010
CLIMATE RECORD PERIOD 1871 TO 2015


WEATHER ITEM   OBSERVED TIME   RECORD YEAR NORMAL DEPARTURE LAST
                VALUE   (LST)  VALUE       VALUE  FROM      YEAR
                                                  NORMAL
..................................................................
TEMPERATURE (F)
 YESTERDAY
  MAXIMUM         58    130 PM  83    1918  63     -5       57
  MINIMUM         36    730 AM  23    2002  40     -4       35
                                      1980
  AVERAGE         47                        51     -4       46

PRECIPITATION (IN)
  YESTERDAY        0.05          1.66 1913   0.14  -0.09      T
  MONTH TO DATE    0.05                      0.14  -0.09      T
  SINCE MAR 1      0.05                      0.14  -0.09      T
  SINCE JAN 1      9.37                      7.52   1.85     5.46

SNOWFALL (IN)
  YESTERDAY        0.0           0.8  1980   0.0    0.0      0.0
  MONTH TO DATE    0.0                       0.0    0.0      0.0
  SINCE MAR 1      0.0                       0.0    0.0      0.0
  SINCE JUL 1      0.3                       1.5   -1.2      1.0
  SNOW DEPTH       0

DEGREE DAYS
 HEATING
  YESTERDAY       18                        14      4       19
  MONTH TO DATE   18                        14      4       19
  SINCE MAR 1     18                        14      4       19
  SINCE JUL 1   2201                      1943    258     1953

 COOLING
  YESTERDAY        0                         0      0        0
  MONTH TO DATE    0                         0      0        0
  SINCE MAR 1      0                         0      0        0
  SINCE JAN 1      6                         5      1        5
..................................................................


WIND (MPH)
  HIGHEST WIND SPEED    14   HIGHEST WIND DIRECTION    NE (40)
  HIGHEST GUST SPEED    16   HIGHEST GUST DIRECTION    NE (30)
  AVERAGE WIND SPEED     6.6


SKY COVER
  POSSIBLE SUNSHINE  MM
  AVERAGE SKY COVER 1.0


WEATHER CONDITIONS
 THE FOLLOWING WEATHER WAS RECORDED YESTERDAY.
  LIGHT RAIN
  FOG


RELATIVE HUMIDITY (PERCENT)
 HIGHEST    96          1000 PM
 LOWEST     54          1200 AM
 AVERAGE    75

..........................................................


THE WILMINGTON NC CLIMATE NORMALS FOR TODAY
                         NORMAL    RECORD    YEAR
 MAXIMUM TEMPERATURE (F)   63        85      1976
 MINIMUM TEMPERATURE (F)   40        16      1980


SUNRISE AND SUNSET
MARCH  2 2015.........SUNRISE   640 AM EST   SUNSET   609 PM EST
MARCH  3 2015.........SUNRISE   638 AM EST   SUNSET   609 PM EST


-  INDICATES NEGATIVE NUMBERS.
R  INDICATES RECORD WAS SET OR TIED.
MM INDICATES DATA IS MISSING.
T  INDICATES TRACE AMOUNT.




$$
