000
CDUS42 KILM 122043
CLIILM


CLIMATE REPORT
NATIONAL WEATHER SERVICE WILMINGTON NC
442 PM EDT SAT JUL 12 2014


...................................

...THE WILMINGTON NC CLIMATE SUMMARY FOR JULY 12 2014...
VALID TODAY AS OF 0400 PM LOCAL TIME.

CLIMATE NORMAL PERIOD 1981 TO 2010
CLIMATE RECORD PERIOD 1871 TO 2014


WEATHER ITEM   OBSERVED TIME   RECORD YEAR NORMAL DEPARTURE LAST
                VALUE   (LST)  VALUE       VALUE  FROM      YEAR
                                                  NORMAL
..................................................................
TEMPERATURE (F)
 TODAY
  MAXIMUM         87    258 PM 103    1879  90     -3       79
  MINIMUM         72    556 AM  62    1963  73     -1       71
                                      1898
  AVERAGE         80                        81     -1       75

PRECIPITATION (IN)
  TODAY            0.00          5.37 1996   0.24  -0.24     2.18
  MONTH TO DATE    4.69                      2.60   2.09     3.31
  SINCE JUN 1      7.17                      7.78  -0.61    14.77
  SINCE JAN 1     26.41                     26.68  -0.27    31.48

DEGREE DAYS
 HEATING
  TODAY            0                         0      0        0
  MONTH TO DATE    0                         0      0        0
  SINCE JUN 1      0                         2     -2        0
  SINCE JUL 1      0                         0      0        0

 COOLING
  TODAY           15                        16     -1       10
  MONTH TO DATE  185                       192     -7      175
  SINCE JUN 1    625                       577     48      555
  SINCE JAN 1   1032                       858    174      781
..................................................................


WIND (MPH)
  HIGHEST WIND SPEED    13   HIGHEST WIND DIRECTION     E (110)
  HIGHEST GUST SPEED    16   HIGHEST GUST DIRECTION     E (110)
  AVERAGE WIND SPEED     4.5


SKY COVER
  POSSIBLE SUNSHINE  MM
  AVERAGE SKY COVER 0.3


WEATHER CONDITIONS
 THE FOLLOWING WEATHER WAS RECORDED TODAY.
  FOG


RELATIVE HUMIDITY (PERCENT)
 HIGHEST    94           700 AM
 LOWEST     57          1100 AM
 AVERAGE    76

..........................................................


THE WILMINGTON NC CLIMATE NORMALS FOR TOMORROW
                         NORMAL    RECORD    YEAR
 MAXIMUM TEMPERATURE (F)   90       102      2011
 MINIMUM TEMPERATURE (F)   73        58      1918


SUNRISE AND SUNSET
JULY 12 2014..........SUNRISE   609 AM EDT   SUNSET   825 PM EDT
JULY 13 2014..........SUNRISE   610 AM EDT   SUNSET   825 PM EDT


-  INDICATES NEGATIVE NUMBERS.
R  INDICATES RECORD WAS SET OR TIED.
MM INDICATES DATA IS MISSING.
T  INDICATES TRACE AMOUNT.




$$
