000
CDUS42 KILM 032050
CLIILM


CLIMATE REPORT
NATIONAL WEATHER SERVICE WILMINGTON NC
446 PM EDT WED JUN 3 2015


...................................

...THE WILMINGTON NC CLIMATE SUMMARY FOR JUNE 3 2015...
VALID TODAY AS OF 0400 PM LOCAL TIME.

CLIMATE NORMAL PERIOD 1981 TO 2010
CLIMATE RECORD PERIOD 1871 TO 2015


WEATHER ITEM   OBSERVED TIME   RECORD YEAR NORMAL DEPARTURE LAST
                VALUE   (LST)  VALUE       VALUE  FROM      YEAR
                                                  NORMAL
..................................................................
TEMPERATURE (F)
 TODAY
  MAXIMUM         77    246 PM 100    1895  85     -8       87
  MINIMUM         68    715 AM  49    1983  66      2       60
  AVERAGE         73                        75     -2       74

PRECIPITATION (IN)
  TODAY            0.59          2.28 1976   0.17   0.42     0.00
  MONTH TO DATE    0.75                      0.48   0.27     0.00
  SINCE JUN 1      0.75                      0.48   0.27     0.00
  SINCE JAN 1     21.32                     19.38   1.94    19.24

DEGREE DAYS
 HEATING
  TODAY            0                         0      0        0
  MONTH TO DATE    0                         0      0        0
  SINCE JUN 1      0                         0      0        0
  SINCE JUL 1   2597                      2409    188     2432

 COOLING
  TODAY            8                        10     -2        9
  MONTH TO DATE   31                        30      1       14
  SINCE JUN 1     31                        30      1       14
  SINCE JAN 1    324                       311     13      421
..................................................................


WIND (MPH)
  HIGHEST WIND SPEED    17   HIGHEST WIND DIRECTION    NW (300)
  HIGHEST GUST SPEED    20   HIGHEST GUST DIRECTION     W (290)
  AVERAGE WIND SPEED     4.7


SKY COVER
  POSSIBLE SUNSHINE  MM
  AVERAGE SKY COVER 0.6


WEATHER CONDITIONS
 THE FOLLOWING WEATHER WAS RECORDED TODAY.
  THUNDERSTORM
  HEAVY RAIN
  RAIN
  LIGHT RAIN
  FOG


RELATIVE HUMIDITY (PERCENT)
 HIGHEST    97           900 AM
 LOWEST     79           300 PM
 AVERAGE    88

..........................................................


THE WILMINGTON NC CLIMATE NORMALS FOR TOMORROW
                         NORMAL    RECORD    YEAR
 MAXIMUM TEMPERATURE (F)   85        98      1943
 MINIMUM TEMPERATURE (F)   66        51      1988


SUNRISE AND SUNSET
JUNE  3 2015..........SUNRISE   600 AM EDT   SUNSET   820 PM EDT
JUNE  4 2015..........SUNRISE   600 AM EDT   SUNSET   820 PM EDT


-  INDICATES NEGATIVE NUMBERS.
R  INDICATES RECORD WAS SET OR TIED.
MM INDICATES DATA IS MISSING.
T  INDICATES TRACE AMOUNT.




$$
