000
CDUS42 KILM 040840
CLIILM


CLIMATE REPORT
NATIONAL WEATHER SERVICE WILMINGTON NC
440 AM EDT TUE AUG 4 2015


...................................

...THE WILMINGTON NC CLIMATE SUMMARY FOR AUGUST 3 2015...

CLIMATE NORMAL PERIOD 1981 TO 2010
CLIMATE RECORD PERIOD 1871 TO 2015


WEATHER ITEM   OBSERVED TIME   RECORD YEAR NORMAL DEPARTURE LAST
                VALUE   (LST)  VALUE       VALUE  FROM      YEAR
                                                  NORMAL
..................................................................
TEMPERATURE (F)
 YESTERDAY
  MAXIMUM         86   1112 AM  99    1980  89     -3       76
  MINIMUM         72    316 PM  64    1919  72      0       72
                                      1900
  AVERAGE         79                        81     -2       74

PRECIPITATION (IN)
  YESTERDAY        1.60          2.93 1887   0.25   1.35     0.73
  MONTH TO DATE    1.60                      0.74   0.86     2.67
  SINCE JUN 1     12.02                     13.40  -1.38    17.15
  SINCE JAN 1     32.59                     32.30   0.29    36.39

DEGREE DAYS
 HEATING
  YESTERDAY        0                         0      0        0
  MONTH TO DATE    0                         0      0        0
  SINCE JUN 1      0                         2     -2        0
  SINCE JUL 1      0                         0      0        0

 COOLING
  YESTERDAY       14                        16     -2        9
  MONTH TO DATE   51                        48      3       31
  SINCE JUN 1   1096                       934    162      939
  SINCE JAN 1   1389                      1215    174     1346
..................................................................


WIND (MPH)
  HIGHEST WIND SPEED    23   HIGHEST WIND DIRECTION     W (280)
  HIGHEST GUST SPEED    27   HIGHEST GUST DIRECTION     W (280)
  AVERAGE WIND SPEED     5.9


SKY COVER
  POSSIBLE SUNSHINE  MM
  AVERAGE SKY COVER 0.6


WEATHER CONDITIONS
 THE FOLLOWING WEATHER WAS RECORDED YESTERDAY.
  THUNDERSTORM
  HEAVY RAIN
  RAIN
  LIGHT RAIN
  FOG
  HAZE


RELATIVE HUMIDITY (PERCENT)
 HIGHEST    94           200 AM
 LOWEST     74          1000 AM
 AVERAGE    84

..........................................................


THE WILMINGTON NC CLIMATE NORMALS FOR TODAY
                         NORMAL    RECORD    YEAR
 MAXIMUM TEMPERATURE (F)   89        99      1954
 MINIMUM TEMPERATURE (F)   72        62      1985
                                             1912


SUNRISE AND SUNSET
AUGUST  4 2015........SUNRISE   625 AM EDT   SUNSET   810 PM EDT
AUGUST  5 2015........SUNRISE   625 AM EDT   SUNSET   810 PM EDT


-  INDICATES NEGATIVE NUMBERS.
R  INDICATES RECORD WAS SET OR TIED.
MM INDICATES DATA IS MISSING.
T  INDICATES TRACE AMOUNT.




$$
