000
CDUS42 KILM 050843
CLIILM


CLIMATE REPORT
NATIONAL WEATHER SERVICE WILMINGTON NC
443 AM EDT SAT SEP 5 2015


...................................

...THE WILMINGTON NC CLIMATE SUMMARY FOR SEPTEMBER 4 2015...

CLIMATE NORMAL PERIOD 1981 TO 2010
CLIMATE RECORD PERIOD 1871 TO 2015


WEATHER ITEM   OBSERVED TIME   RECORD YEAR NORMAL DEPARTURE LAST
                VALUE   (LST)  VALUE       VALUE  FROM      YEAR
                                                  NORMAL
..................................................................
TEMPERATURE (F)
 YESTERDAY
  MAXIMUM         90    238 PM 100    1925  86      4       89
  MINIMUM         70    441 AM  53    1997  69      1       73
  AVERAGE         80                        78      2       81

PRECIPITATION (IN)
  YESTERDAY        0.08          3.44 1979   0.27  -0.19     0.00
  MONTH TO DATE    0.08                      1.09  -1.01      T
  SINCE SEP 1      0.08                      1.09  -1.01      T
  SINCE JAN 1     40.02                     40.06  -0.04    42.51

DEGREE DAYS
 HEATING
  YESTERDAY        0                         0      0        0
  MONTH TO DATE    0                         0      0        0
  SINCE SEP 1      0                         0      0        0
  SINCE JUL 1      0                         0      0        0

 COOLING
  YESTERDAY       15                        13      2       16
  MONTH TO DATE   66                        52     14       71
  SINCE SEP 1     66                        52     14       71
  SINCE JAN 1   1851                      1675    176     1828
..................................................................


WIND (MPH)
  HIGHEST WIND SPEED    21   HIGHEST WIND DIRECTION     N (20)
  HIGHEST GUST SPEED    27   HIGHEST GUST DIRECTION     N (10)
  AVERAGE WIND SPEED     3.4


SKY COVER
  POSSIBLE SUNSHINE  MM
  AVERAGE SKY COVER 0.1


WEATHER CONDITIONS
 THE FOLLOWING WEATHER WAS RECORDED YESTERDAY.
  THUNDERSTORM
  HEAVY RAIN
  LIGHT RAIN
  FOG


RELATIVE HUMIDITY (PERCENT)
 HIGHEST    93           100 AM
 LOWEST     50           400 PM
 AVERAGE    72

..........................................................


THE WILMINGTON NC CLIMATE NORMALS FOR TODAY
                         NORMAL    RECORD    YEAR
 MAXIMUM TEMPERATURE (F)   86        95      1983
                                             1921
 MINIMUM TEMPERATURE (F)   69        49      1997


SUNRISE AND SUNSET
SEPTEMBER  5 2015.....SUNRISE   648 AM EDT   SUNSET   733 PM EDT
SEPTEMBER  6 2015.....SUNRISE   648 AM EDT   SUNSET   731 PM EDT


-  INDICATES NEGATIVE NUMBERS.
R  INDICATES RECORD WAS SET OR TIED.
MM INDICATES DATA IS MISSING.
T  INDICATES TRACE AMOUNT.




$$
