000
CDUS42 KILM 150948
CLIILM


CLIMATE REPORT
NATIONAL WEATHER SERVICE WILMINGTON NC
448 AM EST FRI DEC 15 2017


...................................

...THE WILMINGTON NC CLIMATE SUMMARY FOR DECEMBER 14 2017...

CLIMATE NORMAL PERIOD 1981 TO 2010
CLIMATE RECORD PERIOD 1871 TO 2017


WEATHER ITEM   OBSERVED TIME   RECORD YEAR NORMAL DEPARTURE LAST
                VALUE   (LST)  VALUE       VALUE  FROM      YEAR
                                                  NORMAL
..................................................................
TEMPERATURE (F)
 YESTERDAY
  MAXIMUM         63    243 PM  79    1956  60      3       53
  MINIMUM         38   1134 PM  16    1960  38      0       44
  AVERAGE         51                        49      2       49

PRECIPITATION (IN)
  YESTERDAY        0.00          2.25 2003   0.12  -0.12     0.14
  MONTH TO DATE    2.22                      1.64   0.58     4.00
  SINCE DEC 1      2.22                      1.64   0.58     4.00
  SINCE JAN 1     61.00                     55.63   5.37    70.28

SNOWFALL (IN)
  YESTERDAY        0.0           T    1958   0.0    0.0      0.0
  MONTH TO DATE    0.0                       0.2   -0.2      0.0
  SINCE DEC 1      0.0                       0.2   -0.2      0.0
  SINCE JUL 1      0.0                       0.2   -0.2      0.0
  SNOW DEPTH       0

DEGREE DAYS
 HEATING
  YESTERDAY       14                        16     -2       16
  MONTH TO DATE  212                       206      6      205
  SINCE DEC 1    212                       206      6      205
  SINCE JUL 1    550                       575    -25      564

 COOLING
  YESTERDAY        0                         0      0        0
  MONTH TO DATE    0                         0      0        0
  SINCE DEC 1      0                         0      0        0
  SINCE JAN 1   2355                      2037    318     2394
..................................................................


WIND (MPH)
  HIGHEST WIND SPEED    18   HIGHEST WIND DIRECTION    SW (230)
  HIGHEST GUST SPEED    22   HIGHEST GUST DIRECTION    SW (240)
  AVERAGE WIND SPEED     7.2


SKY COVER
  POSSIBLE SUNSHINE  MM
  AVERAGE SKY COVER 0.0


WEATHER CONDITIONS
 THE FOLLOWING WEATHER WAS RECORDED YESTERDAY.
  NO SIGNIFICANT WEATHER WAS OBSERVED.


RELATIVE HUMIDITY (PERCENT)
 HIGHEST    92          1000 PM
 LOWEST     27           300 PM
 AVERAGE    60

..........................................................


THE WILMINGTON NC CLIMATE NORMALS FOR TODAY
                         NORMAL    RECORD    YEAR
 MAXIMUM TEMPERATURE (F)   59        78      1971
 MINIMUM TEMPERATURE (F)   38        17      2010
                                             1962


SUNRISE AND SUNSET
DECEMBER 15 2017......SUNRISE   710 AM EST   SUNSET   503 PM EST
DECEMBER 16 2017......SUNRISE   711 AM EST   SUNSET   504 PM EST


-  INDICATES NEGATIVE NUMBERS.
R  INDICATES RECORD WAS SET OR TIED.
MM INDICATES DATA IS MISSING.
T  INDICATES TRACE AMOUNT.




$$
