243
CDUS42 KILM 230844
CLIILM


CLIMATE REPORT
NATIONAL WEATHER SERVICE WILMINGTON NC
444 AM EDT WED AUG 23 2017


...................................

...THE WILMINGTON NC CLIMATE SUMMARY FOR AUGUST 22 2017...

CLIMATE NORMAL PERIOD 1981 TO 2010
CLIMATE RECORD PERIOD 1871 TO 2017


WEATHER ITEM   OBSERVED TIME   RECORD YEAR NORMAL DEPARTURE LAST
                VALUE   (LST)  VALUE       VALUE  FROM      YEAR
                                                  NORMAL
..................................................................
TEMPERATURE (F)
 YESTERDAY
  MAXIMUM         92    238 PM 100    1983  88      4       91
  MINIMUM         75    616 AM  60    1886  71      4       73
  AVERAGE         84                        79      5       82

PRECIPITATION (IN)
  YESTERDAY        T             2.87 2006   0.24  -0.24     0.00
  MONTH TO DATE    7.44                      5.26   2.18     6.37
  SINCE JUN 1     24.14                     17.92   6.22    17.71
  SINCE JAN 1     44.64                     36.82   7.82    40.40

DEGREE DAYS
 HEATING
  YESTERDAY        0                         0      0        0
  MONTH TO DATE    0                         0      0        0
  SINCE JUN 1      2                         2      0        0
  SINCE JUL 1      0                         0      0        0

 COOLING
  YESTERDAY       19                        14      5       17
  MONTH TO DATE  339                       333      6      402
  SINCE JUN 1   1264                      1219     45     1407
  SINCE JAN 1   1701                      1500    201     1742
..................................................................


WIND (MPH)
  HIGHEST WIND SPEED    16   HIGHEST WIND DIRECTION     S (190)
  HIGHEST GUST SPEED    22   HIGHEST GUST DIRECTION     S (170)
  AVERAGE WIND SPEED     5.5


SKY COVER
  POSSIBLE SUNSHINE  MM
  AVERAGE SKY COVER 0.2


WEATHER CONDITIONS
 THE FOLLOWING WEATHER WAS RECORDED YESTERDAY.
  LIGHT RAIN


RELATIVE HUMIDITY (PERCENT)
 HIGHEST   100           200 AM
 LOWEST     52           300 PM
 AVERAGE    76

..........................................................


THE WILMINGTON NC CLIMATE NORMALS FOR TODAY
                         NORMAL    RECORD    YEAR
 MAXIMUM TEMPERATURE (F)   88       100      1968
 MINIMUM TEMPERATURE (F)   71        57      1930


SUNRISE AND SUNSET
AUGUST 23 2017........SUNRISE   639 AM EDT   SUNSET   749 PM EDT
AUGUST 24 2017........SUNRISE   640 AM EDT   SUNSET   748 PM EDT


-  INDICATES NEGATIVE NUMBERS.
R  INDICATES RECORD WAS SET OR TIED.
MM INDICATES DATA IS MISSING.
T  INDICATES TRACE AMOUNT.




$$
