000
CDUS42 KILM 242046
CLIILM


CLIMATE REPORT
NATIONAL WEATHER SERVICE WILMINGTON NC
446 PM EDT THU JUL 24 2014


...................................

...THE WILMINGTON NC CLIMATE SUMMARY FOR JULY 24 2014...
VALID TODAY AS OF 0400 PM LOCAL TIME.

CLIMATE NORMAL PERIOD 1981 TO 2010
CLIMATE RECORD PERIOD 1871 TO 2014


WEATHER ITEM   OBSERVED TIME   RECORD YEAR NORMAL DEPARTURE LAST
                VALUE   (LST)  VALUE       VALUE  FROM      YEAR
                                                  NORMAL
..................................................................
TEMPERATURE (F)
 TODAY
  MAXIMUM         94    140 PM 100    2012  90      4       90
                                      2011
  MINIMUM         78    612 AM  61    2007  73      5       75
  AVERAGE         86                        81      5       83

PRECIPITATION (IN)
  TODAY            0.00          4.35 1938   0.27  -0.27     0.40
  MONTH TO DATE    9.53                      5.67   3.86     4.64
  SINCE JUN 1     12.01                     10.85   1.16    16.10
  SINCE JAN 1     31.25                     29.75   1.50    32.81

DEGREE DAYS
 HEATING
  TODAY            0                         0      0        0
  MONTH TO DATE    0                         0      0        0
  SINCE JUN 1      0                         2     -2        0
  SINCE JUL 1      0                         0      0        0

 COOLING
  TODAY           21                        16      5       18
  MONTH TO DATE  366                       384    -18      372
  SINCE JUN 1    806                       769     37      752
  SINCE JAN 1   1213                      1050    163      978
..................................................................


WIND (MPH)
  HIGHEST WIND SPEED    21   HIGHEST WIND DIRECTION    SW (240)
  HIGHEST GUST SPEED    27   HIGHEST GUST DIRECTION    SW (240)
  AVERAGE WIND SPEED    10.1


SKY COVER
  POSSIBLE SUNSHINE  MM
  AVERAGE SKY COVER 0.2


WEATHER CONDITIONS
 THE FOLLOWING WEATHER WAS RECORDED TODAY.
  NO SIGNIFICANT WEATHER WAS OBSERVED.


RELATIVE HUMIDITY (PERCENT)
 HIGHEST    91          1200 AM
 LOWEST     52           100 PM
 AVERAGE    72

..........................................................


THE WILMINGTON NC CLIMATE NORMALS FOR TOMORROW
                         NORMAL    RECORD    YEAR
 MAXIMUM TEMPERATURE (F)   90        99      1914
 MINIMUM TEMPERATURE (F)   73        63      1876


SUNRISE AND SUNSET
JULY 24 2014..........SUNRISE   617 AM EDT   SUNSET   819 PM EDT
JULY 25 2014..........SUNRISE   618 AM EDT   SUNSET   818 PM EDT


-  INDICATES NEGATIVE NUMBERS.
R  INDICATES RECORD WAS SET OR TIED.
MM INDICATES DATA IS MISSING.
T  INDICATES TRACE AMOUNT.




$$
