000
CDUS43 KILX 130649
CLIILX


CLIMATE REPORT
NATIONAL WEATHER SERVICE LINCOLN IL
1237 AM CST WED DEC 13 2017


...................................

...THE LINCOLN IL CLIMATE SUMMARY FOR DECEMBER 12 2017...

CLIMATE NORMAL PERIOD 1981 TO 2010
CLIMATE RECORD PERIOD 1905 TO 2017


WEATHER ITEM   OBSERVED TIME   RECORD YEAR NORMAL DEPARTURE LAST
                VALUE   (LST)  VALUE       VALUE  FROM      YEAR
                                                  NORMAL
..................................................................
TEMPERATURE (F)
 YESTERDAY
  MAXIMUM         35        MM  67    2015  38     -3       33
  MINIMUM         18        MM -12    1962  23     -5       22
  AVERAGE         27                        30     -3       28

PRECIPITATION (IN)
  YESTERDAY        0.00          1.44 1972   0.09  -0.09     0.00
  MONTH TO DATE    0.06                      1.14  -1.08     0.53
  SINCE DEC 1      0.06                      1.14  -1.08     0.53
  SINCE JAN 1     33.06                     38.10  -5.04    38.95

SNOWFALL (IN)
  YESTERDAY        0.0           2.9  2010   0.2   -0.2      0.0
  MONTH TO DATE    T                         1.8   -1.8      2.7
  SINCE DEC 1      T                         1.8   -1.8      2.7
  SINCE JUL 1      T                         2.4   -2.4      2.7
  SNOW DEPTH       0

DEGREE DAYS
 HEATING
  YESTERDAY       38                        35      3       37
  MONTH TO DATE  361                       392    -31      404
  SINCE DEC 1    361                       392    -31      404
  SINCE JUL 1   1414                      1535   -121     1181

 COOLING
  YESTERDAY        0                         0      0        0
  MONTH TO DATE    0                         0      0        0
  SINCE DEC 1      0                         0      0        0
  SINCE JAN 1    984                      1017    -33     1241
..................................................................


WIND (MPH)
  HIGHEST WIND SPEED    MM   HIGHEST WIND DIRECTION    MM
  HIGHEST GUST SPEED    MM   HIGHEST GUST DIRECTION    MM
  AVERAGE WIND SPEED    MM


SKY COVER
  POSSIBLE SUNSHINE  MM


WEATHER CONDITIONS
 THE FOLLOWING WEATHER WAS RECORDED YESTERDAY.
  NO SIGNIFICANT WEATHER WAS OBSERVED.


..........................................................


THE LINCOLN IL CLIMATE NORMALS FOR TODAY
                         NORMAL    RECORD    YEAR
 MAXIMUM TEMPERATURE (F)   38        64      2015
                                             1948
 MINIMUM TEMPERATURE (F)   22        -6      1958


SUNRISE AND SUNSET
DECEMBER 13 2017......SUNRISE   711 AM CST   SUNSET   432 PM CST
DECEMBER 14 2017......SUNRISE   712 AM CST   SUNSET   432 PM CST


-  INDICATES NEGATIVE NUMBERS.
R  INDICATES RECORD WAS SET OR TIED.
MM INDICATES DATA IS MISSING.
T  INDICATES TRACE AMOUNT.




$$
