000
CDUS43 KILX 300644
CLIILX


CLIMATE REPORT
NATIONAL WEATHER SERVICE LINCOLN IL
144 AM CDT SUN AUG 30 2015


...................................

...THE LINCOLN IL CLIMATE SUMMARY FOR AUGUST 29 2015...

CLIMATE NORMAL PERIOD 1981 TO 2010
CLIMATE RECORD PERIOD 1905 TO 2015


WEATHER ITEM   OBSERVED TIME   RECORD YEAR NORMAL DEPARTURE LAST
                VALUE   (LST)  VALUE       VALUE  FROM      YEAR
                                                  NORMAL
..................................................................
TEMPERATURE (F)
 YESTERDAY
  MAXIMUM         80        MM  99    1953  83     -3       87
  MINIMUM         64        MM  39    1986  60      4       69
  AVERAGE         72                        72      0       78

PRECIPITATION (IN)
  YESTERDAY        0.04          1.80 2014   0.12  -0.08     1.80
  MONTH TO DATE    1.08                      3.69  -2.61     6.13
  SINCE JUN 1     16.68                     13.07   3.61    17.33
  SINCE JAN 1     31.07                     27.19   3.88    28.65

SNOWFALL (IN)
  YESTERDAY        0.0           0.0    MM   0.0    0.0      0.0
  MONTH TO DATE    0.0                       0.0    0.0      0.0
  SINCE JUN 1      0.0                       0.0    0.0      0.0
  SINCE JUL 1      0.0                       0.0    0.0      0.0
  SNOW DEPTH       0

DEGREE DAYS
 HEATING
  YESTERDAY        0                         0      0        0
  MONTH TO DATE    3                         0      3        1
  SINCE JUN 1     17                        19     -2       17
  SINCE JUL 1      9                         2      7       10

 COOLING
  YESTERDAY        7                         7      0       13
  MONTH TO DATE  186                       242    -56      233
  SINCE JUN 1    672                       785   -113      599
  SINCE JAN 1    783                       876    -93      728
..................................................................


WIND (MPH)
  HIGHEST WIND SPEED    MM   HIGHEST WIND DIRECTION    MM
  HIGHEST GUST SPEED    MM   HIGHEST GUST DIRECTION    MM
  AVERAGE WIND SPEED    MM


SKY COVER
  POSSIBLE SUNSHINE  MM


WEATHER CONDITIONS
 THE FOLLOWING WEATHER WAS RECORDED YESTERDAY.
  LIGHT RAIN


..........................................................


THE LINCOLN IL CLIMATE NORMALS FOR TODAY
                         NORMAL    RECORD    YEAR
 MAXIMUM TEMPERATURE (F)   83        98      1951
 MINIMUM TEMPERATURE (F)   60        43      1986


SUNRISE AND SUNSET
AUGUST 30 2015........SUNRISE   623 AM CDT   SUNSET   732 PM CDT
AUGUST 31 2015........SUNRISE   624 AM CDT   SUNSET   731 PM CDT


-  INDICATES NEGATIVE NUMBERS.
R  INDICATES RECORD WAS SET OR TIED.
MM INDICATES DATA IS MISSING.
T  INDICATES TRACE AMOUNT.




$$
