000
CDUS43 KILX 270637
CLIILX


CLIMATE REPORT
NATIONAL WEATHER SERVICE LINCOLN IL
135 AM CDT FRI MAY 27 2016


...................................

...THE LINCOLN IL CLIMATE SUMMARY FOR MAY 26 2016...

CLIMATE NORMAL PERIOD 1981 TO 2010
CLIMATE RECORD PERIOD 1905 TO 2016


WEATHER ITEM   OBSERVED TIME   RECORD YEAR NORMAL DEPARTURE LAST
                VALUE   (LST)  VALUE       VALUE  FROM      YEAR
                                                  NORMAL
..................................................................
TEMPERATURE (F)
 YESTERDAY
  MAXIMUM         84        MM  94    1926  77      7       77
  MINIMUM         64        MM  29    1925  55      9       64
  AVERAGE         74                        66      8       71

PRECIPITATION (IN)
  YESTERDAY        0.51          1.45 1956   0.13   0.38     0.26
  MONTH TO DATE    3.04                      3.49  -0.45     5.61
  SINCE MAR 1      9.50                      9.70  -0.20     9.40
  SINCE JAN 1     11.74                     13.45  -1.71    12.16

SNOWFALL (IN)
  YESTERDAY        0.0           0.0    MM   0.0    0.0      0.0
  MONTH TO DATE    0.0                       0.0    0.0      0.0
  SINCE MAR 1      T                         2.0   -2.0      3.7
  SINCE JUL 1     12.3                      20.5   -8.2     21.9
  SNOW DEPTH      MM

DEGREE DAYS
 HEATING
  YESTERDAY        0                         3     -3        0
  MONTH TO DATE  155                       127     28       91
  SINCE MAR 1   1078                      1259   -181     1243
  SINCE JUL 1   4873                      5682   -809     6180

 COOLING
  YESTERDAY        9                         4      5        6
  MONTH TO DATE   35                        54    -19       92
  SINCE MAR 1     43                        69    -26       93
  SINCE JAN 1     43                        69    -26       93
..................................................................


WIND (MPH)
  HIGHEST WIND SPEED    MM   HIGHEST WIND DIRECTION    MM
  HIGHEST GUST SPEED    MM   HIGHEST GUST DIRECTION    MM
  AVERAGE WIND SPEED    MM


SKY COVER
  POSSIBLE SUNSHINE  MM


WEATHER CONDITIONS
 THE FOLLOWING WEATHER WAS RECORDED YESTERDAY.
  THUNDERSTORM
  RAIN


..........................................................


THE LINCOLN IL CLIMATE NORMALS FOR TODAY
                         NORMAL    RECORD    YEAR
 MAXIMUM TEMPERATURE (F)   78        94      1985
 MINIMUM TEMPERATURE (F)   55        33      1961


SUNRISE AND SUNSET
MAY 27 2016...........SUNRISE   532 AM CDT   SUNSET   817 PM CDT
MAY 28 2016...........SUNRISE   532 AM CDT   SUNSET   818 PM CDT


-  INDICATES NEGATIVE NUMBERS.
R  INDICATES RECORD WAS SET OR TIED.
MM INDICATES DATA IS MISSING.
T  INDICATES TRACE AMOUNT.




$$
