948
CDUS43 KILX 270643
CLIILX


CLIMATE REPORT
NATIONAL WEATHER SERVICE LINCOLN IL
142 AM CDT WED JUL 27 2016


...................................

...THE LINCOLN IL CLIMATE SUMMARY FOR JULY 26 2016...

CLIMATE NORMAL PERIOD 1981 TO 2010
CLIMATE RECORD PERIOD 1905 TO 2016


WEATHER ITEM   OBSERVED TIME   RECORD YEAR NORMAL DEPARTURE LAST
                VALUE   (LST)  VALUE       VALUE  FROM      YEAR
                                                  NORMAL
..................................................................
TEMPERATURE (F)
 YESTERDAY
  MAXIMUM         85        MM 104    1930  85      0       85
  MINIMUM         67        MM  44    1911  64      3       69
  AVERAGE         76                        74      2       77

PRECIPITATION (IN)
  YESTERDAY        0.00          3.51 1992   0.15  -0.15     0.02
  MONTH TO DATE    7.81                      4.35   3.46     5.93
  SINCE JUN 1     10.17                      8.67   1.50    15.60
  SINCE JAN 1     22.12                     22.79  -0.67    29.99

SNOWFALL (IN)
  YESTERDAY        0.0           0.0    MM   0.0    0.0      0.0
  MONTH TO DATE    0.0                       0.0    0.0      0.0
  SINCE JUN 1      0.0                       0.0    0.0      0.0
  SINCE JUL 1      0.0                       0.0    0.0      0.0
  SNOW DEPTH       0

DEGREE DAYS
 HEATING
  YESTERDAY        0                         0      0        0
  MONTH TO DATE    9                         0      9        6
  SINCE JUN 1     11                        17     -6       14
  SINCE JUL 1      9                         0      9        6

 COOLING
  YESTERDAY       11                         9      2       12
  MONTH TO DATE  265                       266     -1      195
  SINCE JUN 1    547                       498     49      421
  SINCE JAN 1    634                       589     45      532
..................................................................


WIND (MPH)
  HIGHEST WIND SPEED    MM   HIGHEST WIND DIRECTION    MM
  HIGHEST GUST SPEED    MM   HIGHEST GUST DIRECTION    MM
  AVERAGE WIND SPEED    MM


SKY COVER
  POSSIBLE SUNSHINE  MM


WEATHER CONDITIONS
 THE FOLLOWING WEATHER WAS RECORDED YESTERDAY.
  NO SIGNIFICANT WEATHER WAS OBSERVED.


..........................................................


THE LINCOLN IL CLIMATE NORMALS FOR TODAY
                         NORMAL    RECORD    YEAR
 MAXIMUM TEMPERATURE (F)   85       107      1930
 MINIMUM TEMPERATURE (F)   64        48      1962


SUNRISE AND SUNSET
JULY 27 2016..........SUNRISE   551 AM CDT   SUNSET   816 PM CDT
JULY 28 2016..........SUNRISE   552 AM CDT   SUNSET   815 PM CDT


-  INDICATES NEGATIVE NUMBERS.
R  INDICATES RECORD WAS SET OR TIED.
MM INDICATES DATA IS MISSING.
T  INDICATES TRACE AMOUNT.




$$
