000
CDUS43 KILX 170657
CLIILX


CLIMATE REPORT
NATIONAL WEATHER SERVICE LINCOLN IL
148 AM CDT THU AUG 17 2017


...................................

...THE LINCOLN IL CLIMATE SUMMARY FOR AUGUST 16 2017...

CLIMATE NORMAL PERIOD 1981 TO 2010
CLIMATE RECORD PERIOD 1905 TO 2017


WEATHER ITEM   OBSERVED TIME   RECORD YEAR NORMAL DEPARTURE LAST
                VALUE   (LST)  VALUE       VALUE  FROM      YEAR
                                                  NORMAL
..................................................................
TEMPERATURE (F)
 YESTERDAY
  MAXIMUM         82        MM 102    1988  84     -2       85
  MINIMUM         63        MM  44    2004  62      1       67
                                      1929
  AVERAGE         73                        73      0       76

PRECIPITATION (IN)
  YESTERDAY        0.02          4.22 2002   0.12  -0.10     0.09
  MONTH TO DATE    0.68                      2.08  -1.40     3.63
  SINCE JUN 1      7.48                     11.46  -3.98    14.68
  SINCE JAN 1     23.61                     25.58  -1.97    26.63

SNOWFALL (IN)
  YESTERDAY        0.0           0.0    MM   0.0    0.0      0.0
  MONTH TO DATE    0.0                       0.0    0.0      0.0
  SINCE JUN 1      T                         0.0    0.0      0.0
  SINCE JUL 1      T                         0.0    0.0      0.0
  SNOW DEPTH       0

DEGREE DAYS
 HEATING
  YESTERDAY        0                         0      0        0
  MONTH TO DATE    4                         0      4        0
  SINCE JUN 1     11                        19     -8       11
  SINCE JUL 1      4                         2      2        9

 COOLING
  YESTERDAY        8                         8      0       11
  MONTH TO DATE   61                       141    -80      168
  SINCE JUN 1    647                       684    -37      762
  SINCE JAN 1    737                       775    -38      849
..................................................................


WIND (MPH)
  HIGHEST WIND SPEED    MM   HIGHEST WIND DIRECTION    MM
  HIGHEST GUST SPEED    MM   HIGHEST GUST DIRECTION    MM
  AVERAGE WIND SPEED    MM


SKY COVER
  POSSIBLE SUNSHINE  MM


WEATHER CONDITIONS
 THE FOLLOWING WEATHER WAS RECORDED YESTERDAY.
  LIGHT RAIN
  FOG


..........................................................


THE LINCOLN IL CLIMATE NORMALS FOR TODAY
                         NORMAL    RECORD    YEAR
 MAXIMUM TEMPERATURE (F)   84       101      1988
 MINIMUM TEMPERATURE (F)   62        46      1929


SUNRISE AND SUNSET
AUGUST 17 2017........SUNRISE   611 AM CDT   SUNSET   751 PM CDT
AUGUST 18 2017........SUNRISE   612 AM CDT   SUNSET   750 PM CDT


-  INDICATES NEGATIVE NUMBERS.
R  INDICATES RECORD WAS SET OR TIED.
MM INDICATES DATA IS MISSING.
T  INDICATES TRACE AMOUNT.




$$
