000
CDUS43 KILX 280646
CLIILX


CLIMATE REPORT
NATIONAL WEATHER SERVICE LINCOLN IL
146 AM CDT THU MAY 28 2015


...................................

...THE LINCOLN IL CLIMATE SUMMARY FOR MAY 27 2015...

CLIMATE NORMAL PERIOD 1981 TO 2010
CLIMATE RECORD PERIOD 1905 TO 2015


WEATHER ITEM   OBSERVED TIME   RECORD YEAR NORMAL DEPARTURE LAST
                VALUE   (LST)  VALUE       VALUE  FROM      YEAR
                                                  NORMAL
..................................................................
TEMPERATURE (F)
 YESTERDAY
  MAXIMUM         78        MM  94    1985  78      0       87
  MINIMUM         60        MM  33    1961  55      5       65
  AVERAGE         69                        66      3       76

PRECIPITATION (IN)
  YESTERDAY        T             2.05 1916   0.14  -0.14     0.00
  MONTH TO DATE    5.61                      3.63   1.98     1.48
  SINCE MAR 1      9.40                      9.84  -0.44     6.36
  SINCE JAN 1     12.16                     13.59  -1.43    11.02

SNOWFALL (IN)
  YESTERDAY        0.0           0.0    MM   0.0    0.0      0.0
  MONTH TO DATE    0.0                       0.0    0.0      0.0
  SINCE MAR 1      3.7                       2.0    1.7      4.7
  SINCE JUL 1     21.9                      20.5    1.4     46.3
  SNOW DEPTH       0

DEGREE DAYS
 HEATING
  YESTERDAY        0                         2     -2        0
  MONTH TO DATE   91                       129    -38      136
  SINCE MAR 1   1243                      1261    -18     1425
  SINCE JUL 1   6180                      5684    496     6669

 COOLING
  YESTERDAY        4                         4      0       11
  MONTH TO DATE   96                        58     38       91
  SINCE MAR 1     97                        73     24       92
  SINCE JAN 1     97                        73     24       92
..................................................................


WIND (MPH)
  HIGHEST WIND SPEED    MM   HIGHEST WIND DIRECTION    MM
  HIGHEST GUST SPEED    MM   HIGHEST GUST DIRECTION    MM
  AVERAGE WIND SPEED    MM


SKY COVER
  POSSIBLE SUNSHINE  MM


WEATHER CONDITIONS
 THE FOLLOWING WEATHER WAS RECORDED YESTERDAY.
  LIGHT RAIN


..........................................................


THE LINCOLN IL CLIMATE NORMALS FOR TODAY
                         NORMAL    RECORD    YEAR
 MAXIMUM TEMPERATURE (F)   78        94      2006
 MINIMUM TEMPERATURE (F)   56        37      1928


SUNRISE AND SUNSET
MAY 28 2015...........SUNRISE   532 AM CDT   SUNSET   817 PM CDT
MAY 29 2015...........SUNRISE   532 AM CDT   SUNSET   818 PM CDT


-  INDICATES NEGATIVE NUMBERS.
R  INDICATES RECORD WAS SET OR TIED.
MM INDICATES DATA IS MISSING.
T  INDICATES TRACE AMOUNT.




$$
