000
CDUS43 KILX 030658
CLIILX


CLIMATE REPORT
NATIONAL WEATHER SERVICE LINCOLN IL
1258 AM CST SAT DEC 3 2016


...................................

...THE LINCOLN IL CLIMATE SUMMARY FOR DECEMBER 2 2016...

CLIMATE NORMAL PERIOD 1981 TO 2010
CLIMATE RECORD PERIOD 1905 TO 2016


WEATHER ITEM   OBSERVED TIME   RECORD YEAR NORMAL DEPARTURE LAST
                VALUE   (LST)  VALUE       VALUE  FROM      YEAR
                                                  NORMAL
..................................................................
TEMPERATURE (F)
 YESTERDAY
  MAXIMUM         42        MM  68    1950  42      0       38
  MINIMUM         36        MM   0    1942  26     10       30
  AVERAGE         39                        34      5       34

PRECIPITATION (IN)
  YESTERDAY        0.00          1.12 1986   0.10  -0.10     0.05
  MONTH TO DATE    0.00                      0.20  -0.20     0.06
  SINCE DEC 1      0.00                      0.20  -0.20     0.06
  SINCE JAN 1     38.42                     37.16   1.26    41.87

SNOWFALL (IN)
  YESTERDAY        0.0           2.3  1942   0.1   -0.1       T
  MONTH TO DATE    0.0                       0.2   -0.2       T
  SINCE DEC 1      0.0                       0.2   -0.2       T
  SINCE JUL 1      0.0                       0.8   -0.8      1.0
  SNOW DEPTH       0

DEGREE DAYS
 HEATING
  YESTERDAY       26                        31     -5       31
  MONTH TO DATE   53                        61     -8       56
  SINCE DEC 1     53                        61     -8       56
  SINCE JUL 1    830                      1204   -374      983

 COOLING
  YESTERDAY        0                         0      0        0
  MONTH TO DATE    0                         0      0        0
  SINCE DEC 1      0                         0      0        0
  SINCE JAN 1   1241                      1017    224      998
..................................................................


WIND (MPH)
  HIGHEST WIND SPEED    MM   HIGHEST WIND DIRECTION    MM
  HIGHEST GUST SPEED    MM   HIGHEST GUST DIRECTION    MM
  AVERAGE WIND SPEED    MM


SKY COVER
  POSSIBLE SUNSHINE  MM


WEATHER CONDITIONS
 THE FOLLOWING WEATHER WAS RECORDED YESTERDAY.
  NO SIGNIFICANT WEATHER WAS OBSERVED.


..........................................................


THE LINCOLN IL CLIMATE NORMALS FOR TODAY
                         NORMAL    RECORD    YEAR
 MAXIMUM TEMPERATURE (F)   42        72      1970
 MINIMUM TEMPERATURE (F)   26        -8      1929


SUNRISE AND SUNSET
DECEMBER  3 2016......SUNRISE   703 AM CST   SUNSET   432 PM CST
DECEMBER  4 2016......SUNRISE   704 AM CST   SUNSET   432 PM CST


-  INDICATES NEGATIVE NUMBERS.
R  INDICATES RECORD WAS SET OR TIED.
MM INDICATES DATA IS MISSING.
T  INDICATES TRACE AMOUNT.




$$
