000
CDUS43 KILX 260633
CLIILX


CLIMATE REPORT
NATIONAL WEATHER SERVICE LINCOLN IL
132 AM CDT SAT JUL 26 2014


...................................

...THE LINCOLN IL CLIMATE SUMMARY FOR JULY 25 2014...

CLIMATE NORMAL PERIOD 1981 TO 2010
CLIMATE RECORD PERIOD 1905 TO 2014


WEATHER ITEM   OBSERVED TIME   RECORD YEAR NORMAL DEPARTURE LAST
                VALUE   (LST)  VALUE       VALUE  FROM      YEAR
                                                  NORMAL
..................................................................
TEMPERATURE (F)
 YESTERDAY
  MAXIMUM         73        MM 105    1934  85    -12       79
  MINIMUM         54        MM  48    1913  64    -10       51
  AVERAGE         64                        74    -10       65

PRECIPITATION (IN)
  YESTERDAY        0.35          1.19 1979   0.16   0.19     0.00
  MONTH TO DATE    3.94                      4.20  -0.26     1.99
  SINCE JUN 1     10.36                      8.52   1.84     5.24
  SINCE JAN 1     21.68                     22.64  -0.96    26.40

SNOWFALL (IN)
  YESTERDAY        0.0           0.0    MM   0.0    0.0      0.0
  MONTH TO DATE    0.0                       0.0    0.0       T
  SINCE JUN 1      0.0                       0.0    0.0       T
  SINCE JUL 1      0.0                       0.0    0.0       T
  SNOW DEPTH       0

DEGREE DAYS
 HEATING
  YESTERDAY        1                         0      1        0
  MONTH TO DATE    8                         0      8        0
  SINCE JUN 1     15                        17     -2       17
  SINCE JUL 1      8                         0      8        0

 COOLING
  YESTERDAY        0                        10    -10        0
  MONTH TO DATE  103                       257   -154      231
  SINCE JUN 1    340                       489   -149      455
  SINCE JAN 1    469                       580   -111      557
..................................................................


WIND (MPH)
  HIGHEST WIND SPEED    MM   HIGHEST WIND DIRECTION    MM
  HIGHEST GUST SPEED     0   HIGHEST GUST DIRECTION     N (0)
  AVERAGE WIND SPEED    MM


SKY COVER
  POSSIBLE SUNSHINE   0 PERCENT


WEATHER CONDITIONS
 THE FOLLOWING WEATHER WAS RECORDED YESTERDAY.
  NO SIGNIFICANT WEATHER WAS OBSERVED.


..........................................................


THE LINCOLN IL CLIMATE NORMALS FOR TODAY
                         NORMAL    RECORD    YEAR
 MAXIMUM TEMPERATURE (F)   85       104      1930
 MINIMUM TEMPERATURE (F)   64        44      1911


SUNRISE AND SUNSET
JULY 26 2014..........SUNRISE   550 AM CDT   SUNSET   817 PM CDT
JULY 27 2014..........SUNRISE   551 AM CDT   SUNSET   816 PM CDT


-  INDICATES NEGATIVE NUMBERS.
R  INDICATES RECORD WAS SET OR TIED.
MM INDICATES DATA IS MISSING.
T  INDICATES TRACE AMOUNT.




$$
