974
CDUS43 KIND 070531
CLIIND


CLIMATE REPORT
NATIONAL WEATHER SERVICE INDIANAPOLIS IN
1231 AM EST SUN FEB 7 2016


...................................

...THE INDIANAPOLIS IN CLIMATE SUMMARY FOR FEBRUARY 6 2016...

CLIMATE NORMAL PERIOD 1981 TO 2010
CLIMATE RECORD PERIOD 1871 TO 2016


WEATHER ITEM   OBSERVED TIME   RECORD YEAR NORMAL DEPARTURE LAST
                VALUE   (LST)  VALUE       VALUE  FROM      YEAR
                                                  NORMAL
..................................................................
TEMPERATURE (F)
 YESTERDAY
  MAXIMUM         46    456 PM  64    1925  38      8       37
  MINIMUM         20    506 AM -12    1977  22     -2       12
  AVERAGE         33                        30      3       25

PRECIPITATION (IN)
  YESTERDAY        0.00          1.14 1942   0.07  -0.07     0.00
  MONTH TO DATE    0.30                      0.49  -0.19     0.37
  SINCE DEC 1      7.35                      6.32   1.03     4.73
  SINCE JAN 1      1.76                      3.15  -1.39     2.18

SNOWFALL (IN)
  YESTERDAY        0.0           5.2  2007   0.2   -0.2      0.0
  MONTH TO DATE    T                         1.6   -1.6      2.6
  SINCE DEC 1      6.4                      17.1  -10.7      5.8
  SINCE JUL 1      7.7                      18.2  -10.5      8.5
  SNOW DEPTH       0

DEGREE DAYS
 HEATING
  YESTERDAY       32                        35     -3       40
  MONTH TO DATE  165                       214    -49      245
  SINCE DEC 1   1962                      2393   -431     2443
  SINCE JUL 1   2749                      3435   -686     3722

 COOLING
  YESTERDAY        0                         0      0        0
  MONTH TO DATE    0                         0      0        0
  SINCE DEC 1      0                         0      0        0
  SINCE JAN 1      0                         0      0        0
..................................................................


WIND (MPH)
  HIGHEST WIND SPEED    14   HIGHEST WIND DIRECTION    SW (230)
  HIGHEST GUST SPEED    17   HIGHEST GUST DIRECTION    SW (230)
  AVERAGE WIND SPEED     5.6


SKY COVER
  AVERAGE SKY COVER 0.2


WEATHER CONDITIONS
 THE FOLLOWING WEATHER WAS RECORDED YESTERDAY.
  FOG
  HAZE


RELATIVE HUMIDITY (PERCENT)
 HIGHEST    92           400 AM
 LOWEST     38           500 PM
 AVERAGE    65

..........................................................


THE INDIANAPOLIS IN CLIMATE NORMALS FOR TODAY
                         NORMAL    RECORD    YEAR
 MAXIMUM TEMPERATURE (F)   38        66      1925
 MINIMUM TEMPERATURE (F)   22       -11      1982
                                             1977


SUNRISE AND SUNSET
FEBRUARY  7 2016......SUNRISE   747 AM EST   SUNSET   611 PM EST
FEBRUARY  8 2016......SUNRISE   746 AM EST   SUNSET   613 PM EST


-  INDICATES NEGATIVE NUMBERS.
R  INDICATES RECORD WAS SET OR TIED.
MM INDICATES DATA IS MISSING.
T  INDICATES TRACE AMOUNT.




$$
