000
CDUS43 KIND 200535
CLIIND


CLIMATE REPORT
NATIONAL WEATHER SERVICE INDIANAPOLIS IN
135 AM EDT WED SEP 20 2017


...................................

...THE INDIANAPOLIS IN CLIMATE SUMMARY FOR SEPTEMBER 19 2017...

CLIMATE NORMAL PERIOD 1981 TO 2010
CLIMATE RECORD PERIOD 1871 TO 2017


WEATHER ITEM   OBSERVED TIME   RECORD YEAR NORMAL DEPARTURE LAST
                VALUE   (LST)  VALUE       VALUE  FROM      YEAR
                                                  NORMAL
..................................................................
TEMPERATURE (F)
 YESTERDAY
  MAXIMUM         83    355 PM  93    1940  76      7       85
                                      1891
  MINIMUM         68    934 AM  38    1956  55     13       57
  AVERAGE         76                        66     10       71

PRECIPITATION (IN)
  YESTERDAY        0.23          2.29 1896   0.11   0.12     0.00
  MONTH TO DATE    0.66                      1.95  -1.29     3.01
  SINCE SEP 1      0.66                      1.95  -1.29     3.01
  SINCE JAN 1     39.42                     31.28   8.14    38.03

SNOWFALL (IN)
  YESTERDAY        0.0           0.0    MM   0.0    0.0      0.0
  MONTH TO DATE    0.0                       0.0    0.0      0.0
  SINCE SEP 1      0.0                       0.0    0.0      0.0
  SINCE JUL 1      0.0                       0.0    0.0      0.0
  SNOW DEPTH       0

DEGREE DAYS
 HEATING
  YESTERDAY        0                         3     -3        0
  MONTH TO DATE   23                        22      1        0
  SINCE SEP 1     23                        22      1        0
  SINCE JUL 1     23                        26     -3        2

 COOLING
  YESTERDAY       11                         3      8        6
  MONTH TO DATE   70                       103    -33      152
  SINCE SEP 1     70                       103    -33      152
  SINCE JAN 1   1010                      1024    -14     1332
..................................................................


WIND (MPH)
  HIGHEST WIND SPEED    14   HIGHEST WIND DIRECTION     S (200)
  HIGHEST GUST SPEED    17   HIGHEST GUST DIRECTION    SW (240)
  AVERAGE WIND SPEED     5.8


SKY COVER
  AVERAGE SKY COVER 0.8


WEATHER CONDITIONS
 THE FOLLOWING WEATHER WAS RECORDED YESTERDAY.
  THUNDERSTORM
  RAIN
  LIGHT RAIN
  FOG


RELATIVE HUMIDITY (PERCENT)
 HIGHEST    97          1200 AM
 LOWEST     55           400 PM
 AVERAGE    76

..........................................................


THE INDIANAPOLIS IN CLIMATE NORMALS FOR TODAY
                         NORMAL    RECORD    YEAR
 MAXIMUM TEMPERATURE (F)   76        94      1940
 MINIMUM TEMPERATURE (F)   54        36      1991


SUNRISE AND SUNSET
SEPTEMBER 20 2017.....SUNRISE   731 AM EDT   SUNSET   745 PM EDT
SEPTEMBER 21 2017.....SUNRISE   732 AM EDT   SUNSET   743 PM EDT


-  INDICATES NEGATIVE NUMBERS.
R  INDICATES RECORD WAS SET OR TIED.
MM INDICATES DATA IS MISSING.
T  INDICATES TRACE AMOUNT.




$$
