000
CDUS43 KIND 310543
CLIIND


CLIMATE REPORT
NATIONAL WEATHER SERVICE INDIANAPOLIS IN
142 AM EDT MON AUG 31 2015


...................................

...THE INDIANAPOLIS IN CLIMATE SUMMARY FOR AUGUST 30 2015...

CLIMATE NORMAL PERIOD 1981 TO 2010
CLIMATE RECORD PERIOD 1871 TO 2015


WEATHER ITEM   OBSERVED TIME   RECORD YEAR NORMAL DEPARTURE LAST
                VALUE   (LST)  VALUE       VALUE  FROM      YEAR
                                                  NORMAL
..................................................................
TEMPERATURE (F)
 YESTERDAY
  MAXIMUM         87    236 PM  95    1964  83      4       78
                                      1953
                                      1881
  MINIMUM         69    447 AM  42    1986  63      6       71
                                      1946
  AVERAGE         78                        73      5       75

PRECIPITATION (IN)
  YESTERDAY        0.00          2.16 2005   0.10  -0.10     0.02
  MONTH TO DATE    1.55                      3.03  -1.48     2.94
  SINCE JUN 1     23.05                     11.83  11.22    13.08
  SINCE JAN 1     36.18                     29.23   6.95    30.51

SNOWFALL (IN)
  YESTERDAY        0.0           0.0    MM   0.0    0.0      0.0
  MONTH TO DATE    0.0                       0.0    0.0      0.0
  SINCE JUN 1      T                         0.0    0.0      0.0
  SINCE JUL 1      0.0                       0.0    0.0      0.0
  SNOW DEPTH       0

DEGREE DAYS
 HEATING
  YESTERDAY        0                         0      0        0
  MONTH TO DATE    2                         0      2        2
  SINCE JUN 1     18                        17      1        8
  SINCE JUL 1      2                         1      1        6

 COOLING
  YESTERDAY       13                         8      5       10
  MONTH TO DATE  240                       282    -42      272
  SINCE JUN 1    795                       831    -36      682
  SINCE JAN 1    943                       915     28      786
..................................................................


WIND (MPH)
  HIGHEST WIND SPEED    16   HIGHEST WIND DIRECTION    SW (210)
  HIGHEST GUST SPEED    20   HIGHEST GUST DIRECTION    SW (220)
  AVERAGE WIND SPEED     7.2


SKY COVER
  AVERAGE SKY COVER 0.6


WEATHER CONDITIONS
 THE FOLLOWING WEATHER WAS RECORDED YESTERDAY.
  FOG


RELATIVE HUMIDITY (PERCENT)
 HIGHEST    90           400 AM
 LOWEST     48           100 PM
 AVERAGE    69

..........................................................


THE INDIANAPOLIS IN CLIMATE NORMALS FOR TODAY
                         NORMAL    RECORD    YEAR
 MAXIMUM TEMPERATURE (F)   83        97      1953
                                             1951
 MINIMUM TEMPERATURE (F)   62        44      1915


SUNRISE AND SUNSET
AUGUST 31 2015........SUNRISE   712 AM EDT   SUNSET   818 PM EDT
SEPTEMBER  1 2015.....SUNRISE   713 AM EDT   SUNSET   817 PM EDT


-  INDICATES NEGATIVE NUMBERS.
R  INDICATES RECORD WAS SET OR TIED.
MM INDICATES DATA IS MISSING.
T  INDICATES TRACE AMOUNT.




$$
