000
CDUS43 KIND 010532
CLIIND


CLIMATE REPORT
NATIONAL WEATHER SERVICE INDIANAPOLIS IN
131 AM EDT WED OCT 1 2014


...................................

...THE INDIANAPOLIS IN CLIMATE SUMMARY FOR SEPTEMBER 30 2014...

CLIMATE NORMAL PERIOD 1981 TO 2010
CLIMATE RECORD PERIOD 1871 TO 2014


WEATHER ITEM   OBSERVED TIME   RECORD YEAR NORMAL DEPARTURE LAST
                VALUE   (LST)  VALUE       VALUE  FROM      YEAR
                                                  NORMAL
..................................................................
TEMPERATURE (F)
 YESTERDAY
  MAXIMUM         71    300 PM  89    1971  72     -1       72
  MINIMUM         52   1150 PM  30    1899  50      2       59
  AVERAGE         62                        61      1       66

PRECIPITATION (IN)
  YESTERDAY        0.00          1.88 1902   0.11  -0.11      T
  MONTH TO DATE    2.53                      3.12  -0.59     2.86
  SINCE SEP 1      2.53                      3.12  -0.59     2.86
  SINCE JAN 1     33.05                     32.45   0.60    32.79

SNOWFALL (IN)
  YESTERDAY        0.0           0.0    MM   0.0    0.0      0.0
  MONTH TO DATE    0.0                       0.0    0.0      0.0
  SINCE SEP 1      0.0                       0.0    0.0      0.0
  SINCE JUL 1      0.0                       0.0    0.0      0.0
  SNOW DEPTH       0

DEGREE DAYS
 HEATING
  YESTERDAY        3                         6     -3        0
  MONTH TO DATE   73                        70      3       26
  SINCE SEP 1     73                        71      2       26
  SINCE JUL 1     79                        75      4       34

 COOLING
  YESTERDAY        0                         2     -2        1
  MONTH TO DATE   94                       128    -34      170
  SINCE SEP 1     94                       128    -34      170
  SINCE JAN 1    891                      1049   -158     1129
..................................................................


WIND (MPH)
  HIGHEST WIND SPEED    15   HIGHEST WIND DIRECTION    NE (50)
  HIGHEST GUST SPEED    18   HIGHEST GUST DIRECTION    NE (50)
  AVERAGE WIND SPEED     7.8


SKY COVER
  AVERAGE SKY COVER 0.5


WEATHER CONDITIONS
 THE FOLLOWING WEATHER WAS RECORDED YESTERDAY.
  FOG


RELATIVE HUMIDITY (PERCENT)
 HIGHEST   100           600 AM
 LOWEST     57           200 PM
 AVERAGE    79

..........................................................


THE INDIANAPOLIS IN CLIMATE NORMALS FOR TODAY
                         NORMAL    RECORD    YEAR
 MAXIMUM TEMPERATURE (F)   71        89      1897
 MINIMUM TEMPERATURE (F)   50        32      1946
                                             1895


SUNRISE AND SUNSET
OCTOBER  1 2014.......SUNRISE   741 AM EDT   SUNSET   728 PM EDT
OCTOBER  2 2014.......SUNRISE   742 AM EDT   SUNSET   726 PM EDT


-  INDICATES NEGATIVE NUMBERS.
R  INDICATES RECORD WAS SET OR TIED.
MM INDICATES DATA IS MISSING.
T  INDICATES TRACE AMOUNT.




$$
