000
CDUS43 KIND 220531
CLIIND


CLIMATE REPORT
NATIONAL WEATHER SERVICE INDIANAPOLIS IN
131 AM EDT MON SEP 22 2014


...................................

...THE INDIANAPOLIS IN CLIMATE SUMMARY FOR SEPTEMBER 21 2014...

CLIMATE NORMAL PERIOD 1981 TO 2010
CLIMATE RECORD PERIOD 1871 TO 2014


WEATHER ITEM   OBSERVED TIME   RECORD YEAR NORMAL DEPARTURE LAST
                VALUE   (LST)  VALUE       VALUE  FROM      YEAR
                                                  NORMAL
..................................................................
TEMPERATURE (F)
 YESTERDAY
  MAXIMUM         74    131 PM  96    2010  76     -2       73
  MINIMUM         56    936 PM  35    1875  54      2       54
  AVERAGE         65                        65      0       64

PRECIPITATION (IN)
  YESTERDAY        0.04          1.61 1965   0.11  -0.07     0.02
  MONTH TO DATE    2.53                      2.16   0.37     2.32
  SINCE SEP 1      2.53                      2.16   0.37     2.32
  SINCE JAN 1     33.05                     31.49   1.56    32.25

SNOWFALL (IN)
  YESTERDAY        0.0           0.0    MM   0.0    0.0      0.0
  MONTH TO DATE    0.0                       0.0    0.0      0.0
  SINCE SEP 1      0.0                       0.0    0.0      0.0
  SINCE JUL 1      0.0                       0.0    0.0      0.0
  SNOW DEPTH       0

DEGREE DAYS
 HEATING
  YESTERDAY        0                         3     -3        1
  MONTH TO DATE   54                        28     26       13
  SINCE SEP 1     54                        28     26       13
  SINCE JUL 1     60                        32     28       21

 COOLING
  YESTERDAY        0                         3     -3        0
  MONTH TO DATE   76                       109    -33      158
  SINCE SEP 1     76                       109    -33      158
  SINCE JAN 1    873                      1030   -157     1117
..................................................................


WIND (MPH)
  HIGHEST WIND SPEED    29   HIGHEST WIND DIRECTION     W (280)
  HIGHEST GUST SPEED    35   HIGHEST GUST DIRECTION     W (280)
  AVERAGE WIND SPEED    17.0


SKY COVER
  AVERAGE SKY COVER 0.6


WEATHER CONDITIONS
 THE FOLLOWING WEATHER WAS RECORDED YESTERDAY.
  LIGHT RAIN
  FOG


RELATIVE HUMIDITY (PERCENT)
 HIGHEST    90           300 AM
 LOWEST     41           100 PM
 AVERAGE    66

..........................................................


THE INDIANAPOLIS IN CLIMATE NORMALS FOR TODAY
                         NORMAL    RECORD    YEAR
 MAXIMUM TEMPERATURE (F)   75        93      1895
 MINIMUM TEMPERATURE (F)   53        37      1999
                                             1995
                                             1976


SUNRISE AND SUNSET
SEPTEMBER 22 2014.....SUNRISE   733 AM EDT   SUNSET   742 PM EDT
SEPTEMBER 23 2014.....SUNRISE   734 AM EDT   SUNSET   741 PM EDT


-  INDICATES NEGATIVE NUMBERS.
R  INDICATES RECORD WAS SET OR TIED.
MM INDICATES DATA IS MISSING.
T  INDICATES TRACE AMOUNT.




$$
