000
CDUS43 KIND 010530
CLIIND


CLIMATE REPORT
NATIONAL WEATHER SERVICE INDIANAPOLIS IN
130 AM EDT SUN MAY 1 2016


...................................

...THE INDIANAPOLIS IN CLIMATE SUMMARY FOR APRIL 30 2016...

CLIMATE NORMAL PERIOD 1981 TO 2010
CLIMATE RECORD PERIOD 1871 TO 2016


WEATHER ITEM   OBSERVED TIME   RECORD YEAR NORMAL DEPARTURE LAST
                VALUE   (LST)  VALUE       VALUE  FROM      YEAR
                                                  NORMAL
..................................................................
TEMPERATURE (F)
 YESTERDAY
  MAXIMUM         63   1016 PM  90    1942  68     -5       61
  MINIMUM         50    901 AM  31    1963  48      2       44
                                      1948
  AVERAGE         57                        58     -1       53

PRECIPITATION (IN)
  YESTERDAY        0.93          1.66 1986   0.14   0.79      T
  MONTH TO DATE    5.86                      3.81   2.05     4.00
  SINCE MAR 1     10.06                      7.37   2.69     7.53
  SINCE JAN 1     13.77                     12.35   1.42    10.68

SNOWFALL (IN)
  YESTERDAY        0.0           0.0    MM   0.0    0.0      0.0
  MONTH TO DATE    T                         0.2   -0.2       T
  SINCE MAR 1      1.2                       2.8   -1.6      5.9
  SINCE JUL 1     13.3                      25.9  -12.6     25.6
  SNOW DEPTH       0

DEGREE DAYS
 HEATING
  YESTERDAY        8                         8      0       12
  MONTH TO DATE  350                       370    -20      313
  SINCE MAR 1    832                      1079   -247     1103
  SINCE JUL 1   4285                      5222   -937     5829

 COOLING
  YESTERDAY        0                         1     -1        0
  MONTH TO DATE   18                        13      5        6
  SINCE MAR 1     18                        15      3        6
  SINCE JAN 1     18                        15      3        6
..................................................................


WIND (MPH)
  HIGHEST WIND SPEED    23   HIGHEST WIND DIRECTION     E (70)
  HIGHEST GUST SPEED    28   HIGHEST GUST DIRECTION     E (70)
  AVERAGE WIND SPEED    11.3


SKY COVER
  AVERAGE SKY COVER 1.0


WEATHER CONDITIONS
 THE FOLLOWING WEATHER WAS RECORDED YESTERDAY.
  THUNDERSTORM
  HEAVY RAIN
  RAIN
  LIGHT RAIN
  FOG
  HAZE


RELATIVE HUMIDITY (PERCENT)
 HIGHEST    97           900 PM
 LOWEST     71           200 AM
 AVERAGE    84

..........................................................


THE INDIANAPOLIS IN CLIMATE NORMALS FOR TODAY
                         NORMAL    RECORD    YEAR
 MAXIMUM TEMPERATURE (F)   68        89      1942
 MINIMUM TEMPERATURE (F)   48        29      1963


SUNRISE AND SUNSET
MAY  1 2016...........SUNRISE   645 AM EDT   SUNSET   840 PM EDT
MAY  2 2016...........SUNRISE   644 AM EDT   SUNSET   841 PM EDT


-  INDICATES NEGATIVE NUMBERS.
R  INDICATES RECORD WAS SET OR TIED.
MM INDICATES DATA IS MISSING.
T  INDICATES TRACE AMOUNT.




$$
