000
CDUS43 KDLH 090627
CLIINL


CLIMATE REPORT
NATIONAL WEATHER SERVICE DULUTH MN
1224 AM CST FRI DEC 9 2016


...................................

...THE INTERNATIONAL FALLS MN CLIMATE SUMMARY FOR DECEMBER 8 2016...

CLIMATE NORMAL PERIOD 1981 TO 2010
CLIMATE RECORD PERIOD 1895 TO 2016


WEATHER ITEM   OBSERVED TIME   RECORD YEAR NORMAL DEPARTURE LAST
                VALUE   (LST)  VALUE       VALUE  FROM      YEAR
                                                  NORMAL
..................................................................
TEMPERATURE (F)
 YESTERDAY
  MAXIMUM         22   1133 AM  45    1990  21      1       40
  MINIMUM          8   1159 PM -33    1958   4      4       27
  AVERAGE         15                        13      2       34

PRECIPITATION (IN)
  YESTERDAY        0.02          0.37 1963   0.02   0.00     0.00
  MONTH TO DATE    0.74                      0.23   0.51     0.19
  SINCE DEC 1      0.74                      0.23   0.51     0.19
  SINCE JAN 1     27.91                     23.64   4.27    24.04

SNOWFALL (IN)
  YESTERDAY        0.4           5.7  1995   0.5   -0.1      0.0
  MONTH TO DATE   11.3                       4.0    7.3      0.2
  SINCE DEC 1     11.3                       4.0    7.3      0.2
  SINCE JUL 1     19.7                      20.0   -0.3      4.0
  SNOW DEPTH       6

DEGREE DAYS
 HEATING
  YESTERDAY       50                        52     -2       31
  MONTH TO DATE  320                       404    -84      255
  SINCE DEC 1    320                       404    -84      255
  SINCE JUL 1   2126                      2865   -739     2261

 COOLING
  YESTERDAY        0                         0      0        0
  MONTH TO DATE    0                         0      0        0
  SINCE DEC 1      0                         0      0        0
  SINCE JAN 1    155                       192    -37      211
..................................................................


WIND (MPH)
  HIGHEST WIND SPEED    20   HIGHEST WIND DIRECTION    NW (330)
  HIGHEST GUST SPEED    25   HIGHEST GUST DIRECTION    NW (330)
  AVERAGE WIND SPEED    10.7


SKY COVER
  AVERAGE SKY COVER 0.9


WEATHER CONDITIONS
 THE FOLLOWING WEATHER WAS RECORDED YESTERDAY.
  LIGHT SNOW
  FOG
  HAZE


RELATIVE HUMIDITY (PERCENT)
 HIGHEST    92           700 AM
 LOWEST     67           100 PM
 AVERAGE    80

..........................................................


THE INTERNATIONAL FALLS MN CLIMATE NORMALS FOR TODAY
                         NORMAL    RECORD    YEAR
 MAXIMUM TEMPERATURE (F)   21        45      1990
                                             1911
 MINIMUM TEMPERATURE (F)    3       -31      1958


SUNRISE AND SUNSET
DECEMBER  9 2016......SUNRISE   754 AM CST   SUNSET   418 PM CST
DECEMBER 10 2016......SUNRISE   755 AM CST   SUNSET   418 PM CST


-  INDICATES NEGATIVE NUMBERS.
R  INDICATES RECORD WAS SET OR TIED.
MM INDICATES DATA IS MISSING.
T  INDICATES TRACE AMOUNT.




$$
