000
CDUS43 KDLH 230623
CLIINL


CLIMATE REPORT
NATIONAL WEATHER SERVICE DULUTH MN
121 AM CDT THU MAR 23 2017


...................................

...THE INTERNATIONAL FALLS MN CLIMATE SUMMARY FOR MARCH 22 2017...

CLIMATE NORMAL PERIOD 1981 TO 2010
CLIMATE RECORD PERIOD 1895 TO 2017


WEATHER ITEM   OBSERVED TIME   RECORD YEAR NORMAL DEPARTURE LAST
                VALUE   (LST)  VALUE       VALUE  FROM      YEAR
                                                  NORMAL
..................................................................
TEMPERATURE (F)
 YESTERDAY
  MAXIMUM         35    517 PM  72    2012  38     -3       34
  MINIMUM          5    610 AM -18    1974  16    -11       21
  AVERAGE         20                        27     -7       28

PRECIPITATION (IN)
  YESTERDAY        0.01          0.30 1941   0.04  -0.03     0.00
  MONTH TO DATE    0.45                      0.61  -0.16     2.45
  SINCE MAR 1      0.45                      0.61  -0.16     2.45
  SINCE JAN 1      3.20                      1.80   1.40     3.82

SNOWFALL (IN)
  YESTERDAY        0.1           0.6  1978   0.2   -0.1      0.0
  MONTH TO DATE    4.2                       5.6   -1.4      8.7
  SINCE MAR 1      4.2                       5.6   -1.4      8.7
  SINCE JUL 1     67.5                      62.4    5.1     42.2
  SNOW DEPTH       6

DEGREE DAYS
 HEATING
  YESTERDAY       45                        38      7       37
  MONTH TO DATE 1025                       958     67      816
  SINCE MAR 1   1025                       958     67      816
  SINCE JUL 1   7499                      8541  -1042     7348

 COOLING
  YESTERDAY        0                         0      0        0
  MONTH TO DATE    0                         0      0        0
  SINCE MAR 1      0                         0      0        0
  SINCE JAN 1      0                         0      0        0
..................................................................


WIND (MPH)
  HIGHEST WIND SPEED    16   HIGHEST WIND DIRECTION     S (160)
  HIGHEST GUST SPEED    26   HIGHEST GUST DIRECTION     S (170)
  AVERAGE WIND SPEED     7.2


SKY COVER
  AVERAGE SKY COVER 0.4


WEATHER CONDITIONS
 THE FOLLOWING WEATHER WAS RECORDED YESTERDAY.
  LIGHT SNOW
  FOG
  HAZE


RELATIVE HUMIDITY (PERCENT)
 HIGHEST    80           200 AM
 LOWEST     31           100 PM
 AVERAGE    56

..........................................................


THE INTERNATIONAL FALLS MN CLIMATE NORMALS FOR TODAY
                         NORMAL    RECORD    YEAR
 MAXIMUM TEMPERATURE (F)   38        66      2003
 MINIMUM TEMPERATURE (F)   16       -26      2014


SUNRISE AND SUNSET
MARCH 23 2017.........SUNRISE   710 AM CDT   SUNSET   731 PM CDT
MARCH 24 2017.........SUNRISE   708 AM CDT   SUNSET   733 PM CDT


-  INDICATES NEGATIVE NUMBERS.
R  INDICATES RECORD WAS SET OR TIED.
MM INDICATES DATA IS MISSING.
T  INDICATES TRACE AMOUNT.




$$
