000
CDUS43 KDLH 190630
CLIINL


CLIMATE REPORT
NATIONAL WEATHER SERVICE DULUTH MN
1229 AM CST THU JAN 19 2017


...................................

...THE INTERNATIONAL FALLS MN CLIMATE SUMMARY FOR JANUARY 18 2017...

CLIMATE NORMAL PERIOD 1981 TO 2010
CLIMATE RECORD PERIOD 1895 TO 2017


WEATHER ITEM   OBSERVED TIME   RECORD YEAR NORMAL DEPARTURE LAST
                VALUE   (LST)  VALUE       VALUE  FROM      YEAR
                                                  NORMAL
..................................................................
TEMPERATURE (F)
 YESTERDAY
  MAXIMUM         38    409 PM  39    1898  15     23        2
  MINIMUM         20    846 AM -40    1950  -7     27      -21
  AVERAGE         29                         4     25       -9

PRECIPITATION (IN)
  YESTERDAY        0.00          0.47 1996   0.02  -0.02     0.00
  MONTH TO DATE    0.89                      0.40   0.49     0.20
  SINCE DEC 1      3.08                      1.21   1.87     1.27
  SINCE JAN 1      0.89                      0.40   0.49     0.20

SNOWFALL (IN)
  YESTERDAY        0.0           7.8  1996   0.5   -0.5      0.0
  MONTH TO DATE   14.5                       9.4    5.1      3.1
  SINCE DEC 1     40.0                      24.4   15.6     12.6
  SINCE JUL 1     48.4                      40.4    8.0     16.4
  SNOW DEPTH      16

DEGREE DAYS
 HEATING
  YESTERDAY       36                        61    -25       74
  MONTH TO DATE 1149                      1094     55     1071
  SINCE DEC 1   2815                      2808      7     2384
  SINCE JUL 1   4621                      5269   -648     4390

 COOLING
  YESTERDAY        0                         0      0        0
  MONTH TO DATE    0                         0      0        0
  SINCE DEC 1      0                         0      0        0
  SINCE JAN 1      0                         0      0        0
..................................................................


WIND (MPH)
  HIGHEST WIND SPEED    14   HIGHEST WIND DIRECTION    SW (210)
  HIGHEST GUST SPEED    19   HIGHEST GUST DIRECTION    SW (210)
  AVERAGE WIND SPEED     5.1


SKY COVER
  AVERAGE SKY COVER 0.0


WEATHER CONDITIONS
 THE FOLLOWING WEATHER WAS RECORDED YESTERDAY.
  NO SIGNIFICANT WEATHER WAS OBSERVED.


RELATIVE HUMIDITY (PERCENT)
 HIGHEST    81           700 PM
 LOWEST     59           100 PM
 AVERAGE    70

..........................................................


THE INTERNATIONAL FALLS MN CLIMATE NORMALS FOR TODAY
                         NORMAL    RECORD    YEAR
 MAXIMUM TEMPERATURE (F)   15        40      1908
 MINIMUM TEMPERATURE (F)   -7       -40      1963


SUNRISE AND SUNSET
JANUARY 19 2017.......SUNRISE   757 AM CST   SUNSET   452 PM CST
JANUARY 20 2017.......SUNRISE   756 AM CST   SUNSET   454 PM CST


-  INDICATES NEGATIVE NUMBERS.
R  INDICATES RECORD WAS SET OR TIED.
MM INDICATES DATA IS MISSING.
T  INDICATES TRACE AMOUNT.




$$
