000
CDUS43 KDLH 280628
CLIINL


CLIMATE REPORT
NATIONAL WEATHER SERVICE DULUTH MN
1227 AM CST FRI NOV 28 2014


...................................

...THE INTERNATIONAL FALLS MN CLIMATE SUMMARY FOR NOVEMBER 27 2014...

CLIMATE NORMAL PERIOD 1981 TO 2010
CLIMATE RECORD PERIOD 1895 TO 2014


WEATHER ITEM   OBSERVED TIME   RECORD YEAR NORMAL DEPARTURE LAST
                VALUE   (LST)  VALUE       VALUE  FROM      YEAR
                                                  NORMAL
..................................................................
TEMPERATURE (F)
 YESTERDAY
  MAXIMUM          3   1048 PM  47    1998  27    -24       16
                                      1962
                                      1918
  MINIMUM        -20    750 AM -29    1985  10    -30        2
  AVERAGE         -8                        18    -26        9

PRECIPITATION (IN)
  YESTERDAY        T             0.25 2008   0.04  -0.04     0.08
  MONTH TO DATE    0.53                      1.27  -0.74     1.18
  SINCE SEP 1      4.79                      6.34  -1.55     5.26
  SINCE JAN 1     29.33                     23.30   6.03    30.37

SNOWFALL (IN)
  YESTERDAY        T             5.0  2001   0.5   -0.5      1.3
  MONTH TO DATE    8.3                      11.9   -3.6      8.7
  SINCE SEP 1      8.4                      14.2   -5.8     10.3
  SINCE JUL 1      8.4                      14.2   -5.8     10.3
  SNOW DEPTH       4

DEGREE DAYS
 HEATING
  YESTERDAY       73                        46     27       56
  MONTH TO DATE 1211                      1040    171     1044
  SINCE SEP 1   2229                      2136     93     1992
  SINCE JUL 1   2443                      2317    126     2212

 COOLING
  YESTERDAY        0                         0      0        0
  MONTH TO DATE    0                         0      0        0
  SINCE SEP 1     10                        11     -1       11
  SINCE JAN 1    121                       192    -71      224
..................................................................


WIND (MPH)
  HIGHEST WIND SPEED     9   HIGHEST WIND DIRECTION    SW (240)
  HIGHEST GUST SPEED    11   HIGHEST GUST DIRECTION    SW (230)
  AVERAGE WIND SPEED     2.0


SKY COVER
  AVERAGE SKY COVER 0.1


WEATHER CONDITIONS
 THE FOLLOWING WEATHER WAS RECORDED YESTERDAY.
  LIGHT SNOW


RELATIVE HUMIDITY (PERCENT)
 HIGHEST    83          1000 AM
 LOWEST     62           200 PM
 AVERAGE    73

..........................................................


THE INTERNATIONAL FALLS MN CLIMATE NORMALS FOR TODAY
                         NORMAL    RECORD    YEAR
 MAXIMUM TEMPERATURE (F)   26        50      1914
 MINIMUM TEMPERATURE (F)   10       -32      1985


SUNRISE AND SUNSET
NOVEMBER 28 2014......SUNRISE   741 AM CST   SUNSET   422 PM CST
NOVEMBER 29 2014......SUNRISE   742 AM CST   SUNSET   421 PM CST


-  INDICATES NEGATIVE NUMBERS.
R  INDICATES RECORD WAS SET OR TIED.
MM INDICATES DATA IS MISSING.
T  INDICATES TRACE AMOUNT.




$$
