000
CDUS43 KDLH 080650
CLIINL


CLIMATE REPORT
NATIONAL WEATHER SERVICE DULUTH MN
150 AM CDT WED JUL 8 2015


...................................

...THE INTERNATIONAL FALLS MN CLIMATE SUMMARY FOR JULY 7 2015...

CLIMATE NORMAL PERIOD 1981 TO 2010
CLIMATE RECORD PERIOD 1895 TO 2015


WEATHER ITEM   OBSERVED TIME   RECORD YEAR NORMAL DEPARTURE LAST
                VALUE   (LST)  VALUE       VALUE  FROM      YEAR
                                                  NORMAL
..................................................................
TEMPERATURE (F)
 YESTERDAY
  MAXIMUM         73    515 PM  97    1926  77     -4       79
  MINIMUM         37    436 AM  34    1997  53    -16       57
  AVERAGE         55                        65    -10       68

PRECIPITATION (IN)
  YESTERDAY        0.00          2.60 1962   0.14  -0.14     0.03
  MONTH TO DATE    0.10                      1.02  -0.92     0.83
  SINCE JUN 1      3.30                      4.94  -1.64    11.07
  SINCE JAN 1     11.47                     11.47   0.00    19.89

SNOWFALL (IN)
  YESTERDAY        0.0           0.0  2002   0.0    0.0      0.0
                                      2001
  MONTH TO DATE    0.0                       0.0    0.0      0.0
  SINCE JUN 1      0.0                       0.0    0.0      0.0
  SINCE JUL 1      0.0                       0.0    0.0      0.0
  SNOW DEPTH       0

DEGREE DAYS
 HEATING
  YESTERDAY       10                         3      7        0
  MONTH TO DATE   26                        21      5       26
  SINCE JUN 1    175                       185    -10      155
  SINCE JUL 1     26                        21      5       26

 COOLING
  YESTERDAY        0                         2     -2        3
  MONTH TO DATE    5                        14     -9       15
  SINCE JUN 1      9                        52    -43       44
  SINCE JAN 1      9                        61    -52       67
..................................................................


WIND (MPH)
  HIGHEST WIND SPEED    13   HIGHEST WIND DIRECTION    NW (300)
  HIGHEST GUST SPEED    17   HIGHEST GUST DIRECTION    NW (330)
  AVERAGE WIND SPEED     3.9


SKY COVER
  AVERAGE SKY COVER 0.0


WEATHER CONDITIONS
 THE FOLLOWING WEATHER WAS RECORDED YESTERDAY.
  NO SIGNIFICANT WEATHER WAS OBSERVED.


RELATIVE HUMIDITY (PERCENT)
 HIGHEST   100           200 AM
 LOWEST     31           300 PM
 AVERAGE    66

..........................................................


THE INTERNATIONAL FALLS MN CLIMATE NORMALS FOR TODAY
                         NORMAL    RECORD    YEAR
 MAXIMUM TEMPERATURE (F)   77        95      1923
 MINIMUM TEMPERATURE (F)   53        40      1958


SUNRISE AND SUNSET
JULY  8 2015..........SUNRISE   520 AM CDT   SUNSET   916 PM CDT
JULY  9 2015..........SUNRISE   521 AM CDT   SUNSET   916 PM CDT


-  INDICATES NEGATIVE NUMBERS.
R  INDICATES RECORD WAS SET OR TIED.
MM INDICATES DATA IS MISSING.
T  INDICATES TRACE AMOUNT.




$$
