000
CDUS43 KDLH 010621
CLIINL


CLIMATE REPORT
NATIONAL WEATHER SERVICE DULUTH MN
120 AM CDT MON MAY 1 2017


...................................

...THE INTERNATIONAL FALLS MN CLIMATE SUMMARY FOR APRIL 30 2017...

CLIMATE NORMAL PERIOD 1981 TO 2010
CLIMATE RECORD PERIOD 1895 TO 2017


WEATHER ITEM   OBSERVED TIME   RECORD YEAR NORMAL DEPARTURE LAST
                VALUE   (LST)  VALUE       VALUE  FROM      YEAR
                                                  NORMAL
..................................................................
TEMPERATURE (F)
 YESTERDAY
  MAXIMUM         57    330 PM  90    1952  59     -2       57
  MINIMUM         27    535 AM  19    2003  33     -6       26
                                      1990
  AVERAGE         42                        46     -4       42

PRECIPITATION (IN)
  YESTERDAY        0.00          0.75 2011   0.07  -0.07     0.00
  MONTH TO DATE    1.58                      1.53   0.05     2.11
  SINCE MAR 1      2.26                      2.48  -0.22     4.82
  SINCE JAN 1      5.01                      3.67   1.34     6.19

SNOWFALL (IN)
  YESTERDAY        0.0           2.1  1954   0.1   -0.1      0.0
  MONTH TO DATE    2.6                       6.4   -3.8      4.9
  SINCE MAR 1      7.1                      14.0   -6.9     14.2
  SINCE JUL 1     70.4                      70.8   -0.4     47.7
  SNOW DEPTH       T

DEGREE DAYS
 HEATING
  YESTERDAY       23                        19      4       23
  MONTH TO DATE  749                       771    -22      826
  SINCE MAR 1   2006                      2055    -49     1929
  SINCE JUL 1   8480                      9638  -1158     8461

 COOLING
  YESTERDAY        0                         0      0        0
  MONTH TO DATE    0                         1     -1        0
  SINCE MAR 1      0                         1     -1        0
  SINCE JAN 1      0                         1     -1        0
..................................................................


WIND (MPH)
  HIGHEST WIND SPEED    17   HIGHEST WIND DIRECTION     E (90)
  HIGHEST GUST SPEED    23   HIGHEST GUST DIRECTION     E (100)
  AVERAGE WIND SPEED     7.1


SKY COVER
  AVERAGE SKY COVER 0.0


WEATHER CONDITIONS
 THE FOLLOWING WEATHER WAS RECORDED YESTERDAY.
  NO SIGNIFICANT WEATHER WAS OBSERVED.


RELATIVE HUMIDITY (PERCENT)
 HIGHEST    75           500 AM
 LOWEST     25           300 PM
 AVERAGE    50

..........................................................


THE INTERNATIONAL FALLS MN CLIMATE NORMALS FOR TODAY
                         NORMAL    RECORD    YEAR
 MAXIMUM TEMPERATURE (F)   60        83      1980
 MINIMUM TEMPERATURE (F)   34        17      1909


SUNRISE AND SUNSET
MAY  1 2017...........SUNRISE   553 AM CDT   SUNSET   829 PM CDT
MAY  2 2017...........SUNRISE   552 AM CDT   SUNSET   830 PM CDT


-  INDICATES NEGATIVE NUMBERS.
R  INDICATES RECORD WAS SET OR TIED.
MM INDICATES DATA IS MISSING.
T  INDICATES TRACE AMOUNT.




$$
