000
CDUS43 KDLH 210630
CLIINL


CLIMATE REPORT
NATIONAL WEATHER SERVICE DULUTH MN
1229 AM CST WED FEB 21 2018


...................................

...THE INTERNATIONAL FALLS MN CLIMATE SUMMARY FOR FEBRUARY 20 2018...

CLIMATE NORMAL PERIOD 1981 TO 2010
CLIMATE RECORD PERIOD 1895 TO 2018


WEATHER ITEM   OBSERVED TIME   RECORD YEAR NORMAL DEPARTURE LAST
                VALUE   (LST)  VALUE       VALUE  FROM      YEAR
                                                  NORMAL
..................................................................
TEMPERATURE (F)
 YESTERDAY
  MAXIMUM         12    305 PM  48    1990  24    -12       46
  MINIMUM         -2   1159 PM -44    1966   1     -3       35
  AVERAGE          5                        12     -7       41

PRECIPITATION (IN)
  YESTERDAY        0.24          0.88 1955   0.02   0.22     0.62
  MONTH TO DATE    0.51                      0.37   0.14     1.39
  SINCE DEC 1      2.38                      1.80   0.58     4.85
  SINCE JAN 1      1.22                      0.99   0.23     2.66

SNOWFALL (IN)
  YESTERDAY        5.4          10.1  1955   0.4    5.0      0.0
  MONTH TO DATE    8.2                       7.6    0.6     11.4
  SINCE DEC 1     33.9                      37.6   -3.7     53.8
  SINCE JUL 1     47.9                      53.6   -5.7     62.2
  SNOW DEPTH      13

DEGREE DAYS
 HEATING
  YESTERDAY       60                        53      7       24
  MONTH TO DATE 1315                      1124    191      973
  SINCE DEC 1   4982                      4716    266     4311
  SINCE JUL 1   7376                      7177    199     6117

 COOLING
  YESTERDAY        0                         0      0        0
  MONTH TO DATE    0                         0      0        0
  SINCE DEC 1      0                         0      0        0
  SINCE JAN 1      0                         0      0        0
..................................................................


WIND (MPH)
  HIGHEST WIND SPEED    14   HIGHEST WIND DIRECTION    NW (310)
  HIGHEST GUST SPEED    18   HIGHEST GUST DIRECTION    NW (310)
  AVERAGE WIND SPEED     8.1


SKY COVER
  AVERAGE SKY COVER 1.0


WEATHER CONDITIONS
 THE FOLLOWING WEATHER WAS RECORDED YESTERDAY.
  HEAVY SNOW
  SNOW
  LIGHT SNOW
  FOG


RELATIVE HUMIDITY (PERCENT)
 HIGHEST    87           300 AM
 LOWEST     66           200 PM
 AVERAGE    77

..........................................................


THE INTERNATIONAL FALLS MN CLIMATE NORMALS FOR TODAY
                         NORMAL    RECORD    YEAR
 MAXIMUM TEMPERATURE (F)   24        50      2000
 MINIMUM TEMPERATURE (F)    1       -32      1966


SUNRISE AND SUNSET
FEBRUARY 21 2018......SUNRISE   710 AM CST   SUNSET   545 PM CST
FEBRUARY 22 2018......SUNRISE   708 AM CST   SUNSET   546 PM CST


-  INDICATES NEGATIVE NUMBERS.
R  INDICATES RECORD WAS SET OR TIED.
MM INDICATES DATA IS MISSING.
T  INDICATES TRACE AMOUNT.




$$
