000
CDUS45 KFGZ 010843
CLIINW
CLIMATE REPORT
NATIONAL WEATHER SERVICE FLAGSTAFF, AZ
142 AM MST MON SEP 1 2014


...................................

...THE WINSLOW AZ AIRPORT CLIMATE SUMMARY FOR AUGUST 31 2014...

CLIMATE NORMAL PERIOD 1981 TO 2010
CLIMATE RECORD PERIOD 1898 TO 2014


WEATHER ITEM   OBSERVED TIME   RECORD YEAR NORMAL DEPARTURE LAST
                VALUE   (LST)  VALUE       VALUE  FROM      YEAR
                                                  NORMAL
..................................................................
TEMPERATURE (F)
 YESTERDAY
  MAXIMUM         92    202 PM  99    1949  90      2       84
                                      1919
  MINIMUM         63    320 AM  49    2000  58      5       65
  AVERAGE         78                        74      4       75

PRECIPITATION (IN)
  YESTERDAY        0.00          0.75 1928   0.04  -0.04     0.08
  MONTH TO DATE    2.68                      1.20   1.48     2.58
  SINCE SEP 1      7.99                      7.01   0.98     6.97
  SINCE JAN 1      4.18                      4.53  -0.35     5.70

DEGREE DAYS
 HEATING
  YESTERDAY        0                         0      0        0
  MONTH TO DATE    0                         0      0        0
  SINCE JUL 1      0                         0      0        0

 COOLING
  YESTERDAY       13                         9      4       10
  MONTH TO DATE  297                       341    -44      327
  SINCE JAN 1   1116                      1058     58     1225
..................................................................


WIND (MPH)
  HIGHEST WIND SPEED    28   HIGHEST WIND DIRECTION    SW (240)
  HIGHEST GUST SPEED    38   HIGHEST GUST DIRECTION    SW (220)
  AVERAGE WIND SPEED    14.6


SKY COVER
  POSSIBLE SUNSHINE  MM
  AVERAGE SKY COVER 0.0


WEATHER CONDITIONS
 THE FOLLOWING WEATHER WAS RECORDED YESTERDAY.
  NO SIGNIFICANT WEATHER WAS OBSERVED.


RELATIVE HUMIDITY (PERCENT)
 HIGHEST    44           300 AM
 LOWEST     14          1200 PM
 AVERAGE    29

..........................................................


THE WINSLOW AZ AIRPORT CLIMATE NORMALS FOR TODAY
                         NORMAL    RECORD    YEAR
 MAXIMUM TEMPERATURE (F)   89        99      1950
 MINIMUM TEMPERATURE (F)   58        46      1962


SUNRISE AND SUNSET
SEPTEMBER  1 2014.....SUNRISE   556 AM MST   SUNSET   649 PM MST
SEPTEMBER  2 2014.....SUNRISE   556 AM MST   SUNSET   648 PM MST


-  INDICATES NEGATIVE NUMBERS.
R  INDICATES RECORD WAS SET OR TIED.
MM INDICATES DATA IS MISSING.
T  INDICATES TRACE AMOUNT.




$$
