000
CDUS45 KFGZ 270833
CLIINW
CLIMATE REPORT
NATIONAL WEATHER SERVICE FLAGSTAFF, AZ
132 AM MST SAT DEC 27 2014


...................................

...THE WINSLOW AZ AIRPORT CLIMATE SUMMARY FOR DECEMBER 26 2014...

CLIMATE NORMAL PERIOD 1981 TO 2010
CLIMATE RECORD PERIOD 1915 TO 2014


WEATHER ITEM   OBSERVED TIME   RECORD YEAR NORMAL DEPARTURE LAST
                VALUE   (LST)  VALUE       VALUE  FROM      YEAR
                                                  NORMAL
..................................................................
TEMPERATURE (F)
 YESTERDAY
  MAXIMUM         40    333 PM  67    1921  47     -7       47
  MINIMUM         17    647 AM  -7    1932  20     -3       14
  AVERAGE         29                        33     -4       31

PRECIPITATION (IN)
  YESTERDAY        0.00          0.39 2003   0.01  -0.01     0.00
  MONTH TO DATE    1.03                      0.47   0.56     0.05
  SINCE SEP 1      2.76                      2.39   0.37     3.81
  SINCE JAN 1      6.94                      6.92   0.02     9.51

DEGREE DAYS
 HEATING
  YESTERDAY       36                        32      4       34
  MONTH TO DATE  658                       785   -127      836
  SINCE JUL 1   1410                      1721   -311     1808

 COOLING
  YESTERDAY        0                         0      0        0
  MONTH TO DATE    0                         0      0        0
  SINCE JAN 1   1327                      1208    119     1380
..................................................................


WIND (MPH)
  HIGHEST WIND SPEED    13   HIGHEST WIND DIRECTION    NW (310)
  HIGHEST GUST SPEED    15   HIGHEST GUST DIRECTION    NW (320)
  AVERAGE WIND SPEED     6.3


SKY COVER
  POSSIBLE SUNSHINE  MM
  AVERAGE SKY COVER 0.6


WEATHER CONDITIONS
 THE FOLLOWING WEATHER WAS RECORDED YESTERDAY.
  NO SIGNIFICANT WEATHER WAS OBSERVED.


RELATIVE HUMIDITY (PERCENT)
 HIGHEST    73           600 AM
 LOWEST     33           300 PM
 AVERAGE    53

..........................................................


THE WINSLOW AZ AIRPORT CLIMATE NORMALS FOR TODAY
                         NORMAL    RECORD    YEAR
 MAXIMUM TEMPERATURE (F)   47        63      2006
 MINIMUM TEMPERATURE (F)   20        -8      1932


SUNRISE AND SUNSET
DECEMBER 27 2014......SUNRISE   730 AM MST   SUNSET   519 PM MST
DECEMBER 28 2014......SUNRISE   730 AM MST   SUNSET   519 PM MST


-  INDICATES NEGATIVE NUMBERS.
R  INDICATES RECORD WAS SET OR TIED.
MM INDICATES DATA IS MISSING.
T  INDICATES TRACE AMOUNT.




$$
