000
CDUS45 KFGZ 240744
CLIINW
CLIMATE REPORT
NATIONAL WEATHER SERVICE FLAGSTAFF, AZ
1243 AM MST THU JUL 24 2014


...................................

...THE WINSLOW AZ AIRPORT CLIMATE SUMMARY FOR JULY 23 2014...

CLIMATE NORMAL PERIOD 1981 TO 2010
CLIMATE RECORD PERIOD 1898 TO 2014


WEATHER ITEM   OBSERVED TIME   RECORD YEAR NORMAL DEPARTURE LAST
                VALUE   (LST)  VALUE       VALUE  FROM      YEAR
                                                  NORMAL
..................................................................
TEMPERATURE (F)
 YESTERDAY
  MAXIMUM         99    145 PM 104    1996  94      5       92
  MINIMUM         73   1111 PM  51    1995  63     10       64
                                      1973
  AVERAGE         86                        78      8       78

PRECIPITATION (IN)
  YESTERDAY        0.02          0.74 1992   0.04  -0.02     0.00
                                      1938
  MONTH TO DATE    0.31                      0.71  -0.40     1.14
  SINCE SEP 1      5.30                      5.48  -0.18     4.20
  SINCE JAN 1      1.49                      3.00  -1.51     2.93

DEGREE DAYS
 HEATING
  YESTERDAY        0                         0      0        0
  MONTH TO DATE    0                         0      0        0
  SINCE JUL 1      0                         0      0        0

 COOLING
  YESTERDAY       21                        13      8       13
  MONTH TO DATE  352                       306     46      357
  SINCE JAN 1    689                       614     75      784
..................................................................


WIND (MPH)
  HIGHEST WIND SPEED    29   HIGHEST WIND DIRECTION     S (180)
  HIGHEST GUST SPEED    33   HIGHEST GUST DIRECTION     S (180)
  AVERAGE WIND SPEED    10.4


SKY COVER
  POSSIBLE SUNSHINE  MM
  AVERAGE SKY COVER 0.1


WEATHER CONDITIONS
 THE FOLLOWING WEATHER WAS RECORDED YESTERDAY.
  THUNDERSTORM
  LIGHT RAIN


RELATIVE HUMIDITY (PERCENT)
 HIGHEST    58          1100 PM
 LOWEST     18          1200 PM
 AVERAGE    38

..........................................................


THE WINSLOW AZ AIRPORT CLIMATE NORMALS FOR TODAY
                         NORMAL    RECORD    YEAR
 MAXIMUM TEMPERATURE (F)   94       105      1996
 MINIMUM TEMPERATURE (F)   63        49      1973


SUNRISE AND SUNSET
JULY 24 2014..........SUNRISE   526 AM MST   SUNSET   732 PM MST
JULY 25 2014..........SUNRISE   527 AM MST   SUNSET   731 PM MST


-  INDICATES NEGATIVE NUMBERS.
R  INDICATES RECORD WAS SET OR TIED.
MM INDICATES DATA IS MISSING.
T  INDICATES TRACE AMOUNT.




$$
