000
CDUS45 KFGZ 210055
CLIINW
CLIMATE REPORT
NATIONAL WEATHER SERVICE FLAGSTAFF, AZ
555 PM MST SAT SEP 20 2014


...................................

...THE WINSLOW AZ AIRPORT CLIMATE SUMMARY FOR SEPTEMBER 20 2014...
VALID TODAY AS OF 0500 PM LOCAL TIME.

CLIMATE NORMAL PERIOD 1981 TO 2010
CLIMATE RECORD PERIOD 1898 TO 2014


WEATHER ITEM   OBSERVED TIME   RECORD YEAR NORMAL DEPARTURE LAST
                VALUE   (LST)  VALUE       VALUE  FROM      YEAR
                                                  NORMAL
..................................................................
TEMPERATURE (F)
 TODAY
  MAXIMUM         93R   259 PM  93    1928  84      9       89
                                      1920
  MINIMUM         57    635 AM  31    1978  51      6       56
  AVERAGE         75                        67      8       73

PRECIPITATION (IN)
  TODAY            T             1.93 1933   0.03  -0.03     0.00
  MONTH TO DATE    0.37                      0.63  -0.26     0.93
  SINCE SEP 1      0.37                      0.63  -0.26     0.93
  SINCE JAN 1      4.55                      5.16  -0.61     6.63

DEGREE DAYS
 HEATING
  TODAY            0                         1     -1        0
  MONTH TO DATE    0                         7     -7        0
  SINCE JUL 1      0                         7     -7        0

 COOLING
  TODAY           10                         3      7        8
  MONTH TO DATE  158                       122     36      143
  SINCE JAN 1   1274                      1180     94     1368
..................................................................


WIND (MPH)
  HIGHEST WIND SPEED    29   HIGHEST WIND DIRECTION     S (160)
  HIGHEST GUST SPEED    37   HIGHEST GUST DIRECTION     S (160)
  AVERAGE WIND SPEED     2.6


SKY COVER
  POSSIBLE SUNSHINE  MM
  AVERAGE SKY COVER 0.1


WEATHER CONDITIONS
 THE FOLLOWING WEATHER WAS RECORDED TODAY.
  NO SIGNIFICANT WEATHER WAS OBSERVED.


RELATIVE HUMIDITY (PERCENT)
 HIGHEST    84           300 AM
 LOWEST     17           300 PM
 AVERAGE    51

..........................................................


THE WINSLOW AZ AIRPORT CLIMATE NORMALS FOR TOMORROW
                         NORMAL    RECORD    YEAR
 MAXIMUM TEMPERATURE (F)   84        94      1944
 MINIMUM TEMPERATURE (F)   50        33      1978


SUNRISE AND SUNSET
SEPTEMBER 20 2014.....SUNRISE   609 AM MST   SUNSET   622 PM MST
SEPTEMBER 21 2014.....SUNRISE   610 AM MST   SUNSET   621 PM MST


-  INDICATES NEGATIVE NUMBERS.
R  INDICATES RECORD WAS SET OR TIED.
MM INDICATES DATA IS MISSING.
T  INDICATES TRACE AMOUNT.




$$
