000
CDUS45 KFGZ 180816
CLIINW
CLIMATE REPORT
NATIONAL WEATHER SERVICE FLAGSTAFF, AZ
115 AM MST WED JAN 18 2017


...................................

...THE WINSLOW AZ AIRPORT CLIMATE SUMMARY FOR JANUARY 17 2017...

CLIMATE NORMAL PERIOD 1981 TO 2010
CLIMATE RECORD PERIOD 1915 TO 2017


WEATHER ITEM   OBSERVED TIME   RECORD YEAR NORMAL DEPARTURE LAST
                VALUE   (LST)  VALUE       VALUE  FROM      YEAR
                                                  NORMAL
..................................................................
TEMPERATURE (F)
 YESTERDAY
  MAXIMUM         48    443 PM  69    2000  50     -2       58
  MINIMUM         31   1127 PM   1    1968  21     10       18
                                      1960
  AVERAGE         40                        35      5       38

PRECIPITATION (IN)
  YESTERDAY        0.00          0.85 1916   0.02  -0.02     0.00
  MONTH TO DATE    0.63                      0.30   0.33     0.18
  SINCE SEP 1      3.71                      2.78   0.93     4.20
  SINCE JAN 1      0.63                      0.30   0.33     0.18

DEGREE DAYS
 HEATING
  YESTERDAY       25                        30     -5       27
  MONTH TO DATE  373                       521   -148      545
  SINCE JUL 1   1872                      2399   -527     2326

 COOLING
  YESTERDAY        0                         0      0        0
  MONTH TO DATE    0                         0      0        0
  SINCE JAN 1      0                         0      0        0
..................................................................


WIND (MPH)
  HIGHEST WIND SPEED     9   HIGHEST WIND DIRECTION    NW (330)
  HIGHEST GUST SPEED    12   HIGHEST GUST DIRECTION    NW (310)
  AVERAGE WIND SPEED     4.8


SKY COVER
  POSSIBLE SUNSHINE  MM
  AVERAGE SKY COVER 0.6


WEATHER CONDITIONS
 THE FOLLOWING WEATHER WAS RECORDED YESTERDAY.
  NO SIGNIFICANT WEATHER WAS OBSERVED.


RELATIVE HUMIDITY (PERCENT)
 HIGHEST    96           800 AM
 LOWEST     60           400 PM
 AVERAGE    78

..........................................................


THE WINSLOW AZ AIRPORT CLIMATE NORMALS FOR TODAY
                         NORMAL    RECORD    YEAR
 MAXIMUM TEMPERATURE (F)   50        70      2000
 MINIMUM TEMPERATURE (F)   21        -6      1968


SUNRISE AND SUNSET
JANUARY 18 2017.......SUNRISE   729 AM MST   SUNSET   538 PM MST
JANUARY 19 2017.......SUNRISE   729 AM MST   SUNSET   539 PM MST


-  INDICATES NEGATIVE NUMBERS.
R  INDICATES RECORD WAS SET OR TIED.
MM INDICATES DATA IS MISSING.
T  INDICATES TRACE AMOUNT.




$$
